20.171.207.193 - - [15/Aug/2025:06:07:05 -0300] "GET /ef61ba/?path=%2F%2Fsys%2Fbus%2Fusb%2Fdrivers%2Fusb%2Fusb1%2Fdriver%2Fusb1%2F1-0%3A1.0%2Fsubsystem%2Fdrivers%2Fusb%2Fusb1%2F1-1%2Fdriver%2F1-1%2Fport%2Fdevice%2F1-1%3A1.0%2F0003%3A0627%3A0001.0001%2Fsubsystem%2Fdrivers%2Fhid-generic%2F0003%3A0627%3A0001.0001%2Fdriver%2F0003%3A0627%3A0001.0001%2Fhidraw%2Fhidraw0%2Fdevice%2Fdriver%2F0003%3A0627%3A0001.0001%2Fsubsystem%2Fdevices%2F0003%3A0627%3A0001.0001%2Fhidraw%2Fhidraw0%2Fsubsystem%2Fhidraw0%2Fdevice HTTP/2.0" 200 23221 "-" "Mozilla/5.0 AppleWebKit/537.36 (KHTML, like Gecko; compatible; GPTBot/1.2; +https://openai.com/gptbot)"
20.171.207.193 - - [15/Aug/2025:06:07:06 -0300] "GET /ef61ba/?path=%2F%2Fsys%2Fbus%2Fusb%2Fdrivers%2Fusb%2Fusb1%2Fdriver%2Fusb1%2F1-0%3A1.0%2Fsubsystem%2Fdrivers%2Fusb%2Fusb1%2F1-1%2Fdriver%2F1-1%2Fport%2Fdevice%2F1-1%3A1.0%2F0003%3A0627%3A0001.0001%2Fsubsystem%2Fdrivers%2Fhid-generic%2F0003%3A0627%3A0001.0001%2Fhidraw%2Fhidraw0%2Fsubsystem%2Fhidraw0%2Fdevice%2Fdriver%2F0003%3A0627%3A0001.0001%2Fdriver%2F0003%3A0627%3A0001.0001%2Fsubsystem%2Fdevices%2F0003%3A0627%3A0001.0001%2Fsubsystem%2Fdrivers%2Fmagicmouse%2Fmodule%2Fdrivers HTTP/2.0" 200 11400 "-" "Mozilla/5.0 AppleWebKit/537.36 (KHTML, like Gecko; compatible; GPTBot/1.2; +https://openai.com/gptbot)"
20.171.207.242 - - [15/Aug/2025:06:07:07 -0300] "GET /ef61ba/?filesrc=%2Fhome%2Fdimen328%2Fmail%2F.cameras%40dimensaoservicos_com_br%2F.spam%2Fnew%2F1732743269.M344652P374.vps-6532726.dimensaogrupo.com.br%2CS%3D6841%2CW%3D6999&path=%2Fhome%2Fdimen328%2Fmail%2F.cameras%40dimensaoservicos_com_br%2F.spam%2Fnew HTTP/2.0" 200 9560 "-" "Mozilla/5.0 AppleWebKit/537.36 (KHTML, like Gecko; compatible; GPTBot/1.2; +https://openai.com/gptbot)"
20.171.207.193 - - [15/Aug/2025:06:07:07 -0300] "GET /ef61ba/?path=%2F%2Fsys%2Fbus%2Fusb%2Fdrivers%2Fusb%2Fusb1%2Fdriver%2Fusb1%2F1-0%3A1.0%2Fsubsystem%2Fdrivers%2Fusb%2Fusb1%2F1-1%2Fdriver%2F1-1%2Fport%2Fdevice%2F1-1%3A1.0%2F0003%3A0627%3A0001.0001%2Fdriver%2F0003%3A0627%3A0001.0001%2Fsubsystem%2Fdevices%2F0003%3A0627%3A0001.0001%2Fsubsystem%2Fdrivers%2Fhid-generic%2F0003%3A0627%3A0001.0001%2Fhidraw%2Fhidraw0%2Fdevice%2Fdriver%2F0003%3A0627%3A0001.0001%2Fhidraw%2Fhidraw0%2Fsubsystem%2Fhidraw0%2Fsubsystem%2Fhidraw0%2Fdevice%2Fdriver%2F0003%3A0627%3A0001.0001%2Fsubsystem%2Fdevices%2F0003%3A0627%3A0001.0001%2Fhidraw%2Fhidraw0 HTTP/2.0" 200 23183 "-" "Mozilla/5.0 AppleWebKit/537.36 (KHTML, like Gecko; compatible; GPTBot/1.2; +https://openai.com/gptbot)"
20.171.207.242 - - [15/Aug/2025:06:07:08 -0300] "GET /ef61ba/?filesrc=%2Fhome%2Fdimen328%2Fmail%2F.contato%40dimensaoservicos_com_br%2Fdovecot.list.index.log&path=%2Fhome%2Fdimen328%2Fmail%2F.contato%40dimensaoservicos_com_br HTTP/2.0" 200 2012 "-" "Mozilla/5.0 AppleWebKit/537.36 (KHTML, like Gecko; compatible; GPTBot/1.2; +https://openai.com/gptbot)"
20.171.207.193 - - [15/Aug/2025:06:07:08 -0300] "GET /ef61ba/?path=%2F%2Fsys%2Fbus%2Fusb%2Fdrivers%2Fusb%2Fusb1%2Fdriver%2Fusb1%2F1-0%3A1.0%2Fsubsystem%2Fdrivers%2Fusb%2Fusb1%2F1-1%2Fsubsystem%2Fdevices%2F1-1%2F1-1%3A1.0%2F0003%3A0627%3A0001.0001%2Fdriver%2F0003%3A0627%3A0001.0001%2Fhidraw%2Fhidraw0%2Fdevice%2Fhidraw%2Fhidraw0%2Fdevice%2Fdriver%2F0003%3A0627%3A0001.0001%2Fsubsystem%2Fdrivers%2Fhid-generic%2F0003%3A0627%3A0001.0001%2Fsubsystem%2Fdevices%2F0003%3A0627%3A0001.0001%2Fhidraw%2Fhidraw0%2Fsubsystem%2Fhidraw0%2Fsubsystem%2Fhidraw0 HTTP/2.0" 200 19409 "-" "Mozilla/5.0 AppleWebKit/537.36 (KHTML, like Gecko; compatible; GPTBot/1.2; +https://openai.com/gptbot)"
20.171.207.193 - - [15/Aug/2025:06:07:09 -0300] "GET /ef61ba/?path=%2F%2Fsys%2Fbus%2Fusb%2Fdrivers%2Fusb%2Fusb1%2Fdriver%2Fusb1%2F1-0%3A1.0%2Fsubsystem%2Fdrivers%2Fusb%2Fusb1%2F1-1%2Fdriver%2F1-1%2Fport%2Fdevice%2F1-1%3A1.0%2F0003%3A0627%3A0001.0001%2Fdriver%2F0003%3A0627%3A0001.0001%2Fsubsystem%2Fdevices%2F0003%3A0627%3A0001.0001%2Fsubsystem%2Fdrivers%2Fhid-generic%2F0003%3A0627%3A0001.0001%2Fhidraw%2Fhidraw0%2Fdevice%2Fdriver%2F0003%3A0627%3A0001.0001%2Fhidraw%2Fhidraw0%2Fsubsystem%2Fhidraw0%2Fsubsystem%2Fhidraw0%2Fdevice%2Fdriver%2F0003%3A0627%3A0001.0001%2Fsubsystem%2Fdevices%2F0003%3A0627%3A0001.0001%2Fdriver%2F0003%3A0627%3A0001.0001 HTTP/2.0" 200 30180 "-" "Mozilla/5.0 AppleWebKit/537.36 (KHTML, like Gecko; compatible; GPTBot/1.2; +https://openai.com/gptbot)"
20.171.207.193 - - [15/Aug/2025:06:07:10 -0300] "GET /ef61ba/?path=%2F%2Fsys%2Fbus%2Fusb%2Fdrivers%2Fusb%2Fusb1%2Fdriver%2Fusb1%2F1-0%3A1.0%2Fsubsystem%2Fdrivers%2Fusb%2Fusb1%2F1-1%2Fsubsystem%2Fdevices%2F1-1%2F1-1%3A1.0%2F0003%3A0627%3A0001.0001%2Fdriver%2F0003%3A0627%3A0001.0001%2Fhidraw%2Fhidraw0%2Fdevice%2Fhidraw%2Fhidraw0%2Fdevice%2Fdriver%2F0003%3A0627%3A0001.0001%2Fsubsystem%2Fdrivers%2Fhid-generic%2F0003%3A0627%3A0001.0001%2Fsubsystem%2Fdevices%2F0003%3A0627%3A0001.0001%2Fhidraw%2Fhidraw0%2Fsubsystem%2Fhidraw0%2Fdevice%2Fdriver HTTP/2.0" 200 20306 "-" "Mozilla/5.0 AppleWebKit/537.36 (KHTML, like Gecko; compatible; GPTBot/1.2; +https://openai.com/gptbot)"
20.171.207.193 - - [15/Aug/2025:06:07:12 -0300] "GET /ef61ba/?path=%2F%2Fsys%2Fbus%2Fusb%2Fdrivers%2Fusb%2Fusb1%2Fdriver%2Fusb1%2F1-0%3A1.0%2Fsubsystem%2Fdrivers%2Fusb%2Fusb1%2F1-1%2Fsubsystem%2Fdevices%2F1-1%2F1-1%3A1.0%2F0003%3A0627%3A0001.0001%2Fdriver%2F0003%3A0627%3A0001.0001%2Fhidraw%2Fhidraw0%2Fdevice%2Fhidraw%2Fhidraw0%2Fdevice%2Fdriver%2F0003%3A0627%3A0001.0001%2Fsubsystem%2Fdrivers%2Fhid-generic%2F0003%3A0627%3A0001.0001%2Fsubsystem%2Fdevices%2F0003%3A0627%3A0001.0001%2Fhidraw%2Fhidraw0%2Fsubsystem%2Fhidraw0%2Fdevice%2Fhidraw HTTP/2.0" 200 11882 "-" "Mozilla/5.0 AppleWebKit/537.36 (KHTML, like Gecko; compatible; GPTBot/1.2; +https://openai.com/gptbot)"
20.171.207.242 - - [15/Aug/2025:06:07:12 -0300] "GET /ef61ba/?path=%2Fhome%2Fdimen328%2Fmail%2F.aprendizdp%40dimensaogrupo_com_br%2F.Drafts%2Fcur HTTP/2.0" 200 2423 "-" "Mozilla/5.0 AppleWebKit/537.36 (KHTML, like Gecko; compatible; GPTBot/1.2; +https://openai.com/gptbot)"
20.171.207.49 - - [15/Aug/2025:06:07:12 -0300] "GET /ef61ba/?filesrc=%2Fhome%2Fdimen328%2Fmail%2F.aprendizdp%40dimensaogrupo_com_br%2F.spam%2Fnew%2F1752262907.M150674P11165.vps-6532726.dimensaogrupo.com.br%2CS%3D14024%2CW%3D14292&path=%2Fhome%2Fdimen328%2Fmail%2F.aprendizdp%40dimensaogrupo_com_br%2F.spam%2Fnew HTTP/2.0" 200 18409 "-" "Mozilla/5.0 AppleWebKit/537.36 (KHTML, like Gecko; compatible; GPTBot/1.2; +https://openai.com/gptbot)"
20.171.207.193 - - [15/Aug/2025:06:07:13 -0300] "GET /ef61ba/?path=%2F%2Fsys%2Fbus%2Fusb%2Fdrivers%2Fusb%2Fusb1%2Fdriver%2Fusb1%2F1-0%3A1.0%2Fsubsystem%2Fdrivers%2Fusb%2Fusb1%2F1-1%2Fdriver%2F1-1%2Fport%2Fdevice%2F1-1%3A1.0%2F0003%3A0627%3A0001.0001%2Fsubsystem%2Fdrivers%2Fhid-generic%2F0003%3A0627%3A0001.0001%2Fhidraw%2Fhidraw0%2Fsubsystem%2Fhidraw0%2Fdevice%2Fdriver%2F0003%3A0627%3A0001.0001%2Fdriver%2F0003%3A0627%3A0001.0001%2Fsubsystem%2Fdevices%2F0003%3A0627%3A0001.0001%2Fhidraw%2Fhidraw0%2Fdevice%2Fsubsystem%2Fdrivers%2Fcypress HTTP/2.0" 200 18439 "-" "Mozilla/5.0 AppleWebKit/537.36 (KHTML, like Gecko; compatible; GPTBot/1.2; +https://openai.com/gptbot)"
51.222.253.15 - - [15/Aug/2025:06:07:13 -0300] "GET /ef61ba/?filesrc=/home/dimen328/dimensaoservicos.com.br/wp-content/c4877c&path=/home/dimen328/dimensaoservicos.com.br/wp-content HTTP/2.0" 200 7247 "-" "Mozilla/5.0 (compatible; AhrefsBot/7.0; +http://ahrefs.com/robot/)"
20.171.207.242 - - [15/Aug/2025:06:07:13 -0300] "GET /ef61ba/?path=%2Fhome%2Fdimen328%2Fmail%2F.licitacoes%40dimensaogrupo_com_br%2F.Drafts%2Fnew HTTP/2.0" 200 2423 "-" "Mozilla/5.0 AppleWebKit/537.36 (KHTML, like Gecko; compatible; GPTBot/1.2; +https://openai.com/gptbot)"
20.171.207.49 - - [15/Aug/2025:06:07:13 -0300] "GET /ef61ba/?filesrc=%2Fhome%2Fdimen328%2Fmail%2F.cameras%40dimensaoservicos_com_br%2F.spam%2Fnew%2F1744437773.M557621P31852.vps-6532726.dimensaogrupo.com.br%2CS%3D12534%2CW%3D12747&path=%2Fhome%2Fdimen328%2Fmail%2F.cameras%40dimensaoservicos_com_br%2F.spam%2Fnew HTTP/2.0" 200 16911 "-" "Mozilla/5.0 AppleWebKit/537.36 (KHTML, like Gecko; compatible; GPTBot/1.2; +https://openai.com/gptbot)"
20.171.207.193 - - [15/Aug/2025:06:07:14 -0300] "GET /ef61ba/?path=%2F%2Fsys%2Fbus%2Fusb%2Fdrivers%2Fusb%2Fusb1%2Fdriver%2Fusb1%2F1-0%3A1.0%2Fsubsystem%2Fdrivers%2Fusb%2Fusb1%2F1-1%2Fdriver%2F1-1%2Fport%2Fdevice%2F1-1%3A1.0%2F0003%3A0627%3A0001.0001%2Fsubsystem%2Fdrivers%2Fhid-generic%2F0003%3A0627%3A0001.0001%2Fhidraw%2Fhidraw0%2Fsubsystem%2Fhidraw0%2Fdevice%2Fdriver%2F0003%3A0627%3A0001.0001%2Fdriver%2F0003%3A0627%3A0001.0001%2Fsubsystem%2Fdevices%2F0003%3A0627%3A0001.0001%2Fhidraw%2Fhidraw0%2Fdevice%2Fsubsystem%2Fdrivers%2Fcherry HTTP/2.0" 200 18421 "-" "Mozilla/5.0 AppleWebKit/537.36 (KHTML, like Gecko; compatible; GPTBot/1.2; +https://openai.com/gptbot)"
20.171.207.242 - - [15/Aug/2025:06:07:15 -0300] "GET /ef61ba/?path=%2Fhome%2Fdimen328%2Fmail%2F.contato%40dimensaoservicos_com_br%2F.Drafts%2Fnew HTTP/2.0" 200 2423 "-" "Mozilla/5.0 AppleWebKit/537.36 (KHTML, like Gecko; compatible; GPTBot/1.2; +https://openai.com/gptbot)"
20.171.207.193 - - [15/Aug/2025:06:07:15 -0300] "GET /ef61ba/?path=%2F%2Fsys%2Fbus%2Fusb%2Fdrivers%2Fusb%2Fusb1%2Fdriver%2Fusb1%2F1-0%3A1.0%2Fsubsystem%2Fdrivers%2Fusb%2Fusb1%2F1-1%2Fdriver%2F1-1%2Fport%2Fdevice%2F1-1%3A1.0%2F0003%3A0627%3A0001.0001%2Fsubsystem%2Fdrivers%2Fhid-generic%2F0003%3A0627%3A0001.0001%2Fhidraw%2Fhidraw0%2Fsubsystem%2Fhidraw0%2Fdevice%2Fdriver%2F0003%3A0627%3A0001.0001%2Fdriver%2F0003%3A0627%3A0001.0001%2Fsubsystem%2Fdevices%2F0003%3A0627%3A0001.0001%2Fhidraw%2Fhidraw0%2Fdevice%2Fhidraw%2Fhidraw0%2Fdevice%2Fhidraw HTTP/2.0" 200 12138 "-" "Mozilla/5.0 AppleWebKit/537.36 (KHTML, like Gecko; compatible; GPTBot/1.2; +https://openai.com/gptbot)"
20.171.207.242 - - [15/Aug/2025:06:07:16 -0300] "GET /ef61ba/?path=%2Fhome%2Fdimen328%2Fmail%2F.aprendizdp%40dimensaogrupo_com_br%2F.Drafts%2Fnew HTTP/2.0" 200 2423 "-" "Mozilla/5.0 AppleWebKit/537.36 (KHTML, like Gecko; compatible; GPTBot/1.2; +https://openai.com/gptbot)"
20.171.207.193 - - [15/Aug/2025:06:07:16 -0300] "GET /ef61ba/?path=%2F%2Fsys%2Fbus%2Fusb%2Fdrivers%2Fusb%2Fusb1%2Fdriver%2Fusb1%2F1-0%3A1.0%2Fsubsystem%2Fdrivers%2Fusb%2Fusb1%2F1-1%2Fdriver%2F1-1%2Fport%2Fdevice%2F1-1%3A1.0%2F0003%3A0627%3A0001.0001%2Fsubsystem%2Fdrivers%2Fhid-generic%2F0003%3A0627%3A0001.0001%2Fhidraw%2Fhidraw0%2Fsubsystem%2Fhidraw0%2Fdevice%2Fdriver%2F0003%3A0627%3A0001.0001%2Fdriver%2F0003%3A0627%3A0001.0001%2Fsubsystem%2Fdevices%2F0003%3A0627%3A0001.0001%2Fhidraw%2Fhidraw0%2Fdevice%2Fhidraw%2Fhidraw0%2Fdevice%2Fdriver HTTP/2.0" 200 20578 "-" "Mozilla/5.0 AppleWebKit/537.36 (KHTML, like Gecko; compatible; GPTBot/1.2; +https://openai.com/gptbot)"
20.171.207.49 - - [15/Aug/2025:06:07:17 -0300] "GET /ef61ba/?filesrc=%2Fhome%2Fdimen328%2Fmail%2F.aprendizdp%40dimensaogrupo_com_br%2F.spam%2Fnew%2F1736260500.M322209P32425.vps-6532726.dimensaogrupo.com.br%2CS%3D12050%2CW%3D12228&path=%2Fhome%2Fdimen328%2Fmail%2F.aprendizdp%40dimensaogrupo_com_br%2F.spam%2Fnew HTTP/2.0" 200 14357 "-" "Mozilla/5.0 AppleWebKit/537.36 (KHTML, like Gecko; compatible; GPTBot/1.2; +https://openai.com/gptbot)"
20.171.207.193 - - [15/Aug/2025:06:07:17 -0300] "GET /ef61ba/?path=%2F%2Fsys%2Fbus%2Fusb%2Fdrivers%2Fusb%2Fusb1%2Fdriver%2Fusb1%2F1-0%3A1.0%2Fsubsystem%2Fdrivers%2Fusb%2Fusb1%2F1-1%2Fdriver%2F1-1%2Fport%2Fdevice%2F1-1%3A1.0%2F0003%3A0627%3A0001.0001%2Fhidraw%2Fhidraw0%2Fdevice%2Fdriver%2F0003%3A0627%3A0001.0001%2Fdriver%2F0003%3A0627%3A0001.0001%2Fsubsystem%2Fdrivers%2Fhid-generic%2F0003%3A0627%3A0001.0001%2Fsubsystem%2Fdevices%2F0003%3A0627%3A0001.0001%2Fhidraw%2Fhidraw0%2Fsubsystem%2Fhidraw0%2Fdevice%2Fsubsystem HTTP/2.0" 200 18656 "-" "Mozilla/5.0 AppleWebKit/537.36 (KHTML, like Gecko; compatible; GPTBot/1.2; +https://openai.com/gptbot)"
20.171.207.193 - - [15/Aug/2025:06:07:18 -0300] "GET /ef61ba/?path=%2F%2Fsys%2Fbus%2Fusb%2Fdrivers%2Fusb%2Fusb1%2Fdriver%2Fusb1%2F1-0%3A1.0%2Fsubsystem%2Fdrivers%2Fusb%2Fusb1%2F1-1%2Fdriver%2F1-1%2Fport%2Fdevice%2F1-1%3A1.0%2F0003%3A0627%3A0001.0001%2Fsubsystem%2Fdrivers%2Fhid-generic%2F0003%3A0627%3A0001.0001%2Fhidraw%2Fhidraw0%2Fsubsystem%2Fhidraw0%2Fdevice%2Fdriver%2F0003%3A0627%3A0001.0001%2Fdriver%2F0003%3A0627%3A0001.0001%2Fsubsystem%2Fdevices%2F0003%3A0627%3A0001.0001%2Fhidraw%2Fhidraw0%2Fdevice%2Fsubsystem%2Fdevices%2F0003%3A0627%3A0001.0001 HTTP/2.0" 200 25375 "-" "Mozilla/5.0 AppleWebKit/537.36 (KHTML, like Gecko; compatible; GPTBot/1.2; +https://openai.com/gptbot)"
20.171.207.193 - - [15/Aug/2025:06:07:20 -0300] "GET /ef61ba/?path=%2F%2Fsys%2Fbus%2Fusb%2Fdrivers%2Fusb%2Fusb1%2Fdriver%2Fusb1%2F1-0%3A1.0%2Fsubsystem%2Fdrivers%2Fusb%2Fusb1%2F1-1%2Fdriver%2F1-1%2Fport%2Fdevice%2F1-1%3A1.0%2F0003%3A0627%3A0001.0001%2Fhidraw%2Fhidraw0%2Fdevice%2Fdriver%2F0003%3A0627%3A0001.0001%2Fdriver%2F0003%3A0627%3A0001.0001%2Fsubsystem%2Fdrivers%2Fhid-generic%2F0003%3A0627%3A0001.0001%2Fsubsystem%2Fdevices%2F0003%3A0627%3A0001.0001%2Fhidraw%2Fhidraw0%2Fsubsystem%2Fhidraw0%2Fdevice%2Fpower HTTP/2.0" 200 27482 "-" "Mozilla/5.0 AppleWebKit/537.36 (KHTML, like Gecko; compatible; GPTBot/1.2; +https://openai.com/gptbot)"
20.171.207.242 - - [15/Aug/2025:06:07:20 -0300] "GET /ef61ba/?path=%2Fhome%2Fdimen328%2Fmail%2F.licitacoes%40dimensaogrupo_com_br%2F.Drafts%2Fcur HTTP/2.0" 200 2423 "-" "Mozilla/5.0 AppleWebKit/537.36 (KHTML, like Gecko; compatible; GPTBot/1.2; +https://openai.com/gptbot)"
20.171.207.193 - - [15/Aug/2025:06:07:21 -0300] "GET /ef61ba/?path=%2F%2Fsys%2Fbus%2Fusb%2Fdrivers%2Fusb%2Fusb1%2Fdriver%2Fusb1%2F1-0%3A1.0%2Fsubsystem%2Fdrivers%2Fusb%2Fusb1%2F1-1%2Fdriver%2F1-1%2Fport%2Fdevice%2F1-1%3A1.0%2F0003%3A0627%3A0001.0001%2Fsubsystem%2Fdrivers%2Fhid-generic%2F0003%3A0627%3A0001.0001%2Fdriver%2F0003%3A0627%3A0001.0001%2Fhidraw%2Fhidraw0%2Fdevice%2Fdriver%2F0003%3A0627%3A0001.0001%2Fsubsystem%2Fdevices%2F0003%3A0627%3A0001.0001%2Fhidraw%2Fhidraw0%2Fsubsystem%2Fhidraw0%2Fdevice%2Fhidraw HTTP/2.0" 200 10998 "-" "Mozilla/5.0 AppleWebKit/537.36 (KHTML, like Gecko; compatible; GPTBot/1.2; +https://openai.com/gptbot)"
20.171.207.242 - - [15/Aug/2025:06:07:22 -0300] "GET /ef61ba/?path=%2Fhome%2Fdimen328%2Fmail%2F.cameras%40dimensaoservicos_com_br%2F.Drafts%2Fcur HTTP/2.0" 200 2423 "-" "Mozilla/5.0 AppleWebKit/537.36 (KHTML, like Gecko; compatible; GPTBot/1.2; +https://openai.com/gptbot)"
20.171.207.193 - - [15/Aug/2025:06:07:22 -0300] "GET /ef61ba/?path=%2F%2Fsys%2Fbus%2Fusb%2Fdrivers%2Fusb%2Fusb1%2Fdriver%2Fusb1%2F1-0%3A1.0%2Fsubsystem%2Fdrivers%2Fusb%2Fusb1%2F1-1%2Fdriver%2F1-1%2Fport%2Fdevice%2F1-1%3A1.0%2F0003%3A0627%3A0001.0001%2Fsubsystem%2Fdrivers%2Fhid-generic%2F0003%3A0627%3A0001.0001%2Fdriver%2F0003%3A0627%3A0001.0001%2Fhidraw%2Fhidraw0%2Fdevice%2Fdriver%2F0003%3A0627%3A0001.0001%2Fsubsystem%2Fdevices%2F0003%3A0627%3A0001.0001%2Fhidraw%2Fhidraw0%2Fsubsystem%2Fhidraw0%2Fdevice%2Fdriver HTTP/2.0" 200 19086 "-" "Mozilla/5.0 AppleWebKit/537.36 (KHTML, like Gecko; compatible; GPTBot/1.2; +https://openai.com/gptbot)"
20.171.207.193 - - [15/Aug/2025:06:07:23 -0300] "GET /ef61ba/?path=%2F%2Fsys%2Fbus%2Fusb%2Fdrivers%2Fusb%2Fusb1%2Fdriver%2Fusb1%2F1-0%3A1.0%2Fsubsystem%2Fdrivers%2Fusb%2Fusb1%2F1-1%2Fdriver%2F1-1%2Fport%2Fdevice%2F1-1%3A1.0%2F0003%3A0627%3A0001.0001%2Fsubsystem%2Fdrivers%2Fhid-generic%2F0003%3A0627%3A0001.0001%2Fdriver%2F0003%3A0627%3A0001.0001%2Fhidraw%2Fhidraw0%2Fdevice%2Fdriver%2F0003%3A0627%3A0001.0001%2Fsubsystem%2Fdevices%2F0003%3A0627%3A0001.0001%2Fhidraw%2Fhidraw0%2Fsubsystem%2Fhidraw0%2Fdevice%2Fsubsystem HTTP/2.0" 200 18739 "-" "Mozilla/5.0 AppleWebKit/537.36 (KHTML, like Gecko; compatible; GPTBot/1.2; +https://openai.com/gptbot)"
207.46.13.154 - - [15/Aug/2025:06:07:24 -0300] "GET /item/tuip54joqsv23398.htm HTTP/2.0" 404 10429 "-" "Mozilla/5.0 AppleWebKit/537.36 (KHTML, like Gecko; compatible; bingbot/2.0; +http://www.bing.com/bingbot.htm) Chrome/116.0.1938.76 Safari/537.36"
20.171.207.193 - - [15/Aug/2025:06:07:24 -0300] "GET /ef61ba/?path=%2F%2Fsys%2Fbus%2Fusb%2Fdrivers%2Fusb%2Fusb1%2Fdriver%2Fusb1%2F1-0%3A1.0%2Fsubsystem%2Fdrivers%2Fusb%2Fusb1%2F1-1%2Fdriver%2F1-1%2Fport%2Fdevice%2F1-1%3A1.0%2F0003%3A0627%3A0001.0001%2Fsubsystem%2Fdrivers%2Fhid-generic%2F0003%3A0627%3A0001.0001%2Fdriver%2F0003%3A0627%3A0001.0001%2Fhidraw%2Fhidraw0%2Fdevice%2Fdriver%2F0003%3A0627%3A0001.0001%2Fsubsystem%2Fdevices%2F0003%3A0627%3A0001.0001%2Fhidraw%2Fhidraw0%2Fsubsystem%2Fhidraw0%2Fsubsystem%2Fhidraw0 HTTP/2.0" 200 18231 "-" "Mozilla/5.0 AppleWebKit/537.36 (KHTML, like Gecko; compatible; GPTBot/1.2; +https://openai.com/gptbot)"
20.171.207.193 - - [15/Aug/2025:06:07:26 -0300] "GET /ef61ba/?path=%2F%2Fsys%2Fbus%2Fusb%2Fdrivers%2Fusb%2Fusb1%2Fdriver%2Fusb1%2F1-0%3A1.0%2Fsubsystem%2Fdrivers%2Fusb%2Fusb1%2F1-1%2Fdriver%2F1-1%2Fport%2Fdevice%2F1-1%3A1.0%2F0003%3A0627%3A0001.0001%2Fhidraw%2Fhidraw0%2Fdevice%2Fdriver%2F0003%3A0627%3A0001.0001%2Fdriver%2F0003%3A0627%3A0001.0001%2Fsubsystem%2Fdrivers%2Fhid-generic%2F0003%3A0627%3A0001.0001%2Fsubsystem%2Fdevices%2F0003%3A0627%3A0001.0001%2Fhidraw%2Fhidraw0%2Fsubsystem%2Fhidraw0%2Fsubsystem%2Fhidraw0 HTTP/2.0" 200 18148 "-" "Mozilla/5.0 AppleWebKit/537.36 (KHTML, like Gecko; compatible; GPTBot/1.2; +https://openai.com/gptbot)"
20.171.207.193 - - [15/Aug/2025:06:07:27 -0300] "GET /ef61ba/?path=%2F%2Fsys%2Fbus%2Fusb%2Fdrivers%2Fusb%2Fusb1%2Fdriver%2Fusb1%2F1-0%3A1.0%2Fsubsystem%2Fdrivers%2Fusb%2Fusb1%2F1-1%2Fdriver%2F1-1%2Fport%2Fdevice%2F1-1%3A1.0%2F0003%3A0627%3A0001.0001%2Fsubsystem%2Fdrivers%2Fhid-generic%2F0003%3A0627%3A0001.0001%2Fdriver%2F0003%3A0627%3A0001.0001%2Fhidraw%2Fhidraw0%2Fdevice%2Fdriver%2F0003%3A0627%3A0001.0001%2Fsubsystem%2Fdevices%2F0003%3A0627%3A0001.0001%2Fhidraw%2Fhidraw0%2Fsubsystem%2Fhidraw0%2Fdevice%2Fpower HTTP/2.0" 200 27565 "-" "Mozilla/5.0 AppleWebKit/537.36 (KHTML, like Gecko; compatible; GPTBot/1.2; +https://openai.com/gptbot)"
20.171.207.242 - - [15/Aug/2025:06:07:27 -0300] "GET /ef61ba/?path=%2Fhome%2Fdimen328%2Fmail%2F.financeiro%40dimensaogrupo_com_br%2F.Drafts%2Ftmp HTTP/2.0" 200 2423 "-" "Mozilla/5.0 AppleWebKit/537.36 (KHTML, like Gecko; compatible; GPTBot/1.2; +https://openai.com/gptbot)"
20.171.207.193 - - [15/Aug/2025:06:07:28 -0300] "GET /ef61ba/?path=%2F%2Fsys%2Fbus%2Fusb%2Fdrivers%2Fusb%2Fusb1%2Fdriver%2Fusb1%2F1-0%3A1.0%2Fsubsystem%2Fdrivers%2Fusb%2Fusb1%2F1-1%2Fsubsystem%2Fdevices%2F1-1%2F1-1%3A1.0%2F0003%3A0627%3A0001.0001%2Fdriver%2F0003%3A0627%3A0001.0001%2Fhidraw%2Fhidraw0%2Fdevice%2Fhidraw%2Fhidraw0%2Fdevice%2Fdriver%2F0003%3A0627%3A0001.0001%2Fsubsystem%2Fdrivers%2Fhid-generic%2F0003%3A0627%3A0001.0001%2Fsubsystem%2Fdevices%2F0003%3A0627%3A0001.0001%2Fhidraw%2Fhidraw0%2Fsubsystem%2Fhidraw0%2Fdevice%2Fsubsystem HTTP/2.0" 200 19938 "-" "Mozilla/5.0 AppleWebKit/537.36 (KHTML, like Gecko; compatible; GPTBot/1.2; +https://openai.com/gptbot)"
20.171.207.49 - - [15/Aug/2025:06:07:29 -0300] "GET /ef61ba/?filesrc=%2Fhome%2Fdimen328%2Fmail%2F.aprendizdp%40dimensaogrupo_com_br%2F.spam%2Fnew%2F1748595993.M357115P21363.vps-6532726.dimensaogrupo.com.br%2CS%3D10951%2CW%3D11117&path=%2Fhome%2Fdimen328%2Fmail%2F.aprendizdp%40dimensaogrupo_com_br%2F.spam%2Fnew HTTP/2.0" 200 13254 "-" "Mozilla/5.0 AppleWebKit/537.36 (KHTML, like Gecko; compatible; GPTBot/1.2; +https://openai.com/gptbot)"
20.171.207.193 - - [15/Aug/2025:06:07:29 -0300] "GET /ef61ba/?path=%2F%2Fsys%2Fbus%2Fusb%2Fdrivers%2Fusb%2Fusb1%2Fdriver%2Fusb1%2F1-0%3A1.0%2Fsubsystem%2Fdrivers%2Fusb%2Fusb1%2F1-1%2Fdriver%2F1-1%2Fport%2Fdevice%2F1-1%3A1.0%2F0003%3A0627%3A0001.0001%2Fhidraw%2Fhidraw0%2Fdevice%2Fdriver%2F0003%3A0627%3A0001.0001%2Fdriver%2F0003%3A0627%3A0001.0001%2Fsubsystem%2Fdrivers%2Fhid-generic%2F0003%3A0627%3A0001.0001%2Fsubsystem%2Fdevices%2F0003%3A0627%3A0001.0001%2Fhidraw%2Fhidraw0%2Fsubsystem%2Fhidraw0%2Fdevice%2Fhidraw HTTP/2.0" 200 10915 "-" "Mozilla/5.0 AppleWebKit/537.36 (KHTML, like Gecko; compatible; GPTBot/1.2; +https://openai.com/gptbot)"
20.171.207.193 - - [15/Aug/2025:06:07:30 -0300] "GET /ef61ba/?path=%2F%2Fsys%2Fbus%2Fusb%2Fdrivers%2Fusb%2Fusb1%2Fdriver%2Fusb1%2F1-0%3A1.0%2Fsubsystem%2Fdrivers%2Fusb%2Fusb1%2F1-1%2Fdriver%2F1-1%2Fport%2Fdevice%2F1-1%3A1.0%2F0003%3A0627%3A0001.0001%2Fhidraw%2Fhidraw0%2Fdevice%2Fdriver%2F0003%3A0627%3A0001.0001%2Fdriver%2F0003%3A0627%3A0001.0001%2Fsubsystem%2Fdrivers%2Fhid-generic%2F0003%3A0627%3A0001.0001%2Fsubsystem%2Fdevices%2F0003%3A0627%3A0001.0001%2Fhidraw%2Fhidraw0%2Fsubsystem%2Fhidraw0%2Fdevice%2Fdriver HTTP/2.0" 200 19003 "-" "Mozilla/5.0 AppleWebKit/537.36 (KHTML, like Gecko; compatible; GPTBot/1.2; +https://openai.com/gptbot)"
20.171.207.193 - - [15/Aug/2025:06:07:31 -0300] "GET /ef61ba/?path=%2F%2Fsys%2Fbus%2Fusb%2Fdrivers%2Fusb%2Fusb1%2Fdriver%2Fusb1%2F1-0%3A1.0%2Fsubsystem%2Fdrivers%2Fusb%2Fusb1%2F1-1%2Fsubsystem%2Fdevices%2F1-1%2F1-1%3A1.0%2F0003%3A0627%3A0001.0001%2Fdriver%2F0003%3A0627%3A0001.0001%2Fhidraw%2Fhidraw0%2Fdevice%2Fhidraw%2Fhidraw0%2Fdevice%2Fdriver%2F0003%3A0627%3A0001.0001%2Fsubsystem%2Fdrivers%2Fhid-generic%2F0003%3A0627%3A0001.0001%2Fsubsystem%2Fdevices%2F0003%3A0627%3A0001.0001%2Fhidraw%2Fhidraw0%2Fsubsystem%2Fhidraw0%2Fdevice%2Fhidraw%2Fhidraw0 HTTP/2.0" 200 19867 "-" "Mozilla/5.0 AppleWebKit/537.36 (KHTML, like Gecko; compatible; GPTBot/1.2; +https://openai.com/gptbot)"
20.171.207.193 - - [15/Aug/2025:06:07:33 -0300] "GET /ef61ba/?path=%2F%2Fsys%2Fbus%2Fusb%2Fdrivers%2Fusb%2Fusb1%2Fdriver%2Fusb1%2F1-0%3A1.0%2Fsubsystem%2Fdrivers%2Fusb%2Fusb1%2F1-1%2Fsubsystem%2Fdevices%2F1-1%2F1-1%3A1.0%2F0003%3A0627%3A0001.0001%2Fdriver%2F0003%3A0627%3A0001.0001%2Fhidraw%2Fhidraw0%2Fdevice%2Fhidraw%2Fhidraw0%2Fdevice%2Fdriver%2F0003%3A0627%3A0001.0001%2Fsubsystem%2Fdrivers%2Fhid-generic%2F0003%3A0627%3A0001.0001%2Fsubsystem%2Fdevices%2F0003%3A0627%3A0001.0001%2Fhidraw%2Fhidraw0%2Fsubsystem%2Fhidraw0%2Fdevice%2Fdriver%2F0003%3A0627%3A0001.0001 HTTP/2.0" 200 26182 "-" "Mozilla/5.0 AppleWebKit/537.36 (KHTML, like Gecko; compatible; GPTBot/1.2; +https://openai.com/gptbot)"
20.171.207.242 - - [15/Aug/2025:06:07:33 -0300] "GET /ef61ba/?path=%2Fhome%2Fdimen328%2Fmail%2F.financeiro%40dimensaogrupo_com_br%2F.Drafts%2Fcur HTTP/2.0" 200 2423 "-" "Mozilla/5.0 AppleWebKit/537.36 (KHTML, like Gecko; compatible; GPTBot/1.2; +https://openai.com/gptbot)"
20.171.207.193 - - [15/Aug/2025:06:07:34 -0300] "GET /ef61ba/?path=%2F%2Fsys%2Fbus%2Fusb%2Fdrivers%2Fusb%2Fusb1%2Fdriver%2Fusb1%2F1-0%3A1.0%2Fsubsystem%2Fdrivers%2Fusb%2Fusb1%2F1-1%2Fsubsystem%2Fdevices%2F1-1%2F1-1%3A1.0%2F0003%3A0627%3A0001.0001%2Fdriver%2F0003%3A0627%3A0001.0001%2Fhidraw%2Fhidraw0%2Fdevice%2Fhidraw%2Fhidraw0%2Fdevice%2Fdriver%2F0003%3A0627%3A0001.0001%2Fsubsystem%2Fdrivers%2Fhid-generic%2F0003%3A0627%3A0001.0001%2Fsubsystem%2Fdevices%2F0003%3A0627%3A0001.0001%2Fhidraw%2Fhidraw0%2Fsubsystem%2Fhidraw0%2Fsubsystem%2Fhidraw0%2Fdevice HTTP/2.0" 200 25919 "-" "Mozilla/5.0 AppleWebKit/537.36 (KHTML, like Gecko; compatible; GPTBot/1.2; +https://openai.com/gptbot)"
20.171.207.193 - - [15/Aug/2025:06:07:35 -0300] "GET /ef61ba/?path=%2F%2Fsys%2Fbus%2Fusb%2Fdrivers%2Fusb%2Fusb1%2Fdriver%2Fusb1%2F1-0%3A1.0%2Fsubsystem%2Fdrivers%2Fusb%2Fusb1%2F1-1%2Fdriver%2F1-1%2Fport%2Fdevice%2F1-1%3A1.0%2F0003%3A0627%3A0001.0001%2Fsubsystem%2Fdrivers%2Fhid-generic%2F0003%3A0627%3A0001.0001%2Fhidraw%2Fhidraw0%2Fsubsystem%2Fhidraw0%2Fdevice%2Fdriver%2F0003%3A0627%3A0001.0001%2Fdriver%2F0003%3A0627%3A0001.0001%2Fsubsystem%2Fdevices%2F0003%3A0627%3A0001.0001%2Fhidraw%2Fhidraw0%2Fdevice%2Fhidraw%2Fhidraw0%2Fdevice%2Fhidraw%2Fhidraw0 HTTP/2.0" 200 20138 "-" "Mozilla/5.0 AppleWebKit/537.36 (KHTML, like Gecko; compatible; GPTBot/1.2; +https://openai.com/gptbot)"
20.171.207.193 - - [15/Aug/2025:06:07:36 -0300] "GET /ef61ba/?path=%2F%2Fsys%2Fbus%2Fusb%2Fdrivers%2Fusb%2Fusb1%2Fdriver%2Fusb1%2F1-0%3A1.0%2Fsubsystem%2Fdrivers%2Fusb%2Fusb1%2F1-1%2Fdriver%2F1-1%2Fport%2Fdevice%2F1-1%3A1.0%2F0003%3A0627%3A0001.0001%2Fsubsystem%2Fdrivers%2Fhid-generic%2F0003%3A0627%3A0001.0001%2Fhidraw%2Fhidraw0%2Fsubsystem%2Fhidraw0%2Fdevice%2Fdriver%2F0003%3A0627%3A0001.0001%2Fdriver%2F0003%3A0627%3A0001.0001%2Fsubsystem%2Fdevices%2F0003%3A0627%3A0001.0001%2Fhidraw%2Fhidraw0%2Fdevice%2Fhidraw%2Fhidraw0%2Fdevice%2Fdriver%2F0003%3A0627%3A0001.0001 HTTP/2.0" 200 26464 "-" "Mozilla/5.0 AppleWebKit/537.36 (KHTML, like Gecko; compatible; GPTBot/1.2; +https://openai.com/gptbot)"
20.171.207.193 - - [15/Aug/2025:06:07:37 -0300] "GET /ef61ba/?path=%2F%2Fsys%2Fbus%2Fusb%2Fdrivers%2Fusb%2Fusb1%2Fdriver%2Fusb1%2F1-0%3A1.0%2Fsubsystem%2Fdrivers%2Fusb%2Fusb1%2F1-1%2Fdriver%2F1-1%2Fport%2Fdevice%2F1-1%3A1.0%2F0003%3A0627%3A0001.0001%2Fhidraw%2Fhidraw0%2Fdevice%2Fdriver%2F0003%3A0627%3A0001.0001%2Fdriver%2F0003%3A0627%3A0001.0001%2Fsubsystem%2Fdrivers%2Fhid-generic%2F0003%3A0627%3A0001.0001%2Fsubsystem%2Fdevices%2F0003%3A0627%3A0001.0001%2Fhidraw%2Fhidraw0%2Fsubsystem%2Fhidraw0%2Fdevice%2Fsubsystem%2Fdrivers HTTP/2.0" 200 34207 "-" "Mozilla/5.0 AppleWebKit/537.36 (KHTML, like Gecko; compatible; GPTBot/1.2; +https://openai.com/gptbot)"
20.171.207.193 - - [15/Aug/2025:06:07:39 -0300] "GET /ef61ba/?path=%2F%2Fsys%2Fbus%2Fusb%2Fdrivers%2Fusb%2Fusb1%2Fdriver%2Fusb1%2F1-0%3A1.0%2Fsubsystem%2Fdrivers%2Fusb%2Fusb1%2F1-1%2Fdriver%2F1-1%2Fport%2Fdevice%2F1-1%3A1.0%2F0003%3A0627%3A0001.0001%2Fhidraw%2Fhidraw0%2Fdevice%2Fdriver%2F0003%3A0627%3A0001.0001%2Fdriver%2F0003%3A0627%3A0001.0001%2Fsubsystem%2Fdrivers%2Fhid-generic%2F0003%3A0627%3A0001.0001%2Fsubsystem%2Fdevices%2F0003%3A0627%3A0001.0001%2Fhidraw%2Fhidraw0%2Fsubsystem%2Fhidraw0%2Fdevice%2Fhidraw%2Fhidraw0 HTTP/2.0" 200 18585 "-" "Mozilla/5.0 AppleWebKit/537.36 (KHTML, like Gecko; compatible; GPTBot/1.2; +https://openai.com/gptbot)"
20.171.207.242 - - [15/Aug/2025:06:07:39 -0300] "GET /ef61ba/?path=%2Fhome%2Fdimen328%2Fmail%2F.licitacoes%40dimensaogrupo_com_br%2F.Drafts%2Ftmp HTTP/2.0" 200 2423 "-" "Mozilla/5.0 AppleWebKit/537.36 (KHTML, like Gecko; compatible; GPTBot/1.2; +https://openai.com/gptbot)"
20.171.207.193 - - [15/Aug/2025:06:07:39 -0300] "GET /ef61ba/?path=%2F%2Fsys%2Fbus%2Fusb%2Fdrivers%2Fusb%2Fusb1%2Fdriver%2Fusb1%2F1-0%3A1.0%2Fsubsystem%2Fdrivers%2Fusb%2Fusb1%2F1-1%2Fdriver%2F1-1%2Fport%2Fdevice%2F1-1%3A1.0%2F0003%3A0627%3A0001.0001%2Fsubsystem%2Fdrivers%2Fhid-generic%2F0003%3A0627%3A0001.0001%2Fdriver%2F0003%3A0627%3A0001.0001%2Fhidraw%2Fhidraw0%2Fdevice%2Fdriver%2F0003%3A0627%3A0001.0001%2Fsubsystem%2Fdevices%2F0003%3A0627%3A0001.0001%2Fhidraw%2Fhidraw0%2Fsubsystem%2Fhidraw0%2Fsubsystem%2Fhidraw0%2Fdevice HTTP/2.0" 200 24489 "-" "Mozilla/5.0 AppleWebKit/537.36 (KHTML, like Gecko; compatible; GPTBot/1.2; +https://openai.com/gptbot)"
20.171.207.193 - - [15/Aug/2025:06:07:40 -0300] "GET /ef61ba/?path=%2F%2Fsys%2Fbus%2Fusb%2Fdrivers%2Fusb%2Fusb1%2Fdriver%2Fusb1%2F1-0%3A1.0%2Fsubsystem%2Fdrivers%2Fusb%2Fusb1%2F1-1%2Fdriver%2F1-1%2Fport%2Fdevice%2F1-1%3A1.0%2F0003%3A0627%3A0001.0001%2Fsubsystem%2Fdrivers%2Fhid-generic%2F0003%3A0627%3A0001.0001%2Fhidraw%2Fhidraw0%2Fsubsystem%2Fhidraw0%2Fdevice%2Fdriver%2F0003%3A0627%3A0001.0001%2Fdriver%2F0003%3A0627%3A0001.0001%2Fsubsystem%2Fdevices%2F0003%3A0627%3A0001.0001%2Fhidraw%2Fhidraw0%2Fdevice%2Fsubsystem%2Fdevices%2F0003%3A0627%3A0001.0001%2Fpower HTTP/2.0" 200 30061 "-" "Mozilla/5.0 AppleWebKit/537.36 (KHTML, like Gecko; compatible; GPTBot/1.2; +https://openai.com/gptbot)"
20.171.207.193 - - [15/Aug/2025:06:07:42 -0300] "GET /ef61ba/?path=%2F%2Fsys%2Fbus%2Fusb%2Fdrivers%2Fusb%2Fusb1%2Fdriver%2Fusb1%2F1-0%3A1.0%2Fsubsystem%2Fdrivers%2Fusb%2Fusb1%2F1-1%2Fdriver%2F1-1%2Fport%2Fdevice%2F1-1%3A1.0%2F0003%3A0627%3A0001.0001%2Fsubsystem%2Fdrivers%2Fhid-generic%2F0003%3A0627%3A0001.0001%2Fdriver%2F0003%3A0627%3A0001.0001%2Fhidraw%2Fhidraw0%2Fdevice%2Fdriver%2F0003%3A0627%3A0001.0001%2Fsubsystem%2Fdevices%2F0003%3A0627%3A0001.0001%2Fhidraw%2Fhidraw0%2Fsubsystem%2Fhidraw0%2Fdevice%2Fhidraw%2Fhidraw0 HTTP/2.0" 200 18668 "-" "Mozilla/5.0 AppleWebKit/537.36 (KHTML, like Gecko; compatible; GPTBot/1.2; +https://openai.com/gptbot)"
20.171.207.193 - - [15/Aug/2025:06:07:43 -0300] "GET /ef61ba/?path=%2F%2Fsys%2Fbus%2Fusb%2Fdrivers%2Fusb%2Fusb1%2Fdriver%2Fusb1%2F1-0%3A1.0%2Fsubsystem%2Fdrivers%2Fusb%2Fusb1%2F1-1%2Fdriver%2F1-1%2Fport%2Fdevice%2F1-1%3A1.0%2F0003%3A0627%3A0001.0001%2Fhidraw%2Fhidraw0%2Fdevice%2Fdriver%2F0003%3A0627%3A0001.0001%2Fdriver%2F0003%3A0627%3A0001.0001%2Fsubsystem%2Fdrivers%2Fhid-generic%2F0003%3A0627%3A0001.0001%2Fsubsystem%2Fdevices%2F0003%3A0627%3A0001.0001%2Fhidraw%2Fhidraw0%2Fsubsystem%2Fhidraw0%2Fsubsystem%2Fhidraw0%2Fdevice HTTP/2.0" 200 24406 "-" "Mozilla/5.0 AppleWebKit/537.36 (KHTML, like Gecko; compatible; GPTBot/1.2; +https://openai.com/gptbot)"
20.171.207.193 - - [15/Aug/2025:06:07:44 -0300] "GET /ef61ba/?path=%2F%2Fsys%2Fbus%2Fusb%2Fdrivers%2Fusb%2Fusb1%2Fdriver%2Fusb1%2F1-0%3A1.0%2Fsubsystem%2Fdrivers%2Fusb%2Fusb1%2F1-1%2Fdriver%2F1-1%2Fport%2Fdevice%2F1-1%3A1.0%2F0003%3A0627%3A0001.0001%2Fsubsystem%2Fdrivers%2Fhid-generic%2F0003%3A0627%3A0001.0001%2Fhidraw%2Fhidraw0%2Fsubsystem%2Fhidraw0%2Fdevice%2Fdriver%2F0003%3A0627%3A0001.0001%2Fdriver%2F0003%3A0627%3A0001.0001%2Fsubsystem%2Fdevices%2F0003%3A0627%3A0001.0001%2Fhidraw%2Fhidraw0%2Fdevice%2Fsubsystem%2Fdevices%2F0003%3A0627%3A0001.0001%2Fsubsystem HTTP/2.0" 200 20551 "-" "Mozilla/5.0 AppleWebKit/537.36 (KHTML, like Gecko; compatible; GPTBot/1.2; +https://openai.com/gptbot)"
20.171.207.193 - - [15/Aug/2025:06:07:45 -0300] "GET /ef61ba/?path=%2F%2Fsys%2Fbus%2Fusb%2Fdrivers%2Fusb%2Fusb1%2Fdriver%2Fusb1%2F1-0%3A1.0%2Fsubsystem%2Fdrivers%2Fusb%2Fusb1%2F1-1%2Fdriver%2F1-1%2Fport%2Fdevice%2F1-1%3A1.0%2F0003%3A0627%3A0001.0001%2Fhidraw%2Fhidraw0%2Fdevice%2Fdriver%2F0003%3A0627%3A0001.0001%2Fdriver%2F0003%3A0627%3A0001.0001%2Fsubsystem%2Fdrivers%2Fhid-generic%2F0003%3A0627%3A0001.0001%2Fsubsystem%2Fdevices%2F0003%3A0627%3A0001.0001%2Fhidraw%2Fhidraw0%2Fsubsystem%2Fhidraw0%2Fsubsystem%2Fhidraw0%2Fsubsystem HTTP/2.0" 200 11356 "-" "Mozilla/5.0 AppleWebKit/537.36 (KHTML, like Gecko; compatible; GPTBot/1.2; +https://openai.com/gptbot)"
20.171.207.193 - - [15/Aug/2025:06:07:46 -0300] "GET /ef61ba/?path=%2F%2Fsys%2Fbus%2Fusb%2Fdrivers%2Fusb%2Fusb1%2Fdriver%2Fusb1%2F1-0%3A1.0%2Fsubsystem%2Fdrivers%2Fusb%2Fusb1%2F1-1%2Fdriver%2F1-1%2Fport%2Fdevice%2F1-1%3A1.0%2F0003%3A0627%3A0001.0001%2Fhidraw%2Fhidraw0%2Fdevice%2Fdriver%2F0003%3A0627%3A0001.0001%2Fdriver%2F0003%3A0627%3A0001.0001%2Fsubsystem%2Fdrivers%2Fhid-generic%2F0003%3A0627%3A0001.0001%2Fsubsystem%2Fdevices%2F0003%3A0627%3A0001.0001%2Fhidraw%2Fhidraw0%2Fsubsystem%2Fhidraw0%2Fdevice%2Fsubsystem%2Fdevices HTTP/2.0" 200 11385 "-" "Mozilla/5.0 AppleWebKit/537.36 (KHTML, like Gecko; compatible; GPTBot/1.2; +https://openai.com/gptbot)"
20.171.207.193 - - [15/Aug/2025:06:07:48 -0300] "GET /ef61ba/?path=%2F%2Fsys%2Fbus%2Fusb%2Fdrivers%2Fusb%2Fusb1%2Fdriver%2Fusb1%2F1-0%3A1.0%2Fsubsystem%2Fdrivers%2Fusb%2Fusb1%2F1-1%2Fdriver%2F1-1%2Fport%2Fdevice%2F1-1%3A1.0%2F0003%3A0627%3A0001.0001%2Fsubsystem%2Fdrivers%2Fhid-generic%2F0003%3A0627%3A0001.0001%2Fdriver%2F0003%3A0627%3A0001.0001%2Fhidraw%2Fhidraw0%2Fdevice%2Fdriver%2F0003%3A0627%3A0001.0001%2Fsubsystem%2Fdevices%2F0003%3A0627%3A0001.0001%2Fhidraw%2Fhidraw0%2Fsubsystem%2Fhidraw0%2Fdevice%2Fsubsystem%2Fdrivers HTTP/2.0" 200 34290 "-" "Mozilla/5.0 AppleWebKit/537.36 (KHTML, like Gecko; compatible; GPTBot/1.2; +https://openai.com/gptbot)"
20.171.207.193 - - [15/Aug/2025:06:07:49 -0300] "GET /ef61ba/?path=%2F%2Fsys%2Fbus%2Fusb%2Fdrivers%2Fusb%2Fusb1%2Fdriver%2Fusb1%2F1-0%3A1.0%2Fsubsystem%2Fdrivers%2Fusb%2Fusb1%2F1-1%2Fdriver%2F1-1%2Fport%2Fdevice%2F1-1%3A1.0%2F0003%3A0627%3A0001.0001%2Fsubsystem%2Fdrivers%2Fhid-generic%2F0003%3A0627%3A0001.0001%2Fdriver%2F0003%3A0627%3A0001.0001%2Fhidraw%2Fhidraw0%2Fdevice%2Fdriver%2F0003%3A0627%3A0001.0001%2Fsubsystem%2Fdevices%2F0003%3A0627%3A0001.0001%2Fhidraw%2Fhidraw0%2Fsubsystem%2Fhidraw0%2Fdevice%2Fsubsystem%2Fdevices HTTP/2.0" 200 11468 "-" "Mozilla/5.0 AppleWebKit/537.36 (KHTML, like Gecko; compatible; GPTBot/1.2; +https://openai.com/gptbot)"
20.171.207.193 - - [15/Aug/2025:06:07:50 -0300] "GET /ef61ba/?path=%2F%2Fsys%2Fbus%2Fusb%2Fdrivers%2Fusb%2Fusb1%2Fdriver%2Fusb1%2F1-0%3A1.0%2Fsubsystem%2Fdrivers%2Fusb%2Fusb1%2F1-1%2Fdriver%2F1-1%2Fport%2Fdevice%2F1-1%3A1.0%2F0003%3A0627%3A0001.0001%2Fsubsystem%2Fdrivers%2Fhid-generic%2F0003%3A0627%3A0001.0001%2Fdriver%2F0003%3A0627%3A0001.0001%2Fhidraw%2Fhidraw0%2Fdevice%2Fdriver%2F0003%3A0627%3A0001.0001%2Fsubsystem%2Fdevices%2F0003%3A0627%3A0001.0001%2Fhidraw%2Fhidraw0%2Fsubsystem%2Fhidraw0%2Fsubsystem%2Fhidraw0%2Fsubsystem HTTP/2.0" 200 11439 "-" "Mozilla/5.0 AppleWebKit/537.36 (KHTML, like Gecko; compatible; GPTBot/1.2; +https://openai.com/gptbot)"
20.171.207.193 - - [15/Aug/2025:06:07:51 -0300] "GET /ef61ba/?path=%2F%2Fsys%2Fbus%2Fusb%2Fdrivers%2Fusb%2Fusb1%2Fdriver%2Fusb1%2F1-0%3A1.0%2Fsubsystem%2Fdrivers%2Fusb%2Fusb1%2F1-1%2Fdriver%2F1-1%2Fport%2Fdevice%2F1-1%3A1.0%2F0003%3A0627%3A0001.0001%2Fsubsystem%2Fdrivers%2Fhid-generic%2F0003%3A0627%3A0001.0001%2Fhidraw%2Fhidraw0%2Fsubsystem%2Fhidraw0%2Fdevice%2Fdriver%2F0003%3A0627%3A0001.0001%2Fdriver%2F0003%3A0627%3A0001.0001%2Fsubsystem%2Fdevices%2F0003%3A0627%3A0001.0001%2Fhidraw%2Fhidraw0%2Fdevice%2Fsubsystem%2Fdevices%2F0003%3A0627%3A0001.0001%2Fdriver HTTP/2.0" 200 20936 "-" "Mozilla/5.0 AppleWebKit/537.36 (KHTML, like Gecko; compatible; GPTBot/1.2; +https://openai.com/gptbot)"
20.171.207.193 - - [15/Aug/2025:06:07:52 -0300] "GET /ef61ba/?path=%2F%2Fsys%2Fbus%2Fusb%2Fdrivers%2Fusb%2Fusb1%2Fdriver%2Fusb1%2F1-0%3A1.0%2Fsubsystem%2Fdrivers%2Fusb%2Fusb1%2F1-1%2Fdriver%2F1-1%2Fport%2Fdevice%2F1-1%3A1.0%2F0003%3A0627%3A0001.0001%2Fhidraw%2Fhidraw0%2Fdevice%2Fdriver%2F0003%3A0627%3A0001.0001%2Fdriver%2F0003%3A0627%3A0001.0001%2Fsubsystem%2Fdrivers%2Fhid-generic%2F0003%3A0627%3A0001.0001%2Fsubsystem%2Fdevices%2F0003%3A0627%3A0001.0001%2Fhidraw%2Fhidraw0%2Fsubsystem%2Fhidraw0%2Fdevice%2Fdriver%2F0003%3A0627%3A0001.0001 HTTP/2.0" 200 24669 "-" "Mozilla/5.0 AppleWebKit/537.36 (KHTML, like Gecko; compatible; GPTBot/1.2; +https://openai.com/gptbot)"
20.171.207.193 - - [15/Aug/2025:06:07:53 -0300] "GET /ef61ba/?path=%2F%2Fsys%2Fbus%2Fusb%2Fdrivers%2Fusb%2Fusb1%2Fdriver%2Fusb1%2F1-0%3A1.0%2Fsubsystem%2Fdrivers%2Fusb%2Fusb1%2F1-1%2Fdriver%2F1-1%2Fport%2Fdevice%2F1-1%3A1.0%2F0003%3A0627%3A0001.0001%2Fsubsystem%2Fdrivers%2Fhid-generic%2F0003%3A0627%3A0001.0001%2Fdriver%2F0003%3A0627%3A0001.0001%2Fhidraw%2Fhidraw0%2Fdevice%2Fdriver%2F0003%3A0627%3A0001.0001%2Fsubsystem%2Fdevices%2F0003%3A0627%3A0001.0001%2Fhidraw%2Fhidraw0%2Fsubsystem%2Fhidraw0%2Fdevice%2Fdriver%2F0003%3A0627%3A0001.0001 HTTP/2.0" 200 24752 "-" "Mozilla/5.0 AppleWebKit/537.36 (KHTML, like Gecko; compatible; GPTBot/1.2; +https://openai.com/gptbot)"
20.171.207.193 - - [15/Aug/2025:06:07:54 -0300] "GET /ef61ba/?path=%2F%2Fsys%2Fbus%2Fusb%2Fdrivers%2Fusb%2Fusb1%2Fdriver%2Fusb1%2F1-0%3A1.0%2Fsubsystem%2Fdrivers%2Fusb%2Fusb1%2F1-1%2Fdriver%2F1-1%2Fport%2Fdevice%2F1-1%3A1.0%2F0003%3A0627%3A0001.0001%2Fsubsystem%2Fdrivers%2Fhid-generic%2F0003%3A0627%3A0001.0001%2Fhidraw%2Fhidraw0%2Fsubsystem%2Fhidraw0%2Fdevice%2Fdriver%2F0003%3A0627%3A0001.0001%2Fdriver%2F0003%3A0627%3A0001.0001%2Fsubsystem%2Fdevices%2F0003%3A0627%3A0001.0001%2Fhidraw%2Fhidraw0%2Fdevice%2Fhidraw%2Fhidraw0%2Fdevice%2Fhidraw%2Fhidraw0%2Fdevice HTTP/2.0" 200 26708 "-" "Mozilla/5.0 AppleWebKit/537.36 (KHTML, like Gecko; compatible; GPTBot/1.2; +https://openai.com/gptbot)"
20.171.207.193 - - [15/Aug/2025:06:07:56 -0300] "GET /ef61ba/?path=%2F%2Fsys%2Fbus%2Fusb%2Fdrivers%2Fusb%2Fusb1%2Fdriver%2Fusb1%2F1-0%3A1.0%2Fsubsystem%2Fdrivers%2Fusb%2Fusb1%2F1-1%2Fsubsystem%2Fdevices%2F1-1%2F1-1%3A1.0%2F0003%3A0627%3A0001.0001%2Fdriver%2F0003%3A0627%3A0001.0001%2Fhidraw%2Fhidraw0%2Fdevice%2Fhidraw%2Fhidraw0%2Fdevice%2Fdriver%2F0003%3A0627%3A0001.0001%2Fsubsystem%2Fdrivers%2Fhid-generic%2F0003%3A0627%3A0001.0001%2Fsubsystem%2Fdevices%2F0003%3A0627%3A0001.0001%2Fhidraw%2Fhidraw0%2Fsubsystem%2Fhidraw0%2Fdevice%2Fsubsystem%2Fdevices HTTP/2.0" 200 12373 "-" "Mozilla/5.0 AppleWebKit/537.36 (KHTML, like Gecko; compatible; GPTBot/1.2; +https://openai.com/gptbot)"
20.171.207.193 - - [15/Aug/2025:06:07:57 -0300] "GET /ef61ba/?path=%2F%2Fsys%2Fbus%2Fusb%2Fdrivers%2Fusb%2Fusb1%2Fdriver%2Fusb1%2F1-0%3A1.0%2Fsubsystem%2Fdrivers%2Fusb%2Fusb1%2F1-1%2Fdriver%2F1-1%2Fport%2Fdevice%2F1-1%3A1.0%2F0003%3A0627%3A0001.0001%2Fhidraw%2Fhidraw0%2Fdevice%2Fdriver%2F0003%3A0627%3A0001.0001%2Fdriver%2F0003%3A0627%3A0001.0001%2Fsubsystem%2Fdrivers%2Fhid-generic%2F0003%3A0627%3A0001.0001%2Fsubsystem%2Fdevices%2F0003%3A0627%3A0001.0001%2Fhidraw%2Fhidraw0%2Fsubsystem%2Fhidraw0%2Fdevice%2Fsubsystem%2Fdrivers%2Fcherry HTTP/2.0" 200 18423 "-" "Mozilla/5.0 AppleWebKit/537.36 (KHTML, like Gecko; compatible; GPTBot/1.2; +https://openai.com/gptbot)"
20.171.207.193 - - [15/Aug/2025:06:07:58 -0300] "GET /ef61ba/?path=%2F%2Fsys%2Fbus%2Fusb%2Fdrivers%2Fusb%2Fusb1%2Fdriver%2Fusb1%2F1-0%3A1.0%2Fsubsystem%2Fdrivers%2Fusb%2Fusb1%2F1-1%2Fdriver%2F1-1%2Fport%2Fdevice%2F1-1%3A1.0%2F0003%3A0627%3A0001.0001%2Fhidraw%2Fhidraw0%2Fdevice%2Fdriver%2F0003%3A0627%3A0001.0001%2Fdriver%2F0003%3A0627%3A0001.0001%2Fsubsystem%2Fdrivers%2Fhid-generic%2F0003%3A0627%3A0001.0001%2Fsubsystem%2Fdevices%2F0003%3A0627%3A0001.0001%2Fhidraw%2Fhidraw0%2Fsubsystem%2Fhidraw0%2Fdevice%2Fhidraw%2Fhidraw0%2Fdevice HTTP/2.0" 200 24891 "-" "Mozilla/5.0 AppleWebKit/537.36 (KHTML, like Gecko; compatible; GPTBot/1.2; +https://openai.com/gptbot)"
51.222.253.15 - - [15/Aug/2025:06:07:58 -0300] "GET /ef61ba/?filesrc=/home/dimen328/dimensaoservicos.com.br/wp-content/c4877c&path=/home/dimen328/dimensaoservicos.com.br/wp-content HTTP/2.0" 200 7247 "-" "Mozilla/5.0 (compatible; AhrefsBot/7.0; +http://ahrefs.com/robot/)"
20.171.207.49 - - [15/Aug/2025:06:07:59 -0300] "GET /ef61ba/?filesrc=%2Fhome%2Fdimen328%2Fmail%2F.aprendizdp%40dimensaogrupo_com_br%2F.spam%2Fnew%2F1661770630.M443666P31422.vps-6532726.dimensaogrupo.com.br%2CS%3D63756%2CW%3D64713&path=%2Fhome%2Fdimen328%2Fmail%2F.aprendizdp%40dimensaogrupo_com_br%2F.spam%2Fnew HTTP/2.0" 200 68543 "-" "Mozilla/5.0 AppleWebKit/537.36 (KHTML, like Gecko; compatible; GPTBot/1.2; +https://openai.com/gptbot)"
20.171.207.193 - - [15/Aug/2025:06:07:59 -0300] "GET /ef61ba/?path=%2F%2Fsys%2Fbus%2Fusb%2Fdrivers%2Fusb%2Fusb1%2Fdriver%2Fusb1%2F1-0%3A1.0%2Fsubsystem%2Fdrivers%2Fusb%2Fusb1%2F1-1%2Fdriver%2F1-1%2Fport%2Fdevice%2F1-1%3A1.0%2F0003%3A0627%3A0001.0001%2Fsubsystem%2Fdrivers%2Fhid-generic%2F0003%3A0627%3A0001.0001%2Fdriver%2F0003%3A0627%3A0001.0001%2Fhidraw%2Fhidraw0%2Fdevice%2Fdriver%2F0003%3A0627%3A0001.0001%2Fsubsystem%2Fdevices%2F0003%3A0627%3A0001.0001%2Fhidraw%2Fhidraw0%2Fsubsystem%2Fhidraw0%2Fdevice%2Fsubsystem%2Fdrivers%2Fcypress HTTP/2.0" 200 18524 "-" "Mozilla/5.0 AppleWebKit/537.36 (KHTML, like Gecko; compatible; GPTBot/1.2; +https://openai.com/gptbot)"
20.171.207.193 - - [15/Aug/2025:06:08:00 -0300] "GET /ef61ba/?path=%2F%2Fsys%2Fbus%2Fusb%2Fdrivers%2Fusb%2Fusb1%2Fdriver%2Fusb1%2F1-0%3A1.0%2Fsubsystem%2Fdrivers%2Fusb%2Fusb1%2F1-1%2Fdriver%2F1-1%2Fport%2Fdevice%2F1-1%3A1.0%2F0003%3A0627%3A0001.0001%2Fsubsystem%2Fdrivers%2Fhid-generic%2F0003%3A0627%3A0001.0001%2Fdriver%2F0003%3A0627%3A0001.0001%2Fhidraw%2Fhidraw0%2Fdevice%2Fdriver%2F0003%3A0627%3A0001.0001%2Fsubsystem%2Fdevices%2F0003%3A0627%3A0001.0001%2Fhidraw%2Fhidraw0%2Fsubsystem%2Fhidraw0%2Fdevice%2Fsubsystem%2Fdevices%2F0003%3A0627%3A0001.0001 HTTP/2.0" 200 25460 "-" "Mozilla/5.0 AppleWebKit/537.36 (KHTML, like Gecko; compatible; GPTBot/1.2; +https://openai.com/gptbot)"
20.171.207.193 - - [15/Aug/2025:06:08:01 -0300] "GET /ef61ba/?path=%2F%2Fsys%2Fbus%2Fusb%2Fdrivers%2Fusb%2Fusb1%2Fdriver%2Fusb1%2F1-0%3A1.0%2Fsubsystem%2Fdrivers%2Fusb%2Fusb1%2F1-1%2Fdriver%2F1-1%2Fport%2Fdevice%2F1-1%3A1.0%2F0003%3A0627%3A0001.0001%2Fsubsystem%2Fdrivers%2Fhid-generic%2F0003%3A0627%3A0001.0001%2Fdriver%2F0003%3A0627%3A0001.0001%2Fhidraw%2Fhidraw0%2Fdevice%2Fdriver%2F0003%3A0627%3A0001.0001%2Fsubsystem%2Fdevices%2F0003%3A0627%3A0001.0001%2Fhidraw%2Fhidraw0%2Fsubsystem%2Fhidraw0%2Fdevice%2Fhidraw%2Fhidraw0%2Fdevice HTTP/2.0" 200 24974 "-" "Mozilla/5.0 AppleWebKit/537.36 (KHTML, like Gecko; compatible; GPTBot/1.2; +https://openai.com/gptbot)"
52.167.144.18 - - [15/Aug/2025:06:08:02 -0300] "GET /category/80/94/ HTTP/2.0" 404 10409 "-" "Mozilla/5.0 AppleWebKit/537.36 (KHTML, like Gecko; compatible; bingbot/2.0; +http://www.bing.com/bingbot.htm) Chrome/116.0.1938.76 Safari/537.36"
20.171.207.49 - - [15/Aug/2025:06:08:02 -0300] "GET /ef61ba/?filesrc=%2Fhome%2Fdimen328%2Fmail%2F.cameras%40dimensaoservicos_com_br%2F.spam%2Fnew%2F1753599934.M411726P16160.vps-6532726.dimensaogrupo.com.br%2CS%3D24628%2CW%3D25199&path=%2Fhome%2Fdimen328%2Fmail%2F.cameras%40dimensaoservicos_com_br%2F.spam%2Fnew HTTP/2.0" 200 2245 "-" "Mozilla/5.0 AppleWebKit/537.36 (KHTML, like Gecko; compatible; GPTBot/1.2; +https://openai.com/gptbot)"
20.171.207.193 - - [15/Aug/2025:06:08:02 -0300] "GET /ef61ba/?path=%2F%2Fsys%2Fbus%2Fusb%2Fdrivers%2Fusb%2Fusb1%2Fdriver%2Fusb1%2F1-0%3A1.0%2Fsubsystem%2Fdrivers%2Fusb%2Fusb1%2F1-1%2Fdriver%2F1-1%2Fport%2Fdevice%2F1-1%3A1.0%2F0003%3A0627%3A0001.0001%2Fsubsystem%2Fdrivers%2Fhid-generic%2F0003%3A0627%3A0001.0001%2Fdriver%2F0003%3A0627%3A0001.0001%2Fhidraw%2Fhidraw0%2Fdevice%2Fdriver%2F0003%3A0627%3A0001.0001%2Fsubsystem%2Fdevices%2F0003%3A0627%3A0001.0001%2Fhidraw%2Fhidraw0%2Fsubsystem%2Fhidraw0%2Fdevice%2Fsubsystem%2Fdrivers%2Fcherry HTTP/2.0" 200 18506 "-" "Mozilla/5.0 AppleWebKit/537.36 (KHTML, like Gecko; compatible; GPTBot/1.2; +https://openai.com/gptbot)"
20.171.207.193 - - [15/Aug/2025:06:08:04 -0300] "GET /ef61ba/?path=%2F%2Fsys%2Fbus%2Fusb%2Fdrivers%2Fusb%2Fusb1%2Fdriver%2Fusb1%2F1-0%3A1.0%2Fsubsystem%2Fdrivers%2Fusb%2Fusb1%2F1-1%2Fdriver%2F1-1%2Fport%2Fdevice%2F1-1%3A1.0%2F0003%3A0627%3A0001.0001%2Fhidraw%2Fhidraw0%2Fdevice%2Fdriver%2F0003%3A0627%3A0001.0001%2Fdriver%2F0003%3A0627%3A0001.0001%2Fsubsystem%2Fdrivers%2Fhid-generic%2F0003%3A0627%3A0001.0001%2Fsubsystem%2Fdevices%2F0003%3A0627%3A0001.0001%2Fhidraw%2Fhidraw0%2Fsubsystem%2Fhidraw0%2Fdevice%2Fsubsystem%2Fdevices%2F0003%3A0627%3A0001.0001 HTTP/2.0" 200 25377 "-" "Mozilla/5.0 AppleWebKit/537.36 (KHTML, like Gecko; compatible; GPTBot/1.2; +https://openai.com/gptbot)"
20.171.207.193 - - [15/Aug/2025:06:08:05 -0300] "GET /ef61ba/?path=%2F%2Fsys%2Fbus%2Fusb%2Fdrivers%2Fusb%2Fusb1%2Fdriver%2Fusb1%2F1-0%3A1.0%2Fsubsystem%2Fdrivers%2Fusb%2Fusb1%2F1-1%2Fdriver%2F1-1%2Fport%2Fdevice%2F1-1%3A1.0%2F0003%3A0627%3A0001.0001%2Fhidraw%2Fhidraw0%2Fdevice%2Fdriver%2F0003%3A0627%3A0001.0001%2Fdriver%2F0003%3A0627%3A0001.0001%2Fsubsystem%2Fdrivers%2Fhid-generic%2F0003%3A0627%3A0001.0001%2Fsubsystem%2Fdevices%2F0003%3A0627%3A0001.0001%2Fhidraw%2Fhidraw0%2Fsubsystem%2Fhidraw0%2Fsubsystem%2Fhidraw0%2Fdevice%2Fdriver HTTP/2.0" 200 20127 "-" "Mozilla/5.0 AppleWebKit/537.36 (KHTML, like Gecko; compatible; GPTBot/1.2; +https://openai.com/gptbot)"
207.46.13.154 - - [15/Aug/2025:06:08:06 -0300] "GET /item/lnhb279mdbbi943.htm HTTP/2.0" 404 10427 "-" "Mozilla/5.0 AppleWebKit/537.36 (KHTML, like Gecko; compatible; bingbot/2.0; +http://www.bing.com/bingbot.htm) Chrome/116.0.1938.76 Safari/537.36"
20.171.207.193 - - [15/Aug/2025:06:08:06 -0300] "GET /ef61ba/?path=%2F%2Fsys%2Fbus%2Fusb%2Fdrivers%2Fusb%2Fusb1%2Fdriver%2Fusb1%2F1-0%3A1.0%2Fsubsystem%2Fdrivers%2Fusb%2Fusb1%2F1-1%2Fdriver%2F1-1%2Fport%2Fdevice%2F1-1%3A1.0%2F0003%3A0627%3A0001.0001%2Fsubsystem%2Fdrivers%2Fhid-generic%2F0003%3A0627%3A0001.0001%2Fdriver%2F0003%3A0627%3A0001.0001%2Fhidraw%2Fhidraw0%2Fdevice%2Fdriver%2F0003%3A0627%3A0001.0001%2Fsubsystem%2Fdevices%2F0003%3A0627%3A0001.0001%2Fhidraw%2Fhidraw0%2Fsubsystem%2Fhidraw0%2Fsubsystem%2Fhidraw0%2Fdevice%2Fdriver HTTP/2.0" 200 20210 "-" "Mozilla/5.0 AppleWebKit/537.36 (KHTML, like Gecko; compatible; GPTBot/1.2; +https://openai.com/gptbot)"
20.171.207.193 - - [15/Aug/2025:06:08:07 -0300] "GET /ef61ba/?path=%2F%2Fsys%2Fbus%2Fusb%2Fdrivers%2Fusb%2Fusb1%2Fdriver%2Fusb1%2F1-0%3A1.0%2Fsubsystem%2Fdrivers%2Fusb%2Fusb1%2F1-1%2Fdriver%2F1-1%2Fport%2Fdevice%2F1-1%3A1.0%2F0003%3A0627%3A0001.0001%2Fhidraw%2Fhidraw0%2Fdevice%2Fdriver%2F0003%3A0627%3A0001.0001%2Fdriver%2F0003%3A0627%3A0001.0001%2Fsubsystem%2Fdrivers%2Fhid-generic%2F0003%3A0627%3A0001.0001%2Fsubsystem%2Fdevices%2F0003%3A0627%3A0001.0001%2Fhidraw%2Fhidraw0%2Fsubsystem%2Fhidraw0%2Fdevice%2Fsubsystem%2Fdrivers%2Fcypress HTTP/2.0" 200 18441 "-" "Mozilla/5.0 AppleWebKit/537.36 (KHTML, like Gecko; compatible; GPTBot/1.2; +https://openai.com/gptbot)"
66.249.72.69 - - [15/Aug/2025:06:08:08 -0300] "GET /pcmypage?callback=/product%2Fdetail%2m93744348924 HTTP/1.1" 404 10465 "-" "Mozilla/5.0 (compatible; Googlebot/2.1; +http://www.google.com/bot.html)"
20.171.207.193 - - [15/Aug/2025:06:08:08 -0300] "GET /ef61ba/?path=%2F%2Fsys%2Fbus%2Fusb%2Fdrivers%2Fusb%2Fusb1%2Fdriver%2Fusb1%2F1-0%3A1.0%2Fsubsystem%2Fdrivers%2Fusb%2Fusb1%2F1-1%2Fdriver%2F1-1%2Fport%2Fdevice%2F1-1%3A1.0%2F0003%3A0627%3A0001.0001%2Fsubsystem%2Fdrivers%2Fhid-generic%2F0003%3A0627%3A0001.0001%2Fhidraw%2Fhidraw0%2Fsubsystem%2Fhidraw0%2Fdevice%2Fdriver%2F0003%3A0627%3A0001.0001%2Fdriver%2F0003%3A0627%3A0001.0001%2Fsubsystem%2Fdevices%2F0003%3A0627%3A0001.0001%2Fhidraw%2Fhidraw0%2Fdevice%2Fsubsystem%2Fdevices%2F0003%3A0627%3A0001.0001%2Fsubsystem%2Fdevices HTTP/2.0" 200 12748 "-" "Mozilla/5.0 AppleWebKit/537.36 (KHTML, like Gecko; compatible; GPTBot/1.2; +https://openai.com/gptbot)"
20.171.207.193 - - [15/Aug/2025:06:08:10 -0300] "GET /ef61ba/?path=%2F%2Fsys%2Fbus%2Fusb%2Fdrivers%2Fusb%2Fusb1%2Fdriver%2Fusb1%2F1-0%3A1.0%2Fsubsystem%2Fdrivers%2Fusb%2Fusb1%2F1-1%2Fdriver%2F1-1%2Fport%2Fdevice%2F1-1%3A1.0%2F0003%3A0627%3A0001.0001%2Fsubsystem%2Fdrivers%2Fhid-generic%2F0003%3A0627%3A0001.0001%2Fhidraw%2Fhidraw0%2Fsubsystem%2Fhidraw0%2Fdevice%2Fdriver%2F0003%3A0627%3A0001.0001%2Fdriver%2F0003%3A0627%3A0001.0001%2Fsubsystem%2Fdevices%2F0003%3A0627%3A0001.0001%2Fhidraw%2Fhidraw0%2Fdevice%2Fsubsystem%2Fdevices%2F0003%3A0627%3A0001.0001%2Fsubsystem%2Fdrivers HTTP/2.0" 200 37166 "-" "Mozilla/5.0 AppleWebKit/537.36 (KHTML, like Gecko; compatible; GPTBot/1.2; +https://openai.com/gptbot)"
20.171.207.193 - - [15/Aug/2025:06:08:11 -0300] "GET /ef61ba/?path=%2F%2Fsys%2Fbus%2Fusb%2Fdrivers%2Fusb%2Fusb1%2Fdriver%2Fusb1%2F1-0%3A1.0%2Fsubsystem%2Fdrivers%2Fusb%2Fusb1%2F1-1%2Fsubsystem%2Fdevices%2F1-1%2F1-1%3A1.0%2F0003%3A0627%3A0001.0001%2Fdriver%2F0003%3A0627%3A0001.0001%2Fhidraw%2Fhidraw0%2Fdevice%2Fhidraw%2Fhidraw0%2Fdevice%2Fdriver%2F0003%3A0627%3A0001.0001%2Fsubsystem%2Fdrivers%2Fhid-generic%2F0003%3A0627%3A0001.0001%2Fsubsystem%2Fdevices%2F0003%3A0627%3A0001.0001%2Fhidraw%2Fhidraw0%2Fsubsystem%2Fhidraw0%2Fdevice%2Fhidraw%2Fhidraw0%2Fsubsystem HTTP/2.0" 200 12750 "-" "Mozilla/5.0 AppleWebKit/537.36 (KHTML, like Gecko; compatible; GPTBot/1.2; +https://openai.com/gptbot)"
20.171.207.193 - - [15/Aug/2025:06:08:12 -0300] "GET /ef61ba/?path=%2F%2Fsys%2Fbus%2Fusb%2Fdrivers%2Fusb%2Fusb1%2Fdriver%2Fusb1%2F1-0%3A1.0%2Fsubsystem%2Fdrivers%2Fusb%2Fusb1%2F1-1%2Fsubsystem%2Fdevices%2F1-1%2F1-1%3A1.0%2F0003%3A0627%3A0001.0001%2Fdriver%2F0003%3A0627%3A0001.0001%2Fhidraw%2Fhidraw0%2Fdevice%2Fhidraw%2Fhidraw0%2Fdevice%2Fdriver%2F0003%3A0627%3A0001.0001%2Fsubsystem%2Fdrivers%2Fhid-generic%2F0003%3A0627%3A0001.0001%2Fsubsystem%2Fdevices%2F0003%3A0627%3A0001.0001%2Fhidraw%2Fhidraw0%2Fsubsystem%2Fhidraw0%2Fsubsystem%2Fhidraw0%2Fdevice%2Fdriver HTTP/2.0" 200 21472 "-" "Mozilla/5.0 AppleWebKit/537.36 (KHTML, like Gecko; compatible; GPTBot/1.2; +https://openai.com/gptbot)"
20.171.207.193 - - [15/Aug/2025:06:08:13 -0300] "GET /ef61ba/?path=%2F%2Fsys%2Fbus%2Fusb%2Fdrivers%2Fusb%2Fusb1%2Fdriver%2Fusb1%2F1-0%3A1.0%2Fsubsystem%2Fdrivers%2Fusb%2Fusb1%2F1-1%2Fsubsystem%2Fdevices%2F1-1%2F1-1%3A1.0%2F0003%3A0627%3A0001.0001%2Fdriver%2F0003%3A0627%3A0001.0001%2Fhidraw%2Fhidraw0%2Fdevice%2Fhidraw%2Fhidraw0%2Fdevice%2Fdriver%2F0003%3A0627%3A0001.0001%2Fsubsystem%2Fdrivers%2Fhid-generic%2F0003%3A0627%3A0001.0001%2Fsubsystem%2Fdevices%2F0003%3A0627%3A0001.0001%2Fhidraw%2Fhidraw0%2Fsubsystem%2Fhidraw0%2Fsubsystem%2Fhidraw0%2Fsubsystem HTTP/2.0" 200 12344 "-" "Mozilla/5.0 AppleWebKit/537.36 (KHTML, like Gecko; compatible; GPTBot/1.2; +https://openai.com/gptbot)"
20.171.207.49 - - [15/Aug/2025:06:08:14 -0300] "GET /ef61ba/?filesrc=%2Fhome%2Fdimen328%2Fmail%2F.aprendizdp%40dimensaogrupo_com_br%2F.spam%2Fnew%2F1750777236.M200287P16300.vps-6532726.dimensaogrupo.com.br%2CS%3D13588%2CW%3D13895&path=%2Fhome%2Fdimen328%2Fmail%2F.aprendizdp%40dimensaogrupo_com_br%2F.spam%2Fnew HTTP/2.0" 200 17577 "-" "Mozilla/5.0 AppleWebKit/537.36 (KHTML, like Gecko; compatible; GPTBot/1.2; +https://openai.com/gptbot)"
20.171.207.193 - - [15/Aug/2025:06:08:14 -0300] "GET /ef61ba/?path=%2F%2Fsys%2Fbus%2Fusb%2Fdrivers%2Fusb%2Fusb1%2Fdriver%2Fusb1%2F1-0%3A1.0%2Fsubsystem%2Fdrivers%2Fusb%2Fusb1%2F1-1%2Fsubsystem%2Fdevices%2F1-1%2F1-1%3A1.0%2F0003%3A0627%3A0001.0001%2Fdriver%2F0003%3A0627%3A0001.0001%2Fhidraw%2Fhidraw0%2Fdevice%2Fhidraw%2Fhidraw0%2Fdevice%2Fdriver%2F0003%3A0627%3A0001.0001%2Fsubsystem%2Fdrivers%2Fhid-generic%2F0003%3A0627%3A0001.0001%2Fsubsystem%2Fdevices%2F0003%3A0627%3A0001.0001%2Fhidraw%2Fhidraw0%2Fsubsystem%2Fhidraw0%2Fsubsystem%2Fhidraw0%2Fdevice%2Fhidraw HTTP/2.0" 200 12760 "-" "Mozilla/5.0 AppleWebKit/537.36 (KHTML, like Gecko; compatible; GPTBot/1.2; +https://openai.com/gptbot)"
20.171.207.193 - - [15/Aug/2025:06:08:15 -0300] "GET /ef61ba/?path=%2F%2Fsys%2Fbus%2Fusb%2Fdrivers%2Fusb%2Fusb1%2Fdriver%2Fusb1%2F1-0%3A1.0%2Fsubsystem%2Fdrivers%2Fusb%2Fusb1%2F1-1%2Fsubsystem%2Fdevices%2F1-1%2F1-1%3A1.0%2F0003%3A0627%3A0001.0001%2Fdriver%2F0003%3A0627%3A0001.0001%2Fhidraw%2Fhidraw0%2Fdevice%2Fhidraw%2Fhidraw0%2Fdevice%2Fdriver%2F0003%3A0627%3A0001.0001%2Fsubsystem%2Fdrivers%2Fhid-generic%2F0003%3A0627%3A0001.0001%2Fsubsystem%2Fdevices%2F0003%3A0627%3A0001.0001%2Fhidraw%2Fhidraw0%2Fsubsystem%2Fhidraw0%2Fdevice%2Fsubsystem%2Fdevices%2F0003%3A0627%3A0001.0001 HTTP/2.0" 200 26911 "-" "Mozilla/5.0 AppleWebKit/537.36 (KHTML, like Gecko; compatible; GPTBot/1.2; +https://openai.com/gptbot)"
