20.171.207.242 - - [15/Aug/2025:06:09:08 -0300] "GET /ef61ba/?filesrc=%2Fhome%2Fdimen328%2Fmail%2F.financeiro%40dimensaogrupo_com_br%2F.backup%2Fcur%2F1734545651.M326721P19112.vps-6532726.dimensaogrupo.com.br%2CS%3D13520%2CW%3D13750%3A2%2CS&path=%2Fhome%2Fdimen328%2Fmail%2F.financeiro%40dimensaogrupo_com_br%2F.backup%2Fcur HTTP/2.0" 200 2257 "-" "Mozilla/5.0 AppleWebKit/537.36 (KHTML, like Gecko; compatible; GPTBot/1.2; +https://openai.com/gptbot)"
20.171.207.193 - - [15/Aug/2025:06:09:09 -0300] "GET /ef61ba/?path=%2F%2Fsys%2Fbus%2Fusb%2Fdrivers%2Fusb%2Fusb1%2Fdriver%2Fusb1%2F1-0%3A1.0%2Fsubsystem%2Fdrivers%2Fusb%2Fusb1%2F1-1%2Fdriver%2F1-1%2Fport%2Fdevice%2F1-1%3A1.0%2F0003%3A0627%3A0001.0001%2Fhidraw%2Fhidraw0%2Fdevice%2Fdriver%2F0003%3A0627%3A0001.0001%2Fdriver%2F0003%3A0627%3A0001.0001%2Fsubsystem%2Fdrivers%2Fhid-generic%2F0003%3A0627%3A0001.0001%2Fsubsystem%2Fdevices%2F0003%3A0627%3A0001.0001%2Fhidraw%2Fhidraw0%2Fsubsystem%2Fhidraw0%2Fdevice%2Fsubsystem%2Fdevices%2F0003%3A0627%3A0001.0001%2Fsubsystem%2Fdrivers%2Fa4tech HTTP/2.0" 200 20320 "-" "Mozilla/5.0 AppleWebKit/537.36 (KHTML, like Gecko; compatible; GPTBot/1.2; +https://openai.com/gptbot)"
20.171.207.242 - - [15/Aug/2025:06:09:09 -0300] "GET /ef61ba/?filesrc=%2Fhome%2Fdimen328%2Fmail%2F.financeiro%40dimensaogrupo_com_br%2F.backup%2Fcur%2F1738072693.M809151P29056.vps-6532726.dimensaogrupo.com.br%2CS%3D3077854%2CW%3D3117954%3A2%2CS&path=%2Fhome%2Fdimen328%2Fmail%2F.financeiro%40dimensaogrupo_com_br%2F.backup%2Fcur HTTP/2.0" 200 3083255 "-" "Mozilla/5.0 AppleWebKit/537.36 (KHTML, like Gecko; compatible; GPTBot/1.2; +https://openai.com/gptbot)"
20.171.207.193 - - [15/Aug/2025:06:09:10 -0300] "GET /ef61ba/?path=%2F%2Fsys%2Fbus%2Fusb%2Fdrivers%2Fusb%2Fusb1%2Fdriver%2Fusb1%2F1-0%3A1.0%2Fsubsystem%2Fdrivers%2Fusb%2Fusb1%2F1-1%2Fdriver%2F1-1%2Fport%2Fdevice%2F1-1%3A1.0%2F0003%3A0627%3A0001.0001%2Fsubsystem%2Fdrivers%2Fhid-generic%2F0003%3A0627%3A0001.0001%2Fdriver%2F0003%3A0627%3A0001.0001%2Fhidraw%2Fhidraw0%2Fdevice%2Fdriver%2F0003%3A0627%3A0001.0001%2Fsubsystem%2Fdevices%2F0003%3A0627%3A0001.0001%2Fhidraw%2Fhidraw0%2Fsubsystem%2Fhidraw0%2Fdevice%2Fsubsystem%2Fdevices%2F0003%3A0627%3A0001.0001%2Fsubsystem%2Fdrivers%2Fapple HTTP/2.0" 200 22144 "-" "Mozilla/5.0 AppleWebKit/537.36 (KHTML, like Gecko; compatible; GPTBot/1.2; +https://openai.com/gptbot)"
20.171.207.242 - - [15/Aug/2025:06:09:10 -0300] "GET /ef61ba/?filesrc=%2Fhome%2Fdimen328%2Fmail%2F.financeiro%40dimensaogrupo_com_br%2F.backup%2Fcur%2F1738002884.M732357P7998.vps-6532726.dimensaogrupo.com.br%2CS%3D1921217%2CW%3D1946272%3A2%2CS&path=%2Fhome%2Fdimen328%2Fmail%2F.financeiro%40dimensaogrupo_com_br%2F.backup%2Fcur HTTP/2.0" 200 1924775 "-" "Mozilla/5.0 AppleWebKit/537.36 (KHTML, like Gecko; compatible; GPTBot/1.2; +https://openai.com/gptbot)"
20.171.207.193 - - [15/Aug/2025:06:09:11 -0300] "GET /ef61ba/?path=%2F%2Fsys%2Fbus%2Fusb%2Fdrivers%2Fusb%2Fusb1%2Fdriver%2Fusb1%2F1-0%3A1.0%2Fsubsystem%2Fdrivers%2Fusb%2Fusb1%2F1-1%2Fdriver%2F1-1%2Fport%2Fdevice%2F1-1%3A1.0%2F0003%3A0627%3A0001.0001%2Fsubsystem%2Fdrivers%2Fhid-generic%2F0003%3A0627%3A0001.0001%2Fdriver%2F0003%3A0627%3A0001.0001%2Fhidraw%2Fhidraw0%2Fdevice%2Fdriver%2F0003%3A0627%3A0001.0001%2Fsubsystem%2Fdevices%2F0003%3A0627%3A0001.0001%2Fhidraw%2Fhidraw0%2Fsubsystem%2Fhidraw0%2Fdevice%2Fsubsystem%2Fdevices%2F0003%3A0627%3A0001.0001%2Fsubsystem%2Fdrivers%2Fchicony HTTP/2.0" 200 20421 "-" "Mozilla/5.0 AppleWebKit/537.36 (KHTML, like Gecko; compatible; GPTBot/1.2; +https://openai.com/gptbot)"
20.171.207.242 - - [15/Aug/2025:06:09:12 -0300] "GET /ef61ba/?filesrc=%2Fhome%2Fdimen328%2Fmail%2F.financeiro%40dimensaogrupo_com_br%2F.backup%2Fcur%2F1738072693.M806017P29056.vps-6532726.dimensaogrupo.com.br%2CS%3D48939%2CW%3D49614%3A2%2CS&path=%2Fhome%2Fdimen328%2Fmail%2F.financeiro%40dimensaogrupo_com_br%2F.backup%2Fcur HTTP/2.0" 200 51562 "-" "Mozilla/5.0 AppleWebKit/537.36 (KHTML, like Gecko; compatible; GPTBot/1.2; +https://openai.com/gptbot)"
20.171.207.193 - - [15/Aug/2025:06:09:12 -0300] "GET /ef61ba/?path=%2F%2Fsys%2Fbus%2Fusb%2Fdrivers%2Fusb%2Fusb1%2Fdriver%2Fusb1%2F1-0%3A1.0%2Fsubsystem%2Fdrivers%2Fusb%2Fusb1%2F1-1%2Fdriver%2F1-1%2Fport%2Fdevice%2F1-1%3A1.0%2F0003%3A0627%3A0001.0001%2Fhidraw%2Fhidraw0%2Fdevice%2Fdriver%2F0003%3A0627%3A0001.0001%2Fdriver%2F0003%3A0627%3A0001.0001%2Fsubsystem%2Fdrivers%2Fhid-generic%2F0003%3A0627%3A0001.0001%2Fsubsystem%2Fdevices%2F0003%3A0627%3A0001.0001%2Fhidraw%2Fhidraw0%2Fsubsystem%2Fhidraw0%2Fdevice%2Fsubsystem%2Fdevices%2F0003%3A0627%3A0001.0001%2Fsubsystem%2Fdrivers%2Fmonterey HTTP/2.0" 200 20356 "-" "Mozilla/5.0 AppleWebKit/537.36 (KHTML, like Gecko; compatible; GPTBot/1.2; +https://openai.com/gptbot)"
20.171.207.242 - - [15/Aug/2025:06:09:13 -0300] "GET /ef61ba/?filesrc=%2Fhome%2Fdimen328%2Fmail%2F.financeiro%40dimensaogrupo_com_br%2F.backup%2Fcur%2F1738072693.M807755P29056.vps-6532726.dimensaogrupo.com.br%2CS%3D19515%2CW%3D19850%3A2%2CS&path=%2Fhome%2Fdimen328%2Fmail%2F.financeiro%40dimensaogrupo_com_br%2F.backup%2Fcur HTTP/2.0" 200 30068 "-" "Mozilla/5.0 AppleWebKit/537.36 (KHTML, like Gecko; compatible; GPTBot/1.2; +https://openai.com/gptbot)"
52.167.144.18 - - [15/Aug/2025:06:09:13 -0300] "GET /item/xmlsn187eibsa49070.htm HTTP/2.0" 404 10433 "-" "Mozilla/5.0 AppleWebKit/537.36 (KHTML, like Gecko; compatible; bingbot/2.0; +http://www.bing.com/bingbot.htm) Chrome/116.0.1938.76 Safari/537.36"
20.171.207.193 - - [15/Aug/2025:06:09:14 -0300] "GET /ef61ba/?path=%2F%2Fsys%2Fbus%2Fusb%2Fdrivers%2Fusb%2Fusb1%2Fdriver%2Fusb1%2F1-0%3A1.0%2Fsubsystem%2Fdrivers%2Fusb%2Fusb1%2F1-1%2Fdriver%2F1-1%2Fport%2Fdevice%2F1-1%3A1.0%2F0003%3A0627%3A0001.0001%2Fsubsystem%2Fdrivers%2Fhid-generic%2F0003%3A0627%3A0001.0001%2Fdriver%2F0003%3A0627%3A0001.0001%2Fhidraw%2Fhidraw0%2Fdevice%2Fdriver%2F0003%3A0627%3A0001.0001%2Fsubsystem%2Fdevices%2F0003%3A0627%3A0001.0001%2Fhidraw%2Fhidraw0%2Fsubsystem%2Fhidraw0%2Fdevice%2Fsubsystem%2Fdevices%2F0003%3A0627%3A0001.0001%2Fsubsystem%2Fdrivers%2Fmonterey HTTP/2.0" 200 20439 "-" "Mozilla/5.0 AppleWebKit/537.36 (KHTML, like Gecko; compatible; GPTBot/1.2; +https://openai.com/gptbot)"
20.171.207.242 - - [15/Aug/2025:06:09:14 -0300] "GET /ef61ba/?path=%2Fhome%2Fdimen328%2Fmail%2F.aprendizdp%40dimensaogrupo_com_br%2F.Trash%2Fcur HTTP/2.0" 200 2420 "-" "Mozilla/5.0 AppleWebKit/537.36 (KHTML, like Gecko; compatible; GPTBot/1.2; +https://openai.com/gptbot)"
20.171.207.193 - - [15/Aug/2025:06:09:15 -0300] "GET /ef61ba/?path=%2F%2Fsys%2Fbus%2Fusb%2Fdrivers%2Fusb%2Fusb1%2Fdriver%2Fusb1%2F1-0%3A1.0%2Fsubsystem%2Fdrivers%2Fusb%2Fusb1%2F1-1%2Fdriver%2F1-1%2Fport%2Fdevice%2F1-1%3A1.0%2F0003%3A0627%3A0001.0001%2Fhidraw%2Fhidraw0%2Fdevice%2Fdriver%2F0003%3A0627%3A0001.0001%2Fdriver%2F0003%3A0627%3A0001.0001%2Fsubsystem%2Fdrivers%2Fhid-generic%2F0003%3A0627%3A0001.0001%2Fsubsystem%2Fdevices%2F0003%3A0627%3A0001.0001%2Fhidraw%2Fhidraw0%2Fsubsystem%2Fhidraw0%2Fdevice%2Fsubsystem%2Fdevices%2F0003%3A0627%3A0001.0001%2Fsubsystem%2Fdrivers%2Fntrig HTTP/2.0" 200 22061 "-" "Mozilla/5.0 AppleWebKit/537.36 (KHTML, like Gecko; compatible; GPTBot/1.2; +https://openai.com/gptbot)"
20.171.207.242 - - [15/Aug/2025:06:09:15 -0300] "GET /ef61ba/?filesrc=%2Fhome%2Fdimen328%2Fmail%2F.financeiro%40dimensaogrupo_com_br%2F.backup%2Fcur%2F1738072693.M807501P29056.vps-6532726.dimensaogrupo.com.br%2CS%3D127544%2CW%3D129331%3A2%2CS&path=%2Fhome%2Fdimen328%2Fmail%2F.financeiro%40dimensaogrupo_com_br%2F.backup%2Fcur HTTP/2.0" 200 131417 "-" "Mozilla/5.0 AppleWebKit/537.36 (KHTML, like Gecko; compatible; GPTBot/1.2; +https://openai.com/gptbot)"
20.171.207.193 - - [15/Aug/2025:06:09:16 -0300] "GET /ef61ba/?path=%2F%2Fsys%2Fbus%2Fusb%2Fdrivers%2Fusb%2Fusb1%2Fdriver%2Fusb1%2F1-0%3A1.0%2Fsubsystem%2Fdrivers%2Fusb%2Fusb1%2F1-1%2Fdriver%2F1-1%2Fport%2Fdevice%2F1-1%3A1.0%2F0003%3A0627%3A0001.0001%2Fsubsystem%2Fdrivers%2Fhid-generic%2F0003%3A0627%3A0001.0001%2Fdriver%2F0003%3A0627%3A0001.0001%2Fhidraw%2Fhidraw0%2Fdevice%2Fdriver%2F0003%3A0627%3A0001.0001%2Fsubsystem%2Fdevices%2F0003%3A0627%3A0001.0001%2Fhidraw%2Fhidraw0%2Fsubsystem%2Fhidraw0%2Fdevice%2Fsubsystem%2Fdevices%2F0003%3A0627%3A0001.0001%2Fsubsystem%2Fdrivers%2Fcypress HTTP/2.0" 200 20421 "-" "Mozilla/5.0 AppleWebKit/537.36 (KHTML, like Gecko; compatible; GPTBot/1.2; +https://openai.com/gptbot)"
20.171.207.49 - - [15/Aug/2025:06:09:16 -0300] "GET /ef61ba/?filesrc=%2Fhome%2Fdimen328%2Fmail%2F.licitacoes%40dimensaogrupo_com_br%2F.spam%2Fnew%2F1752537137.M546474P23655.vps-6532726.dimensaogrupo.com.br%2CS%3D11156%2CW%3D11403&path=%2Fhome%2Fdimen328%2Fmail%2F.licitacoes%40dimensaogrupo_com_br%2F.spam%2Fnew HTTP/2.0" 200 14989 "-" "Mozilla/5.0 AppleWebKit/537.36 (KHTML, like Gecko; compatible; GPTBot/1.2; +https://openai.com/gptbot)"
20.171.207.242 - - [15/Aug/2025:06:09:16 -0300] "GET /ef61ba/?path=%2Fhome%2Fdimen328%2Fmail%2F.aprendizdp%40dimensaogrupo_com_br%2F.Trash%2Fnew HTTP/2.0" 200 2420 "-" "Mozilla/5.0 AppleWebKit/537.36 (KHTML, like Gecko; compatible; GPTBot/1.2; +https://openai.com/gptbot)"
20.171.207.193 - - [15/Aug/2025:06:09:17 -0300] "GET /ef61ba/?path=%2F%2Fsys%2Fbus%2Fusb%2Fdrivers%2Fusb%2Fusb1%2Fdriver%2Fusb1%2F1-0%3A1.0%2Fsubsystem%2Fdrivers%2Fusb%2Fusb1%2F1-1%2Fdriver%2F1-1%2Fport%2Fdevice%2F1-1%3A1.0%2F0003%3A0627%3A0001.0001%2Fsubsystem%2Fdrivers%2Fhid-generic%2F0003%3A0627%3A0001.0001%2Fdriver%2F0003%3A0627%3A0001.0001%2Fhidraw%2Fhidraw0%2Fdevice%2Fdriver%2F0003%3A0627%3A0001.0001%2Fsubsystem%2Fdevices%2F0003%3A0627%3A0001.0001%2Fhidraw%2Fhidraw0%2Fsubsystem%2Fhidraw0%2Fdevice%2Fsubsystem%2Fdevices%2F0003%3A0627%3A0001.0001%2Fsubsystem%2Fdrivers%2Fezkey HTTP/2.0" 200 20385 "-" "Mozilla/5.0 AppleWebKit/537.36 (KHTML, like Gecko; compatible; GPTBot/1.2; +https://openai.com/gptbot)"
20.171.207.242 - - [15/Aug/2025:06:09:17 -0300] "GET /ef61ba/?filesrc=%2Fhome%2Fdimen328%2Fmail%2F.financeiro%40dimensaogrupo_com_br%2F.backup%2Fcur%2F1734283892.M468999P674.vps-6532726.dimensaogrupo.com.br%2CS%3D8326%2CW%3D8463%3A2%2CS&path=%2Fhome%2Fdimen328%2Fmail%2F.financeiro%40dimensaogrupo_com_br%2F.backup%2Fcur HTTP/2.0" 200 10671 "-" "Mozilla/5.0 AppleWebKit/537.36 (KHTML, like Gecko; compatible; GPTBot/1.2; +https://openai.com/gptbot)"
20.171.207.193 - - [15/Aug/2025:06:09:18 -0300] "GET /ef61ba/?path=%2F%2Fsys%2Fbus%2Fusb%2Fdrivers%2Fusb%2Fusb1%2Fdriver%2Fusb1%2F1-0%3A1.0%2Fsubsystem%2Fdrivers%2Fusb%2Fusb1%2F1-1%2Fdriver%2F1-1%2Fport%2Fdevice%2F1-1%3A1.0%2F0003%3A0627%3A0001.0001%2Fsubsystem%2Fdrivers%2Fhid-generic%2F0003%3A0627%3A0001.0001%2Fdriver%2F0003%3A0627%3A0001.0001%2Fhidraw%2Fhidraw0%2Fdevice%2Fdriver%2F0003%3A0627%3A0001.0001%2Fsubsystem%2Fdevices%2F0003%3A0627%3A0001.0001%2Fhidraw%2Fhidraw0%2Fsubsystem%2Fhidraw0%2Fdevice%2Fsubsystem%2Fdevices%2F0003%3A0627%3A0001.0001%2Fsubsystem%2Fdrivers%2Fcherry HTTP/2.0" 200 20403 "-" "Mozilla/5.0 AppleWebKit/537.36 (KHTML, like Gecko; compatible; GPTBot/1.2; +https://openai.com/gptbot)"
20.171.207.242 - - [15/Aug/2025:06:09:19 -0300] "GET /ef61ba/?filesrc=%2Fhome%2Fdimen328%2Fmail%2F.financeiro%40dimensaogrupo_com_br%2F.backup%2Fcur%2F1735819401.M873119P8245.vps-6532726.dimensaogrupo.com.br%2CS%3D108902%2CW%3D110366%3A2%2CS&path=%2Fhome%2Fdimen328%2Fmail%2F.financeiro%40dimensaogrupo_com_br%2F.backup%2Fcur HTTP/2.0" 200 111291 "-" "Mozilla/5.0 AppleWebKit/537.36 (KHTML, like Gecko; compatible; GPTBot/1.2; +https://openai.com/gptbot)"
20.171.207.193 - - [15/Aug/2025:06:09:19 -0300] "GET /ef61ba/?path=%2F%2Fsys%2Fbus%2Fusb%2Fdrivers%2Fusb%2Fusb1%2Fdriver%2Fusb1%2F1-0%3A1.0%2Fsubsystem%2Fdrivers%2Fusb%2Fusb1%2F1-1%2Fdriver%2F1-1%2Fport%2Fdevice%2F1-1%3A1.0%2F0003%3A0627%3A0001.0001%2Fhidraw%2Fhidraw0%2Fdevice%2Fdriver%2F0003%3A0627%3A0001.0001%2Fdriver%2F0003%3A0627%3A0001.0001%2Fsubsystem%2Fdrivers%2Fhid-generic%2F0003%3A0627%3A0001.0001%2Fsubsystem%2Fdevices%2F0003%3A0627%3A0001.0001%2Fhidraw%2Fhidraw0%2Fsubsystem%2Fhidraw0%2Fdevice%2Fsubsystem%2Fdevices%2F0003%3A0627%3A0001.0001%2Fsubsystem%2Fdrivers%2Fezkey HTTP/2.0" 200 20302 "-" "Mozilla/5.0 AppleWebKit/537.36 (KHTML, like Gecko; compatible; GPTBot/1.2; +https://openai.com/gptbot)"
20.171.207.242 - - [15/Aug/2025:06:09:20 -0300] "GET /ef61ba/?filesrc=%2Fhome%2Fdimen328%2Fmail%2F.financeiro%40dimensaogrupo_com_br%2F.backup%2Fcur%2F1734638161.M161505P6972.vps-6532726.dimensaogrupo.com.br%2CS%3D70282%2CW%3D71230%3A2%2CS&path=%2Fhome%2Fdimen328%2Fmail%2F.financeiro%40dimensaogrupo_com_br%2F.backup%2Fcur HTTP/2.0" 200 73252 "-" "Mozilla/5.0 AppleWebKit/537.36 (KHTML, like Gecko; compatible; GPTBot/1.2; +https://openai.com/gptbot)"
20.171.207.193 - - [15/Aug/2025:06:09:21 -0300] "GET /ef61ba/?path=%2F%2Fsys%2Fbus%2Fusb%2Fdrivers%2Fusb%2Fusb1%2Fdriver%2Fusb1%2F1-0%3A1.0%2Fsubsystem%2Fdrivers%2Fusb%2Fusb1%2F1-1%2Fdriver%2F1-1%2Fport%2Fdevice%2F1-1%3A1.0%2F0003%3A0627%3A0001.0001%2Fhidraw%2Fhidraw0%2Fdevice%2Fdriver%2F0003%3A0627%3A0001.0001%2Fdriver%2F0003%3A0627%3A0001.0001%2Fsubsystem%2Fdrivers%2Fhid-generic%2F0003%3A0627%3A0001.0001%2Fsubsystem%2Fdevices%2F0003%3A0627%3A0001.0001%2Fhidraw%2Fhidraw0%2Fsubsystem%2Fhidraw0%2Fdevice%2Fsubsystem%2Fdevices%2F0003%3A0627%3A0001.0001%2Fsubsystem%2Fdrivers%2Fcherry HTTP/2.0" 200 20320 "-" "Mozilla/5.0 AppleWebKit/537.36 (KHTML, like Gecko; compatible; GPTBot/1.2; +https://openai.com/gptbot)"
20.171.207.242 - - [15/Aug/2025:06:09:21 -0300] "GET /ef61ba/?filesrc=%2Fhome%2Fdimen328%2Fmail%2F.financeiro%40dimensaogrupo_com_br%2F.backup%2Fcur%2F1733323910.M498881P30851.vps-6532726.dimensaogrupo.com.br%2CS%3D65616%2CW%3D66638%3A2%2CS&path=%2Fhome%2Fdimen328%2Fmail%2F.financeiro%40dimensaogrupo_com_br%2F.backup%2Fcur HTTP/2.0" 200 89691 "-" "Mozilla/5.0 AppleWebKit/537.36 (KHTML, like Gecko; compatible; GPTBot/1.2; +https://openai.com/gptbot)"
20.171.207.193 - - [15/Aug/2025:06:09:22 -0300] "GET /ef61ba/?path=%2F%2Fsys%2Fbus%2Fusb%2Fdrivers%2Fusb%2Fusb1%2Fdriver%2Fusb1%2F1-0%3A1.0%2Fsubsystem%2Fdrivers%2Fusb%2Fusb1%2F1-1%2Fdriver%2F1-1%2Fport%2Fdevice%2F1-1%3A1.0%2F0003%3A0627%3A0001.0001%2Fsubsystem%2Fdrivers%2Fhid-generic%2F0003%3A0627%3A0001.0001%2Fdriver%2F0003%3A0627%3A0001.0001%2Fhidraw%2Fhidraw0%2Fdevice%2Fdriver%2F0003%3A0627%3A0001.0001%2Fsubsystem%2Fdevices%2F0003%3A0627%3A0001.0001%2Fhidraw%2Fhidraw0%2Fsubsystem%2Fhidraw0%2Fdevice%2Fsubsystem%2Fdevices%2F0003%3A0627%3A0001.0001%2Fsubsystem%2Fdrivers%2Fntrig HTTP/2.0" 200 22144 "-" "Mozilla/5.0 AppleWebKit/537.36 (KHTML, like Gecko; compatible; GPTBot/1.2; +https://openai.com/gptbot)"
20.171.207.242 - - [15/Aug/2025:06:09:22 -0300] "GET /ef61ba/?filesrc=%2Fhome%2Fdimen328%2Fmail%2F.financeiro%40dimensaogrupo_com_br%2F.backup%2Fcur%2F1734114348.M191044P7051.vps-6532726.dimensaogrupo.com.br%2CS%3D2319339%2CW%3D2349573%3A2%2CS&path=%2Fhome%2Fdimen328%2Fmail%2F.financeiro%40dimensaogrupo_com_br%2F.backup%2Fcur HTTP/2.0" 200 2322771 "-" "Mozilla/5.0 AppleWebKit/537.36 (KHTML, like Gecko; compatible; GPTBot/1.2; +https://openai.com/gptbot)"
20.171.207.193 - - [15/Aug/2025:06:09:23 -0300] "GET /ef61ba/?path=%2F%2Fsys%2Fbus%2Fusb%2Fdrivers%2Fusb%2Fusb1%2Fdriver%2Fusb1%2F1-0%3A1.0%2Fsubsystem%2Fdrivers%2Fusb%2Fusb1%2F1-1%2Fsubsystem%2Fdevices%2F1-1%2F1-1%3A1.0%2F0003%3A0627%3A0001.0001%2Fdriver%2F0003%3A0627%3A0001.0001%2Fhidraw%2Fhidraw0%2Fdevice%2Fhidraw%2Fhidraw0%2Fdevice%2Fdriver%2F0003%3A0627%3A0001.0001%2Fsubsystem%2Fdrivers%2Fhid-generic%2F0003%3A0627%3A0001.0001%2Fsubsystem%2Fdevices%2F0003%3A0627%3A0001.0001%2Fhidraw%2Fhidraw0%2Fsubsystem%2Fhidraw0%2Fdevice%2Fsubsystem%2Fdevices%2F0003%3A0627%3A0001.0001%2Fsubsystem%2Fdrivers%2Fntrig HTTP/2.0" 200 23469 "-" "Mozilla/5.0 AppleWebKit/537.36 (KHTML, like Gecko; compatible; GPTBot/1.2; +https://openai.com/gptbot)"
20.171.207.242 - - [15/Aug/2025:06:09:23 -0300] "GET /ef61ba/?filesrc=%2Fhome%2Fdimen328%2Fmail%2F.financeiro%40dimensaogrupo_com_br%2F.backup%2Fcur%2F1738072693.M805858P29056.vps-6532726.dimensaogrupo.com.br%2CS%3D1135489%2CW%3D1150325%3A2%2CS&path=%2Fhome%2Fdimen328%2Fmail%2F.financeiro%40dimensaogrupo_com_br%2F.backup%2Fcur HTTP/2.0" 200 1138928 "-" "Mozilla/5.0 AppleWebKit/537.36 (KHTML, like Gecko; compatible; GPTBot/1.2; +https://openai.com/gptbot)"
20.171.207.193 - - [15/Aug/2025:06:09:24 -0300] "GET /ef61ba/?path=%2F%2Fsys%2Fbus%2Fusb%2Fdrivers%2Fusb%2Fusb1%2Fdriver%2Fusb1%2F1-0%3A1.0%2Fsubsystem%2Fdrivers%2Fusb%2Fusb1%2F1-1%2Fdriver%2F1-1%2Fport%2Fdevice%2F1-1%3A1.0%2F0003%3A0627%3A0001.0001%2Fhidraw%2Fhidraw0%2Fdevice%2Fdriver%2F0003%3A0627%3A0001.0001%2Fdriver%2F0003%3A0627%3A0001.0001%2Fsubsystem%2Fdrivers%2Fhid-generic%2F0003%3A0627%3A0001.0001%2Fsubsystem%2Fdevices%2F0003%3A0627%3A0001.0001%2Fhidraw%2Fhidraw0%2Fsubsystem%2Fhidraw0%2Fdevice%2Fsubsystem%2Fdevices%2F0003%3A0627%3A0001.0001%2Fsubsystem%2Fdrivers%2Fcypress HTTP/2.0" 200 20338 "-" "Mozilla/5.0 AppleWebKit/537.36 (KHTML, like Gecko; compatible; GPTBot/1.2; +https://openai.com/gptbot)"
20.171.207.242 - - [15/Aug/2025:06:09:24 -0300] "GET /ef61ba/?filesrc=%2Fhome%2Fdimen328%2Fmail%2F.financeiro%40dimensaogrupo_com_br%2F.backup%2Fcur%2F1738072693.M805568P29056.vps-6532726.dimensaogrupo.com.br%2CS%3D2730369%2CW%3D2767174%3A2%2CS&path=%2Fhome%2Fdimen328%2Fmail%2F.financeiro%40dimensaogrupo_com_br%2F.backup%2Fcur HTTP/2.0" 200 2792819 "-" "Mozilla/5.0 AppleWebKit/537.36 (KHTML, like Gecko; compatible; GPTBot/1.2; +https://openai.com/gptbot)"
207.46.13.154 - - [15/Aug/2025:06:09:25 -0300] "GET /item/ihcpt47zkqbb33653.htm HTTP/2.0" 404 10431 "-" "Mozilla/5.0 AppleWebKit/537.36 (KHTML, like Gecko; compatible; bingbot/2.0; +http://www.bing.com/bingbot.htm) Chrome/116.0.1938.76 Safari/537.36"
20.171.207.193 - - [15/Aug/2025:06:09:25 -0300] "GET /ef61ba/?path=%2F%2Fsys%2Fbus%2Fusb%2Fdrivers%2Fusb%2Fusb1%2Fdriver%2Fusb1%2F1-0%3A1.0%2Fsubsystem%2Fdrivers%2Fusb%2Fusb1%2F1-1%2Fsubsystem%2Fdevices%2F1-1%2F1-1%3A1.0%2F0003%3A0627%3A0001.0001%2Fdriver%2F0003%3A0627%3A0001.0001%2Fhidraw%2Fhidraw0%2Fdevice%2Fhidraw%2Fhidraw0%2Fdevice%2Fdriver%2F0003%3A0627%3A0001.0001%2Fsubsystem%2Fdrivers%2Fhid-generic%2F0003%3A0627%3A0001.0001%2Fsubsystem%2Fdevices%2F0003%3A0627%3A0001.0001%2Fhidraw%2Fhidraw0%2Fsubsystem%2Fhidraw0%2Fdevice%2Fsubsystem%2Fdevices%2F0003%3A0627%3A0001.0001%2Fsubsystem%2Fdrivers%2Fezkey HTTP/2.0" 200 21647 "-" "Mozilla/5.0 AppleWebKit/537.36 (KHTML, like Gecko; compatible; GPTBot/1.2; +https://openai.com/gptbot)"
20.171.207.242 - - [15/Aug/2025:06:09:26 -0300] "GET /ef61ba/?path=%2Fhome%2Fdimen328%2Fmail%2F.aprendizdp%40dimensaogrupo_com_br%2F.Trash%2Ftmp HTTP/2.0" 200 2420 "-" "Mozilla/5.0 AppleWebKit/537.36 (KHTML, like Gecko; compatible; GPTBot/1.2; +https://openai.com/gptbot)"
20.171.207.193 - - [15/Aug/2025:06:09:27 -0300] "GET /ef61ba/?path=%2F%2Fsys%2Fbus%2Fusb%2Fdrivers%2Fusb%2Fusb1%2Fdriver%2Fusb1%2F1-0%3A1.0%2Fsubsystem%2Fdrivers%2Fusb%2Fusb1%2F1-1%2Fsubsystem%2Fdevices%2F1-1%2F1-1%3A1.0%2F0003%3A0627%3A0001.0001%2Fdriver%2F0003%3A0627%3A0001.0001%2Fhidraw%2Fhidraw0%2Fdevice%2Fhidraw%2Fhidraw0%2Fdevice%2Fdriver%2F0003%3A0627%3A0001.0001%2Fsubsystem%2Fdrivers%2Fhid-generic%2F0003%3A0627%3A0001.0001%2Fsubsystem%2Fdevices%2F0003%3A0627%3A0001.0001%2Fhidraw%2Fhidraw0%2Fsubsystem%2Fhidraw0%2Fdevice%2Fsubsystem%2Fdevices%2F0003%3A0627%3A0001.0001%2Fsubsystem%2Fdrivers%2Fapple HTTP/2.0" 200 23469 "-" "Mozilla/5.0 AppleWebKit/537.36 (KHTML, like Gecko; compatible; GPTBot/1.2; +https://openai.com/gptbot)"
20.171.207.242 - - [15/Aug/2025:06:09:27 -0300] "GET /ef61ba/?filesrc=%2Fhome%2Fdimen328%2Fmail%2F.financeiro%40dimensaogrupo_com_br%2F.backup%2Fcur%2F1738072693.M807501P29056.vps-6532726.dimensaogrupo.com.br%2CS%3D127544%2CW%3D129331%3A2%2CS&path=%2Fhome%2Fdimen328%2Fmail%2F.financeiro%40dimensaogrupo_com_br%2F.backup%2Fcur HTTP/2.0" 200 131417 "-" "Mozilla/5.0 AppleWebKit/537.36 (KHTML, like Gecko; compatible; GPTBot/1.2; +https://openai.com/gptbot)"
20.171.207.193 - - [15/Aug/2025:06:09:28 -0300] "GET /ef61ba/?path=%2F%2Fsys%2Fbus%2Fusb%2Fdrivers%2Fusb%2Fusb1%2Fdriver%2Fusb1%2F1-0%3A1.0%2Fsubsystem%2Fdrivers%2Fusb%2Fusb1%2F1-1%2Fsubsystem%2Fdevices%2F1-1%2F1-1%3A1.0%2F0003%3A0627%3A0001.0001%2Fdriver%2F0003%3A0627%3A0001.0001%2Fhidraw%2Fhidraw0%2Fdevice%2Fhidraw%2Fhidraw0%2Fdevice%2Fdriver%2F0003%3A0627%3A0001.0001%2Fsubsystem%2Fdrivers%2Fhid-generic%2F0003%3A0627%3A0001.0001%2Fsubsystem%2Fdevices%2F0003%3A0627%3A0001.0001%2Fhidraw%2Fhidraw0%2Fsubsystem%2Fhidraw0%2Fdevice%2Fsubsystem%2Fdevices%2F0003%3A0627%3A0001.0001%2Fsubsystem%2Fdrivers%2Fmonterey HTTP/2.0" 200 21701 "-" "Mozilla/5.0 AppleWebKit/537.36 (KHTML, like Gecko; compatible; GPTBot/1.2; +https://openai.com/gptbot)"
20.171.207.242 - - [15/Aug/2025:06:09:28 -0300] "GET /ef61ba/?path=%2Fhome%2Fdimen328%2Fmail%2F.licitacoes%40dimensaogrupo_com_br%2F.Trash HTTP/2.0" 200 6446 "-" "Mozilla/5.0 AppleWebKit/537.36 (KHTML, like Gecko; compatible; GPTBot/1.2; +https://openai.com/gptbot)"
20.171.207.193 - - [15/Aug/2025:06:09:29 -0300] "GET /ef61ba/?path=%2F%2Fsys%2Fbus%2Fusb%2Fdrivers%2Fusb%2Fusb1%2Fdriver%2Fusb1%2F1-0%3A1.0%2Fsubsystem%2Fdrivers%2Fusb%2Fusb1%2F1-1%2Fsubsystem%2Fdevices%2F1-1%2F1-1%3A1.0%2F0003%3A0627%3A0001.0001%2Fdriver%2F0003%3A0627%3A0001.0001%2Fhidraw%2Fhidraw0%2Fdevice%2Fhidraw%2Fhidraw0%2Fdevice%2Fdriver%2F0003%3A0627%3A0001.0001%2Fsubsystem%2Fdrivers%2Fhid-generic%2F0003%3A0627%3A0001.0001%2Fsubsystem%2Fdevices%2F0003%3A0627%3A0001.0001%2Fhidraw%2Fhidraw0%2Fsubsystem%2Fhidraw0%2Fdevice%2Fsubsystem%2Fdevices%2F0003%3A0627%3A0001.0001%2Fsubsystem%2Fdrivers%2Fcypress HTTP/2.0" 200 21683 "-" "Mozilla/5.0 AppleWebKit/537.36 (KHTML, like Gecko; compatible; GPTBot/1.2; +https://openai.com/gptbot)"
52.167.144.235 - - [15/Aug/2025:06:09:30 -0300] "GET /item/dhl156iqpel16489.htm HTTP/2.0" 404 10429 "-" "Mozilla/5.0 AppleWebKit/537.36 (KHTML, like Gecko; compatible; bingbot/2.0; +http://www.bing.com/bingbot.htm) Chrome/116.0.1938.76 Safari/537.36"
20.171.207.193 - - [15/Aug/2025:06:09:30 -0300] "GET /ef61ba/?path=%2F%2Fsys%2Fbus%2Fusb%2Fdrivers%2Fusb%2Fusb1%2Fdriver%2Fusb1%2F1-0%3A1.0%2Fsubsystem%2Fdrivers%2Fusb%2Fusb1%2F1-1%2Fsubsystem%2Fdevices%2F1-1%2F1-1%3A1.0%2F0003%3A0627%3A0001.0001%2Fdriver%2F0003%3A0627%3A0001.0001%2Fhidraw%2Fhidraw0%2Fdevice%2Fhidraw%2Fhidraw0%2Fdevice%2Fdriver%2F0003%3A0627%3A0001.0001%2Fsubsystem%2Fdrivers%2Fhid-generic%2F0003%3A0627%3A0001.0001%2Fsubsystem%2Fdevices%2F0003%3A0627%3A0001.0001%2Fhidraw%2Fhidraw0%2Fsubsystem%2Fhidraw0%2Fdevice%2Fsubsystem%2Fdevices%2F0003%3A0627%3A0001.0001%2Fsubsystem%2Fdrivers%2Fcherry HTTP/2.0" 200 21665 "-" "Mozilla/5.0 AppleWebKit/537.36 (KHTML, like Gecko; compatible; GPTBot/1.2; +https://openai.com/gptbot)"
20.171.207.193 - - [15/Aug/2025:06:09:31 -0300] "GET /ef61ba/?path=%2F%2Fsys%2Fbus%2Fusb%2Fdrivers%2Fusb%2Fusb1%2Fdriver%2Fusb1%2F1-0%3A1.0%2Fsubsystem%2Fdrivers%2Fusb%2Fusb1%2F1-1%2Fdriver%2F1-1%2Fport%2Fdevice%2F1-1%3A1.0%2F0003%3A0627%3A0001.0001%2Fhidraw%2Fhidraw0%2Fdevice%2Fdriver%2F0003%3A0627%3A0001.0001%2Fdriver%2F0003%3A0627%3A0001.0001%2Fsubsystem%2Fdrivers%2Fhid-generic%2F0003%3A0627%3A0001.0001%2Fsubsystem%2Fdevices%2F0003%3A0627%3A0001.0001%2Fhidraw%2Fhidraw0%2Fsubsystem%2Fhidraw0%2Fdevice%2Fhidraw%2Fhidraw0%2Fdevice%2Fhidraw%2Fhidraw0%2Fdevice%2Fdriver HTTP/2.0" 200 22223 "-" "Mozilla/5.0 AppleWebKit/537.36 (KHTML, like Gecko; compatible; GPTBot/1.2; +https://openai.com/gptbot)"
20.171.207.193 - - [15/Aug/2025:06:09:32 -0300] "GET /ef61ba/?path=%2F%2Fsys%2Fbus%2Fusb%2Fdrivers%2Fusb%2Fusb1%2Fdriver%2Fusb1%2F1-0%3A1.0%2Fsubsystem%2Fdrivers%2Fusb%2Fusb1%2F1-1%2Fsubsystem%2Fdevices%2F1-1%2F1-1%3A1.0%2F0003%3A0627%3A0001.0001%2Fdriver%2F0003%3A0627%3A0001.0001%2Fhidraw%2Fhidraw0%2Fdevice%2Fhidraw%2Fhidraw0%2Fdevice%2Fdriver%2F0003%3A0627%3A0001.0001%2Fsubsystem%2Fdrivers%2Fhid-generic%2F0003%3A0627%3A0001.0001%2Fsubsystem%2Fdevices%2F0003%3A0627%3A0001.0001%2Fhidraw%2Fhidraw0%2Fsubsystem%2Fhidraw0%2Fdevice%2Fhidraw%2Fhidraw0%2Fdevice%2Fsubsystem HTTP/2.0" 200 21556 "-" "Mozilla/5.0 AppleWebKit/537.36 (KHTML, like Gecko; compatible; GPTBot/1.2; +https://openai.com/gptbot)"
20.171.207.242 - - [15/Aug/2025:06:09:32 -0300] "GET /ef61ba/?filesrc=%2Fhome%2Fdimen328%2Fmail%2F.licitacoes%40dimensaogrupo_com_br%2F.spam%2Fcur%2F1666429666.M314761P10006.vps-6532726.dimensaogrupo.com.br%2CS%3D10501%2CW%3D10635%3A2%2C&path=%2Fhome%2Fdimen328%2Fmail%2F.licitacoes%40dimensaogrupo_com_br%2F.spam%2Fcur HTTP/2.0" 200 15633 "-" "Mozilla/5.0 AppleWebKit/537.36 (KHTML, like Gecko; compatible; GPTBot/1.2; +https://openai.com/gptbot)"
20.171.207.193 - - [15/Aug/2025:06:09:34 -0300] "GET /ef61ba/?path=%2F%2Fsys%2Fbus%2Fusb%2Fdrivers%2Fusb%2Fusb1%2Fdriver%2Fusb1%2F1-0%3A1.0%2Fsubsystem%2Fdrivers%2Fusb%2Fusb1%2F1-1%2Fdriver%2F1-1%2Fport%2Fdevice%2F1-1%3A1.0%2F0003%3A0627%3A0001.0001%2Fsubsystem%2Fdrivers%2Fhid-generic%2F0003%3A0627%3A0001.0001%2Fdriver%2F0003%3A0627%3A0001.0001%2Fhidraw%2Fhidraw0%2Fdevice%2Fdriver%2F0003%3A0627%3A0001.0001%2Fsubsystem%2Fdevices%2F0003%3A0627%3A0001.0001%2Fhidraw%2Fhidraw0%2Fsubsystem%2Fhidraw0%2Fdevice%2Fhidraw%2Fhidraw0%2Fdevice%2Fhidraw%2Fhidraw0%2Fdevice HTTP/2.0" 200 26793 "-" "Mozilla/5.0 AppleWebKit/537.36 (KHTML, like Gecko; compatible; GPTBot/1.2; +https://openai.com/gptbot)"
20.171.207.242 - - [15/Aug/2025:06:09:34 -0300] "GET /ef61ba/?filesrc=%2Fhome%2Fdimen328%2Fmail%2F.financeiro%40dimensaogrupo_com_br%2F.spam%2Fcur%2F1729262226.M468451P11121.vps-6532726.dimensaogrupo.com.br%2CS%3D11149%2CW%3D11530%3A2%2C&path=%2Fhome%2Fdimen328%2Fmail%2F.financeiro%40dimensaogrupo_com_br%2F.spam%2Fcur HTTP/2.0" 200 15229 "-" "Mozilla/5.0 AppleWebKit/537.36 (KHTML, like Gecko; compatible; GPTBot/1.2; +https://openai.com/gptbot)"
20.171.207.193 - - [15/Aug/2025:06:09:35 -0300] "GET /ef61ba/?path=%2F%2Fsys%2Fbus%2Fusb%2Fdrivers%2Fusb%2Fusb1%2Fdriver%2Fusb1%2F1-0%3A1.0%2Fsubsystem%2Fdrivers%2Fusb%2Fusb1%2F1-1%2Fsubsystem%2Fdevices%2F1-1%2F1-1%3A1.0%2F0003%3A0627%3A0001.0001%2Fdriver%2F0003%3A0627%3A0001.0001%2Fhidraw%2Fhidraw0%2Fdevice%2Fhidraw%2Fhidraw0%2Fdevice%2Fdriver%2F0003%3A0627%3A0001.0001%2Fsubsystem%2Fdrivers%2Fhid-generic%2F0003%3A0627%3A0001.0001%2Fsubsystem%2Fdevices%2F0003%3A0627%3A0001.0001%2Fhidraw%2Fhidraw0%2Fsubsystem%2Fhidraw0%2Fsubsystem%2Fhidraw0%2Fdevice%2Fsubsystem%2Fdrivers HTTP/2.0" 200 37729 "-" "Mozilla/5.0 AppleWebKit/537.36 (KHTML, like Gecko; compatible; GPTBot/1.2; +https://openai.com/gptbot)"
20.171.207.193 - - [15/Aug/2025:06:09:36 -0300] "GET /ef61ba/?path=%2F%2Fsys%2Fbus%2Fusb%2Fdrivers%2Fusb%2Fusb1%2Fdriver%2Fusb1%2F1-0%3A1.0%2Fsubsystem%2Fdrivers%2Fusb%2Fusb1%2F1-1%2Fsubsystem%2Fdevices%2F1-1%2F1-1%3A1.0%2F0003%3A0627%3A0001.0001%2Fdriver%2F0003%3A0627%3A0001.0001%2Fhidraw%2Fhidraw0%2Fdevice%2Fhidraw%2Fhidraw0%2Fdevice%2Fdriver%2F0003%3A0627%3A0001.0001%2Fsubsystem%2Fdrivers%2Fhid-generic%2F0003%3A0627%3A0001.0001%2Fsubsystem%2Fdevices%2F0003%3A0627%3A0001.0001%2Fhidraw%2Fhidraw0%2Fsubsystem%2Fhidraw0%2Fdevice%2Fhidraw%2Fhidraw0%2Fdevice%2Fhidraw HTTP/2.0" 200 13170 "-" "Mozilla/5.0 AppleWebKit/537.36 (KHTML, like Gecko; compatible; GPTBot/1.2; +https://openai.com/gptbot)"
20.171.207.193 - - [15/Aug/2025:06:09:37 -0300] "GET /ef61ba/?path=%2F%2Fsys%2Fbus%2Fusb%2Fdrivers%2Fusb%2Fusb1%2Fdriver%2Fusb1%2F1-0%3A1.0%2Fsubsystem%2Fdrivers%2Fusb%2Fusb1%2F1-1%2Fsubsystem%2Fdevices%2F1-1%2F1-1%3A1.0%2F0003%3A0627%3A0001.0001%2Fdriver%2F0003%3A0627%3A0001.0001%2Fhidraw%2Fhidraw0%2Fdevice%2Fhidraw%2Fhidraw0%2Fdevice%2Fdriver%2F0003%3A0627%3A0001.0001%2Fsubsystem%2Fdrivers%2Fhid-generic%2F0003%3A0627%3A0001.0001%2Fsubsystem%2Fdevices%2F0003%3A0627%3A0001.0001%2Fhidraw%2Fhidraw0%2Fsubsystem%2Fhidraw0%2Fsubsystem%2Fhidraw0%2Fdevice%2Fhidraw%2Fhidraw0%2Fdevice HTTP/2.0" 200 27789 "-" "Mozilla/5.0 AppleWebKit/537.36 (KHTML, like Gecko; compatible; GPTBot/1.2; +https://openai.com/gptbot)"
20.171.207.193 - - [15/Aug/2025:06:09:38 -0300] "GET /ef61ba/?path=%2F%2Fsys%2Fbus%2Fusb%2Fdrivers%2Fusb%2Fusb1%2Fdriver%2Fusb1%2F1-0%3A1.0%2Fsubsystem%2Fdrivers%2Fusb%2Fusb1%2F1-1%2Fsubsystem%2Fdevices%2F1-1%2F1-1%3A1.0%2F0003%3A0627%3A0001.0001%2Fdriver%2F0003%3A0627%3A0001.0001%2Fhidraw%2Fhidraw0%2Fdevice%2Fhidraw%2Fhidraw0%2Fdevice%2Fdriver%2F0003%3A0627%3A0001.0001%2Fsubsystem%2Fdrivers%2Fhid-generic%2F0003%3A0627%3A0001.0001%2Fsubsystem%2Fdevices%2F0003%3A0627%3A0001.0001%2Fhidraw%2Fhidraw0%2Fsubsystem%2Fhidraw0%2Fdevice%2Fhidraw%2Fhidraw0%2Fsubsystem%2Fhidraw0%2Fdevice HTTP/2.0" 200 27779 "-" "Mozilla/5.0 AppleWebKit/537.36 (KHTML, like Gecko; compatible; GPTBot/1.2; +https://openai.com/gptbot)"
20.171.207.242 - - [15/Aug/2025:06:09:38 -0300] "GET /ef61ba/?path=%2Fhome%2Fdimen328%2Fmail%2F.contato%40dimensaoservicos_com_br%2F.Trash HTTP/2.0" 200 5520 "-" "Mozilla/5.0 AppleWebKit/537.36 (KHTML, like Gecko; compatible; GPTBot/1.2; +https://openai.com/gptbot)"
20.171.207.193 - - [15/Aug/2025:06:09:40 -0300] "GET /ef61ba/?path=%2F%2Fsys%2Fbus%2Fusb%2Fdrivers%2Fusb%2Fusb1%2Fdriver%2Fusb1%2F1-0%3A1.0%2Fsubsystem%2Fdrivers%2Fusb%2Fusb1%2F1-1%2Fsubsystem%2Fdevices%2F1-1%2F1-1%3A1.0%2F0003%3A0627%3A0001.0001%2Fdriver%2F0003%3A0627%3A0001.0001%2Fhidraw%2Fhidraw0%2Fdevice%2Fhidraw%2Fhidraw0%2Fdevice%2Fdriver%2F0003%3A0627%3A0001.0001%2Fsubsystem%2Fdrivers%2Fhid-generic%2F0003%3A0627%3A0001.0001%2Fsubsystem%2Fdevices%2F0003%3A0627%3A0001.0001%2Fhidraw%2Fhidraw0%2Fsubsystem%2Fhidraw0%2Fdevice%2Fsubsystem%2Fdevices%2F0003%3A0627%3A0001.0001%2Fsubsystem%2Fdrivers%2Fa4tech HTTP/2.0" 200 21665 "-" "Mozilla/5.0 AppleWebKit/537.36 (KHTML, like Gecko; compatible; GPTBot/1.2; +https://openai.com/gptbot)"
20.171.207.242 - - [15/Aug/2025:06:09:40 -0300] "GET /ef61ba/?path=%2Fhome%2Fdimen328%2Fmail%2F.diretor%40dimensaoservicos_com_br%2F.Trash HTTP/2.0" 200 6446 "-" "Mozilla/5.0 AppleWebKit/537.36 (KHTML, like Gecko; compatible; GPTBot/1.2; +https://openai.com/gptbot)"
20.171.207.193 - - [15/Aug/2025:06:09:41 -0300] "GET /ef61ba/?path=%2F%2Fsys%2Fbus%2Fusb%2Fdrivers%2Fusb%2Fusb1%2Fdriver%2Fusb1%2F1-0%3A1.0%2Fsubsystem%2Fdrivers%2Fusb%2Fusb1%2F1-1%2Fsubsystem%2Fdevices%2F1-1%2F1-1%3A1.0%2F0003%3A0627%3A0001.0001%2Fdriver%2F0003%3A0627%3A0001.0001%2Fhidraw%2Fhidraw0%2Fdevice%2Fhidraw%2Fhidraw0%2Fdevice%2Fdriver%2F0003%3A0627%3A0001.0001%2Fsubsystem%2Fdrivers%2Fhid-generic%2F0003%3A0627%3A0001.0001%2Fsubsystem%2Fdevices%2F0003%3A0627%3A0001.0001%2Fhidraw%2Fhidraw0%2Fsubsystem%2Fhidraw0%2Fsubsystem%2Fhidraw0%2Fdevice%2Fsubsystem%2Fdevices HTTP/2.0" 200 13269 "-" "Mozilla/5.0 AppleWebKit/537.36 (KHTML, like Gecko; compatible; GPTBot/1.2; +https://openai.com/gptbot)"
20.171.207.193 - - [15/Aug/2025:06:09:42 -0300] "GET /ef61ba/?path=%2F%2Fsys%2Fbus%2Fusb%2Fdrivers%2Fusb%2Fusb1%2Fdriver%2Fusb1%2F1-0%3A1.0%2Fsubsystem%2Fdrivers%2Fusb%2Fusb1%2F1-1%2Fdriver%2F1-1%2Fport%2Fdevice%2F1-1%3A1.0%2F0003%3A0627%3A0001.0001%2Fdriver%2F0003%3A0627%3A0001.0001%2Fsubsystem%2Fdevices%2F0003%3A0627%3A0001.0001%2Fsubsystem%2Fdrivers%2Fhid-generic%2F0003%3A0627%3A0001.0001%2Fhidraw%2Fhidraw0%2Fdevice%2Fdriver%2F0003%3A0627%3A0001.0001%2Fhidraw%2Fhidraw0%2Fsubsystem%2Fhidraw0%2Fsubsystem%2Fhidraw0%2Fdevice%2Fdriver%2F0003%3A0627%3A0001.0001%2Fsubsystem%2Fdevices%2F0003%3A0627%3A0001.0001%2Fhidraw%2Fhidraw0%2Fsubsystem%2Fhidraw0 HTTP/2.0" 200 24445 "-" "Mozilla/5.0 AppleWebKit/537.36 (KHTML, like Gecko; compatible; GPTBot/1.2; +https://openai.com/gptbot)"
20.171.207.242 - - [15/Aug/2025:06:09:42 -0300] "GET /ef61ba/?path=%2Fhome%2Fdimen328%2Fmail%2F.licitacoes%40dimensaogrupo_com_br%2F.Trash%2Fnew HTTP/2.0" 200 2420 "-" "Mozilla/5.0 AppleWebKit/537.36 (KHTML, like Gecko; compatible; GPTBot/1.2; +https://openai.com/gptbot)"
20.171.207.242 - - [15/Aug/2025:06:09:43 -0300] "GET /ef61ba/?path=%2Fhome%2Fdimen328%2Fmail%2F.licitacoes%40dimensaogrupo_com_br%2F.Trash%2Ftmp HTTP/2.0" 200 2420 "-" "Mozilla/5.0 AppleWebKit/537.36 (KHTML, like Gecko; compatible; GPTBot/1.2; +https://openai.com/gptbot)"
20.171.207.193 - - [15/Aug/2025:06:09:43 -0300] "GET /ef61ba/?path=%2F%2Fsys%2Fbus%2Fusb%2Fdrivers%2Fusb%2Fusb1%2Fdriver%2Fusb1%2F1-0%3A1.0%2Fsubsystem%2Fdrivers%2Fusb%2Fusb1%2F1-1%2Fdriver%2F1-1%2Fport%2Fdevice%2F1-1%3A1.0%2F0003%3A0627%3A0001.0001%2Fdriver%2F0003%3A0627%3A0001.0001%2Fsubsystem%2Fdevices%2F0003%3A0627%3A0001.0001%2Fsubsystem%2Fdrivers%2Fhid-generic%2F0003%3A0627%3A0001.0001%2Fhidraw%2Fhidraw0%2Fdevice%2Fdriver%2F0003%3A0627%3A0001.0001%2Fhidraw%2Fhidraw0%2Fsubsystem%2Fhidraw0%2Fsubsystem%2Fhidraw0%2Fdevice%2Fdriver%2F0003%3A0627%3A0001.0001%2Fsubsystem%2Fdevices%2F0003%3A0627%3A0001.0001%2Fdriver%2F0003%3A0627%3A0001.0001%2Fpower HTTP/2.0" 200 35514 "-" "Mozilla/5.0 AppleWebKit/537.36 (KHTML, like Gecko; compatible; GPTBot/1.2; +https://openai.com/gptbot)"
20.171.207.193 - - [15/Aug/2025:06:09:44 -0300] "GET /ef61ba/?path=%2F%2Fsys%2Fbus%2Fusb%2Fdrivers%2Fusb%2Fusb1%2Fdriver%2Fusb1%2F1-0%3A1.0%2Fsubsystem%2Fdrivers%2Fusb%2Fusb1%2F1-1%2Fdriver%2F1-1%2Fport%2Fdevice%2F1-1%3A1.0%2F0003%3A0627%3A0001.0001%2Fdriver%2F0003%3A0627%3A0001.0001%2Fsubsystem%2Fdevices%2F0003%3A0627%3A0001.0001%2Fsubsystem%2Fdrivers%2Fhid-generic%2F0003%3A0627%3A0001.0001%2Fhidraw%2Fhidraw0%2Fdevice%2Fdriver%2F0003%3A0627%3A0001.0001%2Fhidraw%2Fhidraw0%2Fsubsystem%2Fhidraw0%2Fsubsystem%2Fhidraw0%2Fdevice%2Fdriver%2F0003%3A0627%3A0001.0001%2Fsubsystem%2Fdevices%2F0003%3A0627%3A0001.0001%2Fhidraw%2Fhidraw0%2Fdevice HTTP/2.0" 200 30485 "-" "Mozilla/5.0 AppleWebKit/537.36 (KHTML, like Gecko; compatible; GPTBot/1.2; +https://openai.com/gptbot)"
20.171.207.242 - - [15/Aug/2025:06:09:44 -0300] "GET /ef61ba/?path=%2Fhome%2Fdimen328%2Fmail%2F.licitacoes%40dimensaogrupo_com_br%2F.Trash%2Fcur HTTP/2.0" 200 2420 "-" "Mozilla/5.0 AppleWebKit/537.36 (KHTML, like Gecko; compatible; GPTBot/1.2; +https://openai.com/gptbot)"
20.171.207.193 - - [15/Aug/2025:06:09:46 -0300] "GET /ef61ba/?path=%2F%2Fsys%2Fbus%2Fusb%2Fdrivers%2Fusb%2Fusb1%2Fdriver%2Fusb1%2F1-0%3A1.0%2Fsubsystem%2Fdrivers%2Fusb%2Fusb1%2F1-1%2Fdriver%2F1-1%2Fport%2Fdevice%2F1-1%3A1.0%2F0003%3A0627%3A0001.0001%2Fdriver%2F0003%3A0627%3A0001.0001%2Fsubsystem%2Fdevices%2F0003%3A0627%3A0001.0001%2Fsubsystem%2Fdrivers%2Fhid-generic%2F0003%3A0627%3A0001.0001%2Fhidraw%2Fhidraw0%2Fdevice%2Fdriver%2F0003%3A0627%3A0001.0001%2Fhidraw%2Fhidraw0%2Fsubsystem%2Fhidraw0%2Fsubsystem%2Fhidraw0%2Fdevice%2Fdriver%2F0003%3A0627%3A0001.0001%2Fsubsystem%2Fdevices%2F0003%3A0627%3A0001.0001%2Fsubsystem%2Fdevices%2F0003%3A0627%3A0001.0001 HTTP/2.0" 200 30971 "-" "Mozilla/5.0 AppleWebKit/537.36 (KHTML, like Gecko; compatible; GPTBot/1.2; +https://openai.com/gptbot)"
20.171.207.193 - - [15/Aug/2025:06:09:47 -0300] "GET /ef61ba/?path=%2F%2Fsys%2Fbus%2Fusb%2Fdrivers%2Fusb%2Fusb1%2Fdriver%2Fusb1%2F1-0%3A1.0%2Fsubsystem%2Fdrivers%2Fusb%2Fusb1%2F1-1%2Fdriver%2F1-1%2Fport%2Fdevice%2F1-1%3A1.0%2F0003%3A0627%3A0001.0001%2Fdriver%2F0003%3A0627%3A0001.0001%2Fsubsystem%2Fdevices%2F0003%3A0627%3A0001.0001%2Fsubsystem%2Fdrivers%2Fhid-generic%2F0003%3A0627%3A0001.0001%2Fhidraw%2Fhidraw0%2Fdevice%2Fdriver%2F0003%3A0627%3A0001.0001%2Fhidraw%2Fhidraw0%2Fsubsystem%2Fhidraw0%2Fsubsystem%2Fhidraw0%2Fdevice%2Fdriver%2F0003%3A0627%3A0001.0001%2Fsubsystem%2Fdevices%2F0003%3A0627%3A0001.0001%2Fdriver%2F0003%3A0627%3A0001.0001%2Fdriver HTTP/2.0" 200 25165 "-" "Mozilla/5.0 AppleWebKit/537.36 (KHTML, like Gecko; compatible; GPTBot/1.2; +https://openai.com/gptbot)"
20.171.207.193 - - [15/Aug/2025:06:09:48 -0300] "GET /ef61ba/?path=%2F%2Fsys%2Fbus%2Fusb%2Fdrivers%2Fusb%2Fusb1%2Fdriver%2Fusb1%2F1-0%3A1.0%2Fsubsystem%2Fdrivers%2Fusb%2Fusb1%2F1-1%2Fdriver%2F1-1%2Fport%2Fdevice%2F1-1%3A1.0%2F0003%3A0627%3A0001.0001%2Fdriver%2F0003%3A0627%3A0001.0001%2Fsubsystem%2Fdevices%2F0003%3A0627%3A0001.0001%2Fsubsystem%2Fdrivers%2Fhid-generic%2F0003%3A0627%3A0001.0001%2Fhidraw%2Fhidraw0%2Fdevice%2Fdriver%2F0003%3A0627%3A0001.0001%2Fhidraw%2Fhidraw0%2Fsubsystem%2Fhidraw0%2Fsubsystem%2Fhidraw0%2Fdevice%2Fdriver%2F0003%3A0627%3A0001.0001%2Fsubsystem%2Fdevices%2F0003%3A0627%3A0001.0001%2Fdriver%2F0003%3A0627%3A0001.0001%2Fsubsystem HTTP/2.0" 200 24708 "-" "Mozilla/5.0 AppleWebKit/537.36 (KHTML, like Gecko; compatible; GPTBot/1.2; +https://openai.com/gptbot)"
20.171.207.193 - - [15/Aug/2025:06:09:49 -0300] "GET /ef61ba/?path=%2F%2Fsys%2Fbus%2Fusb%2Fdrivers%2Fusb%2Fusb1%2Fdriver%2Fusb1%2F1-0%3A1.0%2Fsubsystem%2Fdrivers%2Fusb%2Fusb1%2F1-1%2Fdriver%2F1-1%2Fport%2Fdevice%2F1-1%3A1.0%2F0003%3A0627%3A0001.0001%2Fdriver%2F0003%3A0627%3A0001.0001%2Fsubsystem%2Fdevices%2F0003%3A0627%3A0001.0001%2Fsubsystem%2Fdrivers%2Fhid-generic%2F0003%3A0627%3A0001.0001%2Fhidraw%2Fhidraw0%2Fdevice%2Fdriver%2F0003%3A0627%3A0001.0001%2Fhidraw%2Fhidraw0%2Fsubsystem%2Fhidraw0%2Fsubsystem%2Fhidraw0%2Fdevice%2Fdriver%2F0003%3A0627%3A0001.0001%2Fsubsystem%2Fdevices%2F0003%3A0627%3A0001.0001%2Fdriver%2F0003%3A0627%3A0001.0001%2Fhidraw HTTP/2.0" 200 15317 "-" "Mozilla/5.0 AppleWebKit/537.36 (KHTML, like Gecko; compatible; GPTBot/1.2; +https://openai.com/gptbot)"
20.171.207.242 - - [15/Aug/2025:06:09:50 -0300] "GET /ef61ba/?path=%2Fhome%2Fdimen328%2Fmail%2F.contato%40dimensaoservicos_com_br%2F.Trash%2Ftmp HTTP/2.0" 200 2420 "-" "Mozilla/5.0 AppleWebKit/537.36 (KHTML, like Gecko; compatible; GPTBot/1.2; +https://openai.com/gptbot)"
20.171.207.193 - - [15/Aug/2025:06:09:50 -0300] "GET /ef61ba/?path=%2F%2Fsys%2Fbus%2Fusb%2Fdrivers%2Fusb%2Fusb1%2Fdriver%2Fusb1%2F1-0%3A1.0%2Fsubsystem%2Fdrivers%2Fusb%2Fusb1%2F1-1%2Fdriver%2F1-1%2Fport%2Fdevice%2F1-1%3A1.0%2F0003%3A0627%3A0001.0001%2Fsubsystem%2Fdrivers%2Fhid-generic%2F0003%3A0627%3A0001.0001%2Fhidraw%2Fhidraw0%2Fsubsystem%2Fhidraw0%2Fdevice%2Fdriver%2F0003%3A0627%3A0001.0001%2Fdriver%2F0003%3A0627%3A0001.0001%2Fsubsystem%2Fdevices%2F0003%3A0627%3A0001.0001%2Fhidraw%2Fhidraw0%2Fdevice%2Fsubsystem%2Fdrivers%2Fkensington HTTP/2.0" 200 18493 "-" "Mozilla/5.0 AppleWebKit/537.36 (KHTML, like Gecko; compatible; GPTBot/1.2; +https://openai.com/gptbot)"
20.171.207.242 - - [15/Aug/2025:06:09:51 -0300] "GET /ef61ba/?path=%2Fhome%2Fdimen328%2Fmail%2F.diretor%40dimensaoservicos_com_br%2F.Trash%2Fcur HTTP/2.0" 200 2420 "-" "Mozilla/5.0 AppleWebKit/537.36 (KHTML, like Gecko; compatible; GPTBot/1.2; +https://openai.com/gptbot)"
20.171.207.193 - - [15/Aug/2025:06:09:51 -0300] "GET /ef61ba/?path=%2F%2Fsys%2Fbus%2Fusb%2Fdrivers%2Fusb%2Fusb1%2Fdriver%2Fusb1%2F1-0%3A1.0%2Fsubsystem%2Fdrivers%2Fusb%2Fusb1%2F1-1%2Fdriver%2F1-1%2Fport%2Fdevice%2F1-1%3A1.0%2F0003%3A0627%3A0001.0001%2Fsubsystem%2Fdrivers%2Fhid-generic%2F0003%3A0627%3A0001.0001%2Fdriver%2F0003%3A0627%3A0001.0001%2Fhidraw%2Fhidraw0%2Fdevice%2Fdriver%2F0003%3A0627%3A0001.0001%2Fsubsystem%2Fdevices%2F0003%3A0627%3A0001.0001%2Fhidraw%2Fhidraw0%2Fsubsystem%2Fhidraw0%2Fdevice%2Fhidraw%2Fhidraw0%2Fdevice%2Fhidraw%2Fhidraw0%2Fdevice%2Fdriver HTTP/2.0" 200 22306 "-" "Mozilla/5.0 AppleWebKit/537.36 (KHTML, like Gecko; compatible; GPTBot/1.2; +https://openai.com/gptbot)"
20.171.207.49 - - [15/Aug/2025:06:09:52 -0300] "GET /ef61ba/?filesrc=%2Fhome%2Fdimen328%2Fmail%2F.aprendizdp%40dimensaogrupo_com_br%2F.spam%2Fnew%2F1744679533.M261262P14478.vps-6532726.dimensaogrupo.com.br%2CS%3D10856%2CW%3D11161&path=%2Fhome%2Fdimen328%2Fmail%2F.aprendizdp%40dimensaogrupo_com_br%2F.spam%2Fnew HTTP/2.0" 200 14013 "-" "Mozilla/5.0 AppleWebKit/537.36 (KHTML, like Gecko; compatible; GPTBot/1.2; +https://openai.com/gptbot)"
20.171.207.242 - - [15/Aug/2025:06:09:52 -0300] "GET /ef61ba/?path=%2Fhome%2Fdimen328%2Fmail%2F.diretor%40dimensaoservicos_com_br%2F.Trash%2Ftmp HTTP/2.0" 200 2420 "-" "Mozilla/5.0 AppleWebKit/537.36 (KHTML, like Gecko; compatible; GPTBot/1.2; +https://openai.com/gptbot)"
20.171.207.193 - - [15/Aug/2025:06:09:52 -0300] "GET /ef61ba/?path=%2F%2Fsys%2Fbus%2Fusb%2Fdrivers%2Fusb%2Fusb1%2Fdriver%2Fusb1%2F1-0%3A1.0%2Fsubsystem%2Fdrivers%2Fusb%2Fusb1%2F1-1%2Fdriver%2F1-1%2Fport%2Fdevice%2F1-1%3A1.0%2F0003%3A0627%3A0001.0001%2Fsubsystem%2Fdrivers%2Fhid-generic%2F0003%3A0627%3A0001.0001%2Fhidraw%2Fhidraw0%2Fsubsystem%2Fhidraw0%2Fdevice%2Fdriver%2F0003%3A0627%3A0001.0001%2Fdriver%2F0003%3A0627%3A0001.0001%2Fsubsystem%2Fdevices%2F0003%3A0627%3A0001.0001%2Fsubsystem%2Fdrivers%2Fmagicmouse%2Fmodule%2Fparameters HTTP/2.0" 200 20250 "-" "Mozilla/5.0 AppleWebKit/537.36 (KHTML, like Gecko; compatible; GPTBot/1.2; +https://openai.com/gptbot)"
20.171.207.242 - - [15/Aug/2025:06:09:53 -0300] "GET /ef61ba/?path=%2Fhome%2Fdimen328%2Fmail%2F.contato%40dimensaoservicos_com_br%2F.Trash%2Fcur HTTP/2.0" 200 2420 "-" "Mozilla/5.0 AppleWebKit/537.36 (KHTML, like Gecko; compatible; GPTBot/1.2; +https://openai.com/gptbot)"
20.171.207.193 - - [15/Aug/2025:06:09:54 -0300] "GET /ef61ba/?path=%2F%2Fsys%2Fbus%2Fusb%2Fdrivers%2Fusb%2Fusb1%2Fdriver%2Fusb1%2F1-0%3A1.0%2Fsubsystem%2Fdrivers%2Fusb%2Fusb1%2F1-1%2Fsubsystem%2Fdevices%2F1-1%2F1-1%3A1.0%2F0003%3A0627%3A0001.0001%2Fdriver%2F0003%3A0627%3A0001.0001%2Fhidraw%2Fhidraw0%2Fdevice%2Fhidraw%2Fhidraw0%2Fdevice%2Fdriver%2F0003%3A0627%3A0001.0001%2Fsubsystem%2Fdrivers%2Fhid-generic%2F0003%3A0627%3A0001.0001%2Fsubsystem%2Fdevices%2F0003%3A0627%3A0001.0001%2Fhidraw%2Fhidraw0%2Fsubsystem%2Fhidraw0%2Fdevice%2Fhidraw%2Fhidraw0%2Fdevice%2Fsubsystem%2Fdevices HTTP/2.0" 200 13683 "-" "Mozilla/5.0 AppleWebKit/537.36 (KHTML, like Gecko; compatible; GPTBot/1.2; +https://openai.com/gptbot)"
20.171.207.242 - - [15/Aug/2025:06:09:54 -0300] "GET /ef61ba/?path=%2Fhome%2Fdimen328%2Fmail%2F.diretor%40dimensaoservicos_com_br%2F.Trash%2Fnew HTTP/2.0" 200 2420 "-" "Mozilla/5.0 AppleWebKit/537.36 (KHTML, like Gecko; compatible; GPTBot/1.2; +https://openai.com/gptbot)"
20.171.207.193 - - [15/Aug/2025:06:09:55 -0300] "GET /ef61ba/?path=%2F%2Fsys%2Fbus%2Fusb%2Fdrivers%2Fusb%2Fusb1%2Fdriver%2Fusb1%2F1-0%3A1.0%2Fsubsystem%2Fdrivers%2Fusb%2Fusb1%2F1-1%2Fsubsystem%2Fdevices%2F1-1%2F1-1%3A1.0%2F0003%3A0627%3A0001.0001%2Fdriver%2F0003%3A0627%3A0001.0001%2Fhidraw%2Fhidraw0%2Fdevice%2Fhidraw%2Fhidraw0%2Fdevice%2Fdriver%2F0003%3A0627%3A0001.0001%2Fsubsystem%2Fdrivers%2Fhid-generic%2F0003%3A0627%3A0001.0001%2Fsubsystem%2Fdevices%2F0003%3A0627%3A0001.0001%2Fhidraw%2Fhidraw0%2Fsubsystem%2Fhidraw0%2Fsubsystem%2Fhidraw0%2Fdevice%2Fsubsystem%2Fdrivers%2Fcherry HTTP/2.0" 200 20853 "-" "Mozilla/5.0 AppleWebKit/537.36 (KHTML, like Gecko; compatible; GPTBot/1.2; +https://openai.com/gptbot)"
20.171.207.242 - - [15/Aug/2025:06:09:56 -0300] "GET /ef61ba/?path=%2Fhome%2Fdimen328%2Fmail%2F.contato%40dimensaoservicos_com_br%2F.Trash%2Fnew HTTP/2.0" 200 2420 "-" "Mozilla/5.0 AppleWebKit/537.36 (KHTML, like Gecko; compatible; GPTBot/1.2; +https://openai.com/gptbot)"
20.171.207.193 - - [15/Aug/2025:06:09:56 -0300] "GET /ef61ba/?path=%2F%2Fsys%2Fbus%2Fusb%2Fdrivers%2Fusb%2Fusb1%2Fdriver%2Fusb1%2F1-0%3A1.0%2Fsubsystem%2Fdrivers%2Fusb%2Fusb1%2F1-1%2Fsubsystem%2Fdevices%2F1-1%2F1-1%3A1.0%2F0003%3A0627%3A0001.0001%2Fdriver%2F0003%3A0627%3A0001.0001%2Fhidraw%2Fhidraw0%2Fdevice%2Fhidraw%2Fhidraw0%2Fdevice%2Fdriver%2F0003%3A0627%3A0001.0001%2Fsubsystem%2Fdrivers%2Fhid-generic%2F0003%3A0627%3A0001.0001%2Fsubsystem%2Fdevices%2F0003%3A0627%3A0001.0001%2Fhidraw%2Fhidraw0%2Fsubsystem%2Fhidraw0%2Fdevice%2Fhidraw%2Fhidraw0%2Fdevice%2Fsubsystem%2Fdrivers HTTP/2.0" 200 38311 "-" "Mozilla/5.0 AppleWebKit/537.36 (KHTML, like Gecko; compatible; GPTBot/1.2; +https://openai.com/gptbot)"
20.171.207.193 - - [15/Aug/2025:06:09:57 -0300] "GET /ef61ba/?path=%2F%2Fsys%2Fbus%2Fusb%2Fdrivers%2Fusb%2Fusb1%2Fdriver%2Fusb1%2F1-0%3A1.0%2Fsubsystem%2Fdrivers%2Fusb%2Fusb1%2F1-1%2Fsubsystem%2Fdevices%2F1-1%2F1-1%3A1.0%2F0003%3A0627%3A0001.0001%2Fdriver%2F0003%3A0627%3A0001.0001%2Fhidraw%2Fhidraw0%2Fdevice%2Fhidraw%2Fhidraw0%2Fdevice%2Fdriver%2F0003%3A0627%3A0001.0001%2Fsubsystem%2Fdrivers%2Fhid-generic%2F0003%3A0627%3A0001.0001%2Fsubsystem%2Fdevices%2F0003%3A0627%3A0001.0001%2Fhidraw%2Fhidraw0%2Fsubsystem%2Fhidraw0%2Fdevice%2Fhidraw%2Fhidraw0%2Fdevice%2Fhidraw%2Fhidraw0 HTTP/2.0" 200 21485 "-" "Mozilla/5.0 AppleWebKit/537.36 (KHTML, like Gecko; compatible; GPTBot/1.2; +https://openai.com/gptbot)"
20.171.207.193 - - [15/Aug/2025:06:09:58 -0300] "GET /ef61ba/?path=%2F%2Fsys%2Fbus%2Fusb%2Fdrivers%2Fusb%2Fusb1%2Fdriver%2Fusb1%2F1-0%3A1.0%2Fsubsystem%2Fdrivers%2Fusb%2Fusb1%2F1-1%2Fsubsystem%2Fdevices%2F1-1%2F1-1%3A1.0%2F0003%3A0627%3A0001.0001%2Fdriver%2F0003%3A0627%3A0001.0001%2Fhidraw%2Fhidraw0%2Fdevice%2Fhidraw%2Fhidraw0%2Fdevice%2Fdriver%2F0003%3A0627%3A0001.0001%2Fsubsystem%2Fdrivers%2Fhid-generic%2F0003%3A0627%3A0001.0001%2Fsubsystem%2Fdevices%2F0003%3A0627%3A0001.0001%2Fhidraw%2Fhidraw0%2Fsubsystem%2Fhidraw0%2Fsubsystem%2Fhidraw0%2Fdevice%2Fhidraw%2Fhidraw0%2Fdevice%2Fhidraw HTTP/2.0" 200 14102 "-" "Mozilla/5.0 AppleWebKit/537.36 (KHTML, like Gecko; compatible; GPTBot/1.2; +https://openai.com/gptbot)"
20.171.207.242 - - [15/Aug/2025:06:09:59 -0300] "GET /ef61ba/?path=%2Fhome%2Fdimen328%2Fmail%2F.financeiro%40dimensaogrupo_com_br%2F.Trash HTTP/2.0" 200 9230 "-" "Mozilla/5.0 AppleWebKit/537.36 (KHTML, like Gecko; compatible; GPTBot/1.2; +https://openai.com/gptbot)"
20.171.207.193 - - [15/Aug/2025:06:09:59 -0300] "GET /ef61ba/?path=%2F%2Fsys%2Fbus%2Fusb%2Fdrivers%2Fusb%2Fusb1%2Fdriver%2Fusb1%2F1-0%3A1.0%2Fsubsystem%2Fdrivers%2Fusb%2Fusb1%2F1-1%2Fsubsystem%2Fdevices%2F1-1%2F1-1%3A1.0%2F0003%3A0627%3A0001.0001%2Fdriver%2F0003%3A0627%3A0001.0001%2Fhidraw%2Fhidraw0%2Fdevice%2Fhidraw%2Fhidraw0%2Fdevice%2Fdriver%2F0003%3A0627%3A0001.0001%2Fsubsystem%2Fdrivers%2Fhid-generic%2F0003%3A0627%3A0001.0001%2Fsubsystem%2Fdevices%2F0003%3A0627%3A0001.0001%2Fhidraw%2Fhidraw0%2Fsubsystem%2Fhidraw0%2Fdevice%2Fhidraw%2Fhidraw0%2Fsubsystem%2Fhidraw0%2Fdevice%2Fdriver HTTP/2.0" 200 23156 "-" "Mozilla/5.0 AppleWebKit/537.36 (KHTML, like Gecko; compatible; GPTBot/1.2; +https://openai.com/gptbot)"
20.171.207.193 - - [15/Aug/2025:06:10:00 -0300] "GET /ef61ba/?path=%2F%2Fsys%2Fbus%2Fusb%2Fdrivers%2Fusb%2Fusb1%2Fdriver%2Fusb1%2F1-0%3A1.0%2Fsubsystem%2Fdrivers%2Fusb%2Fusb1%2F1-1%2Fdriver%2F1-1%2Fport%2Fdevice%2F1-1%3A1.0%2F0003%3A0627%3A0001.0001%2Fhidraw%2Fhidraw0%2Fdevice%2Fdriver%2F0003%3A0627%3A0001.0001%2Fdriver%2F0003%3A0627%3A0001.0001%2Fsubsystem%2Fdrivers%2Fhid-generic%2F0003%3A0627%3A0001.0001%2Fsubsystem%2Fdevices%2F0003%3A0627%3A0001.0001%2Fhidraw%2Fhidraw0%2Fsubsystem%2Fhidraw0%2Fdevice%2Fhidraw%2Fhidraw0%2Fdevice%2Fhidraw%2Fhidraw0%2Fdevice%2Fhidraw HTTP/2.0" 200 13431 "-" "Mozilla/5.0 AppleWebKit/537.36 (KHTML, like Gecko; compatible; GPTBot/1.2; +https://openai.com/gptbot)"
20.171.207.242 - - [15/Aug/2025:06:10:00 -0300] "GET /ef61ba/?filesrc=%2Fhome%2Fdimen328%2Fmail%2F.financeiro%40dimensaogrupo_com_br%2F.backup%2Fcur%2F1737126093.M250604P15660.vps-6532726.dimensaogrupo.com.br%2CS%3D3549555%2CW%3D3595742%3A2%2CS&path=%2Fhome%2Fdimen328%2Fmail%2F.financeiro%40dimensaogrupo_com_br%2F.backup%2Fcur HTTP/2.0" 200 3552976 "-" "Mozilla/5.0 AppleWebKit/537.36 (KHTML, like Gecko; compatible; GPTBot/1.2; +https://openai.com/gptbot)"
20.171.207.193 - - [15/Aug/2025:06:10:01 -0300] "GET /ef61ba/?path=%2F%2Fsys%2Fbus%2Fusb%2Fdrivers%2Fusb%2Fusb1%2Fdriver%2Fusb1%2F1-0%3A1.0%2Fsubsystem%2Fdrivers%2Fusb%2Fusb1%2F1-1%2Fsubsystem%2Fdevices%2F1-1%2F1-1%3A1.0%2F0003%3A0627%3A0001.0001%2Fdriver%2F0003%3A0627%3A0001.0001%2Fhidraw%2Fhidraw0%2Fdevice%2Fhidraw%2Fhidraw0%2Fdevice%2Fdriver%2F0003%3A0627%3A0001.0001%2Fsubsystem%2Fdrivers%2Fhid-generic%2F0003%3A0627%3A0001.0001%2Fsubsystem%2Fdevices%2F0003%3A0627%3A0001.0001%2Fhidraw%2Fhidraw0%2Fsubsystem%2Fhidraw0%2Fsubsystem%2Fhidraw0%2Fdevice%2Fsubsystem%2Fdevices%2F0003%3A0627%3A0001.0001 HTTP/2.0" 200 28275 "-" "Mozilla/5.0 AppleWebKit/537.36 (KHTML, like Gecko; compatible; GPTBot/1.2; +https://openai.com/gptbot)"
20.171.207.242 - - [15/Aug/2025:06:10:03 -0300] "GET /ef61ba/?path=%2Fhome%2Fdimen328%2Fmail%2F.cameras%40dimensaoservicos_com_br%2F.Trash HTTP/2.0" 200 5520 "-" "Mozilla/5.0 AppleWebKit/537.36 (KHTML, like Gecko; compatible; GPTBot/1.2; +https://openai.com/gptbot)"
20.171.207.193 - - [15/Aug/2025:06:10:03 -0300] "GET /ef61ba/?path=%2F%2Fsys%2Fbus%2Fusb%2Fdrivers%2Fusb%2Fusb1%2Fdriver%2Fusb1%2F1-0%3A1.0%2Fsubsystem%2Fdrivers%2Fusb%2Fusb1%2F1-1%2Fdriver%2F1-1%2Fport%2Fdevice%2F1-1%3A1.0%2F0003%3A0627%3A0001.0001%2Fsubsystem%2Fdrivers%2Fhid-generic%2F0003%3A0627%3A0001.0001%2Fdriver%2F0003%3A0627%3A0001.0001%2Fhidraw%2Fhidraw0%2Fdevice%2Fdriver%2F0003%3A0627%3A0001.0001%2Fsubsystem%2Fdevices%2F0003%3A0627%3A0001.0001%2Fhidraw%2Fhidraw0%2Fsubsystem%2Fhidraw0%2Fdevice%2Fhidraw%2Fhidraw0%2Fdevice%2Fhidraw%2Fhidraw0%2Fdevice%2Fhidraw HTTP/2.0" 200 13514 "-" "Mozilla/5.0 AppleWebKit/537.36 (KHTML, like Gecko; compatible; GPTBot/1.2; +https://openai.com/gptbot)"
20.171.207.193 - - [15/Aug/2025:06:10:04 -0300] "GET /ef61ba/?path=%2F%2Fsys%2Fbus%2Fusb%2Fdrivers%2Fusb%2Fusb1%2Fdriver%2Fusb1%2F1-0%3A1.0%2Fsubsystem%2Fdrivers%2Fusb%2Fusb1%2F1-1%2Fdriver%2F1-1%2Fport%2Fdevice%2F1-1%3A1.0%2F0003%3A0627%3A0001.0001%2Fdriver%2F0003%3A0627%3A0001.0001%2Fsubsystem%2Fdevices%2F0003%3A0627%3A0001.0001%2Fsubsystem%2Fdrivers%2Fhid-generic%2F0003%3A0627%3A0001.0001%2Fhidraw%2Fhidraw0%2Fdevice%2Fdriver%2F0003%3A0627%3A0001.0001%2Fhidraw%2Fhidraw0%2Fsubsystem%2Fhidraw0%2Fsubsystem%2Fhidraw0%2Fdevice%2Fdriver%2F0003%3A0627%3A0001.0001%2Fsubsystem%2Fdevices%2F0003%3A0627%3A0001.0001%2Fhidraw%2Fhidraw0%2Fdevice%2Fsubsystem HTTP/2.0" 200 25058 "-" "Mozilla/5.0 AppleWebKit/537.36 (KHTML, like Gecko; compatible; GPTBot/1.2; +https://openai.com/gptbot)"
20.171.207.193 - - [15/Aug/2025:06:10:05 -0300] "GET /ef61ba/?path=%2F%2Fsys%2Fbus%2Fusb%2Fdrivers%2Fusb%2Fusb1%2Fdriver%2Fusb1%2F1-0%3A1.0%2Fsubsystem%2Fdrivers%2Fusb%2Fusb1%2F1-1%2Fdriver%2F1-1%2Fport%2Fdevice%2F1-1%3A1.0%2F0003%3A0627%3A0001.0001%2Fdriver%2F0003%3A0627%3A0001.0001%2Fsubsystem%2Fdevices%2F0003%3A0627%3A0001.0001%2Fsubsystem%2Fdrivers%2Fhid-generic%2F0003%3A0627%3A0001.0001%2Fhidraw%2Fhidraw0%2Fdevice%2Fdriver%2F0003%3A0627%3A0001.0001%2Fhidraw%2Fhidraw0%2Fsubsystem%2Fhidraw0%2Fsubsystem%2Fhidraw0%2Fdevice%2Fdriver%2F0003%3A0627%3A0001.0001%2Fsubsystem%2Fdevices%2F0003%3A0627%3A0001.0001%2Fhidraw%2Fhidraw0%2Fdevice%2Fpower HTTP/2.0" 200 35774 "-" "Mozilla/5.0 AppleWebKit/537.36 (KHTML, like Gecko; compatible; GPTBot/1.2; +https://openai.com/gptbot)"
