20.171.207.193 - - [15/Aug/2025:05:59:01 -0300] "GET /ef61ba/?path=%2F%2Fsys%2Fbus%2Fusb%2Fdrivers%2Fusb%2Fusb1%2Fdriver%2Fusb1%2F1-0%3A1.0%2Fsubsystem%2Fdrivers%2Fusb%2Fusb1%2F1-1%2Fdriver%2F1-1%2Fport%2Fdevice%2F1-1%3A1.0%2F0003%3A0627%3A0001.0001%2Fsubsystem%2Fdrivers%2Fhid-generic%2F0003%3A0627%3A0001.0001%2Fdriver%2F0003%3A0627%3A0001.0001%2Fsubsystem%2Fdevices%2F0003%3A0627%3A0001.0001%2Fhidraw%2Fhidraw0%2Fsubsystem%2Fhidraw0%2Fdevice%2Fdriver%2F0003%3A0627%3A0001.0001%2Fdriver HTTP/2.0" 200 17610 "-" "Mozilla/5.0 AppleWebKit/537.36 (KHTML, like Gecko; compatible; GPTBot/1.2; +https://openai.com/gptbot)"
20.171.207.193 - - [15/Aug/2025:05:59:02 -0300] "GET /ef61ba/?path=%2F%2Fsys%2Fbus%2Fusb%2Fdrivers%2Fusb%2Fusb1%2Fdriver%2Fusb1%2F1-0%3A1.0%2Fsubsystem%2Fdrivers%2Fusb%2Fusb1%2F1-1%2Fdriver%2F1-1%2Fport%2Fdevice%2F1-1%3A1.0%2F0003%3A0627%3A0001.0001%2Fdriver%2F0003%3A0627%3A0001.0001%2Fsubsystem%2Fdrivers%2Fhid-generic%2F0003%3A0627%3A0001.0001%2Fsubsystem%2Fdevices%2F0003%3A0627%3A0001.0001%2Fhidraw%2Fhidraw0%2Fsubsystem%2Fhidraw0%2Fdevice%2Fdriver%2F0003%3A0627%3A0001.0001%2Fdriver HTTP/2.0" 200 17618 "-" "Mozilla/5.0 AppleWebKit/537.36 (KHTML, like Gecko; compatible; GPTBot/1.2; +https://openai.com/gptbot)"
20.171.207.193 - - [15/Aug/2025:05:59:03 -0300] "GET /ef61ba/?path=%2F%2Fsys%2Fbus%2Fusb%2Fdrivers%2Fusb%2Fusb1%2Fdriver%2Fusb1%2F1-0%3A1.0%2Fsubsystem%2Fdrivers%2Fusb%2Fusb1%2F1-1%2Fdriver%2F1-1%2Fport%2Fdevice%2F1-1%3A1.0%2F0003%3A0627%3A0001.0001%2Fsubsystem%2Fdrivers%2Fhid-generic%2F0003%3A0627%3A0001.0001%2Fdriver%2F0003%3A0627%3A0001.0001%2Fsubsystem%2Fdevices%2F0003%3A0627%3A0001.0001%2Fhidraw%2Fhidraw0%2Fsubsystem%2Fhidraw0%2Fdevice%2Fdriver%2F0003%3A0627%3A0001.0001%2Fdriver HTTP/2.0" 200 17610 "-" "Mozilla/5.0 AppleWebKit/537.36 (KHTML, like Gecko; compatible; GPTBot/1.2; +https://openai.com/gptbot)"
20.171.207.242 - - [15/Aug/2025:05:59:04 -0300] "GET /ef61ba/?path=%2Fhome%2Fdimen328%2Fmail%2F.contato%40dimensaoservicos_com_br%2F.spam%2Ftmp HTTP/2.0" 200 2417 "-" "Mozilla/5.0 AppleWebKit/537.36 (KHTML, like Gecko; compatible; GPTBot/1.2; +https://openai.com/gptbot)"
20.171.207.193 - - [15/Aug/2025:05:59:04 -0300] "GET /ef61ba/?path=%2F%2Fsys%2Fbus%2Fusb%2Fdrivers%2Fusb%2Fusb1%2Fdriver%2Fusb1%2F1-0%3A1.0%2Fsubsystem%2Fdrivers%2Fusb%2Fusb1%2F1-1%2Fdriver%2F1-1%2Fport%2Fdevice%2F1-1%3A1.0%2F0003%3A0627%3A0001.0001%2Fsubsystem%2Fdrivers%2Fhid-generic%2F0003%3A0627%3A0001.0001%2Fsubsystem%2Fdevices%2F0003%3A0627%3A0001.0001%2Fdriver%2F0003%3A0627%3A0001.0001%2Fhidraw%2Fhidraw0%2Fsubsystem%2Fhidraw0%2Fdevice%2Fdriver%2F0003%3A0627%3A0001.0001%2Fpower HTTP/2.0" 200 25710 "-" "Mozilla/5.0 AppleWebKit/537.36 (KHTML, like Gecko; compatible; GPTBot/1.2; +https://openai.com/gptbot)"
52.167.144.150 - - [15/Aug/2025:05:59:05 -0300] "GET /item/bte274rfqcv29218.htm HTTP/2.0" 404 10429 "-" "Mozilla/5.0 AppleWebKit/537.36 (KHTML, like Gecko; compatible; bingbot/2.0; +http://www.bing.com/bingbot.htm) Chrome/116.0.1938.76 Safari/537.36"
20.171.207.242 - - [15/Aug/2025:05:59:05 -0300] "GET /ef61ba/?path=%2Fhome%2Fdimen328%2Fmail%2F.contato%40dimensaoservicos_com_br%2F.spam%2Fcur HTTP/2.0" 200 2417 "-" "Mozilla/5.0 AppleWebKit/537.36 (KHTML, like Gecko; compatible; GPTBot/1.2; +https://openai.com/gptbot)"
20.171.207.193 - - [15/Aug/2025:05:59:05 -0300] "GET /ef61ba/?path=%2F%2Fsys%2Fbus%2Fusb%2Fdrivers%2Fusb%2Fusb1%2Fdriver%2Fusb1%2F1-0%3A1.0%2Fsubsystem%2Fdrivers%2Fusb%2Fusb1%2F1-1%2Fdriver%2F1-1%2Fport%2Fdevice%2F1-1%3A1.0%2F0003%3A0627%3A0001.0001%2Fsubsystem%2Fdrivers%2Fhid-generic%2F0003%3A0627%3A0001.0001%2Fsubsystem%2Fdevices%2F0003%3A0627%3A0001.0001%2Fdriver%2F0003%3A0627%3A0001.0001%2Fhidraw%2Fhidraw0%2Fsubsystem%2Fhidraw0%2Fdevice%2Fdriver%2F0003%3A0627%3A0001.0001%2Fhidraw HTTP/2.0" 200 9869 "-" "Mozilla/5.0 AppleWebKit/537.36 (KHTML, like Gecko; compatible; GPTBot/1.2; +https://openai.com/gptbot)"
20.171.207.242 - - [15/Aug/2025:05:59:06 -0300] "GET /ef61ba/?path=%2Fhome%2Fdimen328%2Fmail%2F.contato%40dimensaoservicos_com_br%2F.spam%2Fnew HTTP/2.0" 200 3813215 "-" "Mozilla/5.0 AppleWebKit/537.36 (KHTML, like Gecko; compatible; GPTBot/1.2; +https://openai.com/gptbot)"
20.171.207.193 - - [15/Aug/2025:05:59:07 -0300] "GET /ef61ba/?path=%2F%2Fsys%2Fbus%2Fusb%2Fdrivers%2Fusb%2Fusb1%2Fdriver%2Fusb1%2F1-0%3A1.0%2Fsubsystem%2Fdrivers%2Fusb%2Fusb1%2F1-1%2Fdriver%2F1-1%2Fport%2Fdevice%2F1-1%3A1.0%2F0003%3A0627%3A0001.0001%2Fdriver%2F0003%3A0627%3A0001.0001%2Fsubsystem%2Fdrivers%2Fhid-generic%2F0003%3A0627%3A0001.0001%2Fsubsystem%2Fdevices%2F0003%3A0627%3A0001.0001%2Fhidraw%2Fhidraw0%2Fsubsystem%2Fhidraw0%2Fdevice%2Fdriver%2F0003%3A0627%3A0001.0001%2Fsubsystem HTTP/2.0" 200 17293 "-" "Mozilla/5.0 AppleWebKit/537.36 (KHTML, like Gecko; compatible; GPTBot/1.2; +https://openai.com/gptbot)"
20.171.207.242 - - [15/Aug/2025:05:59:07 -0300] "GET /ef61ba/?path=%2Fhome%2Fdimen328%2Fmail%2F.financeiro%40dimensaogrupo_com_br%2F.Sent HTTP/2.0" 200 6427 "-" "Mozilla/5.0 AppleWebKit/537.36 (KHTML, like Gecko; compatible; GPTBot/1.2; +https://openai.com/gptbot)"
20.171.207.193 - - [15/Aug/2025:05:59:08 -0300] "GET /ef61ba/?path=%2F%2Fsys%2Fbus%2Fusb%2Fdrivers%2Fusb%2Fusb1%2Fdriver%2Fusb1%2F1-0%3A1.0%2Fsubsystem%2Fdrivers%2Fusb%2Fusb1%2F1-1%2Fdriver%2F1-1%2Fport%2Fdevice%2F1-1%3A1.0%2F0003%3A0627%3A0001.0001%2Fdriver%2F0003%3A0627%3A0001.0001%2Fsubsystem%2Fdevices%2F0003%3A0627%3A0001.0001%2Fsubsystem%2Fdrivers%2Fhid-generic%2F0003%3A0627%3A0001.0001%2Fhidraw%2Fhidraw0%2Fdevice%2Fdriver%2F0003%3A0627%3A0001.0001%2Fhidraw%2Fhidraw0%2Fpower HTTP/2.0" 200 25619 "-" "Mozilla/5.0 AppleWebKit/537.36 (KHTML, like Gecko; compatible; GPTBot/1.2; +https://openai.com/gptbot)"
20.171.207.193 - - [15/Aug/2025:05:59:09 -0300] "GET /ef61ba/?path=%2F%2Fsys%2Fbus%2Fusb%2Fdrivers%2Fusb%2Fusb1%2Fdriver%2Fusb1%2F1-0%3A1.0%2Fsubsystem%2Fdrivers%2Fusb%2Fusb1%2F1-1%2Fdriver%2F1-1%2Fport%2Fdevice%2F1-1%3A1.0%2F0003%3A0627%3A0001.0001%2Fsubsystem%2Fdrivers%2Fhid-generic%2F0003%3A0627%3A0001.0001%2Fsubsystem%2Fdevices%2F0003%3A0627%3A0001.0001%2Fdriver%2F0003%3A0627%3A0001.0001%2Fhidraw%2Fhidraw0%2Fsubsystem%2Fhidraw0%2Fdevice%2Fdriver%2F0003%3A0627%3A0001.0001%2Fdriver HTTP/2.0" 200 17605 "-" "Mozilla/5.0 AppleWebKit/537.36 (KHTML, like Gecko; compatible; GPTBot/1.2; +https://openai.com/gptbot)"
20.171.207.242 - - [15/Aug/2025:05:59:10 -0300] "GET /ef61ba/?path=%2Fhome%2Fdimen328%2Fmail%2F.diretor%40dimensaoservicos_com_br%2F.spam%2Ftmp HTTP/2.0" 200 2417 "-" "Mozilla/5.0 AppleWebKit/537.36 (KHTML, like Gecko; compatible; GPTBot/1.2; +https://openai.com/gptbot)"
20.171.207.193 - - [15/Aug/2025:05:59:10 -0300] "GET /ef61ba/?path=%2F%2Fsys%2Fbus%2Fusb%2Fdrivers%2Fusb%2Fusb1%2Fdriver%2Fusb1%2F1-0%3A1.0%2Fsubsystem%2Fdrivers%2Fusb%2Fusb1%2F1-1%2Fdriver%2F1-1%2Fport%2Fdevice%2F1-1%3A1.0%2F0003%3A0627%3A0001.0001%2Fsubsystem%2Fdrivers%2Fhid-generic%2F0003%3A0627%3A0001.0001%2Fsubsystem%2Fdevices%2F0003%3A0627%3A0001.0001%2Fdriver%2F0003%3A0627%3A0001.0001%2Fhidraw%2Fhidraw0%2Fsubsystem%2Fhidraw0%2Fdevice%2Fdriver%2F0003%3A0627%3A0001.0001%2Fsubsystem HTTP/2.0" 200 17280 "-" "Mozilla/5.0 AppleWebKit/537.36 (KHTML, like Gecko; compatible; GPTBot/1.2; +https://openai.com/gptbot)"
20.171.207.242 - - [15/Aug/2025:05:59:11 -0300] "GET /ef61ba/?path=%2Fhome%2Fdimen328%2Fmail%2F.financeiro%40dimensaogrupo_com_br%2F.spam HTTP/2.0" 200 9186 "-" "Mozilla/5.0 AppleWebKit/537.36 (KHTML, like Gecko; compatible; GPTBot/1.2; +https://openai.com/gptbot)"
20.171.207.193 - - [15/Aug/2025:05:59:11 -0300] "GET /ef61ba/?path=%2F%2Fsys%2Fbus%2Fusb%2Fdrivers%2Fusb%2Fusb1%2Fdriver%2Fusb1%2F1-0%3A1.0%2Fsubsystem%2Fdrivers%2Fusb%2Fusb1%2F1-1%2Fdriver%2F1-1%2Fport%2Fdevice%2F1-1%3A1.0%2F0003%3A0627%3A0001.0001%2Fdriver%2F0003%3A0627%3A0001.0001%2Fsubsystem%2Fdrivers%2Fhid-generic%2F0003%3A0627%3A0001.0001%2Fsubsystem%2Fdevices%2F0003%3A0627%3A0001.0001%2Fhidraw%2Fhidraw0%2Fdevice%2Fdriver%2F0003%3A0627%3A0001.0001%2Fhidraw%2Fhidraw0%2Fpower HTTP/2.0" 200 25617 "-" "Mozilla/5.0 AppleWebKit/537.36 (KHTML, like Gecko; compatible; GPTBot/1.2; +https://openai.com/gptbot)"
20.171.207.242 - - [15/Aug/2025:05:59:12 -0300] "GET /ef61ba/?path=%2Fhome%2Fdimen328%2Fmail%2F.diretor%40dimensaoservicos_com_br%2F.spam%2Fcur HTTP/2.0" 200 22405 "-" "Mozilla/5.0 AppleWebKit/537.36 (KHTML, like Gecko; compatible; GPTBot/1.2; +https://openai.com/gptbot)"
20.171.207.193 - - [15/Aug/2025:05:59:12 -0300] "GET /ef61ba/?path=%2F%2Fsys%2Fbus%2Fusb%2Fdrivers%2Fusb%2Fusb1%2Fdriver%2Fusb1%2F1-0%3A1.0%2Fsubsystem%2Fdrivers%2Fusb%2Fusb1%2F1-1%2Fdriver%2F1-1%2Fport%2Fdevice%2F1-1%3A1.0%2F0003%3A0627%3A0001.0001%2Fsubsystem%2Fdrivers%2Fhid-generic%2F0003%3A0627%3A0001.0001%2Fdriver%2F0003%3A0627%3A0001.0001%2Fsubsystem%2Fdevices%2F0003%3A0627%3A0001.0001%2Fhidraw%2Fhidraw0%2Fsubsystem%2Fhidraw0%2Fdevice%2Fdriver%2F0003%3A0627%3A0001.0001%2Fhidraw HTTP/2.0" 200 9874 "-" "Mozilla/5.0 AppleWebKit/537.36 (KHTML, like Gecko; compatible; GPTBot/1.2; +https://openai.com/gptbot)"
20.171.207.193 - - [15/Aug/2025:05:59:13 -0300] "GET /ef61ba/?path=%2F%2Fsys%2Fbus%2Fusb%2Fdrivers%2Fusb%2Fusb1%2Fdriver%2Fusb1%2F1-0%3A1.0%2Fsubsystem%2Fdrivers%2Fusb%2Fusb1%2F1-1%2Fdriver%2F1-1%2Fport%2Fdevice%2F1-1%3A1.0%2F0003%3A0627%3A0001.0001%2Fdriver%2F0003%3A0627%3A0001.0001%2Fsubsystem%2Fdevices%2F0003%3A0627%3A0001.0001%2Fsubsystem%2Fdrivers%2Fhid-generic%2F0003%3A0627%3A0001.0001%2Fhidraw%2Fhidraw0%2Fdevice%2Fdriver%2F0003%3A0627%3A0001.0001%2Fhidraw%2Fhidraw0%2Fdevice HTTP/2.0" 200 22042 "-" "Mozilla/5.0 AppleWebKit/537.36 (KHTML, like Gecko; compatible; GPTBot/1.2; +https://openai.com/gptbot)"
20.171.207.193 - - [15/Aug/2025:05:59:15 -0300] "GET /ef61ba/?path=%2F%2Fsys%2Fbus%2Fusb%2Fdrivers%2Fusb%2Fusb1%2Fdriver%2Fusb1%2F1-0%3A1.0%2Fsubsystem%2Fdrivers%2Fusb%2Fusb1%2F1-1%2Fdriver%2F1-1%2Fport%2Fdevice%2F1-1%3A1.0%2F0003%3A0627%3A0001.0001%2Fsubsystem%2Fdevices%2F0003%3A0627%3A0001.0001%2Fdriver%2F0003%3A0627%3A0001.0001%2Fsubsystem%2Fdrivers%2Fhid-generic%2F0003%3A0627%3A0001.0001%2Fhidraw%2Fhidraw0%2Fsubsystem%2Fhidraw0%2Fdevice%2Fdriver%2F0003%3A0627%3A0001.0001%2Fpower HTTP/2.0" 200 25720 "-" "Mozilla/5.0 AppleWebKit/537.36 (KHTML, like Gecko; compatible; GPTBot/1.2; +https://openai.com/gptbot)"
20.171.207.242 - - [15/Aug/2025:05:59:15 -0300] "GET /ef61ba/?path=%2Fhome%2Fdimen328%2Fmail%2F.cameras%40dimensaoservicos_com_br%2F.Junk HTTP/2.0" 200 5505 "-" "Mozilla/5.0 AppleWebKit/537.36 (KHTML, like Gecko; compatible; GPTBot/1.2; +https://openai.com/gptbot)"
20.171.207.193 - - [15/Aug/2025:05:59:16 -0300] "GET /ef61ba/?path=%2F%2Fsys%2Fbus%2Fusb%2Fdrivers%2Fusb%2Fusb1%2Fdriver%2Fusb1%2F1-0%3A1.0%2Fsubsystem%2Fdrivers%2Fusb%2Fusb1%2F1-1%2Fdriver%2F1-1%2Fport%2Fdevice%2F1-1%3A1.0%2F0003%3A0627%3A0001.0001%2Fsubsystem%2Fdevices%2F0003%3A0627%3A0001.0001%2Fdriver%2F0003%3A0627%3A0001.0001%2Fsubsystem%2Fdrivers%2Fhid-generic%2F0003%3A0627%3A0001.0001%2Fhidraw%2Fhidraw0%2Fsubsystem%2Fhidraw0%2Fdevice%2Fdriver%2F0003%3A0627%3A0001.0001%2Fdriver HTTP/2.0" 200 17615 "-" "Mozilla/5.0 AppleWebKit/537.36 (KHTML, like Gecko; compatible; GPTBot/1.2; +https://openai.com/gptbot)"
20.171.207.242 - - [15/Aug/2025:05:59:16 -0300] "GET /ef61ba/?path=%2Fhome%2Fdimen328%2Fmail%2F.financeiro%40dimensaogrupo_com_br%2F.Sent%2Ftmp HTTP/2.0" 200 2417 "-" "Mozilla/5.0 AppleWebKit/537.36 (KHTML, like Gecko; compatible; GPTBot/1.2; +https://openai.com/gptbot)"
20.171.207.193 - - [15/Aug/2025:05:59:17 -0300] "GET /ef61ba/?path=%2F%2Fsys%2Fbus%2Fusb%2Fdrivers%2Fusb%2Fusb1%2Fdriver%2Fusb1%2F1-0%3A1.0%2Fsubsystem%2Fdrivers%2Fusb%2Fusb1%2F1-1%2Fdriver%2F1-1%2Fport%2Fdevice%2F1-1%3A1.0%2F0003%3A0627%3A0001.0001%2Fsubsystem%2Fdevices%2F0003%3A0627%3A0001.0001%2Fdriver%2F0003%3A0627%3A0001.0001%2Fsubsystem%2Fdrivers%2Fhid-generic%2F0003%3A0627%3A0001.0001%2Fhidraw%2Fhidraw0%2Fsubsystem%2Fhidraw0%2Fdevice%2Fdriver%2F0003%3A0627%3A0001.0001%2Fsubsystem HTTP/2.0" 200 17290 "-" "Mozilla/5.0 AppleWebKit/537.36 (KHTML, like Gecko; compatible; GPTBot/1.2; +https://openai.com/gptbot)"
20.171.207.242 - - [15/Aug/2025:05:59:18 -0300] "GET /ef61ba/?path=%2Fhome%2Fdimen328%2Fmail%2F.licitacoes%40dimensaogrupo_com_br%2F.spam HTTP/2.0" 200 8266 "-" "Mozilla/5.0 AppleWebKit/537.36 (KHTML, like Gecko; compatible; GPTBot/1.2; +https://openai.com/gptbot)"
20.171.207.193 - - [15/Aug/2025:05:59:18 -0300] "GET /ef61ba/?path=%2F%2Fsys%2Fbus%2Fusb%2Fdrivers%2Fusb%2Fusb1%2Fdriver%2Fusb1%2F1-0%3A1.0%2Fsubsystem%2Fdrivers%2Fusb%2Fusb1%2F1-1%2Fdriver%2F1-1%2Fport%2Fdevice%2F1-1%3A1.0%2F0003%3A0627%3A0001.0001%2Fdriver%2F0003%3A0627%3A0001.0001%2Fsubsystem%2Fdrivers%2Fhid-generic%2F0003%3A0627%3A0001.0001%2Fsubsystem%2Fdevices%2F0003%3A0627%3A0001.0001%2Fhidraw%2Fhidraw0%2Fsubsystem%2Fhidraw0%2Fdevice%2Fdriver%2F0003%3A0627%3A0001.0001%2Fhidraw%2Fhidraw0 HTTP/2.0" 200 17222 "-" "Mozilla/5.0 AppleWebKit/537.36 (KHTML, like Gecko; compatible; GPTBot/1.2; +https://openai.com/gptbot)"
20.171.207.242 - - [15/Aug/2025:05:59:19 -0300] "GET /ef61ba/?path=%2Fhome%2Fdimen328%2Fmail%2F.diretor%40dimensaoservicos_com_br%2F.spam%2Fnew HTTP/2.0" 200 11688 "-" "Mozilla/5.0 AppleWebKit/537.36 (KHTML, like Gecko; compatible; GPTBot/1.2; +https://openai.com/gptbot)"
20.171.207.193 - - [15/Aug/2025:05:59:19 -0300] "GET /ef61ba/?path=%2F%2Fsys%2Fbus%2Fusb%2Fdrivers%2Fusb%2Fusb1%2Fdriver%2Fusb1%2F1-0%3A1.0%2Fsubsystem%2Fdrivers%2Fusb%2Fusb1%2F1-1%2Fdriver%2F1-1%2Fport%2Fdevice%2F1-1%3A1.0%2F0003%3A0627%3A0001.0001%2Fsubsystem%2Fdevices%2F0003%3A0627%3A0001.0001%2Fdriver%2F0003%3A0627%3A0001.0001%2Fsubsystem%2Fdrivers%2Fhid-generic%2F0003%3A0627%3A0001.0001%2Fhidraw%2Fhidraw0%2Fsubsystem%2Fhidraw0%2Fdevice%2Fdriver%2F0003%3A0627%3A0001.0001%2Fhidraw HTTP/2.0" 200 9879 "-" "Mozilla/5.0 AppleWebKit/537.36 (KHTML, like Gecko; compatible; GPTBot/1.2; +https://openai.com/gptbot)"
20.171.207.193 - - [15/Aug/2025:05:59:21 -0300] "GET /ef61ba/?path=%2F%2Fsys%2Fbus%2Fusb%2Fdrivers%2Fusb%2Fusb1%2Fdriver%2Fusb1%2F1-0%3A1.0%2Fsubsystem%2Fdrivers%2Fusb%2Fusb1%2F1-1%2Fdriver%2F1-1%2Fport%2Fdevice%2F1-1%3A1.0%2F0003%3A0627%3A0001.0001%2Fsubsystem%2Fdrivers%2Fhid-generic%2F0003%3A0627%3A0001.0001%2Fdriver%2F0003%3A0627%3A0001.0001%2Fsubsystem%2Fdevices%2F0003%3A0627%3A0001.0001%2Fhidraw%2Fhidraw0%2Fsubsystem%2Fhidraw0%2Fdevice%2Fdriver%2F0003%3A0627%3A0001.0001%2Fsubsystem%2Fdrivers HTTP/2.0" 200 32220 "-" "Mozilla/5.0 AppleWebKit/537.36 (KHTML, like Gecko; compatible; GPTBot/1.2; +https://openai.com/gptbot)"
20.171.207.242 - - [15/Aug/2025:05:59:21 -0300] "GET /ef61ba/?filesrc=%2Fhome%2Fdimen328%2Fmail%2F.contato%40dimensaoservicos_com_br%2F.spam%2Fnew%2F1740049058.M586666P13062.vps-6532726.dimensaogrupo.com.br%2CS%3D11041%2CW%3D11206&path=%2Fhome%2Fdimen328%2Fmail%2F.contato%40dimensaoservicos_com_br%2F.spam%2Fnew HTTP/2.0" 200 13338 "-" "Mozilla/5.0 AppleWebKit/537.36 (KHTML, like Gecko; compatible; GPTBot/1.2; +https://openai.com/gptbot)"
20.171.207.193 - - [15/Aug/2025:05:59:22 -0300] "GET /ef61ba/?path=%2F%2Fsys%2Fbus%2Fusb%2Fdrivers%2Fusb%2Fusb1%2Fdriver%2Fusb1%2F1-0%3A1.0%2Fsubsystem%2Fdrivers%2Fusb%2Fusb1%2F1-1%2Fdriver%2F1-1%2Fport%2Fdevice%2F1-1%3A1.0%2F0003%3A0627%3A0001.0001%2Fdriver%2F0003%3A0627%3A0001.0001%2Fsubsystem%2Fdrivers%2Fhid-generic%2F0003%3A0627%3A0001.0001%2Fsubsystem%2Fdevices%2F0003%3A0627%3A0001.0001%2Fhidraw%2Fhidraw0%2Fdevice%2Fdriver%2F0003%3A0627%3A0001.0001%2Fhidraw%2Fhidraw0%2Fsubsystem HTTP/2.0" 200 9890 "-" "Mozilla/5.0 AppleWebKit/537.36 (KHTML, like Gecko; compatible; GPTBot/1.2; +https://openai.com/gptbot)"
20.171.207.242 - - [15/Aug/2025:05:59:22 -0300] "GET /ef61ba/?filesrc=%2Fhome%2Fdimen328%2Fmail%2F.contato%40dimensaoservicos_com_br%2F.spam%2Fnew%2F1749697974.M291289P9488.vps-6532726.dimensaogrupo.com.br%2CS%3D9029%2CW%3D9179&path=%2Fhome%2Fdimen328%2Fmail%2F.contato%40dimensaoservicos_com_br%2F.spam%2Fnew HTTP/2.0" 200 11363 "-" "Mozilla/5.0 AppleWebKit/537.36 (KHTML, like Gecko; compatible; GPTBot/1.2; +https://openai.com/gptbot)"
20.171.207.193 - - [15/Aug/2025:05:59:23 -0300] "GET /ef61ba/?path=%2F%2Fsys%2Fbus%2Fusb%2Fdrivers%2Fusb%2Fusb1%2Fdriver%2Fusb1%2F1-0%3A1.0%2Fsubsystem%2Fdrivers%2Fusb%2Fusb1%2F1-1%2Fdriver%2F1-1%2Fport%2Fdevice%2F1-1%3A1.0%2F0003%3A0627%3A0001.0001%2Fsubsystem%2Fdrivers%2Fhid-generic%2F0003%3A0627%3A0001.0001%2Fdriver%2F0003%3A0627%3A0001.0001%2Fsubsystem%2Fdevices%2F0003%3A0627%3A0001.0001%2Fhidraw%2Fhidraw0%2Fsubsystem%2Fhidraw0%2Fdevice%2Fdriver%2F0003%3A0627%3A0001.0001%2Fdriver%2F0003%3A0627%3A0001.0001 HTTP/2.0" 200 23056 "-" "Mozilla/5.0 AppleWebKit/537.36 (KHTML, like Gecko; compatible; GPTBot/1.2; +https://openai.com/gptbot)"
20.171.207.193 - - [15/Aug/2025:05:59:24 -0300] "GET /ef61ba/?path=%2F%2Fsys%2Fbus%2Fusb%2Fdrivers%2Fusb%2Fusb1%2Fdriver%2Fusb1%2F1-0%3A1.0%2Fsubsystem%2Fdrivers%2Fusb%2Fusb1%2F1-1%2Fdriver%2F1-1%2Fport%2Fdevice%2F1-1%3A1.0%2F0003%3A0627%3A0001.0001%2Fsubsystem%2Fdrivers%2Fhid-generic%2F0003%3A0627%3A0001.0001%2Fsubsystem%2Fdevices%2F0003%3A0627%3A0001.0001%2Fdriver%2F0003%3A0627%3A0001.0001%2Fhidraw%2Fhidraw0%2Fsubsystem%2Fhidraw0%2Fdevice%2Fdriver%2F0003%3A0627%3A0001.0001%2Fsubsystem%2Fdrivers HTTP/2.0" 200 32215 "-" "Mozilla/5.0 AppleWebKit/537.36 (KHTML, like Gecko; compatible; GPTBot/1.2; +https://openai.com/gptbot)"
20.171.207.242 - - [15/Aug/2025:05:59:23 -0300] "GET /ef61ba/?filesrc=%2Fhome%2Fdimen328%2Fmail%2F.contato%40dimensaoservicos_com_br%2F.spam%2Fnew%2F1749701622.M591632P1573.vps-6532726.dimensaogrupo.com.br%2CS%3D9037%2CW%3D9187&path=%2Fhome%2Fdimen328%2Fmail%2F.contato%40dimensaoservicos_com_br%2F.spam%2Fnew HTTP/2.0" 200 11371 "-" "Mozilla/5.0 AppleWebKit/537.36 (KHTML, like Gecko; compatible; GPTBot/1.2; +https://openai.com/gptbot)"
20.171.207.242 - - [15/Aug/2025:05:59:24 -0300] "GET /ef61ba/?filesrc=%2Fhome%2Fdimen328%2Fmail%2F.contato%40dimensaoservicos_com_br%2F.spam%2Fnew%2F1736413669.M357622P1722.vps-6532726.dimensaogrupo.com.br%2CS%3D9452%2CW%3D9634&path=%2Fhome%2Fdimen328%2Fmail%2F.contato%40dimensaoservicos_com_br%2F.spam%2Fnew HTTP/2.0" 200 12870 "-" "Mozilla/5.0 AppleWebKit/537.36 (KHTML, like Gecko; compatible; GPTBot/1.2; +https://openai.com/gptbot)"
20.171.207.193 - - [15/Aug/2025:05:59:25 -0300] "GET /ef61ba/?path=%2F%2Fsys%2Fbus%2Fusb%2Fdrivers%2Fusb%2Fusb1%2Fdriver%2Fusb1%2F1-0%3A1.0%2Fsubsystem%2Fdrivers%2Fusb%2Fusb1%2F1-1%2Fdriver%2F1-1%2Fport%2Fdevice%2F1-1%3A1.0%2F0003%3A0627%3A0001.0001%2Fdriver%2F0003%3A0627%3A0001.0001%2Fsubsystem%2Fdrivers%2Fhid-generic%2F0003%3A0627%3A0001.0001%2Fsubsystem%2Fdevices%2F0003%3A0627%3A0001.0001%2Fhidraw%2Fhidraw0%2Fsubsystem%2Fhidraw0%2Fdevice%2Fdriver%2F0003%3A0627%3A0001.0001%2Fsubsystem%2Fdevices HTTP/2.0" 200 10330 "-" "Mozilla/5.0 AppleWebKit/537.36 (KHTML, like Gecko; compatible; GPTBot/1.2; +https://openai.com/gptbot)"
20.171.207.242 - - [15/Aug/2025:05:59:26 -0300] "GET /ef61ba/?filesrc=%2Fhome%2Fdimen328%2Fmail%2F.contato%40dimensaoservicos_com_br%2F.spam%2Fnew%2F1713031546.M515502P6043.vps-6532726.dimensaogrupo.com.br%2CS%3D4034%2CW%3D4126&path=%2Fhome%2Fdimen328%2Fmail%2F.contato%40dimensaoservicos_com_br%2F.spam%2Fnew HTTP/2.0" 200 2242 "-" "Mozilla/5.0 AppleWebKit/537.36 (KHTML, like Gecko; compatible; GPTBot/1.2; +https://openai.com/gptbot)"
20.171.207.193 - - [15/Aug/2025:05:59:26 -0300] "GET /ef61ba/?path=%2F%2Fsys%2Fbus%2Fusb%2Fdrivers%2Fusb%2Fusb1%2Fdriver%2Fusb1%2F1-0%3A1.0%2Fsubsystem%2Fdrivers%2Fusb%2Fusb1%2F1-1%2Fdriver%2F1-1%2Fport%2Fdevice%2F1-1%3A1.0%2F0003%3A0627%3A0001.0001%2Fsubsystem%2Fdrivers%2Fhid-generic%2F0003%3A0627%3A0001.0001%2Fsubsystem%2Fdevices%2F0003%3A0627%3A0001.0001%2Fdriver%2F0003%3A0627%3A0001.0001%2Fhidraw%2Fhidraw0%2Fsubsystem%2Fhidraw0%2Fdevice%2Fdriver%2F0003%3A0627%3A0001.0001%2Fdriver%2F0003%3A0627%3A0001.0001 HTTP/2.0" 200 23051 "-" "Mozilla/5.0 AppleWebKit/537.36 (KHTML, like Gecko; compatible; GPTBot/1.2; +https://openai.com/gptbot)"
20.171.207.242 - - [15/Aug/2025:05:59:27 -0300] "GET /ef61ba/?filesrc=%2Fhome%2Fdimen328%2Fmail%2F.contato%40dimensaoservicos_com_br%2F.spam%2Fnew%2F1738758643.M440039P30610.vps-6532726.dimensaogrupo.com.br%2CS%3D28545%2CW%3D28996&path=%2Fhome%2Fdimen328%2Fmail%2F.contato%40dimensaoservicos_com_br%2F.spam%2Fnew HTTP/2.0" 200 39686 "-" "Mozilla/5.0 AppleWebKit/537.36 (KHTML, like Gecko; compatible; GPTBot/1.2; +https://openai.com/gptbot)"
20.171.207.193 - - [15/Aug/2025:05:59:28 -0300] "GET /ef61ba/?path=%2F%2Fsys%2Fbus%2Fusb%2Fdrivers%2Fusb%2Fusb1%2Fdriver%2Fusb1%2F1-0%3A1.0%2Fsubsystem%2Fdrivers%2Fusb%2Fusb1%2F1-1%2Fdriver%2F1-1%2Fport%2Fdevice%2F1-1%3A1.0%2F0003%3A0627%3A0001.0001%2Fsubsystem%2Fdrivers%2Fhid-generic%2F0003%3A0627%3A0001.0001%2Fsubsystem%2Fdevices%2F0003%3A0627%3A0001.0001%2Fdriver%2F0003%3A0627%3A0001.0001%2Fhidraw%2Fhidraw0%2Fsubsystem%2Fhidraw0%2Fdevice%2Fdriver%2F0003%3A0627%3A0001.0001%2Fsubsystem%2Fdevices HTTP/2.0" 200 10317 "-" "Mozilla/5.0 AppleWebKit/537.36 (KHTML, like Gecko; compatible; GPTBot/1.2; +https://openai.com/gptbot)"
20.171.207.242 - - [15/Aug/2025:05:59:28 -0300] "GET /ef61ba/?filesrc=%2Fhome%2Fdimen328%2Fmail%2F.contato%40dimensaoservicos_com_br%2F.spam%2Fnew%2F1740925768.M252158P15889.vps-6532726.dimensaogrupo.com.br%2CS%3D14806%2CW%3D15019&path=%2Fhome%2Fdimen328%2Fmail%2F.contato%40dimensaoservicos_com_br%2F.spam%2Fnew HTTP/2.0" 200 17103 "-" "Mozilla/5.0 AppleWebKit/537.36 (KHTML, like Gecko; compatible; GPTBot/1.2; +https://openai.com/gptbot)"
20.171.207.193 - - [15/Aug/2025:05:59:29 -0300] "GET /ef61ba/?path=%2F%2Fsys%2Fbus%2Fusb%2Fdrivers%2Fusb%2Fusb1%2Fdriver%2Fusb1%2F1-0%3A1.0%2Fsubsystem%2Fdrivers%2Fusb%2Fusb1%2F1-1%2Fdriver%2F1-1%2Fport%2Fdevice%2F1-1%3A1.0%2F0003%3A0627%3A0001.0001%2Fsubsystem%2Fdrivers%2Fhid-generic%2F0003%3A0627%3A0001.0001%2Fsubsystem%2Fdevices%2F0003%3A0627%3A0001.0001%2Fdriver%2F0003%3A0627%3A0001.0001%2Fhidraw%2Fhidraw0%2Fsubsystem%2Fhidraw0%2Fdevice%2Fdriver%2F0003%3A0627%3A0001.0001%2Fhidraw%2Fhidraw0 HTTP/2.0" 200 17209 "-" "Mozilla/5.0 AppleWebKit/537.36 (KHTML, like Gecko; compatible; GPTBot/1.2; +https://openai.com/gptbot)"
20.171.207.242 - - [15/Aug/2025:05:59:29 -0300] "GET /ef61ba/?filesrc=%2Fhome%2Fdimen328%2Fmail%2F.contato%40dimensaoservicos_com_br%2F.spam%2Fnew%2F1733313843.M535212P1981.vps-6532726.dimensaogrupo.com.br%2CS%3D9288%2CW%3D9515&path=%2Fhome%2Fdimen328%2Fmail%2F.contato%40dimensaoservicos_com_br%2F.spam%2Fnew HTTP/2.0" 200 12606 "-" "Mozilla/5.0 AppleWebKit/537.36 (KHTML, like Gecko; compatible; GPTBot/1.2; +https://openai.com/gptbot)"
20.171.207.193 - - [15/Aug/2025:05:59:30 -0300] "GET /ef61ba/?path=%2F%2Fsys%2Fbus%2Fusb%2Fdrivers%2Fusb%2Fusb1%2Fdriver%2Fusb1%2F1-0%3A1.0%2Fsubsystem%2Fdrivers%2Fusb%2Fusb1%2F1-1%2Fdriver%2F1-1%2Fport%2Fdevice%2F1-1%3A1.0%2F0003%3A0627%3A0001.0001%2Fdriver%2F0003%3A0627%3A0001.0001%2Fsubsystem%2Fdevices%2F0003%3A0627%3A0001.0001%2Fsubsystem%2Fdrivers%2Fhid-generic%2F0003%3A0627%3A0001.0001%2Fhidraw%2Fhidraw0%2Fdevice%2Fdriver%2F0003%3A0627%3A0001.0001%2Fhidraw%2Fhidraw0%2Fsubsystem HTTP/2.0" 200 9892 "-" "Mozilla/5.0 AppleWebKit/537.36 (KHTML, like Gecko; compatible; GPTBot/1.2; +https://openai.com/gptbot)"
40.77.167.155 - - [15/Aug/2025:05:59:30 -0300] "GET /item/unxf14fbwcx25791.htm HTTP/2.0" 404 10429 "-" "Mozilla/5.0 AppleWebKit/537.36 (KHTML, like Gecko; compatible; bingbot/2.0; +http://www.bing.com/bingbot.htm) Chrome/116.0.1938.76 Safari/537.36"
20.171.207.242 - - [15/Aug/2025:05:59:30 -0300] "GET /ef61ba/?filesrc=%2Fhome%2Fdimen328%2Fmail%2F.contato%40dimensaoservicos_com_br%2F.spam%2Fnew%2F1749680049.M447507P18723.vps-6532726.dimensaogrupo.com.br%2CS%3D8849%2CW%3D8996&path=%2Fhome%2Fdimen328%2Fmail%2F.contato%40dimensaoservicos_com_br%2F.spam%2Fnew HTTP/2.0" 200 11184 "-" "Mozilla/5.0 AppleWebKit/537.36 (KHTML, like Gecko; compatible; GPTBot/1.2; +https://openai.com/gptbot)"
20.171.207.193 - - [15/Aug/2025:05:59:31 -0300] "GET /ef61ba/?path=%2F%2Fsys%2Fbus%2Fusb%2Fdrivers%2Fusb%2Fusb1%2Fdriver%2Fusb1%2F1-0%3A1.0%2Fsubsystem%2Fdrivers%2Fusb%2Fusb1%2F1-1%2Fdriver%2F1-1%2Fport%2Fdevice%2F1-1%3A1.0%2F0003%3A0627%3A0001.0001%2Fdriver%2F0003%3A0627%3A0001.0001%2Fsubsystem%2Fdrivers%2Fhid-generic%2F0003%3A0627%3A0001.0001%2Fsubsystem%2Fdevices%2F0003%3A0627%3A0001.0001%2Fhidraw%2Fhidraw0%2Fsubsystem%2Fhidraw0%2Fdevice%2Fdriver%2F0003%3A0627%3A0001.0001%2Fdriver%2F0003%3A0627%3A0001.0001 HTTP/2.0" 200 23064 "-" "Mozilla/5.0 AppleWebKit/537.36 (KHTML, like Gecko; compatible; GPTBot/1.2; +https://openai.com/gptbot)"
20.171.207.242 - - [15/Aug/2025:05:59:31 -0300] "GET /ef61ba/?filesrc=%2Fhome%2Fdimen328%2Fmail%2F.contato%40dimensaoservicos_com_br%2F.spam%2Fnew%2F1662155667.M113058P3758.vps-6532726.dimensaogrupo.com.br%2CS%3D14372%2CW%3D14650&path=%2Fhome%2Fdimen328%2Fmail%2F.contato%40dimensaoservicos_com_br%2F.spam%2Fnew HTTP/2.0" 200 19930 "-" "Mozilla/5.0 AppleWebKit/537.36 (KHTML, like Gecko; compatible; GPTBot/1.2; +https://openai.com/gptbot)"
20.171.207.193 - - [15/Aug/2025:05:59:32 -0300] "GET /ef61ba/?path=%2F%2Fsys%2Fbus%2Fusb%2Fdrivers%2Fusb%2Fusb1%2Fdriver%2Fusb1%2F1-0%3A1.0%2Fsubsystem%2Fdrivers%2Fusb%2Fusb1%2F1-1%2Fdriver%2F1-1%2Fport%2Fdevice%2F1-1%3A1.0%2F0003%3A0627%3A0001.0001%2Fsubsystem%2Fdrivers%2Fhid-generic%2F0003%3A0627%3A0001.0001%2Fdriver%2F0003%3A0627%3A0001.0001%2Fsubsystem%2Fdevices%2F0003%3A0627%3A0001.0001%2Fhidraw%2Fhidraw0%2Fsubsystem%2Fhidraw0%2Fdevice%2Fdriver%2F0003%3A0627%3A0001.0001%2Fhidraw%2Fhidraw0 HTTP/2.0" 200 17214 "-" "Mozilla/5.0 AppleWebKit/537.36 (KHTML, like Gecko; compatible; GPTBot/1.2; +https://openai.com/gptbot)"
20.171.207.242 - - [15/Aug/2025:05:59:33 -0300] "GET /ef61ba/?filesrc=%2Fhome%2Fdimen328%2Fmail%2F.contato%40dimensaoservicos_com_br%2F.spam%2Fnew%2F1751844643.M404214P14604.vps-6532726.dimensaogrupo.com.br%2CS%3D9294%2CW%3D9447&path=%2Fhome%2Fdimen328%2Fmail%2F.contato%40dimensaoservicos_com_br%2F.spam%2Fnew HTTP/2.0" 200 11647 "-" "Mozilla/5.0 AppleWebKit/537.36 (KHTML, like Gecko; compatible; GPTBot/1.2; +https://openai.com/gptbot)"
20.171.207.193 - - [15/Aug/2025:05:59:33 -0300] "GET /ef61ba/?path=%2F%2Fsys%2Fbus%2Fusb%2Fdrivers%2Fusb%2Fusb1%2Fdriver%2Fusb1%2F1-0%3A1.0%2Fsubsystem%2Fdrivers%2Fusb%2Fusb1%2F1-1%2Fdriver%2F1-1%2Fport%2Fdevice%2F1-1%3A1.0%2F0003%3A0627%3A0001.0001%2Fdriver%2F0003%3A0627%3A0001.0001%2Fsubsystem%2Fdrivers%2Fhid-generic%2F0003%3A0627%3A0001.0001%2Fsubsystem%2Fdevices%2F0003%3A0627%3A0001.0001%2Fhidraw%2Fhidraw0%2Fdevice%2Fdriver%2F0003%3A0627%3A0001.0001%2Fhidraw%2Fhidraw0%2Fdevice HTTP/2.0" 200 22040 "-" "Mozilla/5.0 AppleWebKit/537.36 (KHTML, like Gecko; compatible; GPTBot/1.2; +https://openai.com/gptbot)"
20.171.207.242 - - [15/Aug/2025:05:59:34 -0300] "GET /ef61ba/?filesrc=%2Fhome%2Fdimen328%2Fmail%2F.contato%40dimensaoservicos_com_br%2F.spam%2Fnew%2F1738837434.M160115P14950.vps-6532726.dimensaogrupo.com.br%2CS%3D8066%2CW%3D8205&path=%2Fhome%2Fdimen328%2Fmail%2F.contato%40dimensaoservicos_com_br%2F.spam%2Fnew HTTP/2.0" 200 10413 "-" "Mozilla/5.0 AppleWebKit/537.36 (KHTML, like Gecko; compatible; GPTBot/1.2; +https://openai.com/gptbot)"
20.171.207.49 - - [15/Aug/2025:05:59:34 -0300] "GET /ef61ba/?filesrc=%2Fhome%2Fdimen328%2Fmail%2F.aprendizdp%40dimensaogrupo_com_br%2F.spam%2Fnew%2F1752098073.M423339P12721.vps-6532726.dimensaogrupo.com.br%2CS%3D10780%2CW%3D10998&path=%2Fhome%2Fdimen328%2Fmail%2F.aprendizdp%40dimensaogrupo_com_br%2F.spam%2Fnew HTTP/2.0" 200 14087 "-" "Mozilla/5.0 AppleWebKit/537.36 (KHTML, like Gecko; compatible; GPTBot/1.2; +https://openai.com/gptbot)"
20.171.207.193 - - [15/Aug/2025:05:59:35 -0300] "GET /ef61ba/?filesrc=%2F%2Fsys%2Fbus%2Fusb%2Fdrivers%2Fusb%2Fusb1%2Fdriver%2Fusb1%2F1-0%3A1.0%2Fsubsystem%2Fdrivers%2Fusb%2Fusb1%2F1-1%2Fdriver%2F1-1%2Fport%2Fdevice%2F1-1%3A1.0%2F0003%3A0627%3A0001.0001%2Fsubsystem%2Fdevices%2F0003%3A0627%3A0001.0001%2Fdriver%2F0003%3A0627%3A0001.0001%2Fsubsystem%2Fdrivers%2Fhid-generic%2F0003%3A0627%3A0001.0001%2Fhidraw%2Fhidraw0%2Fsubsystem%2Fhidraw0%2Fdevice%2Fdriver%2F0003%3A0627%3A0001.0001%2Fpower%2Fautosuspend_delay_ms&path=%2F%2Fsys%2Fbus%2Fusb%2Fdrivers%2Fusb%2Fusb1%2Fdriver%2Fusb1%2F1-0%3A1.0%2Fsubsystem%2Fdrivers%2Fusb%2Fusb1%2F1-1%2Fdriver%2F1-1%2Fport%2Fdevice%2F1-1%3A1.0%2F0003%3A0627%3A0001.0001%2Fsubsystem%2Fdevices%2F0003%3A0627%3A0001.0001%2Fdriver%2F0003%3A0627%3A0001.0001%2Fsubsystem%2Fdrivers%2Fhid-generic%2F0003%3A0627%3A0001.0001%2Fhidraw%2Fhidraw0%2Fsubsystem%2Fhidraw0%2Fdevice%2Fdriver%2F0003%3A0627%3A0001.0001%2Fpower HTTP/2.0" 200 8378 "-" "Mozilla/5.0 AppleWebKit/537.36 (KHTML, like Gecko; compatible; GPTBot/1.2; +https://openai.com/gptbot)"
20.171.207.242 - - [15/Aug/2025:05:59:35 -0300] "GET /ef61ba/?filesrc=%2Fhome%2Fdimen328%2Fmail%2F.contato%40dimensaoservicos_com_br%2F.spam%2Fnew%2F1655076041.M483977P8715.vps-6532726.dimensaogrupo.com.br%2CS%3D16227%2CW%3D16522&path=%2Fhome%2Fdimen328%2Fmail%2F.contato%40dimensaoservicos_com_br%2F.spam%2Fnew HTTP/2.0" 200 20641 "-" "Mozilla/5.0 AppleWebKit/537.36 (KHTML, like Gecko; compatible; GPTBot/1.2; +https://openai.com/gptbot)"
20.171.207.193 - - [15/Aug/2025:05:59:36 -0300] "GET /ef61ba/?path=%2F%2Fsys%2Fbus%2Fusb%2Fdrivers%2Fusb%2Fusb1%2Fdriver%2Fusb1%2F1-0%3A1.0%2Fsubsystem%2Fdrivers%2Fusb%2Fusb1%2F1-1%2Fdriver%2F1-1%2Fport%2Fdevice%2F1-1%3A1.0%2F0003%3A0627%3A0001.0001%2Fsubsystem%2Fdevices%2F0003%3A0627%3A0001.0001%2Fdriver%2F0003%3A0627%3A0001.0001%2Fsubsystem%2Fdrivers%2Fhid-generic%2F0003%3A0627%3A0001.0001%2Fhidraw%2Fhidraw0%2Fsubsystem%2Fhidraw0%2Fdevice%2Fdriver%2F0003%3A0627%3A0001.0001%2Fdriver%2F0003%3A0627%3A0001.0001 HTTP/2.0" 200 23061 "-" "Mozilla/5.0 AppleWebKit/537.36 (KHTML, like Gecko; compatible; GPTBot/1.2; +https://openai.com/gptbot)"
20.171.207.242 - - [15/Aug/2025:05:59:36 -0300] "GET /ef61ba/?filesrc=%2Fhome%2Fdimen328%2Fmail%2F.contato%40dimensaoservicos_com_br%2F.spam%2Fnew%2F1744243676.M338135P24150.vps-6532726.dimensaogrupo.com.br%2CS%3D9378%2CW%3D9536&path=%2Fhome%2Fdimen328%2Fmail%2F.contato%40dimensaoservicos_com_br%2F.spam%2Fnew HTTP/2.0" 200 11731 "-" "Mozilla/5.0 AppleWebKit/537.36 (KHTML, like Gecko; compatible; GPTBot/1.2; +https://openai.com/gptbot)"
20.171.207.193 - - [15/Aug/2025:05:59:37 -0300] "GET /ef61ba/?path=%2F%2Fsys%2Fbus%2Fusb%2Fdrivers%2Fusb%2Fusb1%2Fdriver%2Fusb1%2F1-0%3A1.0%2Fsubsystem%2Fdrivers%2Fusb%2Fusb1%2F1-1%2Fdriver%2F1-1%2Fport%2Fdevice%2F1-1%3A1.0%2F0003%3A0627%3A0001.0001%2Fsubsystem%2Fdevices%2F0003%3A0627%3A0001.0001%2Fdriver%2F0003%3A0627%3A0001.0001%2Fsubsystem%2Fdrivers%2Fhid-generic%2F0003%3A0627%3A0001.0001%2Fhidraw%2Fhidraw0%2Fsubsystem%2Fhidraw0%2Fdevice%2Fdriver%2F0003%3A0627%3A0001.0001%2Fsubsystem%2Fdevices HTTP/2.0" 200 10327 "-" "Mozilla/5.0 AppleWebKit/537.36 (KHTML, like Gecko; compatible; GPTBot/1.2; +https://openai.com/gptbot)"
20.171.207.242 - - [15/Aug/2025:05:59:37 -0300] "GET /ef61ba/?filesrc=%2Fhome%2Fdimen328%2Fmail%2F.contato%40dimensaoservicos_com_br%2F.spam%2Fnew%2F1702381960.M559678P14479.vps-6532726.dimensaogrupo.com.br%2CS%3D4324%2CW%3D4412&path=%2Fhome%2Fdimen328%2Fmail%2F.contato%40dimensaoservicos_com_br%2F.spam%2Fnew HTTP/2.0" 200 6861 "-" "Mozilla/5.0 AppleWebKit/537.36 (KHTML, like Gecko; compatible; GPTBot/1.2; +https://openai.com/gptbot)"
66.249.75.72 - - [15/Aug/2025:05:59:38 -0300] "GET /product/wound66?c=g&l=78 HTTP/1.1" 404 10435 "-" "Mozilla/5.0 (compatible; Googlebot/2.1; +http://www.google.com/bot.html)"
20.171.207.193 - - [15/Aug/2025:05:59:38 -0300] "GET /ef61ba/?path=%2F%2Fsys%2Fbus%2Fusb%2Fdrivers%2Fusb%2Fusb1%2Fdriver%2Fusb1%2F1-0%3A1.0%2Fsubsystem%2Fdrivers%2Fusb%2Fusb1%2F1-1%2Fdriver%2F1-1%2Fport%2Fdevice%2F1-1%3A1.0%2F0003%3A0627%3A0001.0001%2Fsubsystem%2Fdrivers%2Fhid-generic%2F0003%3A0627%3A0001.0001%2Fsubsystem%2Fdevices%2F0003%3A0627%3A0001.0001%2Fdriver%2F0003%3A0627%3A0001.0001%2Fhidraw%2Fhidraw0%2Fsubsystem%2Fhidraw0%2Fdevice%2Fdriver%2F0003%3A0627%3A0001.0001%2Fdriver%2F0003%3A0627%3A0001.0001 HTTP/2.0" 200 23051 "-" "Mozilla/5.0 AppleWebKit/537.36 (KHTML, like Gecko; compatible; GPTBot/1.2; +https://openai.com/gptbot)"
20.171.207.242 - - [15/Aug/2025:05:59:38 -0300] "GET /ef61ba/?filesrc=%2Fhome%2Fdimen328%2Fmail%2F.contato%40dimensaoservicos_com_br%2F.spam%2Fnew%2F1726858358.M198367P18953.vps-6532726.dimensaogrupo.com.br%2CS%3D9176%2CW%3D9344&path=%2Fhome%2Fdimen328%2Fmail%2F.contato%40dimensaoservicos_com_br%2F.spam%2Fnew HTTP/2.0" 200 2243 "-" "Mozilla/5.0 AppleWebKit/537.36 (KHTML, like Gecko; compatible; GPTBot/1.2; +https://openai.com/gptbot)"
20.171.207.49 - - [15/Aug/2025:05:59:39 -0300] "GET /ef61ba/?filesrc=%2Fhome%2Fdimen328%2Fmail%2F.aprendizdp%40dimensaogrupo_com_br%2F.spam%2Fnew%2F1747864181.M610929P24556.vps-6532726.dimensaogrupo.com.br%2CS%3D10892%2CW%3D11132&path=%2Fhome%2Fdimen328%2Fmail%2F.aprendizdp%40dimensaogrupo_com_br%2F.spam%2Fnew HTTP/2.0" 200 14571 "-" "Mozilla/5.0 AppleWebKit/537.36 (KHTML, like Gecko; compatible; GPTBot/1.2; +https://openai.com/gptbot)"
20.171.207.193 - - [15/Aug/2025:05:59:39 -0300] "GET /ef61ba/?path=%2F%2Fsys%2Fbus%2Fusb%2Fdrivers%2Fusb%2Fusb1%2Fdriver%2Fusb1%2F1-0%3A1.0%2Fsubsystem%2Fdrivers%2Fusb%2Fusb1%2F1-1%2Fdriver%2F1-1%2Fport%2Fdevice%2F1-1%3A1.0%2F0003%3A0627%3A0001.0001%2Fdriver%2F0003%3A0627%3A0001.0001%2Fsubsystem%2Fdrivers%2Fhid-generic%2F0003%3A0627%3A0001.0001%2Fsubsystem%2Fdevices%2F0003%3A0627%3A0001.0001%2Fhidraw%2Fhidraw0%2Fsubsystem%2Fhidraw0%2Fdevice%2Fdriver%2F0003%3A0627%3A0001.0001%2Fhidraw%2Fhidraw0%2Fpower HTTP/2.0" 200 26985 "-" "Mozilla/5.0 AppleWebKit/537.36 (KHTML, like Gecko; compatible; GPTBot/1.2; +https://openai.com/gptbot)"
20.171.207.242 - - [15/Aug/2025:05:59:40 -0300] "GET /ef61ba/?filesrc=%2Fhome%2Fdimen328%2Fmail%2F.contato%40dimensaoservicos_com_br%2F.spam%2Fnew%2F1741791689.M95899P6601.vps-6532726.dimensaogrupo.com.br%2CS%3D10699%2CW%3D10903&path=%2Fhome%2Fdimen328%2Fmail%2F.contato%40dimensaoservicos_com_br%2F.spam%2Fnew HTTP/2.0" 200 14548 "-" "Mozilla/5.0 AppleWebKit/537.36 (KHTML, like Gecko; compatible; GPTBot/1.2; +https://openai.com/gptbot)"
20.171.207.49 - - [15/Aug/2025:05:59:40 -0300] "GET /ef61ba/?filesrc=%2Fhome%2Fdimen328%2Fmail%2F.aprendizdp%40dimensaogrupo_com_br%2F.spam%2Fnew%2F1749604408.M295123P22262.vps-6532726.dimensaogrupo.com.br%2CS%3D13504%2CW%3D13706&path=%2Fhome%2Fdimen328%2Fmail%2F.aprendizdp%40dimensaogrupo_com_br%2F.spam%2Fnew HTTP/2.0" 200 15801 "-" "Mozilla/5.0 AppleWebKit/537.36 (KHTML, like Gecko; compatible; GPTBot/1.2; +https://openai.com/gptbot)"
20.171.207.193 - - [15/Aug/2025:05:59:40 -0300] "GET /ef61ba/?path=%2F%2Fsys%2Fbus%2Fusb%2Fdrivers%2Fusb%2Fusb1%2Fdriver%2Fusb1%2F1-0%3A1.0%2Fsubsystem%2Fdrivers%2Fusb%2Fusb1%2F1-1%2Fdriver%2F1-1%2Fport%2Fdevice%2F1-1%3A1.0%2F0003%3A0627%3A0001.0001%2Fdriver%2F0003%3A0627%3A0001.0001%2Fsubsystem%2Fdrivers%2Fhid-generic%2F0003%3A0627%3A0001.0001%2Fsubsystem%2Fdevices%2F0003%3A0627%3A0001.0001%2Fhidraw%2Fhidraw0%2Fsubsystem%2Fhidraw0%2Fdevice%2Fdriver%2F0003%3A0627%3A0001.0001%2Fhidraw%2Fhidraw0%2Fdevice HTTP/2.0" 200 23264 "-" "Mozilla/5.0 AppleWebKit/537.36 (KHTML, like Gecko; compatible; GPTBot/1.2; +https://openai.com/gptbot)"
20.171.207.242 - - [15/Aug/2025:05:59:41 -0300] "GET /ef61ba/?filesrc=%2Fhome%2Fdimen328%2Fmail%2F.contato%40dimensaoservicos_com_br%2F.spam%2Fnew%2F1749051532.M127320P10197.vps-6532726.dimensaogrupo.com.br%2CS%3D6095%2CW%3D6205&path=%2Fhome%2Fdimen328%2Fmail%2F.contato%40dimensaoservicos_com_br%2F.spam%2Fnew HTTP/2.0" 200 8430 "-" "Mozilla/5.0 AppleWebKit/537.36 (KHTML, like Gecko; compatible; GPTBot/1.2; +https://openai.com/gptbot)"
20.171.207.193 - - [15/Aug/2025:05:59:41 -0300] "GET /ef61ba/?path=%2F%2Fsys%2Fbus%2Fusb%2Fdrivers%2Fusb%2Fusb1%2Fdriver%2Fusb1%2F1-0%3A1.0%2Fsubsystem%2Fdrivers%2Fusb%2Fusb1%2F1-1%2Fdriver%2F1-1%2Fport%2Fdevice%2F1-1%3A1.0%2F0003%3A0627%3A0001.0001%2Fsubsystem%2Fdrivers%2Fhid-generic%2F0003%3A0627%3A0001.0001%2Fdriver%2F0003%3A0627%3A0001.0001%2Fsubsystem%2Fdevices%2F0003%3A0627%3A0001.0001%2Fhidraw%2Fhidraw0%2Fsubsystem%2Fhidraw0%2Fdevice%2Fdriver%2F0003%3A0627%3A0001.0001%2Fsubsystem%2Fdrivers%2Fezkey HTTP/2.0" 200 17034 "-" "Mozilla/5.0 AppleWebKit/537.36 (KHTML, like Gecko; compatible; GPTBot/1.2; +https://openai.com/gptbot)"
20.171.207.242 - - [15/Aug/2025:05:59:42 -0300] "GET /ef61ba/?filesrc=%2Fhome%2Fdimen328%2Fmail%2F.contato%40dimensaoservicos_com_br%2F.spam%2Fnew%2F1710245915.M515575P8686.vps-6532726.dimensaogrupo.com.br%2CS%3D67100%2CW%3D68002&path=%2Fhome%2Fdimen328%2Fmail%2F.contato%40dimensaoservicos_com_br%2F.spam%2Fnew HTTP/2.0" 200 69428 "-" "Mozilla/5.0 AppleWebKit/537.36 (KHTML, like Gecko; compatible; GPTBot/1.2; +https://openai.com/gptbot)"
20.171.207.49 - - [15/Aug/2025:05:59:41 -0300] "GET /ef61ba/?filesrc=%2Fhome%2Fdimen328%2Fmail%2F.aprendizdp%40dimensaogrupo_com_br%2F.spam%2Fnew%2F1739472555.M125396P22472.vps-6532726.dimensaogrupo.com.br%2CS%3D13338%2CW%3D13535&path=%2Fhome%2Fdimen328%2Fmail%2F.aprendizdp%40dimensaogrupo_com_br%2F.spam%2Fnew HTTP/2.0" 200 15635 "-" "Mozilla/5.0 AppleWebKit/537.36 (KHTML, like Gecko; compatible; GPTBot/1.2; +https://openai.com/gptbot)"
20.171.207.49 - - [15/Aug/2025:05:59:42 -0300] "GET /ef61ba/?filesrc=%2Fhome%2Fdimen328%2Fmail%2F.aprendizdp%40dimensaogrupo_com_br%2F.spam%2Fnew%2F1724694392.M549779P15366.vps-6532726.dimensaogrupo.com.br%2CS%3D65000%2CW%3D65874&path=%2Fhome%2Fdimen328%2Fmail%2F.aprendizdp%40dimensaogrupo_com_br%2F.spam%2Fnew HTTP/2.0" 200 67309 "-" "Mozilla/5.0 AppleWebKit/537.36 (KHTML, like Gecko; compatible; GPTBot/1.2; +https://openai.com/gptbot)"
20.171.207.193 - - [15/Aug/2025:05:59:43 -0300] "GET /ef61ba/?path=%2F%2Fsys%2Fbus%2Fusb%2Fdrivers%2Fusb%2Fusb1%2Fdriver%2Fusb1%2F1-0%3A1.0%2Fsubsystem%2Fdrivers%2Fusb%2Fusb1%2F1-1%2Fdriver%2F1-1%2Fport%2Fdevice%2F1-1%3A1.0%2F0003%3A0627%3A0001.0001%2Fsubsystem%2Fdrivers%2Fhid-generic%2F0003%3A0627%3A0001.0001%2Fdriver%2F0003%3A0627%3A0001.0001%2Fsubsystem%2Fdevices%2F0003%3A0627%3A0001.0001%2Fhidraw%2Fhidraw0%2Fsubsystem%2Fhidraw0%2Fdevice%2Fdriver%2F0003%3A0627%3A0001.0001%2Fsubsystem%2Fdrivers%2Fmonterey HTTP/2.0" 200 17088 "-" "Mozilla/5.0 AppleWebKit/537.36 (KHTML, like Gecko; compatible; GPTBot/1.2; +https://openai.com/gptbot)"
20.171.207.242 - - [15/Aug/2025:05:59:43 -0300] "GET /ef61ba/?filesrc=%2Fhome%2Fdimen328%2Fmail%2F.contato%40dimensaoservicos_com_br%2F.spam%2Fnew%2F1752750830.M202836P1857.vps-6532726.dimensaogrupo.com.br%2CS%3D35136%2CW%3D35698&path=%2Fhome%2Fdimen328%2Fmail%2F.contato%40dimensaoservicos_com_br%2F.spam%2Fnew HTTP/2.0" 200 46458 "-" "Mozilla/5.0 AppleWebKit/537.36 (KHTML, like Gecko; compatible; GPTBot/1.2; +https://openai.com/gptbot)"
20.171.207.193 - - [15/Aug/2025:05:59:44 -0300] "GET /ef61ba/?path=%2F%2Fsys%2Fbus%2Fusb%2Fdrivers%2Fusb%2Fusb1%2Fdriver%2Fusb1%2F1-0%3A1.0%2Fsubsystem%2Fdrivers%2Fusb%2Fusb1%2F1-1%2Fdriver%2F1-1%2Fport%2Fdevice%2F1-1%3A1.0%2F0003%3A0627%3A0001.0001%2Fsubsystem%2Fdrivers%2Fhid-generic%2F0003%3A0627%3A0001.0001%2Fdriver%2F0003%3A0627%3A0001.0001%2Fsubsystem%2Fdevices%2F0003%3A0627%3A0001.0001%2Fhidraw%2Fhidraw0%2Fsubsystem%2Fhidraw0%2Fdevice%2Fdriver%2F0003%3A0627%3A0001.0001%2Fsubsystem%2Fdrivers%2Fntrig HTTP/2.0" 200 18613 "-" "Mozilla/5.0 AppleWebKit/537.36 (KHTML, like Gecko; compatible; GPTBot/1.2; +https://openai.com/gptbot)"
20.171.207.242 - - [15/Aug/2025:05:59:44 -0300] "GET /ef61ba/?filesrc=%2Fhome%2Fdimen328%2Fmail%2F.contato%40dimensaoservicos_com_br%2F.spam%2Fnew%2F1723671153.M491496P7692.vps-6532726.dimensaogrupo.com.br%2CS%3D16130%2CW%3D16433&path=%2Fhome%2Fdimen328%2Fmail%2F.contato%40dimensaoservicos_com_br%2F.spam%2Fnew HTTP/2.0" 200 21248 "-" "Mozilla/5.0 AppleWebKit/537.36 (KHTML, like Gecko; compatible; GPTBot/1.2; +https://openai.com/gptbot)"
20.171.207.193 - - [15/Aug/2025:05:59:45 -0300] "GET /ef61ba/?path=%2F%2Fsys%2Fbus%2Fusb%2Fdrivers%2Fusb%2Fusb1%2Fdriver%2Fusb1%2F1-0%3A1.0%2Fsubsystem%2Fdrivers%2Fusb%2Fusb1%2F1-1%2Fdriver%2F1-1%2Fport%2Fdevice%2F1-1%3A1.0%2F0003%3A0627%3A0001.0001%2Fsubsystem%2Fdrivers%2Fhid-generic%2F0003%3A0627%3A0001.0001%2Fsubsystem%2Fdevices%2F0003%3A0627%3A0001.0001%2Fdriver%2F0003%3A0627%3A0001.0001%2Fhidraw%2Fhidraw0%2Fsubsystem%2Fhidraw0%2Fdevice%2Fdriver%2F0003%3A0627%3A0001.0001%2Fsubsystem%2Fdrivers%2Fapple HTTP/2.0" 200 18608 "-" "Mozilla/5.0 AppleWebKit/537.36 (KHTML, like Gecko; compatible; GPTBot/1.2; +https://openai.com/gptbot)"
20.171.207.242 - - [15/Aug/2025:05:59:45 -0300] "GET /ef61ba/?filesrc=%2Fhome%2Fdimen328%2Fmail%2F.contato%40dimensaoservicos_com_br%2F.spam%2Fnew%2F1746739699.M387927P5807.vps-6532726.dimensaogrupo.com.br%2CS%3D11575%2CW%3D11759&path=%2Fhome%2Fdimen328%2Fmail%2F.contato%40dimensaoservicos_com_br%2F.spam%2Fnew HTTP/2.0" 200 13923 "-" "Mozilla/5.0 AppleWebKit/537.36 (KHTML, like Gecko; compatible; GPTBot/1.2; +https://openai.com/gptbot)"
20.171.207.49 - - [15/Aug/2025:05:59:46 -0300] "GET /ef61ba/?filesrc=%2Fhome%2Fdimen328%2Fmail%2F.aprendizdp%40dimensaogrupo_com_br%2F.spam%2Fnew%2F1751316817.M237815P27508.vps-6532726.dimensaogrupo.com.br%2CS%3D11175%2CW%3D11352&path=%2Fhome%2Fdimen328%2Fmail%2F.aprendizdp%40dimensaogrupo_com_br%2F.spam%2Fnew HTTP/2.0" 200 13512 "-" "Mozilla/5.0 AppleWebKit/537.36 (KHTML, like Gecko; compatible; GPTBot/1.2; +https://openai.com/gptbot)"
20.171.207.193 - - [15/Aug/2025:05:59:46 -0300] "GET /ef61ba/?path=%2F%2Fsys%2Fbus%2Fusb%2Fdrivers%2Fusb%2Fusb1%2Fdriver%2Fusb1%2F1-0%3A1.0%2Fsubsystem%2Fdrivers%2Fusb%2Fusb1%2F1-1%2Fdriver%2F1-1%2Fport%2Fdevice%2F1-1%3A1.0%2F0003%3A0627%3A0001.0001%2Fsubsystem%2Fdrivers%2Fhid-generic%2F0003%3A0627%3A0001.0001%2Fsubsystem%2Fdevices%2F0003%3A0627%3A0001.0001%2Fdriver%2F0003%3A0627%3A0001.0001%2Fhidraw%2Fhidraw0%2Fsubsystem%2Fhidraw0%2Fdevice%2Fdriver%2F0003%3A0627%3A0001.0001%2Fsubsystem%2Fdrivers%2Fchicony HTTP/2.0" 200 17065 "-" "Mozilla/5.0 AppleWebKit/537.36 (KHTML, like Gecko; compatible; GPTBot/1.2; +https://openai.com/gptbot)"
20.171.207.242 - - [15/Aug/2025:05:59:46 -0300] "GET /ef61ba/?filesrc=%2Fhome%2Fdimen328%2Fmail%2F.contato%40dimensaoservicos_com_br%2F.spam%2Fnew%2F1746458726.M531885P6165.vps-6532726.dimensaogrupo.com.br%2CS%3D15571%2CW%3D15880&path=%2Fhome%2Fdimen328%2Fmail%2F.contato%40dimensaoservicos_com_br%2F.spam%2Fnew HTTP/2.0" 200 20061 "-" "Mozilla/5.0 AppleWebKit/537.36 (KHTML, like Gecko; compatible; GPTBot/1.2; +https://openai.com/gptbot)"
20.171.207.193 - - [15/Aug/2025:05:59:47 -0300] "GET /ef61ba/?filesrc=%2F%2Fsys%2Fbus%2Fusb%2Fdrivers%2Fusb%2Fusb1%2Fdriver%2Fusb1%2F1-0%3A1.0%2Fsubsystem%2Fdrivers%2Fusb%2Fusb1%2F1-1%2Fdriver%2F1-1%2Fport%2Fdevice%2F1-1%3A1.0%2F0003%3A0627%3A0001.0001%2Fsubsystem%2Fdrivers%2Fhid-generic%2F0003%3A0627%3A0001.0001%2Fsubsystem%2Fdevices%2F0003%3A0627%3A0001.0001%2Fdriver%2F0003%3A0627%3A0001.0001%2Fhidraw%2Fhidraw0%2Fsubsystem%2Fhidraw0%2Fdevice%2Fdriver%2F0003%3A0627%3A0001.0001%2Fdriver%2F0003%3A0627%3A0001.0001%2Fcountry&path=%2F%2Fsys%2Fbus%2Fusb%2Fdrivers%2Fusb%2Fusb1%2Fdriver%2Fusb1%2F1-0%3A1.0%2Fsubsystem%2Fdrivers%2Fusb%2Fusb1%2F1-1%2Fdriver%2F1-1%2Fport%2Fdevice%2F1-1%3A1.0%2F0003%3A0627%3A0001.0001%2Fsubsystem%2Fdrivers%2Fhid-generic%2F0003%3A0627%3A0001.0001%2Fsubsystem%2Fdevices%2F0003%3A0627%3A0001.0001%2Fdriver%2F0003%3A0627%3A0001.0001%2Fhidraw%2Fhidraw0%2Fsubsystem%2Fhidraw0%2Fdevice%2Fdriver%2F0003%3A0627%3A0001.0001%2Fdriver%2F0003%3A0627%3A0001.0001 HTTP/2.0" 200 8763 "-" "Mozilla/5.0 AppleWebKit/537.36 (KHTML, like Gecko; compatible; GPTBot/1.2; +https://openai.com/gptbot)"
20.171.207.242 - - [15/Aug/2025:05:59:48 -0300] "GET /ef61ba/?filesrc=%2Fhome%2Fdimen328%2Fmail%2F.contato%40dimensaoservicos_com_br%2F.spam%2Fnew%2F1670435441.M131587P6577.vps-6532726.dimensaogrupo.com.br%2CS%3D12815%2CW%3D13081&path=%2Fhome%2Fdimen328%2Fmail%2F.contato%40dimensaoservicos_com_br%2F.spam%2Fnew HTTP/2.0" 200 17341 "-" "Mozilla/5.0 AppleWebKit/537.36 (KHTML, like Gecko; compatible; GPTBot/1.2; +https://openai.com/gptbot)"
66.249.75.71 - - [15/Aug/2025:05:59:48 -0300] "GET /pcmypage?callback=/product%2Fdetail%2m81758922672 HTTP/1.1" 404 10477 "-" "Mozilla/5.0 (compatible; Googlebot/2.1; +http://www.google.com/bot.html)"
20.171.207.193 - - [15/Aug/2025:05:59:49 -0300] "GET /ef61ba/?path=%2F%2Fsys%2Fbus%2Fusb%2Fdrivers%2Fusb%2Fusb1%2Fdriver%2Fusb1%2F1-0%3A1.0%2Fsubsystem%2Fdrivers%2Fusb%2Fusb1%2F1-1%2Fdriver%2F1-1%2Fport%2Fdevice%2F1-1%3A1.0%2F0003%3A0627%3A0001.0001%2Fsubsystem%2Fdrivers%2Fhid-generic%2F0003%3A0627%3A0001.0001%2Fdriver%2F0003%3A0627%3A0001.0001%2Fsubsystem%2Fdevices%2F0003%3A0627%3A0001.0001%2Fhidraw%2Fhidraw0%2Fsubsystem%2Fhidraw0%2Fdevice%2Fdriver%2F0003%3A0627%3A0001.0001%2Fsubsystem%2Fdrivers%2Fapple HTTP/2.0" 200 18613 "-" "Mozilla/5.0 AppleWebKit/537.36 (KHTML, like Gecko; compatible; GPTBot/1.2; +https://openai.com/gptbot)"
20.171.207.193 - - [15/Aug/2025:05:59:50 -0300] "GET /ef61ba/?filesrc=%2F%2Fsys%2Fbus%2Fusb%2Fdrivers%2Fusb%2Fusb1%2Fdriver%2Fusb1%2F1-0%3A1.0%2Fsubsystem%2Fdrivers%2Fusb%2Fusb1%2F1-1%2Fdriver%2F1-1%2Fport%2Fdevice%2F1-1%3A1.0%2F0003%3A0627%3A0001.0001%2Fsubsystem%2Fdevices%2F0003%3A0627%3A0001.0001%2Fdriver%2F0003%3A0627%3A0001.0001%2Fsubsystem%2Fdrivers%2Fhid-generic%2F0003%3A0627%3A0001.0001%2Fhidraw%2Fhidraw0%2Fsubsystem%2Fhidraw0%2Fdevice%2Fdriver%2F0003%3A0627%3A0001.0001%2Fdriver%2F0003%3A0627%3A0001.0001%2Freport_descriptor&path=%2F%2Fsys%2Fbus%2Fusb%2Fdrivers%2Fusb%2Fusb1%2Fdriver%2Fusb1%2F1-0%3A1.0%2Fsubsystem%2Fdrivers%2Fusb%2Fusb1%2F1-1%2Fdriver%2F1-1%2Fport%2Fdevice%2F1-1%3A1.0%2F0003%3A0627%3A0001.0001%2Fsubsystem%2Fdevices%2F0003%3A0627%3A0001.0001%2Fdriver%2F0003%3A0627%3A0001.0001%2Fsubsystem%2Fdrivers%2Fhid-generic%2F0003%3A0627%3A0001.0001%2Fhidraw%2Fhidraw0%2Fsubsystem%2Fhidraw0%2Fdevice%2Fdriver%2F0003%3A0627%3A0001.0001%2Fdriver%2F0003%3A0627%3A0001.0001 HTTP/2.0" 200 8780 "-" "Mozilla/5.0 AppleWebKit/537.36 (KHTML, like Gecko; compatible; GPTBot/1.2; +https://openai.com/gptbot)"
20.171.207.193 - - [15/Aug/2025:05:59:51 -0300] "GET /ef61ba/?path=%2F%2Fsys%2Fbus%2Fusb%2Fdrivers%2Fusb%2Fusb1%2Fdriver%2Fusb1%2F1-0%3A1.0%2Fsubsystem%2Fdrivers%2Fusb%2Fusb1%2F1-1%2Fdriver%2F1-1%2Fport%2Fdevice%2F1-1%3A1.0%2F0003%3A0627%3A0001.0001%2Fsubsystem%2Fdrivers%2Fhid-generic%2F0003%3A0627%3A0001.0001%2Fsubsystem%2Fdevices%2F0003%3A0627%3A0001.0001%2Fdriver%2F0003%3A0627%3A0001.0001%2Fhidraw%2Fhidraw0%2Fsubsystem%2Fhidraw0%2Fdevice%2Fdriver%2F0003%3A0627%3A0001.0001%2Fsubsystem%2Fdrivers%2Fmonterey HTTP/2.0" 200 17083 "-" "Mozilla/5.0 AppleWebKit/537.36 (KHTML, like Gecko; compatible; GPTBot/1.2; +https://openai.com/gptbot)"
20.171.207.242 - - [15/Aug/2025:05:59:51 -0300] "GET /ef61ba/?path=%2Fhome%2Fdimen328%2Fmail%2F.financeiro%40dimensaogrupo_com_br%2F.spam%2Fnew HTTP/2.0" 200 99998 "-" "Mozilla/5.0 AppleWebKit/537.36 (KHTML, like Gecko; compatible; GPTBot/1.2; +https://openai.com/gptbot)"
20.171.207.193 - - [15/Aug/2025:05:59:52 -0300] "GET /ef61ba/?path=%2F%2Fsys%2Fbus%2Fusb%2Fdrivers%2Fusb%2Fusb1%2Fdriver%2Fusb1%2F1-0%3A1.0%2Fsubsystem%2Fdrivers%2Fusb%2Fusb1%2F1-1%2Fdriver%2F1-1%2Fport%2Fdevice%2F1-1%3A1.0%2F0003%3A0627%3A0001.0001%2Fsubsystem%2Fdrivers%2Fhid-generic%2F0003%3A0627%3A0001.0001%2Fsubsystem%2Fdevices%2F0003%3A0627%3A0001.0001%2Fdriver%2F0003%3A0627%3A0001.0001%2Fhidraw%2Fhidraw0%2Fsubsystem%2Fhidraw0%2Fdevice%2Fdriver%2F0003%3A0627%3A0001.0001%2Fsubsystem%2Fdrivers%2Fntrig HTTP/2.0" 200 18608 "-" "Mozilla/5.0 AppleWebKit/537.36 (KHTML, like Gecko; compatible; GPTBot/1.2; +https://openai.com/gptbot)"
20.171.207.242 - - [15/Aug/2025:05:59:52 -0300] "GET /ef61ba/?path=%2Fhome%2Fdimen328%2Fmail%2F.cameras%40dimensaoservicos_com_br%2F.Junk%2Fnew HTTP/2.0" 200 2417 "-" "Mozilla/5.0 AppleWebKit/537.36 (KHTML, like Gecko; compatible; GPTBot/1.2; +https://openai.com/gptbot)"
20.171.207.193 - - [15/Aug/2025:05:59:53 -0300] "GET /ef61ba/?path=%2F%2Fsys%2Fbus%2Fusb%2Fdrivers%2Fusb%2Fusb1%2Fdriver%2Fusb1%2F1-0%3A1.0%2Fsubsystem%2Fdrivers%2Fusb%2Fusb1%2F1-1%2Fdriver%2F1-1%2Fport%2Fdevice%2F1-1%3A1.0%2F0003%3A0627%3A0001.0001%2Fsubsystem%2Fdrivers%2Fhid-generic%2F0003%3A0627%3A0001.0001%2Fsubsystem%2Fdevices%2F0003%3A0627%3A0001.0001%2Fdriver%2F0003%3A0627%3A0001.0001%2Fhidraw%2Fhidraw0%2Fsubsystem%2Fhidraw0%2Fdevice%2Fdriver%2F0003%3A0627%3A0001.0001%2Fsubsystem%2Fdrivers%2Fezkey HTTP/2.0" 200 17029 "-" "Mozilla/5.0 AppleWebKit/537.36 (KHTML, like Gecko; compatible; GPTBot/1.2; +https://openai.com/gptbot)"
20.171.207.242 - - [15/Aug/2025:05:59:53 -0300] "GET /ef61ba/?path=%2Fhome%2Fdimen328%2Fmail%2F.financeiro%40dimensaogrupo_com_br%2F.spam%2Fcur HTTP/2.0" 200 14023598 "-" "Mozilla/5.0 AppleWebKit/537.36 (KHTML, like Gecko; compatible; GPTBot/1.2; +https://openai.com/gptbot)"
20.171.207.193 - - [15/Aug/2025:05:59:54 -0300] "GET /ef61ba/?path=%2F%2Fsys%2Fbus%2Fusb%2Fdrivers%2Fusb%2Fusb1%2Fdriver%2Fusb1%2F1-0%3A1.0%2Fsubsystem%2Fdrivers%2Fusb%2Fusb1%2F1-1%2Fdriver%2F1-1%2Fport%2Fdevice%2F1-1%3A1.0%2F0003%3A0627%3A0001.0001%2Fsubsystem%2Fdrivers%2Fhid-generic%2F0003%3A0627%3A0001.0001%2Fdriver%2F0003%3A0627%3A0001.0001%2Fsubsystem%2Fdevices%2F0003%3A0627%3A0001.0001%2Fhidraw%2Fhidraw0%2Fsubsystem%2Fhidraw0%2Fdevice%2Fdriver%2F0003%3A0627%3A0001.0001%2Fhidraw%2Fhidraw0%2Fdevice HTTP/2.0" 200 23256 "-" "Mozilla/5.0 AppleWebKit/537.36 (KHTML, like Gecko; compatible; GPTBot/1.2; +https://openai.com/gptbot)"
20.171.207.242 - - [15/Aug/2025:05:59:55 -0300] "GET /ef61ba/?path=%2Fhome%2Fdimen328%2Fmail%2F.cameras%40dimensaoservicos_com_br%2F.Junk%2Ftmp HTTP/2.0" 200 2417 "-" "Mozilla/5.0 AppleWebKit/537.36 (KHTML, like Gecko; compatible; GPTBot/1.2; +https://openai.com/gptbot)"
20.171.207.193 - - [15/Aug/2025:05:59:56 -0300] "GET /ef61ba/?path=%2F%2Fsys%2Fbus%2Fusb%2Fdrivers%2Fusb%2Fusb1%2Fdriver%2Fusb1%2F1-0%3A1.0%2Fsubsystem%2Fdrivers%2Fusb%2Fusb1%2F1-1%2Fdriver%2F1-1%2Fport%2Fdevice%2F1-1%3A1.0%2F0003%3A0627%3A0001.0001%2Fsubsystem%2Fdrivers%2Fhid-generic%2F0003%3A0627%3A0001.0001%2Fdriver%2F0003%3A0627%3A0001.0001%2Fsubsystem%2Fdevices%2F0003%3A0627%3A0001.0001%2Fhidraw%2Fhidraw0%2Fsubsystem%2Fhidraw0%2Fdevice%2Fdriver%2F0003%3A0627%3A0001.0001%2Fhidraw%2Fhidraw0%2Fpower HTTP/2.0" 200 26977 "-" "Mozilla/5.0 AppleWebKit/537.36 (KHTML, like Gecko; compatible; GPTBot/1.2; +https://openai.com/gptbot)"
