%PDF- %PDF-
Direktori : /home1/dimen328/access-logs/ |
Current File : //home1/dimen328/access-logs/libertysa.dimensaogrupo.com.br |
217.113.194.82 - - [15/Aug/2025:05:57:25 -0300] "GET /admin/media/Highcharts-4.1.9/examples/sparkline/?C=D;O=A HTTP/1.1" 200 899 "-" "Mozilla/5.0 (compatible; Barkrowler/0.9; +https://babbar.tech/crawler)"
217.113.194.84 - - [15/Aug/2025:05:57:33 -0300] "GET /admin/media/Highcharts-4.1.9/examples/error-bar/?C=D;O=A HTTP/1.1" 200 899 "-" "Mozilla/5.0 (compatible; Barkrowler/0.9; +https://babbar.tech/crawler)"
217.113.194.83 - - [15/Aug/2025:05:57:57 -0300] "GET /admin/media/Highcharts-4.1.9/examples/sparkline/?C=S;O=A HTTP/1.1" 200 899 "-" "Mozilla/5.0 (compatible; Barkrowler/0.9; +https://babbar.tech/crawler)"
217.113.194.89 - - [15/Aug/2025:05:58:04 -0300] "GET /admin/media/Highcharts-4.1.9/examples/error-bar/?C=N;O=D HTTP/1.1" 200 899 "-" "Mozilla/5.0 (compatible; Barkrowler/0.9; +https://babbar.tech/crawler)"
154.54.249.201 - - [15/Aug/2025:05:58:30 -0300] "GET /admin/media/Highcharts-4.1.9/examples/sparkline/?C=N;O=D HTTP/1.1" 200 899 "-" "Mozilla/5.0 (compatible; Barkrowler/0.9; +https://babbar.tech/crawler)"
217.113.194.85 - - [15/Aug/2025:05:58:38 -0300] "GET /admin/media/Highcharts-4.1.9/examples/error-bar/?C=S;O=A HTTP/1.1" 200 899 "-" "Mozilla/5.0 (compatible; Barkrowler/0.9; +https://babbar.tech/crawler)"
217.113.194.87 - - [15/Aug/2025:05:59:05 -0300] "GET /admin/media/Highcharts-4.1.9/examples/error-bar/?C=D;O=A HTTP/1.1" 200 899 "-" "Mozilla/5.0 (compatible; Barkrowler/0.9; +https://babbar.tech/crawler)"
217.113.194.88 - - [15/Aug/2025:05:59:13 -0300] "GET /admin/media/Highcharts-4.1.9/examples/error-bar/?C=M;O=A HTTP/1.1" 200 899 "-" "Mozilla/5.0 (compatible; Barkrowler/0.9; +https://babbar.tech/crawler)"
154.54.249.201 - - [15/Aug/2025:05:59:39 -0300] "GET /admin/media/Highcharts-4.1.9/examples/error-bar/?C=N;O=D HTTP/1.1" 200 899 "-" "Mozilla/5.0 (compatible; Barkrowler/0.9; +https://babbar.tech/crawler)"
217.113.194.91 - - [15/Aug/2025:05:59:47 -0300] "GET /admin/media/Highcharts-4.1.9/examples/line-labels/?C=S;O=A HTTP/1.1" 200 903 "-" "Mozilla/5.0 (compatible; Barkrowler/0.9; +https://babbar.tech/crawler)"
217.113.194.84 - - [15/Aug/2025:06:00:13 -0300] "GET /admin/media/Highcharts-4.1.9/examples/error-bar/?C=S;O=A HTTP/1.1" 200 899 "-" "Mozilla/5.0 (compatible; Barkrowler/0.9; +https://babbar.tech/crawler)"
217.113.194.87 - - [15/Aug/2025:06:00:21 -0300] "GET /admin/media/Highcharts-4.1.9/examples/line-labels/?C=M;O=A HTTP/1.1" 200 903 "-" "Mozilla/5.0 (compatible; Barkrowler/0.9; +https://babbar.tech/crawler)"
217.113.194.84 - - [15/Aug/2025:06:00:46 -0300] "GET /admin/media/Highcharts-4.1.9/examples/error-bar/?C=M;O=A HTTP/1.1" 200 899 "-" "Mozilla/5.0 (compatible; Barkrowler/0.9; +https://babbar.tech/crawler)"
217.113.194.84 - - [15/Aug/2025:06:00:54 -0300] "GET /admin/media/Highcharts-4.1.9/examples/line-labels/?C=D;O=A HTTP/1.1" 200 903 "-" "Mozilla/5.0 (compatible; Barkrowler/0.9; +https://babbar.tech/crawler)"
217.113.194.246 - - [15/Aug/2025:06:01:22 -0300] "GET /admin/media/Highcharts-4.1.9/examples/line-labels/?C=S;O=A HTTP/1.1" 200 903 "-" "Mozilla/5.0 (compatible; Barkrowler/0.9; +https://babbar.tech/crawler)"
217.113.194.83 - - [15/Aug/2025:06:01:30 -0300] "GET /admin/media/Highcharts-4.1.9/examples/line-labels/?C=N;O=D HTTP/1.1" 200 903 "-" "Mozilla/5.0 (compatible; Barkrowler/0.9; +https://babbar.tech/crawler)"
217.113.194.83 - - [15/Aug/2025:06:01:54 -0300] "GET /admin/media/Highcharts-4.1.9/examples/line-labels/?C=M;O=A HTTP/1.1" 200 903 "-" "Mozilla/5.0 (compatible; Barkrowler/0.9; +https://babbar.tech/crawler)"
154.54.249.201 - - [15/Aug/2025:06:02:02 -0300] "GET /admin/media/Highcharts-4.1.9/examples/line-ajax/?C=D;O=A HTTP/1.1" 200 899 "-" "Mozilla/5.0 (compatible; Barkrowler/0.9; +https://babbar.tech/crawler)"
217.113.194.82 - - [15/Aug/2025:06:02:29 -0300] "GET /admin/media/Highcharts-4.1.9/examples/line-labels/?C=D;O=A HTTP/1.1" 200 903 "-" "Mozilla/5.0 (compatible; Barkrowler/0.9; +https://babbar.tech/crawler)"
217.113.194.82 - - [15/Aug/2025:06:02:38 -0300] "GET /admin/media/Highcharts-4.1.9/examples/line-ajax/?C=N;O=D HTTP/1.1" 200 899 "-" "Mozilla/5.0 (compatible; Barkrowler/0.9; +https://babbar.tech/crawler)"
217.113.194.90 - - [15/Aug/2025:06:03:02 -0300] "GET /admin/media/Highcharts-4.1.9/examples/line-labels/?C=N;O=D HTTP/1.1" 200 903 "-" "Mozilla/5.0 (compatible; Barkrowler/0.9; +https://babbar.tech/crawler)"
217.113.194.91 - - [15/Aug/2025:06:03:11 -0300] "GET /admin/media/Highcharts-4.1.9/examples/line-ajax/?C=S;O=A HTTP/1.1" 200 899 "-" "Mozilla/5.0 (compatible; Barkrowler/0.9; +https://babbar.tech/crawler)"
217.113.194.83 - - [15/Aug/2025:06:03:34 -0300] "GET /admin/media/Highcharts-4.1.9/examples/line-ajax/?C=D;O=A HTTP/1.1" 200 899 "-" "Mozilla/5.0 (compatible; Barkrowler/0.9; +https://babbar.tech/crawler)"
217.113.194.91 - - [15/Aug/2025:06:03:42 -0300] "GET /admin/media/Highcharts-4.1.9/examples/line-ajax/?C=M;O=A HTTP/1.1" 200 899 "-" "Mozilla/5.0 (compatible; Barkrowler/0.9; +https://babbar.tech/crawler)"
217.113.194.87 - - [15/Aug/2025:06:04:07 -0300] "GET /admin/media/Highcharts-4.1.9/examples/line-ajax/?C=N;O=D HTTP/1.1" 200 899 "-" "Mozilla/5.0 (compatible; Barkrowler/0.9; +https://babbar.tech/crawler)"
217.113.194.83 - - [15/Aug/2025:06:04:16 -0300] "GET /admin/media/Highcharts-4.1.9/examples/bubble-3d/?C=D;O=A HTTP/1.1" 200 899 "-" "Mozilla/5.0 (compatible; Barkrowler/0.9; +https://babbar.tech/crawler)"
114.119.137.232 - - [15/Aug/2025:06:04:31 -0300] "GET /admin/modules/grupos/JS.js HTTP/1.1" 200 11466 "http://libertysa.com.br/admin/modules/grupos/?C=M%3BO%3DA" "Mozilla/5.0 (Linux; Android 7.0;) AppleWebKit/537.36 (KHTML, like Gecko) Mobile Safari/537.36 (compatible; PetalBot;+https://webmaster.petalsearch.com/site/petalbot)"
217.113.194.84 - - [15/Aug/2025:06:04:41 -0300] "GET /admin/media/Highcharts-4.1.9/examples/line-ajax/?C=S;O=A HTTP/1.1" 200 899 "-" "Mozilla/5.0 (compatible; Barkrowler/0.9; +https://babbar.tech/crawler)"
217.113.194.84 - - [15/Aug/2025:06:04:49 -0300] "GET /admin/media/Highcharts-4.1.9/examples/bubble-3d/?C=N;O=D HTTP/1.1" 200 899 "-" "Mozilla/5.0 (compatible; Barkrowler/0.9; +https://babbar.tech/crawler)"
217.113.194.83 - - [15/Aug/2025:06:05:11 -0300] "GET /admin/media/Highcharts-4.1.9/examples/line-ajax/?C=M;O=A HTTP/1.1" 200 899 "-" "Mozilla/5.0 (compatible; Barkrowler/0.9; +https://babbar.tech/crawler)"
217.113.194.89 - - [15/Aug/2025:06:05:16 -0300] "GET /admin/media/Highcharts-4.1.9/examples/bubble-3d/?C=S;O=A HTTP/1.1" 200 899 "-" "Mozilla/5.0 (compatible; Barkrowler/0.9; +https://babbar.tech/crawler)"
217.113.194.246 - - [15/Aug/2025:06:05:35 -0300] "GET /admin/media/Highcharts-4.1.9/examples/bubble-3d/?C=D;O=A HTTP/1.1" 200 899 "-" "Mozilla/5.0 (compatible; Barkrowler/0.9; +https://babbar.tech/crawler)"
154.54.249.201 - - [15/Aug/2025:06:05:41 -0300] "GET /admin/media/Highcharts-4.1.9/examples/bubble-3d/?C=M;O=A HTTP/1.1" 200 899 "-" "Mozilla/5.0 (compatible; Barkrowler/0.9; +https://babbar.tech/crawler)"
114.119.159.8 - - [15/Aug/2025:06:05:54 -0300] "GET /admin/modules/grupos/EditFormJS.js HTTP/1.1" 200 3470 "http://libertysa.com.br/admin/modules/grupos/?C=M%3BO%3DA" "Mozilla/5.0 (Linux; Android 7.0;) AppleWebKit/537.36 (KHTML, like Gecko) Mobile Safari/537.36 (compatible; PetalBot;+https://webmaster.petalsearch.com/site/petalbot)"
217.113.194.246 - - [15/Aug/2025:06:05:58 -0300] "GET /admin/media/Highcharts-4.1.9/examples/bubble-3d/?C=N;O=D HTTP/1.1" 200 899 "-" "Mozilla/5.0 (compatible; Barkrowler/0.9; +https://babbar.tech/crawler)"
217.113.194.85 - - [15/Aug/2025:06:06:04 -0300] "GET /admin/media/Highcharts-4.1.9/examples/funnel/?C=S;O=A HTTP/1.1" 200 893 "-" "Mozilla/5.0 (compatible; Barkrowler/0.9; +https://babbar.tech/crawler)"
217.113.194.90 - - [15/Aug/2025:06:06:23 -0300] "GET /admin/media/Highcharts-4.1.9/examples/bubble-3d/?C=S;O=A HTTP/1.1" 200 899 "-" "Mozilla/5.0 (compatible; Barkrowler/0.9; +https://babbar.tech/crawler)"
217.113.194.91 - - [15/Aug/2025:06:06:29 -0300] "GET /admin/media/Highcharts-4.1.9/examples/funnel/?C=M;O=A HTTP/1.1" 200 893 "-" "Mozilla/5.0 (compatible; Barkrowler/0.9; +https://babbar.tech/crawler)"
217.113.194.91 - - [15/Aug/2025:06:06:52 -0300] "GET /admin/media/Highcharts-4.1.9/examples/bubble-3d/?C=M;O=A HTTP/1.1" 200 899 "-" "Mozilla/5.0 (compatible; Barkrowler/0.9; +https://babbar.tech/crawler)"
217.113.194.90 - - [15/Aug/2025:06:06:58 -0300] "GET /admin/media/Highcharts-4.1.9/examples/funnel/?C=D;O=A HTTP/1.1" 200 893 "-" "Mozilla/5.0 (compatible; Barkrowler/0.9; +https://babbar.tech/crawler)"
217.113.194.89 - - [15/Aug/2025:06:07:15 -0300] "GET /admin/media/Highcharts-4.1.9/examples/funnel/?C=S;O=A HTTP/1.1" 200 893 "-" "Mozilla/5.0 (compatible; Barkrowler/0.9; +https://babbar.tech/crawler)"
114.119.155.210 - - [15/Aug/2025:06:07:18 -0300] "GET /admin/modules/grupos/EditFormJS.js HTTP/1.1" 200 3470 "http://libertysa.com.br/admin/modules/grupos/?C=M%3BO%3DA" "Mozilla/5.0 (Linux; Android 7.0;) AppleWebKit/537.36 (KHTML, like Gecko) Mobile Safari/537.36 (compatible; PetalBot;+https://webmaster.petalsearch.com/site/petalbot)"
217.113.194.91 - - [15/Aug/2025:06:07:22 -0300] "GET /admin/media/Highcharts-4.1.9/examples/funnel/?C=N;O=D HTTP/1.1" 200 893 "-" "Mozilla/5.0 (compatible; Barkrowler/0.9; +https://babbar.tech/crawler)"
52.167.144.179 - - [15/Aug/2025:06:07:27 -0300] "GET /products/morpheme1851914?id=126 HTTP/1.1" 200 13 "-" "Mozilla/5.0 AppleWebKit/537.36 (KHTML, like Gecko; compatible; bingbot/2.0; +http://www.bing.com/bingbot.htm) Chrome/116.0.1938.76 Safari/537.36"
217.113.194.84 - - [15/Aug/2025:06:07:40 -0300] "GET /admin/media/Highcharts-4.1.9/examples/funnel/?C=M;O=A HTTP/1.1" 200 893 "-" "Mozilla/5.0 (compatible; Barkrowler/0.9; +https://babbar.tech/crawler)"
217.113.194.90 - - [15/Aug/2025:06:07:47 -0300] "GET /admin/media/Highcharts-4.1.9/exporting-server/?C=N;O=A HTTP/1.1" 200 1232 "-" "Mozilla/5.0 (compatible; Barkrowler/0.9; +https://babbar.tech/crawler)"
217.113.194.82 - - [15/Aug/2025:06:08:06 -0300] "GET /admin/media/Highcharts-4.1.9/examples/funnel/?C=D;O=A HTTP/1.1" 200 893 "-" "Mozilla/5.0 (compatible; Barkrowler/0.9; +https://babbar.tech/crawler)"
217.113.194.88 - - [15/Aug/2025:06:08:13 -0300] "GET /admin/media/Highcharts-4.1.9/js/adapters/?C=M;O=A HTTP/1.1" 200 1091 "-" "Mozilla/5.0 (compatible; Barkrowler/0.9; +https://babbar.tech/crawler)"
217.113.194.89 - - [15/Aug/2025:06:08:32 -0300] "GET /admin/media/Highcharts-4.1.9/examples/funnel/?C=N;O=D HTTP/1.1" 200 893 "-" "Mozilla/5.0 (compatible; Barkrowler/0.9; +https://babbar.tech/crawler)"
217.113.194.82 - - [15/Aug/2025:06:08:36 -0300] "GET /admin/media/Highcharts-4.1.9/js/adapters/?C=D;O=A HTTP/1.1" 200 1091 "-" "Mozilla/5.0 (compatible; Barkrowler/0.9; +https://babbar.tech/crawler)"
114.119.155.54 - - [15/Aug/2025:06:08:43 -0300] "GET /admin/media/zrssfeed/example_media.html HTTP/1.1" 200 1236 "http://libertysa.com.br/admin/media/zrssfeed/?C=S%3BO%3DA" "Mozilla/5.0 (Linux; Android 7.0;) AppleWebKit/537.36 (KHTML, like Gecko) Mobile Safari/537.36 (compatible; PetalBot;+https://webmaster.petalsearch.com/site/petalbot)"
217.113.194.246 - - [15/Aug/2025:06:08:52 -0300] "GET /admin/media/Highcharts-4.1.9/exporting-server/?C=N;O=A HTTP/1.1" 200 1232 "-" "Mozilla/5.0 (compatible; Barkrowler/0.9; +https://babbar.tech/crawler)"
217.113.194.88 - - [15/Aug/2025:06:08:58 -0300] "GET /admin/media/Highcharts-4.1.9/js/adapters/?C=N;O=D HTTP/1.1" 200 1091 "-" "Mozilla/5.0 (compatible; Barkrowler/0.9; +https://babbar.tech/crawler)"
217.113.194.91 - - [15/Aug/2025:06:09:20 -0300] "GET /admin/media/Highcharts-4.1.9/js/adapters/?C=M;O=A HTTP/1.1" 200 1091 "-" "Mozilla/5.0 (compatible; Barkrowler/0.9; +https://babbar.tech/crawler)"
154.54.249.201 - - [15/Aug/2025:06:09:27 -0300] "GET /admin/media/Highcharts-4.1.9/js/adapters/?C=S;O=A HTTP/1.1" 200 1091 "-" "Mozilla/5.0 (compatible; Barkrowler/0.9; +https://babbar.tech/crawler)"
217.113.194.220 - - [15/Aug/2025:06:09:54 -0300] "GET /admin/media/Highcharts-4.1.9/js/adapters/?C=D;O=A HTTP/1.1" 200 1091 "-" "Mozilla/5.0 (compatible; Barkrowler/0.9; +https://babbar.tech/crawler)"
217.113.194.87 - - [15/Aug/2025:06:10:05 -0300] "GET /admin/media/font-awesome-4.1.0/css/?C=D;O=D HTTP/1.1" 200 1061 "-" "Mozilla/5.0 (compatible; Barkrowler/0.9; +https://babbar.tech/crawler)"
114.119.133.108 - - [15/Aug/2025:06:10:11 -0300] "GET /admin/media/zrssfeed/example_link_content.html HTTP/1.1" 200 1160 "http://libertysa.com.br/admin/media/zrssfeed/?C=S%3BO%3DA" "Mozilla/5.0 (Linux; Android 7.0;) AppleWebKit/537.36 (KHTML, like Gecko) Mobile Safari/537.36 (compatible; PetalBot;+https://webmaster.petalsearch.com/site/petalbot)"
217.113.194.220 - - [15/Aug/2025:06:10:32 -0300] "GET /admin/media/Highcharts-4.1.9/js/adapters/?C=N;O=D HTTP/1.1" 200 1091 "-" "Mozilla/5.0 (compatible; Barkrowler/0.9; +https://babbar.tech/crawler)"
217.113.194.83 - - [15/Aug/2025:06:10:41 -0300] "GET /admin/media/font-awesome-4.1.0/css/?C=S;O=D HTTP/1.1" 200 1061 "-" "Mozilla/5.0 (compatible; Barkrowler/0.9; +https://babbar.tech/crawler)"
217.113.194.82 - - [15/Aug/2025:06:11:12 -0300] "GET /admin/media/Highcharts-4.1.9/js/adapters/?C=S;O=A HTTP/1.1" 200 1091 "-" "Mozilla/5.0 (compatible; Barkrowler/0.9; +https://babbar.tech/crawler)"
217.113.194.88 - - [15/Aug/2025:06:11:20 -0300] "GET /admin/media/font-awesome-4.1.0/scss/?C=D;O=D HTTP/1.1" 200 3058 "-" "Mozilla/5.0 (compatible; Barkrowler/0.9; +https://babbar.tech/crawler)"
114.119.167.51 - - [15/Aug/2025:06:11:28 -0300] "GET /admin/media/js/index.php HTTP/1.1" 200 - "http://libertysa.com.br/admin/media/js/?C=N%3BO%3DD" "Mozilla/5.0 (Linux; Android 7.0;) AppleWebKit/537.36 (KHTML, like Gecko) Mobile Safari/537.36 (compatible; PetalBot;+https://webmaster.petalsearch.com/site/petalbot)"
154.54.249.201 - - [15/Aug/2025:06:11:44 -0300] "GET /admin/media/font-awesome-4.1.0/css/?C=D;O=D HTTP/1.1" 200 1061 "-" "Mozilla/5.0 (compatible; Barkrowler/0.9; +https://babbar.tech/crawler)"
217.113.194.91 - - [15/Aug/2025:06:11:52 -0300] "GET /admin/media/font-awesome-4.1.0/scss/_core.scss HTTP/1.1" 200 430 "-" "Mozilla/5.0 (compatible; Barkrowler/0.9; +https://babbar.tech/crawler)"
217.113.194.91 - - [15/Aug/2025:06:12:16 -0300] "GET /admin/media/font-awesome-4.1.0/css/?C=S;O=D HTTP/1.1" 200 1061 "-" "Mozilla/5.0 (compatible; Barkrowler/0.9; +https://babbar.tech/crawler)"
217.113.194.82 - - [15/Aug/2025:06:12:24 -0300] "GET /admin/media/font-awesome-4.1.0/scss/_icons.scss HTTP/1.1" 200 35556 "-" "Mozilla/5.0 (compatible; Barkrowler/0.9; +https://babbar.tech/crawler)"
217.113.194.83 - - [15/Aug/2025:06:12:51 -0300] "GET /admin/media/font-awesome-4.1.0/scss/?C=D;O=D HTTP/1.1" 200 3058 "-" "Mozilla/5.0 (compatible; Barkrowler/0.9; +https://babbar.tech/crawler)"
114.119.153.188 - - [15/Aug/2025:06:12:52 -0300] "GET /admin/media/js/FormStone/js/range.js HTTP/1.1" 200 3641 "http://libertysa.com.br/admin/media/js/FormStone/js/?C=D%3BO%3DA" "Mozilla/5.0 (Linux; Android 7.0;) AppleWebKit/537.36 (KHTML, like Gecko) Mobile Safari/537.36 (compatible; PetalBot;+https://webmaster.petalsearch.com/site/petalbot)"
217.113.194.89 - - [15/Aug/2025:06:13:02 -0300] "GET /admin/media/font-awesome-4.1.0/scss/_path.scss HTTP/1.1" 200 709 "-" "Mozilla/5.0 (compatible; Barkrowler/0.9; +https://babbar.tech/crawler)"
217.113.194.90 - - [15/Aug/2025:06:13:27 -0300] "GET /admin/media/font-awesome-4.1.0/scss/_core.scss HTTP/1.1" 200 430 "-" "Mozilla/5.0 (compatible; Barkrowler/0.9; +https://babbar.tech/crawler)"
217.113.194.82 - - [15/Aug/2025:06:13:34 -0300] "GET /admin/media/font-awesome-4.1.0/scss/_larger.scss HTTP/1.1" 200 388 "-" "Mozilla/5.0 (compatible; Barkrowler/0.9; +https://babbar.tech/crawler)"
217.113.194.220 - - [15/Aug/2025:06:13:59 -0300] "GET /admin/media/font-awesome-4.1.0/scss/_icons.scss HTTP/1.1" 200 35556 "-" "Mozilla/5.0 (compatible; Barkrowler/0.9; +https://babbar.tech/crawler)"
217.113.194.89 - - [15/Aug/2025:06:14:06 -0300] "GET /admin/media/font-awesome-4.1.0/less/stacked.less HTTP/1.1" 200 496 "-" "Mozilla/5.0 (compatible; Barkrowler/0.9; +https://babbar.tech/crawler)"
114.119.153.188 - - [15/Aug/2025:06:14:15 -0300] "GET /admin/media/js/FormStone/js/range.js HTTP/1.1" 200 3641 "http://libertysa.com.br/admin/media/js/FormStone/js/?C=D%3BO%3DA" "Mozilla/5.0 (Linux; Android 7.0;) AppleWebKit/537.36 (KHTML, like Gecko) Mobile Safari/537.36 (compatible; PetalBot;+https://webmaster.petalsearch.com/site/petalbot)"
217.113.194.87 - - [15/Aug/2025:06:14:31 -0300] "GET /admin/media/font-awesome-4.1.0/scss/_path.scss HTTP/1.1" 200 709 "-" "Mozilla/5.0 (compatible; Barkrowler/0.9; +https://babbar.tech/crawler)"
217.113.194.220 - - [15/Aug/2025:06:14:39 -0300] "GET /admin/media/font-awesome-4.1.0/less/variables.less HTTP/1.1" 200 16090 "-" "Mozilla/5.0 (compatible; Barkrowler/0.9; +https://babbar.tech/crawler)"
217.113.194.246 - - [15/Aug/2025:06:15:04 -0300] "GET /admin/media/font-awesome-4.1.0/scss/_larger.scss HTTP/1.1" 200 388 "-" "Mozilla/5.0 (compatible; Barkrowler/0.9; +https://babbar.tech/crawler)"
217.113.194.91 - - [15/Aug/2025:06:15:12 -0300] "GET /admin/media/font-awesome-4.1.0/less/?C=M;O=D HTTP/1.1" 200 3046 "-" "Mozilla/5.0 (compatible; Barkrowler/0.9; +https://babbar.tech/crawler)"
217.113.194.90 - - [15/Aug/2025:06:15:37 -0300] "GET /admin/media/font-awesome-4.1.0/less/stacked.less HTTP/1.1" 200 496 "-" "Mozilla/5.0 (compatible; Barkrowler/0.9; +https://babbar.tech/crawler)"
114.119.157.237 - - [15/Aug/2025:06:15:39 -0300] "GET /admin/media/jQuery-Mask-Plugin/test/test-for-jquery-1.11.1.html HTTP/1.1" 200 1451 "http://libertysa.com.br/admin/media/jQuery-Mask-Plugin/test/" "Mozilla/5.0 (Linux; Android 7.0;) AppleWebKit/537.36 (KHTML, like Gecko) Mobile Safari/537.36 (compatible; PetalBot;+https://webmaster.petalsearch.com/site/petalbot)"
217.113.194.89 - - [15/Aug/2025:06:15:44 -0300] "GET /admin/media/font-awesome-4.1.0/less/?C=S;O=D HTTP/1.1" 200 3046 "-" "Mozilla/5.0 (compatible; Barkrowler/0.9; +https://babbar.tech/crawler)"
217.113.194.91 - - [15/Aug/2025:06:16:09 -0300] "GET /admin/media/font-awesome-4.1.0/less/variables.less HTTP/1.1" 200 16090 "-" "Mozilla/5.0 (compatible; Barkrowler/0.9; +https://babbar.tech/crawler)"
217.113.194.91 - - [15/Aug/2025:06:16:19 -0300] "GET /admin/media/font-awesome-4.1.0/less/?C=D;O=D HTTP/1.1" 200 3046 "-" "Mozilla/5.0 (compatible; Barkrowler/0.9; +https://babbar.tech/crawler)"
217.113.194.83 - - [15/Aug/2025:06:16:43 -0300] "GET /admin/media/font-awesome-4.1.0/less/?C=M;O=D HTTP/1.1" 200 3046 "-" "Mozilla/5.0 (compatible; Barkrowler/0.9; +https://babbar.tech/crawler)"
217.113.194.220 - - [15/Aug/2025:06:16:51 -0300] "GET /admin/media/font-awesome-4.1.0/less/?C=N;O=A HTTP/1.1" 200 3046 "-" "Mozilla/5.0 (compatible; Barkrowler/0.9; +https://babbar.tech/crawler)"
114.119.152.69 - - [15/Aug/2025:06:17:08 -0300] "GET /admin/media/jQuery-Mask-Plugin/test/qunit.css HTTP/1.1" 200 4667 "http://libertysa.com.br/admin/media/jQuery-Mask-Plugin/test/" "Mozilla/5.0 (Linux; Android 7.0;) AppleWebKit/537.36 (KHTML, like Gecko) Mobile Safari/537.36 (compatible; PetalBot;+https://webmaster.petalsearch.com/site/petalbot)"
217.113.194.91 - - [15/Aug/2025:06:17:16 -0300] "GET /admin/media/font-awesome-4.1.0/less/?C=S;O=D HTTP/1.1" 200 3046 "-" "Mozilla/5.0 (compatible; Barkrowler/0.9; +https://babbar.tech/crawler)"
154.54.249.201 - - [15/Aug/2025:06:17:23 -0300] "GET /admin/media/froala/fonts/fontawesome-webfont.eot HTTP/1.1" 200 56006 "-" "Mozilla/5.0 (compatible; Barkrowler/0.9; +https://babbar.tech/crawler)"
217.113.194.85 - - [15/Aug/2025:06:17:47 -0300] "GET /admin/media/font-awesome-4.1.0/less/?C=D;O=D HTTP/1.1" 200 3046 "-" "Mozilla/5.0 (compatible; Barkrowler/0.9; +https://babbar.tech/crawler)"
217.113.194.91 - - [15/Aug/2025:06:17:54 -0300] "GET /admin/media/froala/fonts/fontawesome-webfont.woff HTTP/1.1" 200 65452 "-" "Mozilla/5.0 (compatible; Barkrowler/0.9; +https://babbar.tech/crawler)"
217.113.194.89 - - [15/Aug/2025:06:18:22 -0300] "GET /admin/media/font-awesome-4.1.0/less/?C=N;O=A HTTP/1.1" 200 3046 "-" "Mozilla/5.0 (compatible; Barkrowler/0.9; +https://babbar.tech/crawler)"
114.119.155.210 - - [15/Aug/2025:06:18:27 -0300] "GET /admin/media/intro.js-1.1.1/Makefile HTTP/1.1" 200 58 "http://libertysa.com.br/admin/media/intro.js-1.1.1/" "Mozilla/5.0 (Linux; Android 7.0;) AppleWebKit/537.36 (KHTML, like Gecko) Mobile Safari/537.36 (compatible; PetalBot;+https://webmaster.petalsearch.com/site/petalbot)"
217.113.194.83 - - [15/Aug/2025:06:18:30 -0300] "GET /admin/media/fonts/glyphicons-halflings-regular.ttf HTTP/1.1" 200 41280 "-" "Mozilla/5.0 (compatible; Barkrowler/0.9; +https://babbar.tech/crawler)"
154.54.249.201 - - [15/Aug/2025:06:18:57 -0300] "GET /admin/media/froala/examples/init_on_image_with_link.html HTTP/1.1" 304 - "-" "Mozilla/5.0 (compatible; Barkrowler/0.9; +https://babbar.tech/crawler)"
217.113.194.84 - - [15/Aug/2025:06:19:05 -0300] "GET /admin/media/fonts/glyphicons-halflings-regular.woff HTTP/1.1" 200 23320 "-" "Mozilla/5.0 (compatible; Barkrowler/0.9; +https://babbar.tech/crawler)"
217.113.194.91 - - [15/Aug/2025:06:19:29 -0300] "GET /admin/media/froala/fonts/fontawesome-webfont.eot HTTP/1.1" 200 56006 "-" "Mozilla/5.0 (compatible; Barkrowler/0.9; +https://babbar.tech/crawler)"
217.113.194.91 - - [15/Aug/2025:06:19:38 -0300] "GET /admin/media/fonts/glyphicons-halflings-regular.eot HTTP/1.1" 200 20335 "-" "Mozilla/5.0 (compatible; Barkrowler/0.9; +https://babbar.tech/crawler)"
114.119.155.58 - - [15/Aug/2025:06:19:50 -0300] "GET /admin/media/froala/js/langs/ja.js HTTP/1.1" 200 4239 "http://libertysa.com.br/admin/media/froala/js/langs/?C=N%3BO%3DD" "Mozilla/5.0 (Linux; Android 7.0;) AppleWebKit/537.36 (KHTML, like Gecko) Mobile Safari/537.36 (compatible; PetalBot;+https://webmaster.petalsearch.com/site/petalbot)"
217.113.194.89 - - [15/Aug/2025:06:20:03 -0300] "GET /admin/media/froala/fonts/fontawesome-webfont.woff HTTP/1.1" 200 65452 "-" "Mozilla/5.0 (compatible; Barkrowler/0.9; +https://babbar.tech/crawler)"
217.113.194.246 - - [15/Aug/2025:06:20:12 -0300] "GET /admin/media/ckeditor/plugins/iframe/dialogs/?C=M;O=D HTTP/1.1" 200 889 "-" "Mozilla/5.0 (compatible; Barkrowler/0.9; +https://babbar.tech/crawler)"
217.113.194.219 - - [15/Aug/2025:06:20:37 -0300] "GET /admin/media/fonts/glyphicons-halflings-regular.ttf HTTP/1.1" 200 41280 "-" "Mozilla/5.0 (compatible; Barkrowler/0.9; +https://babbar.tech/crawler)"
217.113.194.89 - - [15/Aug/2025:06:20:45 -0300] "GET /admin/media/ckeditor/plugins/iframe/dialogs/?C=N;O=A HTTP/1.1" 200 889 "-" "Mozilla/5.0 (compatible; Barkrowler/0.9; +https://babbar.tech/crawler)"
154.54.249.201 - - [15/Aug/2025:06:21:11 -0300] "GET /admin/media/fonts/glyphicons-halflings-regular.woff HTTP/1.1" 200 23320 "-" "Mozilla/5.0 (compatible; Barkrowler/0.9; +https://babbar.tech/crawler)"
217.113.194.220 - - [15/Aug/2025:06:21:19 -0300] "GET /admin/media/ckeditor/plugins/iframe/dialogs/?C=D;O=D HTTP/1.1" 200 889 "-" "Mozilla/5.0 (compatible; Barkrowler/0.9; +https://babbar.tech/crawler)"
217.113.194.86 - - [15/Aug/2025:06:21:45 -0300] "GET /admin/media/fonts/glyphicons-halflings-regular.eot HTTP/1.1" 200 20335 "-" "Mozilla/5.0 (compatible; Barkrowler/0.9; +https://babbar.tech/crawler)"
154.54.249.201 - - [15/Aug/2025:06:21:52 -0300] "GET /admin/media/ckeditor/plugins/smiley/images/?C=M;O=D HTTP/1.1" 200 8776 "-" "Mozilla/5.0 (compatible; Barkrowler/0.9; +https://babbar.tech/crawler)"
217.113.194.82 - - [15/Aug/2025:06:22:17 -0300] "GET /admin/media/ckeditor/plugins/colordialog/dialogs/?C=S;O=A HTTP/1.1" 200 909 "-" "Mozilla/5.0 (compatible; Barkrowler/0.9; +https://babbar.tech/crawler)"
217.113.194.86 - - [15/Aug/2025:06:22:25 -0300] "GET /admin/media/ckeditor/plugins/smiley/images/?C=S;O=D HTTP/1.1" 200 8776 "-" "Mozilla/5.0 (compatible; Barkrowler/0.9; +https://babbar.tech/crawler)"
217.113.194.84 - - [15/Aug/2025:06:22:52 -0300] "GET /admin/media/ckeditor/plugins/colordialog/dialogs/?C=M;O=A HTTP/1.1" 200 909 "-" "Mozilla/5.0 (compatible; Barkrowler/0.9; +https://babbar.tech/crawler)"
154.54.249.201 - - [15/Aug/2025:06:23:00 -0300] "GET /admin/media/ckeditor/plugins/smiley/images/?C=N;O=A HTTP/1.1" 200 8776 "-" "Mozilla/5.0 (compatible; Barkrowler/0.9; +https://babbar.tech/crawler)"
217.113.194.84 - - [15/Aug/2025:06:23:23 -0300] "GET /admin/media/ckeditor/plugins/colordialog/dialogs/?C=D;O=A HTTP/1.1" 200 909 "-" "Mozilla/5.0 (compatible; Barkrowler/0.9; +https://babbar.tech/crawler)"
217.113.194.82 - - [15/Aug/2025:06:23:31 -0300] "GET /admin/media/ckeditor/plugins/forms/dialogs/?C=N;O=A HTTP/1.1" 200 2134 "-" "Mozilla/5.0 (compatible; Barkrowler/0.9; +https://babbar.tech/crawler)"
217.113.194.87 - - [15/Aug/2025:06:24:01 -0300] "GET /admin/media/ckeditor/plugins/colordialog/dialogs/?C=N;O=D HTTP/1.1" 200 909 "-" "Mozilla/5.0 (compatible; Barkrowler/0.9; +https://babbar.tech/crawler)"
217.113.194.90 - - [15/Aug/2025:06:24:10 -0300] "GET /admin/media/ckeditor/plugins/forms/dialogs/?C=M;O=D HTTP/1.1" 200 2134 "-" "Mozilla/5.0 (compatible; Barkrowler/0.9; +https://babbar.tech/crawler)"
114.119.159.8 - - [15/Aug/2025:06:24:36 -0300] "GET /admin/media/froala/js/langs/fr.js HTTP/1.1" 200 3152 "http://libertysa.com.br/admin/media/froala/js/langs/?C=N%3BO%3DD" "Mozilla/5.0 (Linux; Android 7.0;) AppleWebKit/537.36 (KHTML, like Gecko) Mobile Safari/537.36 (compatible; PetalBot;+https://webmaster.petalsearch.com/site/petalbot)"
217.113.194.88 - - [15/Aug/2025:06:24:40 -0300] "GET /admin/media/ckeditor/plugins/colordialog/?C=D;O=D HTTP/1.1" 200 875 "-" "Mozilla/5.0 (compatible; Barkrowler/0.9; +https://babbar.tech/crawler)"
217.113.194.87 - - [15/Aug/2025:06:24:47 -0300] "GET /admin/media/ckeditor/plugins/forms/dialogs/?C=S;O=D HTTP/1.1" 200 2134 "-" "Mozilla/5.0 (compatible; Barkrowler/0.9; +https://babbar.tech/crawler)"
114.119.153.188 - - [15/Aug/2025:06:24:55 -0300] "GET /admin/media/froala/js/langs/fa.js HTTP/1.1" 200 6114 "http://libertysa.com.br/admin/media/froala/js/langs/?C=N%3BO%3DD" "Mozilla/5.0 (Linux; Android 7.0;) AppleWebKit/537.36 (KHTML, like Gecko) Mobile Safari/537.36 (compatible; PetalBot;+https://webmaster.petalsearch.com/site/petalbot)"
217.113.194.84 - - [15/Aug/2025:06:25:11 -0300] "GET /admin/media/ckeditor/plugins/templates/templates/images/?C=N;O=A HTTP/1.1" 200 1292 "-" "Mozilla/5.0 (compatible; Barkrowler/0.9; +https://babbar.tech/crawler)"
114.119.137.232 - - [15/Aug/2025:06:25:15 -0300] "GET /admin/media/froala/js/langs/es.js HTTP/1.1" 200 3055 "http://libertysa.com.br/admin/media/froala/js/langs/?C=N%3BO%3DD" "Mozilla/5.0 (Linux; Android 7.0;) AppleWebKit/537.36 (KHTML, like Gecko) Mobile Safari/537.36 (compatible; PetalBot;+https://webmaster.petalsearch.com/site/petalbot)"
217.113.194.220 - - [15/Aug/2025:06:25:19 -0300] "GET /admin/media/ckeditor/plugins/forms/dialogs/?C=D;O=D HTTP/1.1" 200 2134 "-" "Mozilla/5.0 (compatible; Barkrowler/0.9; +https://babbar.tech/crawler)"
217.113.194.82 - - [15/Aug/2025:06:25:45 -0300] "GET /admin/media/ckeditor/plugins/templates/templates/images/?C=M;O=D HTTP/1.1" 200 1292 "-" "Mozilla/5.0 (compatible; Barkrowler/0.9; +https://babbar.tech/crawler)"
217.113.194.88 - - [15/Aug/2025:06:25:53 -0300] "GET /admin/media/ckeditor/plugins/div/dialogs/?C=M;O=D HTTP/1.1" 200 877 "-" "Mozilla/5.0 (compatible; Barkrowler/0.9; +https://babbar.tech/crawler)"
114.119.155.58 - - [15/Aug/2025:06:26:00 -0300] "GET /admin/media/froala/js/langs/bs.js HTTP/1.1" 200 3022 "http://libertysa.com.br/admin/media/froala/js/langs/?C=N%3BO%3DD" "Mozilla/5.0 (Linux; Android 7.0;) AppleWebKit/537.36 (KHTML, like Gecko) Mobile Safari/537.36 (compatible; PetalBot;+https://webmaster.petalsearch.com/site/petalbot)"
217.113.194.87 - - [15/Aug/2025:06:26:20 -0300] "GET /admin/media/ckeditor/plugins/templates/templates/images/?C=S;O=D HTTP/1.1" 200 1292 "-" "Mozilla/5.0 (compatible; Barkrowler/0.9; +https://babbar.tech/crawler)"
217.113.194.246 - - [15/Aug/2025:06:26:29 -0300] "GET /admin/media/ckeditor/plugins/div/dialogs/?C=S;O=D HTTP/1.1" 200 877 "-" "Mozilla/5.0 (compatible; Barkrowler/0.9; +https://babbar.tech/crawler)"
217.113.194.83 - - [15/Aug/2025:06:26:54 -0300] "GET /admin/media/ckeditor/plugins/liststyle/?C=D;O=D HTTP/1.1" 200 871 "-" "Mozilla/5.0 (compatible; Barkrowler/0.9; +https://babbar.tech/crawler)"
217.113.194.88 - - [15/Aug/2025:06:27:03 -0300] "GET /admin/media/ckeditor/plugins/div/dialogs/?C=N;O=A HTTP/1.1" 200 877 "-" "Mozilla/5.0 (compatible; Barkrowler/0.9; +https://babbar.tech/crawler)"
217.113.194.246 - - [15/Aug/2025:06:27:28 -0300] "GET /admin/media/ckeditor/plugins/a11yhelp/?C=M;O=D HTTP/1.1" 200 869 "-" "Mozilla/5.0 (compatible; Barkrowler/0.9; +https://babbar.tech/crawler)"
217.113.194.84 - - [15/Aug/2025:06:27:37 -0300] "GET /admin/media/ckeditor/plugins/image/dialogs/?C=N;O=A HTTP/1.1" 200 885 "-" "Mozilla/5.0 (compatible; Barkrowler/0.9; +https://babbar.tech/crawler)"
217.113.194.219 - - [15/Aug/2025:06:28:03 -0300] "GET /admin/media/ckeditor/plugins/a11yhelp/?C=S;O=D HTTP/1.1" 200 869 "-" "Mozilla/5.0 (compatible; Barkrowler/0.9; +https://babbar.tech/crawler)"
217.113.194.86 - - [15/Aug/2025:06:28:12 -0300] "GET /admin/media/ckeditor/plugins/image/dialogs/?C=M;O=D HTTP/1.1" 200 885 "-" "Mozilla/5.0 (compatible; Barkrowler/0.9; +https://babbar.tech/crawler)"
217.113.194.220 - - [15/Aug/2025:06:28:36 -0300] "GET /admin/media/ckeditor/plugins/clipboard/?C=D;O=D HTTP/1.1" 200 871 "-" "Mozilla/5.0 (compatible; Barkrowler/0.9; +https://babbar.tech/crawler)"
217.113.194.88 - - [15/Aug/2025:06:28:44 -0300] "GET /admin/media/ckeditor/plugins/image/dialogs/?C=S;O=D HTTP/1.1" 200 885 "-" "Mozilla/5.0 (compatible; Barkrowler/0.9; +https://babbar.tech/crawler)"
217.113.194.90 - - [15/Aug/2025:06:29:10 -0300] "GET /admin/media/ckeditor/plugins/scayt/?C=D;O=D HTTP/1.1" 200 1220 "-" "Mozilla/5.0 (compatible; Barkrowler/0.9; +https://babbar.tech/crawler)"
217.113.194.89 - - [15/Aug/2025:06:29:18 -0300] "GET /admin/media/ckeditor/plugins/a11yhelp/dialogs/ HTTP/1.1" 200 1070 "-" "Mozilla/5.0 (compatible; Barkrowler/0.9; +https://babbar.tech/crawler)"
217.113.194.86 - - [15/Aug/2025:06:29:45 -0300] "GET /admin/media/ckeditor/plugins/scayt/dialogs/?C=S;O=A HTTP/1.1" 200 1066 "-" "Mozilla/5.0 (compatible; Barkrowler/0.9; +https://babbar.tech/crawler)"
217.113.194.83 - - [15/Aug/2025:06:29:53 -0300] "GET /admin/media/ckeditor/plugins/scayt/cloudflare/?C=N;O=A HTTP/1.1" 200 715 "-" "Mozilla/5.0 (compatible; Barkrowler/0.9; +https://babbar.tech/crawler)"
217.113.194.82 - - [15/Aug/2025:06:30:22 -0300] "GET /admin/media/ckeditor/plugins/scayt/dialogs/?C=M;O=A HTTP/1.1" 200 1066 "-" "Mozilla/5.0 (compatible; Barkrowler/0.9; +https://babbar.tech/crawler)"
217.113.194.85 - - [15/Aug/2025:06:30:30 -0300] "GET /admin/media/ckeditor/plugins/link/dialogs/?C=N;O=A HTTP/1.1" 200 1058 "-" "Mozilla/5.0 (compatible; Barkrowler/0.9; +https://babbar.tech/crawler)"
217.113.194.87 - - [15/Aug/2025:06:30:54 -0300] "GET /admin/media/ckeditor/plugins/scayt/dialogs/?C=D;O=A HTTP/1.1" 200 1066 "-" "Mozilla/5.0 (compatible; Barkrowler/0.9; +https://babbar.tech/crawler)"
217.113.194.91 - - [15/Aug/2025:06:31:02 -0300] "GET /admin/media/ckeditor/plugins/link/dialogs/?C=S;O=D HTTP/1.1" 200 1058 "-" "Mozilla/5.0 (compatible; Barkrowler/0.9; +https://babbar.tech/crawler)"
217.113.194.220 - - [15/Aug/2025:06:31:28 -0300] "GET /admin/media/ckeditor/plugins/scayt/dialogs/?C=N;O=D HTTP/1.1" 200 1066 "-" "Mozilla/5.0 (compatible; Barkrowler/0.9; +https://babbar.tech/crawler)"
217.113.194.83 - - [15/Aug/2025:06:31:37 -0300] "GET /admin/media/ckeditor/plugins/link/dialogs/?C=D;O=D HTTP/1.1" 200 1058 "-" "Mozilla/5.0 (compatible; Barkrowler/0.9; +https://babbar.tech/crawler)"
217.113.194.246 - - [15/Aug/2025:06:32:03 -0300] "GET /admin/media/ckeditor/plugins/showblocks/?C=D;O=D HTTP/1.1" 200 872 "-" "Mozilla/5.0 (compatible; Barkrowler/0.9; +https://babbar.tech/crawler)"
154.54.249.201 - - [15/Aug/2025:06:32:10 -0300] "GET /admin/media/ckeditor/plugins/link/images/?C=D;O=D HTTP/1.1" 200 1056 "-" "Mozilla/5.0 (compatible; Barkrowler/0.9; +https://babbar.tech/crawler)"
217.113.194.87 - - [15/Aug/2025:06:32:36 -0300] "GET /admin/media/ckeditor/plugins/specialchar/dialogs/lang/?C=D;O=D HTTP/1.1" 200 9770 "-" "Mozilla/5.0 (compatible; Barkrowler/0.9; +https://babbar.tech/crawler)"
217.113.194.82 - - [15/Aug/2025:06:32:45 -0300] "GET /admin/media/ckeditor/plugins/flash/dialogs/?C=M;O=D HTTP/1.1" 200 885 "-" "Mozilla/5.0 (compatible; Barkrowler/0.9; +https://babbar.tech/crawler)"
217.113.194.91 - - [15/Aug/2025:06:33:08 -0300] "GET /admin/media/ckeditor/plugins/specialchar/dialogs/lang/?C=M;O=D HTTP/1.1" 200 9770 "-" "Mozilla/5.0 (compatible; Barkrowler/0.9; +https://babbar.tech/crawler)"
217.113.194.83 - - [15/Aug/2025:06:33:16 -0300] "GET /admin/media/ckeditor/plugins/flash/dialogs/?C=S;O=D HTTP/1.1" 200 885 "-" "Mozilla/5.0 (compatible; Barkrowler/0.9; +https://babbar.tech/crawler)"
217.113.194.83 - - [15/Aug/2025:06:33:40 -0300] "GET /admin/media/ckeditor/plugins/specialchar/dialogs/lang/?C=S;O=D HTTP/1.1" 200 9770 "-" "Mozilla/5.0 (compatible; Barkrowler/0.9; +https://babbar.tech/crawler)"
217.113.194.220 - - [15/Aug/2025:06:33:48 -0300] "GET /admin/media/ckeditor/plugins/flash/dialogs/?C=D;O=D HTTP/1.1" 200 885 "-" "Mozilla/5.0 (compatible; Barkrowler/0.9; +https://babbar.tech/crawler)"
217.113.194.85 - - [15/Aug/2025:06:34:17 -0300] "GET /admin/media/ckeditor/plugins/specialchar/dialogs/lang/?C=N;O=A HTTP/1.1" 200 9770 "-" "Mozilla/5.0 (compatible; Barkrowler/0.9; +https://babbar.tech/crawler)"
217.113.194.87 - - [15/Aug/2025:06:34:24 -0300] "GET /admin/media/ckeditor/plugins/flash/dialogs/?C=N;O=A HTTP/1.1" 200 885 "-" "Mozilla/5.0 (compatible; Barkrowler/0.9; +https://babbar.tech/crawler)"
217.113.194.90 - - [15/Aug/2025:06:34:49 -0300] "GET /admin/media/ckeditor/plugins/magicline/?C=D;O=D HTTP/1.1" 200 870 "-" "Mozilla/5.0 (compatible; Barkrowler/0.9; +https://babbar.tech/crawler)"
217.113.194.83 - - [15/Aug/2025:06:34:56 -0300] "GET /admin/media/ckeditor/plugins/flash/images/?C=D;O=D HTTP/1.1" 200 890 "-" "Mozilla/5.0 (compatible; Barkrowler/0.9; +https://babbar.tech/crawler)"
217.113.194.82 - - [15/Aug/2025:06:35:25 -0300] "GET /admin/media/ckeditor/plugins/tabletools/dialogs/?C=N;O=D HTTP/1.1" 200 904 "-" "Mozilla/5.0 (compatible; Barkrowler/0.9; +https://babbar.tech/crawler)"
217.113.194.82 - - [15/Aug/2025:06:35:31 -0300] "GET /admin/media/ckeditor/plugins/table/dialogs/?C=M;O=D HTTP/1.1" 200 885 "-" "Mozilla/5.0 (compatible; Barkrowler/0.9; +https://babbar.tech/crawler)"
114.119.151.126 - - [15/Aug/2025:06:35:47 -0300] "GET /admin/media/froala/js/langs/he.js HTTP/1.1" 200 5538 "http://libertysa.com.br/admin/media/froala/js/langs/?C=N%3BO%3DD" "Mozilla/5.0 (Linux; Android 7.0;) AppleWebKit/537.36 (KHTML, like Gecko) Mobile Safari/537.36 (compatible; PetalBot;+https://webmaster.petalsearch.com/site/petalbot)"
217.113.194.220 - - [15/Aug/2025:06:35:54 -0300] "GET /admin/media/ckeditor/plugins/tabletools/?C=D;O=D HTTP/1.1" 200 873 "-" "Mozilla/5.0 (compatible; Barkrowler/0.9; +https://babbar.tech/crawler)"
217.113.194.89 - - [15/Aug/2025:06:36:01 -0300] "GET /admin/media/ckeditor/plugins/table/dialogs/?C=S;O=D HTTP/1.1" 200 885 "-" "Mozilla/5.0 (compatible; Barkrowler/0.9; +https://babbar.tech/crawler)"
217.113.194.85 - - [15/Aug/2025:06:36:26 -0300] "GET /admin/media/ckeditor/skins/office2013/?C=D;O=D HTTP/1.1" 200 1582 "-" "Mozilla/5.0 (compatible; Barkrowler/0.9; +https://babbar.tech/crawler)"
217.113.194.82 - - [15/Aug/2025:06:36:33 -0300] "GET /admin/media/ckeditor/plugins/table/dialogs/?C=D;O=D HTTP/1.1" 200 885 "-" "Mozilla/5.0 (compatible; Barkrowler/0.9; +https://babbar.tech/crawler)"
217.113.194.246 - - [15/Aug/2025:06:36:57 -0300] "GET /admin/media/Highcharts-4.1.9/api/?C=S;O=D HTTP/1.1" 200 1558 "-" "Mozilla/5.0 (compatible; Barkrowler/0.9; +https://babbar.tech/crawler)"
217.113.194.85 - - [15/Aug/2025:06:37:04 -0300] "GET /admin/media/ckeditor/plugins/table/dialogs/?C=N;O=A HTTP/1.1" 200 885 "-" "Mozilla/5.0 (compatible; Barkrowler/0.9; +https://babbar.tech/crawler)"
114.119.155.58 - - [15/Aug/2025:06:37:11 -0300] "GET /admin/media/froala/js/langs/cs.js HTTP/1.1" 200 3335 "http://libertysa.com.br/admin/media/froala/js/langs/?C=N%3BO%3DD" "Mozilla/5.0 (Linux; Android 7.0;) AppleWebKit/537.36 (KHTML, like Gecko) Mobile Safari/537.36 (compatible; PetalBot;+https://webmaster.petalsearch.com/site/petalbot)"
217.113.194.246 - - [15/Aug/2025:06:37:28 -0300] "GET /admin/media/Highcharts-4.1.9/api/?C=D;O=D HTTP/1.1" 200 1558 "-" "Mozilla/5.0 (compatible; Barkrowler/0.9; +https://babbar.tech/crawler)"
217.113.194.83 - - [15/Aug/2025:06:37:35 -0300] "GET /admin/media/ckeditor/plugins/specialchar/dialogs/lang/?C=D;O=A HTTP/1.1" 200 9770 "-" "Mozilla/5.0 (compatible; Barkrowler/0.9; +https://babbar.tech/crawler)"
217.113.194.246 - - [15/Aug/2025:06:38:02 -0300] "GET /admin/media/Highcharts-4.1.9/api/?C=M;O=D HTTP/1.1" 200 1558 "-" "Mozilla/5.0 (compatible; Barkrowler/0.9; +https://babbar.tech/crawler)"
217.113.194.82 - - [15/Aug/2025:06:38:10 -0300] "GET /admin/media/ckeditor/plugins/specialchar/dialogs/lang/?C=M;O=A HTTP/1.1" 200 9770 "-" "Mozilla/5.0 (compatible; Barkrowler/0.9; +https://babbar.tech/crawler)"
114.119.151.126 - - [15/Aug/2025:06:38:34 -0300] "GET /admin/media/fonts/glyphicons-halflings-regular.ttf HTTP/1.1" 200 41280 "http://libertysa.com.br/admin/media/fonts/?C=M%3BO%3DA" "Mozilla/5.0 (Linux; Android 7.0;) AppleWebKit/537.36 (KHTML, like Gecko) Mobile Safari/537.36 (compatible; PetalBot;+https://webmaster.petalsearch.com/site/petalbot)"
217.113.194.83 - - [15/Aug/2025:06:38:35 -0300] "GET /admin/media/Highcharts-4.1.9/api/images/splash.svg HTTP/1.1" 200 31530 "-" "Mozilla/5.0 (compatible; Barkrowler/0.9; +https://babbar.tech/crawler)"
217.113.194.83 - - [15/Aug/2025:06:38:43 -0300] "GET /admin/media/ckeditor/plugins/specialchar/dialogs/lang/?C=S;O=A HTTP/1.1" 200 9770 "-" "Mozilla/5.0 (compatible; Barkrowler/0.9; +https://babbar.tech/crawler)"
217.113.194.86 - - [15/Aug/2025:06:39:07 -0300] "GET /admin/media/Highcharts-4.1.9/examples/polygon/?C=D;O=A HTTP/1.1" 200 895 "-" "Mozilla/5.0 (compatible; Barkrowler/0.9; +https://babbar.tech/crawler)"
217.113.194.82 - - [15/Aug/2025:06:39:14 -0300] "GET /admin/media/ckeditor/plugins/specialchar/dialogs/lang/?C=N;O=D HTTP/1.1" 200 9770 "-" "Mozilla/5.0 (compatible; Barkrowler/0.9; +https://babbar.tech/crawler)"
217.113.194.86 - - [15/Aug/2025:06:39:30 -0300] "GET /admin/media/Highcharts-4.1.9/examples/polygon/?C=M;O=A HTTP/1.1" 200 895 "-" "Mozilla/5.0 (compatible; Barkrowler/0.9; +https://babbar.tech/crawler)"
217.113.194.220 - - [15/Aug/2025:06:39:36 -0300] "GET /admin/media/ckeditor/plugins/find/dialogs/?C=M;O=D HTTP/1.1" 200 881 "-" "Mozilla/5.0 (compatible; Barkrowler/0.9; +https://babbar.tech/crawler)"
114.119.155.210 - - [15/Aug/2025:06:39:57 -0300] "GET /admin/media/fonts/glyphicons-halflings-regular.eot HTTP/1.1" 200 20335 "http://libertysa.com.br/admin/media/fonts/?C=M%3BO%3DA" "Mozilla/5.0 (Linux; Android 7.0;) AppleWebKit/537.36 (KHTML, like Gecko) Mobile Safari/537.36 (compatible; PetalBot;+https://webmaster.petalsearch.com/site/petalbot)"
217.113.194.246 - - [15/Aug/2025:06:40:03 -0300] "GET /admin/media/Highcharts-4.1.9/examples/polygon/?C=S;O=A HTTP/1.1" 200 895 "-" "Mozilla/5.0 (compatible; Barkrowler/0.9; +https://babbar.tech/crawler)"
217.113.194.85 - - [15/Aug/2025:06:40:11 -0300] "GET /admin/media/ckeditor/plugins/find/dialogs/?C=S;O=D HTTP/1.1" 200 881 "-" "Mozilla/5.0 (compatible; Barkrowler/0.9; +https://babbar.tech/crawler)"
217.113.194.84 - - [15/Aug/2025:06:40:35 -0300] "GET /admin/media/Highcharts-4.1.9/examples/polygon/?C=N;O=D HTTP/1.1" 200 895 "-" "Mozilla/5.0 (compatible; Barkrowler/0.9; +https://babbar.tech/crawler)"
217.113.194.83 - - [15/Aug/2025:06:40:43 -0300] "GET /admin/media/ckeditor/plugins/find/dialogs/?C=D;O=D HTTP/1.1" 200 881 "-" "Mozilla/5.0 (compatible; Barkrowler/0.9; +https://babbar.tech/crawler)"
217.113.194.90 - - [15/Aug/2025:06:41:06 -0300] "GET /admin/media/Highcharts-4.1.9/examples/polar-spider/?C=M;O=A HTTP/1.1" 200 905 "-" "Mozilla/5.0 (compatible; Barkrowler/0.9; +https://babbar.tech/crawler)"
217.113.194.88 - - [15/Aug/2025:06:41:14 -0300] "GET /admin/media/ckeditor/plugins/find/dialogs/?C=N;O=A HTTP/1.1" 200 881 "-" "Mozilla/5.0 (compatible; Barkrowler/0.9; +https://babbar.tech/crawler)"
114.119.155.58 - - [15/Aug/2025:06:41:22 -0300] "GET /admin/media/font-awesome-4.1.0/scss/_stacked.scss HTTP/1.1" 200 502 "http://libertysa.com.br/admin/media/font-awesome-4.1.0/scss/?C=M%3BO%3DA" "Mozilla/5.0 (Linux; Android 7.0;) AppleWebKit/537.36 (KHTML, like Gecko) Mobile Safari/537.36 (compatible; PetalBot;+https://webmaster.petalsearch.com/site/petalbot)"
217.113.194.86 - - [15/Aug/2025:06:41:40 -0300] "GET /admin/media/Highcharts-4.1.9/examples/polar-spider/?C=S;O=A HTTP/1.1" 200 905 "-" "Mozilla/5.0 (compatible; Barkrowler/0.9; +https://babbar.tech/crawler)"
217.113.194.91 - - [15/Aug/2025:06:41:47 -0300] "GET /admin/media/ckeditor/plugins/pastefromword/filter/?C=N;O=A HTTP/1.1" 200 909 "-" "Mozilla/5.0 (compatible; Barkrowler/0.9; +https://babbar.tech/crawler)"
217.113.194.85 - - [15/Aug/2025:06:42:12 -0300] "GET /admin/media/Highcharts-4.1.9/examples/polar-spider/?C=D;O=A HTTP/1.1" 200 905 "-" "Mozilla/5.0 (compatible; Barkrowler/0.9; +https://babbar.tech/crawler)"
217.113.194.82 - - [15/Aug/2025:06:42:20 -0300] "GET /admin/media/ckeditor/plugins/pastefromword/filter/?C=M;O=D HTTP/1.1" 200 909 "-" "Mozilla/5.0 (compatible; Barkrowler/0.9; +https://babbar.tech/crawler)"
217.113.194.85 - - [15/Aug/2025:06:42:44 -0300] "GET /admin/media/Highcharts-4.1.9/examples/polar-spider/?C=N;O=D HTTP/1.1" 200 905 "-" "Mozilla/5.0 (compatible; Barkrowler/0.9; +https://babbar.tech/crawler)"
114.119.152.69 - - [15/Aug/2025:06:42:45 -0300] "GET /admin/media/font-awesome-4.1.0/scss/_fixed-width.scss HTTP/1.1" 200 126 "http://libertysa.com.br/admin/media/font-awesome-4.1.0/scss/?C=M%3BO%3DA" "Mozilla/5.0 (Linux; Android 7.0;) AppleWebKit/537.36 (KHTML, like Gecko) Mobile Safari/537.36 (compatible; PetalBot;+https://webmaster.petalsearch.com/site/petalbot)"
217.113.194.91 - - [15/Aug/2025:06:42:51 -0300] "GET /admin/media/ckeditor/plugins/pastefromword/filter/?C=S;O=D HTTP/1.1" 200 909 "-" "Mozilla/5.0 (compatible; Barkrowler/0.9; +https://babbar.tech/crawler)"
217.113.194.83 - - [15/Aug/2025:06:43:15 -0300] "GET /admin/media/Highcharts-4.1.9/examples/line-basic/?C=M;O=A HTTP/1.1" 200 901 "-" "Mozilla/5.0 (compatible; Barkrowler/0.9; +https://babbar.tech/crawler)"
217.113.194.86 - - [15/Aug/2025:06:43:24 -0300] "GET /admin/media/Highcharts-4.1.9/api/?C=S;O=D HTTP/1.1" 200 1558 "-" "Mozilla/5.0 (compatible; Barkrowler/0.9; +https://babbar.tech/crawler)"
217.113.194.246 - - [15/Aug/2025:06:43:50 -0300] "GET /admin/media/Highcharts-4.1.9/examples/line-basic/?C=S;O=A HTTP/1.1" 200 901 "-" "Mozilla/5.0 (compatible; Barkrowler/0.9; +https://babbar.tech/crawler)"
217.113.194.85 - - [15/Aug/2025:06:43:59 -0300] "GET /admin/media/Highcharts-4.1.9/api/?C=D;O=D HTTP/1.1" 200 1558 "-" "Mozilla/5.0 (compatible; Barkrowler/0.9; +https://babbar.tech/crawler)"
114.119.151.126 - - [15/Aug/2025:06:44:08 -0300] "GET /admin/media/font-awesome-4.1.0/less/rotated-flipped.less HTTP/1.1" 200 642 "http://libertysa.com.br/admin/media/font-awesome-4.1.0/less/?C=S%3BO%3DA" "Mozilla/5.0 (Linux; Android 7.0;) AppleWebKit/537.36 (KHTML, like Gecko) Mobile Safari/537.36 (compatible; PetalBot;+https://webmaster.petalsearch.com/site/petalbot)"
217.113.194.85 - - [15/Aug/2025:06:44:23 -0300] "GET /admin/media/Highcharts-4.1.9/examples/line-basic/?C=N;O=D HTTP/1.1" 200 901 "-" "Mozilla/5.0 (compatible; Barkrowler/0.9; +https://babbar.tech/crawler)"
217.113.194.87 - - [15/Aug/2025:06:44:30 -0300] "GET /admin/media/Highcharts-4.1.9/api/?C=M;O=D HTTP/1.1" 200 1558 "-" "Mozilla/5.0 (compatible; Barkrowler/0.9; +https://babbar.tech/crawler)"
217.113.194.85 - - [15/Aug/2025:06:44:54 -0300] "GET /admin/media/Highcharts-4.1.9/examples/line-basic/?C=D;O=A HTTP/1.1" 200 901 "-" "Mozilla/5.0 (compatible; Barkrowler/0.9; +https://babbar.tech/crawler)"
217.113.194.89 - - [15/Aug/2025:06:45:02 -0300] "GET /admin/media/Highcharts-4.1.9/api/images/splash.svg HTTP/1.1" 200 31530 "-" "Mozilla/5.0 (compatible; Barkrowler/0.9; +https://babbar.tech/crawler)"
154.54.249.201 - - [15/Aug/2025:06:45:28 -0300] "GET /admin/media/Highcharts-4.1.9/examples/area-missing/?C=M;O=A HTTP/1.1" 200 905 "-" "Mozilla/5.0 (compatible; Barkrowler/0.9; +https://babbar.tech/crawler)"
217.113.194.220 - - [15/Aug/2025:06:45:36 -0300] "GET /admin/media/Highcharts-4.1.9/examples/polygon/?C=D;O=A HTTP/1.1" 200 895 "-" "Mozilla/5.0 (compatible; Barkrowler/0.9; +https://babbar.tech/crawler)"
217.113.194.220 - - [15/Aug/2025:06:46:01 -0300] "GET /admin/media/Highcharts-4.1.9/examples/area-missing/?C=S;O=A HTTP/1.1" 200 905 "-" "Mozilla/5.0 (compatible; Barkrowler/0.9; +https://babbar.tech/crawler)"
217.113.194.85 - - [15/Aug/2025:06:46:08 -0300] "GET /admin/media/Highcharts-4.1.9/examples/polygon/?C=M;O=A HTTP/1.1" 200 895 "-" "Mozilla/5.0 (compatible; Barkrowler/0.9; +https://babbar.tech/crawler)"
217.113.194.90 - - [15/Aug/2025:06:46:33 -0300] "GET /admin/media/Highcharts-4.1.9/examples/area-missing/?C=N;O=D HTTP/1.1" 200 905 "-" "Mozilla/5.0 (compatible; Barkrowler/0.9; +https://babbar.tech/crawler)"
217.113.194.90 - - [15/Aug/2025:06:46:42 -0300] "GET /admin/media/Highcharts-4.1.9/examples/polygon/?C=S;O=A HTTP/1.1" 200 895 "-" "Mozilla/5.0 (compatible; Barkrowler/0.9; +https://babbar.tech/crawler)"
217.113.194.87 - - [15/Aug/2025:06:47:09 -0300] "GET /admin/media/Highcharts-4.1.9/examples/area-missing/?C=D;O=A HTTP/1.1" 200 905 "-" "Mozilla/5.0 (compatible; Barkrowler/0.9; +https://babbar.tech/crawler)"
217.113.194.89 - - [15/Aug/2025:06:47:17 -0300] "GET /admin/media/Highcharts-4.1.9/examples/polygon/?C=N;O=D HTTP/1.1" 200 895 "-" "Mozilla/5.0 (compatible; Barkrowler/0.9; +https://babbar.tech/crawler)"
217.113.194.82 - - [15/Aug/2025:06:47:47 -0300] "GET /admin/media/Highcharts-4.1.9/examples/area-negative/?C=M;O=A HTTP/1.1" 200 907 "-" "Mozilla/5.0 (compatible; Barkrowler/0.9; +https://babbar.tech/crawler)"
217.113.194.82 - - [15/Aug/2025:06:47:55 -0300] "GET /admin/media/Highcharts-4.1.9/examples/polar-spider/?C=M;O=A HTTP/1.1" 200 905 "-" "Mozilla/5.0 (compatible; Barkrowler/0.9; +https://babbar.tech/crawler)"
217.113.194.82 - - [15/Aug/2025:06:48:17 -0300] "GET /admin/media/Highcharts-4.1.9/examples/area-negative/?C=S;O=A HTTP/1.1" 200 907 "-" "Mozilla/5.0 (compatible; Barkrowler/0.9; +https://babbar.tech/crawler)"
217.113.194.91 - - [15/Aug/2025:06:48:24 -0300] "GET /admin/media/Highcharts-4.1.9/examples/polar-spider/?C=S;O=A HTTP/1.1" 200 905 "-" "Mozilla/5.0 (compatible; Barkrowler/0.9; +https://babbar.tech/crawler)"
217.113.194.219 - - [15/Aug/2025:06:48:49 -0300] "GET /admin/media/Highcharts-4.1.9/examples/area-negative/?C=N;O=D HTTP/1.1" 200 907 "-" "Mozilla/5.0 (compatible; Barkrowler/0.9; +https://babbar.tech/crawler)"
217.113.194.88 - - [15/Aug/2025:06:48:57 -0300] "GET /admin/media/Highcharts-4.1.9/examples/polar-spider/?C=D;O=A HTTP/1.1" 200 905 "-" "Mozilla/5.0 (compatible; Barkrowler/0.9; +https://babbar.tech/crawler)"
217.113.194.85 - - [15/Aug/2025:06:49:17 -0300] "GET /admin/media/Highcharts-4.1.9/examples/area-negative/?C=D;O=A HTTP/1.1" 200 907 "-" "Mozilla/5.0 (compatible; Barkrowler/0.9; +https://babbar.tech/crawler)"
217.113.194.85 - - [15/Aug/2025:06:49:24 -0300] "GET /admin/media/Highcharts-4.1.9/examples/polar-spider/?C=N;O=D HTTP/1.1" 200 905 "-" "Mozilla/5.0 (compatible; Barkrowler/0.9; +https://babbar.tech/crawler)"
217.113.194.91 - - [15/Aug/2025:06:49:45 -0300] "GET /admin/media/Highcharts-4.1.9/examples/area-basic/?C=D;O=A HTTP/1.1" 200 901 "-" "Mozilla/5.0 (compatible; Barkrowler/0.9; +https://babbar.tech/crawler)"
217.113.194.220 - - [15/Aug/2025:06:49:51 -0300] "GET /admin/media/Highcharts-4.1.9/examples/line-basic/?C=M;O=A HTTP/1.1" 200 901 "-" "Mozilla/5.0 (compatible; Barkrowler/0.9; +https://babbar.tech/crawler)"
217.113.194.91 - - [15/Aug/2025:06:50:12 -0300] "GET /admin/media/Highcharts-4.1.9/examples/area-basic/?C=N;O=D HTTP/1.1" 200 901 "-" "Mozilla/5.0 (compatible; Barkrowler/0.9; +https://babbar.tech/crawler)"
217.113.194.246 - - [15/Aug/2025:06:50:19 -0300] "GET /admin/media/Highcharts-4.1.9/examples/line-basic/?C=S;O=A HTTP/1.1" 200 901 "-" "Mozilla/5.0 (compatible; Barkrowler/0.9; +https://babbar.tech/crawler)"
154.54.249.201 - - [15/Aug/2025:06:50:40 -0300] "GET /admin/media/Highcharts-4.1.9/examples/area-basic/?C=M;O=A HTTP/1.1" 200 901 "-" "Mozilla/5.0 (compatible; Barkrowler/0.9; +https://babbar.tech/crawler)"
217.113.194.84 - - [15/Aug/2025:06:50:47 -0300] "GET /admin/media/Highcharts-4.1.9/examples/line-basic/?C=N;O=D HTTP/1.1" 200 901 "-" "Mozilla/5.0 (compatible; Barkrowler/0.9; +https://babbar.tech/crawler)"
217.113.194.90 - - [15/Aug/2025:06:51:11 -0300] "GET /admin/media/Highcharts-4.1.9/examples/area-basic/?C=S;O=A HTTP/1.1" 200 901 "-" "Mozilla/5.0 (compatible; Barkrowler/0.9; +https://babbar.tech/crawler)"
217.113.194.87 - - [15/Aug/2025:06:51:18 -0300] "GET /admin/media/Highcharts-4.1.9/examples/line-basic/?C=D;O=A HTTP/1.1" 200 901 "-" "Mozilla/5.0 (compatible; Barkrowler/0.9; +https://babbar.tech/crawler)"
217.113.194.246 - - [15/Aug/2025:06:51:42 -0300] "GET /admin/media/Highcharts-4.1.9/examples/3d-pie/?C=N;O=D HTTP/1.1" 200 893 "-" "Mozilla/5.0 (compatible; Barkrowler/0.9; +https://babbar.tech/crawler)"
217.113.194.85 - - [15/Aug/2025:06:51:49 -0300] "GET /admin/media/Highcharts-4.1.9/examples/area-missing/?C=M;O=A HTTP/1.1" 200 905 "-" "Mozilla/5.0 (compatible; Barkrowler/0.9; +https://babbar.tech/crawler)"
