20.171.207.11 - - [15/Aug/2025:07:21:03 -0300] "GET /072013576.htm HTTP/2.0" 200 - "-" "Mozilla/5.0 AppleWebKit/537.36 (KHTML, like Gecko; compatible; GPTBot/1.2; +https://openai.com/gptbot)"
217.113.194.82 - - [15/Aug/2025:07:21:04 -0300] "GET /admin/media/froala/examples/init_on_link_with_link_text.html HTTP/1.1" 304 - "-" "Mozilla/5.0 (compatible; Barkrowler/0.9; +https://babbar.tech/crawler)"
20.171.207.11 - - [15/Aug/2025:07:21:06 -0300] "GET /067036219.htm HTTP/2.0" 200 - "-" "Mozilla/5.0 AppleWebKit/537.36 (KHTML, like Gecko; compatible; GPTBot/1.2; +https://openai.com/gptbot)"
20.171.207.11 - - [15/Aug/2025:07:21:09 -0300] "GET /045042137.htm HTTP/2.0" 200 - "-" "Mozilla/5.0 AppleWebKit/537.36 (KHTML, like Gecko; compatible; GPTBot/1.2; +https://openai.com/gptbot)"
20.171.207.11 - - [15/Aug/2025:07:21:12 -0300] "GET /016043198.htm HTTP/2.0" 200 - "-" "Mozilla/5.0 AppleWebKit/537.36 (KHTML, like Gecko; compatible; GPTBot/1.2; +https://openai.com/gptbot)"
20.171.207.11 - - [15/Aug/2025:07:21:14 -0300] "GET /092033756.htm HTTP/2.0" 200 - "-" "Mozilla/5.0 AppleWebKit/537.36 (KHTML, like Gecko; compatible; GPTBot/1.2; +https://openai.com/gptbot)"
20.171.207.11 - - [15/Aug/2025:07:21:17 -0300] "GET /045023699.htm HTTP/2.0" 200 - "-" "Mozilla/5.0 AppleWebKit/537.36 (KHTML, like Gecko; compatible; GPTBot/1.2; +https://openai.com/gptbot)"
20.171.207.11 - - [15/Aug/2025:07:21:19 -0300] "GET /031046389.htm HTTP/2.0" 200 - "-" "Mozilla/5.0 AppleWebKit/537.36 (KHTML, like Gecko; compatible; GPTBot/1.2; +https://openai.com/gptbot)"
20.171.207.11 - - [15/Aug/2025:07:21:21 -0300] "GET /063024685.htm HTTP/2.0" 200 - "-" "Mozilla/5.0 AppleWebKit/537.36 (KHTML, like Gecko; compatible; GPTBot/1.2; +https://openai.com/gptbot)"
20.171.207.11 - - [15/Aug/2025:07:21:23 -0300] "GET /019031475.htm HTTP/2.0" 200 - "-" "Mozilla/5.0 AppleWebKit/537.36 (KHTML, like Gecko; compatible; GPTBot/1.2; +https://openai.com/gptbot)"
217.113.194.86 - - [15/Aug/2025:07:21:25 -0300] "GET /admin/media/ckeditor/plugins/magicline/images/hidpi/?C=M;O=A HTTP/1.1" 200 1094 "-" "Mozilla/5.0 (compatible; Barkrowler/0.9; +https://babbar.tech/crawler)"
20.171.207.11 - - [15/Aug/2025:07:21:26 -0300] "GET /059036291.htm HTTP/2.0" 200 - "-" "Mozilla/5.0 AppleWebKit/537.36 (KHTML, like Gecko; compatible; GPTBot/1.2; +https://openai.com/gptbot)"
20.171.207.11 - - [15/Aug/2025:07:21:29 -0300] "GET /049042683.htm HTTP/2.0" 200 - "-" "Mozilla/5.0 AppleWebKit/537.36 (KHTML, like Gecko; compatible; GPTBot/1.2; +https://openai.com/gptbot)"
20.171.207.11 - - [15/Aug/2025:07:21:32 -0300] "GET /068037264.htm HTTP/2.0" 200 - "-" "Mozilla/5.0 AppleWebKit/537.36 (KHTML, like Gecko; compatible; GPTBot/1.2; +https://openai.com/gptbot)"
217.113.194.89 - - [15/Aug/2025:07:21:33 -0300] "GET /admin/media/froala/fonts/fontawesome-webfont.ttf HTTP/1.1" 200 112160 "-" "Mozilla/5.0 (compatible; Barkrowler/0.9; +https://babbar.tech/crawler)"
20.171.207.11 - - [15/Aug/2025:07:21:35 -0300] "GET /087046415.htm HTTP/2.0" 200 - "-" "Mozilla/5.0 AppleWebKit/537.36 (KHTML, like Gecko; compatible; GPTBot/1.2; +https://openai.com/gptbot)"
20.171.207.11 - - [15/Aug/2025:07:21:38 -0300] "GET /051016937.htm HTTP/2.0" 200 - "-" "Mozilla/5.0 AppleWebKit/537.36 (KHTML, like Gecko; compatible; GPTBot/1.2; +https://openai.com/gptbot)"
20.171.207.11 - - [15/Aug/2025:07:21:41 -0300] "GET /049018263.htm HTTP/2.0" 200 - "-" "Mozilla/5.0 AppleWebKit/537.36 (KHTML, like Gecko; compatible; GPTBot/1.2; +https://openai.com/gptbot)"
20.171.207.11 - - [15/Aug/2025:07:21:44 -0300] "GET /086017538.htm HTTP/2.0" 200 - "-" "Mozilla/5.0 AppleWebKit/537.36 (KHTML, like Gecko; compatible; GPTBot/1.2; +https://openai.com/gptbot)"
20.171.207.11 - - [15/Aug/2025:07:21:46 -0300] "GET /084019436.htm HTTP/2.0" 200 - "-" "Mozilla/5.0 AppleWebKit/537.36 (KHTML, like Gecko; compatible; GPTBot/1.2; +https://openai.com/gptbot)"
20.171.207.11 - - [15/Aug/2025:07:21:49 -0300] "GET /027018529.htm HTTP/2.0" 200 - "-" "Mozilla/5.0 AppleWebKit/537.36 (KHTML, like Gecko; compatible; GPTBot/1.2; +https://openai.com/gptbot)"
20.171.207.11 - - [15/Aug/2025:07:21:52 -0300] "GET /075028911.htm HTTP/2.0" 200 - "-" "Mozilla/5.0 AppleWebKit/537.36 (KHTML, like Gecko; compatible; GPTBot/1.2; +https://openai.com/gptbot)"
20.171.207.11 - - [15/Aug/2025:07:21:54 -0300] "GET /073042251.htm HTTP/2.0" 200 - "-" "Mozilla/5.0 AppleWebKit/537.36 (KHTML, like Gecko; compatible; GPTBot/1.2; +https://openai.com/gptbot)"
20.171.207.11 - - [15/Aug/2025:07:21:56 -0300] "GET /046012586.htm HTTP/2.0" 200 - "-" "Mozilla/5.0 AppleWebKit/537.36 (KHTML, like Gecko; compatible; GPTBot/1.2; +https://openai.com/gptbot)"
217.113.194.89 - - [15/Aug/2025:07:21:58 -0300] "GET /admin/media/ckeditor/plugins/magicline/images/hidpi/?C=S;O=A HTTP/1.1" 200 1094 "-" "Mozilla/5.0 (compatible; Barkrowler/0.9; +https://babbar.tech/crawler)"
20.171.207.11 - - [15/Aug/2025:07:21:59 -0300] "GET /025019375.htm HTTP/2.0" 200 - "-" "Mozilla/5.0 AppleWebKit/537.36 (KHTML, like Gecko; compatible; GPTBot/1.2; +https://openai.com/gptbot)"
20.171.207.11 - - [15/Aug/2025:07:22:02 -0300] "GET /061042827.htm HTTP/2.0" 200 - "-" "Mozilla/5.0 AppleWebKit/537.36 (KHTML, like Gecko; compatible; GPTBot/1.2; +https://openai.com/gptbot)"
20.171.207.11 - - [15/Aug/2025:07:22:04 -0300] "GET /013018549.htm HTTP/2.0" 200 - "-" "Mozilla/5.0 AppleWebKit/537.36 (KHTML, like Gecko; compatible; GPTBot/1.2; +https://openai.com/gptbot)"
217.113.194.91 - - [15/Aug/2025:07:22:05 -0300] "GET /admin/media/jQuery-Mask-Plugin/CHANGELOG.txt HTTP/1.1" 200 11313 "-" "Mozilla/5.0 (compatible; Barkrowler/0.9; +https://babbar.tech/crawler)"
20.171.207.11 - - [15/Aug/2025:07:22:08 -0300] "GET /075029613.htm HTTP/2.0" 200 - "-" "Mozilla/5.0 AppleWebKit/537.36 (KHTML, like Gecko; compatible; GPTBot/1.2; +https://openai.com/gptbot)"
20.171.207.11 - - [15/Aug/2025:07:22:10 -0300] "GET /048035316.htm HTTP/2.0" 200 - "-" "Mozilla/5.0 AppleWebKit/537.36 (KHTML, like Gecko; compatible; GPTBot/1.2; +https://openai.com/gptbot)"
20.171.207.11 - - [15/Aug/2025:07:22:13 -0300] "GET /081029395.htm HTTP/2.0" 200 - "-" "Mozilla/5.0 AppleWebKit/537.36 (KHTML, like Gecko; compatible; GPTBot/1.2; +https://openai.com/gptbot)"
20.171.207.11 - - [15/Aug/2025:07:22:16 -0300] "GET /054034782.htm HTTP/2.0" 200 - "-" "Mozilla/5.0 AppleWebKit/537.36 (KHTML, like Gecko; compatible; GPTBot/1.2; +https://openai.com/gptbot)"
20.171.207.11 - - [15/Aug/2025:07:22:19 -0300] "GET /061014235.htm HTTP/2.0" 200 - "-" "Mozilla/5.0 AppleWebKit/537.36 (KHTML, like Gecko; compatible; GPTBot/1.2; +https://openai.com/gptbot)"
20.171.207.11 - - [15/Aug/2025:07:22:22 -0300] "GET /053018439.htm HTTP/2.0" 200 - "-" "Mozilla/5.0 AppleWebKit/537.36 (KHTML, like Gecko; compatible; GPTBot/1.2; +https://openai.com/gptbot)"
20.171.207.11 - - [15/Aug/2025:07:22:25 -0300] "GET /051042823.htm HTTP/2.0" 200 - "-" "Mozilla/5.0 AppleWebKit/537.36 (KHTML, like Gecko; compatible; GPTBot/1.2; +https://openai.com/gptbot)"
20.171.207.11 - - [15/Aug/2025:07:22:27 -0300] "GET /092017336.htm HTTP/2.0" 200 - "-" "Mozilla/5.0 AppleWebKit/537.36 (KHTML, like Gecko; compatible; GPTBot/1.2; +https://openai.com/gptbot)"
217.113.194.82 - - [15/Aug/2025:07:22:27 -0300] "GET /admin/media/ckeditor/plugins/magicline/images/hidpi/?C=N;O=D HTTP/1.1" 200 1094 "-" "Mozilla/5.0 (compatible; Barkrowler/0.9; +https://babbar.tech/crawler)"
20.171.207.11 - - [15/Aug/2025:07:22:29 -0300] "GET /049015687.htm HTTP/2.0" 200 - "-" "Mozilla/5.0 AppleWebKit/537.36 (KHTML, like Gecko; compatible; GPTBot/1.2; +https://openai.com/gptbot)"
20.171.207.11 - - [15/Aug/2025:07:22:30 -0300] "GET /038046926.htm HTTP/2.0" 200 - "-" "Mozilla/5.0 AppleWebKit/537.36 (KHTML, like Gecko; compatible; GPTBot/1.2; +https://openai.com/gptbot)"
20.171.207.11 - - [15/Aug/2025:07:22:32 -0300] "GET /019038867.htm HTTP/2.0" 200 - "-" "Mozilla/5.0 AppleWebKit/537.36 (KHTML, like Gecko; compatible; GPTBot/1.2; +https://openai.com/gptbot)"
20.171.207.11 - - [15/Aug/2025:07:22:34 -0300] "GET /094048512.htm HTTP/2.0" 200 - "-" "Mozilla/5.0 AppleWebKit/537.36 (KHTML, like Gecko; compatible; GPTBot/1.2; +https://openai.com/gptbot)"
20.171.207.11 - - [15/Aug/2025:07:22:35 -0300] "GET /067019857.htm HTTP/2.0" 200 - "-" "Mozilla/5.0 AppleWebKit/537.36 (KHTML, like Gecko; compatible; GPTBot/1.2; +https://openai.com/gptbot)"
217.113.194.85 - - [15/Aug/2025:07:22:36 -0300] "GET /admin/media/jQuery-Mask-Plugin/test/zepto/?C=M;O=A HTTP/1.1" 200 1239 "-" "Mozilla/5.0 (compatible; Barkrowler/0.9; +https://babbar.tech/crawler)"
20.171.207.11 - - [15/Aug/2025:07:22:37 -0300] "GET /015024583.htm HTTP/2.0" 200 - "-" "Mozilla/5.0 AppleWebKit/537.36 (KHTML, like Gecko; compatible; GPTBot/1.2; +https://openai.com/gptbot)"
20.171.207.11 - - [15/Aug/2025:07:22:39 -0300] "GET /035024749.htm HTTP/2.0" 200 - "-" "Mozilla/5.0 AppleWebKit/537.36 (KHTML, like Gecko; compatible; GPTBot/1.2; +https://openai.com/gptbot)"
20.171.207.11 - - [15/Aug/2025:07:22:41 -0300] "GET /055037821.htm HTTP/2.0" 200 - "-" "Mozilla/5.0 AppleWebKit/537.36 (KHTML, like Gecko; compatible; GPTBot/1.2; +https://openai.com/gptbot)"
20.171.207.11 - - [15/Aug/2025:07:22:42 -0300] "GET /078029594.htm HTTP/2.0" 200 - "-" "Mozilla/5.0 AppleWebKit/537.36 (KHTML, like Gecko; compatible; GPTBot/1.2; +https://openai.com/gptbot)"
20.171.207.11 - - [15/Aug/2025:07:22:44 -0300] "GET /093015871.htm HTTP/2.0" 200 - "-" "Mozilla/5.0 AppleWebKit/537.36 (KHTML, like Gecko; compatible; GPTBot/1.2; +https://openai.com/gptbot)"
20.171.207.11 - - [15/Aug/2025:07:22:46 -0300] "GET /097014675.htm HTTP/2.0" 200 - "-" "Mozilla/5.0 AppleWebKit/537.36 (KHTML, like Gecko; compatible; GPTBot/1.2; +https://openai.com/gptbot)"
20.171.207.11 - - [15/Aug/2025:07:22:48 -0300] "GET /021037625.htm HTTP/2.0" 200 - "-" "Mozilla/5.0 AppleWebKit/537.36 (KHTML, like Gecko; compatible; GPTBot/1.2; +https://openai.com/gptbot)"
20.171.207.11 - - [15/Aug/2025:07:22:50 -0300] "GET /049024685.htm HTTP/2.0" 200 - "-" "Mozilla/5.0 AppleWebKit/537.36 (KHTML, like Gecko; compatible; GPTBot/1.2; +https://openai.com/gptbot)"
20.171.207.11 - - [15/Aug/2025:07:22:51 -0300] "GET /087024941.htm HTTP/2.0" 200 - "-" "Mozilla/5.0 AppleWebKit/537.36 (KHTML, like Gecko; compatible; GPTBot/1.2; +https://openai.com/gptbot)"
20.171.207.11 - - [15/Aug/2025:07:22:53 -0300] "GET /093038547.htm HTTP/2.0" 200 - "-" "Mozilla/5.0 AppleWebKit/537.36 (KHTML, like Gecko; compatible; GPTBot/1.2; +https://openai.com/gptbot)"
20.171.207.11 - - [15/Aug/2025:07:22:56 -0300] "GET /097023471.htm HTTP/2.0" 200 - "-" "Mozilla/5.0 AppleWebKit/537.36 (KHTML, like Gecko; compatible; GPTBot/1.2; +https://openai.com/gptbot)"
217.113.194.89 - - [15/Aug/2025:07:22:57 -0300] "GET /admin/media/Highcharts-4.1.9/api/css/images/?C=N;O=A HTTP/1.1" 200 1117 "-" "Mozilla/5.0 (compatible; Barkrowler/0.9; +https://babbar.tech/crawler)"
20.171.207.11 - - [15/Aug/2025:07:22:58 -0300] "GET /087045191.htm HTTP/2.0" 200 - "-" "Mozilla/5.0 AppleWebKit/537.36 (KHTML, like Gecko; compatible; GPTBot/1.2; +https://openai.com/gptbot)"
20.171.207.11 - - [15/Aug/2025:07:22:59 -0300] "GET /053036421.htm HTTP/2.0" 200 - "-" "Mozilla/5.0 AppleWebKit/537.36 (KHTML, like Gecko; compatible; GPTBot/1.2; +https://openai.com/gptbot)"
20.171.207.11 - - [15/Aug/2025:07:23:01 -0300] "GET /021034679.htm HTTP/2.0" 200 - "-" "Mozilla/5.0 AppleWebKit/537.36 (KHTML, like Gecko; compatible; GPTBot/1.2; +https://openai.com/gptbot)"
20.171.207.11 - - [15/Aug/2025:07:23:02 -0300] "GET /039021879.htm HTTP/2.0" 200 - "-" "Mozilla/5.0 AppleWebKit/537.36 (KHTML, like Gecko; compatible; GPTBot/1.2; +https://openai.com/gptbot)"
217.113.194.82 - - [15/Aug/2025:07:23:04 -0300] "GET /admin/media/jQuery-Mask-Plugin/test/zepto/?C=S;O=A HTTP/1.1" 200 1239 "-" "Mozilla/5.0 (compatible; Barkrowler/0.9; +https://babbar.tech/crawler)"
20.171.207.11 - - [15/Aug/2025:07:23:05 -0300] "GET /031045625.htm HTTP/2.0" 200 - "-" "Mozilla/5.0 AppleWebKit/537.36 (KHTML, like Gecko; compatible; GPTBot/1.2; +https://openai.com/gptbot)"
20.171.207.11 - - [15/Aug/2025:07:23:07 -0300] "GET /029046577.htm HTTP/2.0" 200 - "-" "Mozilla/5.0 AppleWebKit/537.36 (KHTML, like Gecko; compatible; GPTBot/1.2; +https://openai.com/gptbot)"
20.171.207.11 - - [15/Aug/2025:07:23:08 -0300] "GET /067041537.htm HTTP/2.0" 200 - "-" "Mozilla/5.0 AppleWebKit/537.36 (KHTML, like Gecko; compatible; GPTBot/1.2; +https://openai.com/gptbot)"
20.171.207.11 - - [15/Aug/2025:07:23:10 -0300] "GET /031038759.htm HTTP/2.0" 200 - "-" "Mozilla/5.0 AppleWebKit/537.36 (KHTML, like Gecko; compatible; GPTBot/1.2; +https://openai.com/gptbot)"
20.171.207.11 - - [15/Aug/2025:07:23:12 -0300] "GET /074023356.htm HTTP/2.0" 200 - "-" "Mozilla/5.0 AppleWebKit/537.36 (KHTML, like Gecko; compatible; GPTBot/1.2; +https://openai.com/gptbot)"
20.171.207.11 - - [15/Aug/2025:07:23:13 -0300] "GET /072039256.htm HTTP/2.0" 200 - "-" "Mozilla/5.0 AppleWebKit/537.36 (KHTML, like Gecko; compatible; GPTBot/1.2; +https://openai.com/gptbot)"
20.171.207.11 - - [15/Aug/2025:07:23:15 -0300] "GET /077043261.htm HTTP/2.0" 200 - "-" "Mozilla/5.0 AppleWebKit/537.36 (KHTML, like Gecko; compatible; GPTBot/1.2; +https://openai.com/gptbot)"
20.171.207.11 - - [15/Aug/2025:07:23:16 -0300] "GET /071041389.htm HTTP/2.0" 200 - "-" "Mozilla/5.0 AppleWebKit/537.36 (KHTML, like Gecko; compatible; GPTBot/1.2; +https://openai.com/gptbot)"
20.171.207.11 - - [15/Aug/2025:07:23:17 -0300] "GET /027013425.htm HTTP/2.0" 200 - "-" "Mozilla/5.0 AppleWebKit/537.36 (KHTML, like Gecko; compatible; GPTBot/1.2; +https://openai.com/gptbot)"
20.171.207.11 - - [15/Aug/2025:07:23:19 -0300] "GET /062013942.htm HTTP/2.0" 200 - "-" "Mozilla/5.0 AppleWebKit/537.36 (KHTML, like Gecko; compatible; GPTBot/1.2; +https://openai.com/gptbot)"
20.171.207.11 - - [15/Aug/2025:07:23:21 -0300] "GET /087036619.htm HTTP/2.0" 200 - "-" "Mozilla/5.0 AppleWebKit/537.36 (KHTML, like Gecko; compatible; GPTBot/1.2; +https://openai.com/gptbot)"
20.171.207.11 - - [15/Aug/2025:07:23:23 -0300] "GET /026049838.htm HTTP/2.0" 200 - "-" "Mozilla/5.0 AppleWebKit/537.36 (KHTML, like Gecko; compatible; GPTBot/1.2; +https://openai.com/gptbot)"
217.113.194.91 - - [15/Aug/2025:07:23:25 -0300] "GET /admin/media/Highcharts-4.1.9/api/css/images/?C=M;O=D HTTP/1.1" 200 1117 "-" "Mozilla/5.0 (compatible; Barkrowler/0.9; +https://babbar.tech/crawler)"
20.171.207.11 - - [15/Aug/2025:07:23:25 -0300] "GET /035017669.htm HTTP/2.0" 200 - "-" "Mozilla/5.0 AppleWebKit/537.36 (KHTML, like Gecko; compatible; GPTBot/1.2; +https://openai.com/gptbot)"
20.171.207.11 - - [15/Aug/2025:07:23:27 -0300] "GET /094023628.htm HTTP/2.0" 200 - "-" "Mozilla/5.0 AppleWebKit/537.36 (KHTML, like Gecko; compatible; GPTBot/1.2; +https://openai.com/gptbot)"
20.171.207.11 - - [15/Aug/2025:07:23:29 -0300] "GET /089026445.htm HTTP/2.0" 200 - "-" "Mozilla/5.0 AppleWebKit/537.36 (KHTML, like Gecko; compatible; GPTBot/1.2; +https://openai.com/gptbot)"
20.171.207.11 - - [15/Aug/2025:07:23:31 -0300] "GET /049037721.htm HTTP/2.0" 200 - "-" "Mozilla/5.0 AppleWebKit/537.36 (KHTML, like Gecko; compatible; GPTBot/1.2; +https://openai.com/gptbot)"
20.171.207.11 - - [15/Aug/2025:07:23:33 -0300] "GET /072038144.htm HTTP/2.0" 200 - "-" "Mozilla/5.0 AppleWebKit/537.36 (KHTML, like Gecko; compatible; GPTBot/1.2; +https://openai.com/gptbot)"
217.113.194.91 - - [15/Aug/2025:07:23:33 -0300] "GET /admin/media/jQuery-Mask-Plugin/test/zepto/?C=D;O=A HTTP/1.1" 200 1239 "-" "Mozilla/5.0 (compatible; Barkrowler/0.9; +https://babbar.tech/crawler)"
20.171.207.11 - - [15/Aug/2025:07:23:34 -0300] "GET /054028676.htm HTTP/2.0" 200 - "-" "Mozilla/5.0 AppleWebKit/537.36 (KHTML, like Gecko; compatible; GPTBot/1.2; +https://openai.com/gptbot)"
20.171.207.11 - - [15/Aug/2025:07:23:36 -0300] "GET /065012847.htm HTTP/2.0" 200 - "-" "Mozilla/5.0 AppleWebKit/537.36 (KHTML, like Gecko; compatible; GPTBot/1.2; +https://openai.com/gptbot)"
20.171.207.11 - - [15/Aug/2025:07:23:38 -0300] "GET /021039483.htm HTTP/2.0" 200 - "-" "Mozilla/5.0 AppleWebKit/537.36 (KHTML, like Gecko; compatible; GPTBot/1.2; +https://openai.com/gptbot)"
20.171.207.11 - - [15/Aug/2025:07:23:39 -0300] "GET /054018362.htm HTTP/2.0" 200 - "-" "Mozilla/5.0 AppleWebKit/537.36 (KHTML, like Gecko; compatible; GPTBot/1.2; +https://openai.com/gptbot)"
20.171.207.11 - - [15/Aug/2025:07:23:41 -0300] "GET /012037582.htm HTTP/2.0" 200 - "-" "Mozilla/5.0 AppleWebKit/537.36 (KHTML, like Gecko; compatible; GPTBot/1.2; +https://openai.com/gptbot)"
20.171.207.11 - - [15/Aug/2025:07:23:42 -0300] "GET /013042995.htm HTTP/2.0" 200 - "-" "Mozilla/5.0 AppleWebKit/537.36 (KHTML, like Gecko; compatible; GPTBot/1.2; +https://openai.com/gptbot)"
20.171.207.11 - - [15/Aug/2025:07:23:44 -0300] "GET /037018521.htm HTTP/2.0" 200 - "-" "Mozilla/5.0 AppleWebKit/537.36 (KHTML, like Gecko; compatible; GPTBot/1.2; +https://openai.com/gptbot)"
20.171.207.11 - - [15/Aug/2025:07:23:45 -0300] "GET /086039718.htm HTTP/2.0" 200 - "-" "Mozilla/5.0 AppleWebKit/537.36 (KHTML, like Gecko; compatible; GPTBot/1.2; +https://openai.com/gptbot)"
20.171.207.11 - - [15/Aug/2025:07:23:47 -0300] "GET /041037523.htm HTTP/2.0" 200 - "-" "Mozilla/5.0 AppleWebKit/537.36 (KHTML, like Gecko; compatible; GPTBot/1.2; +https://openai.com/gptbot)"
20.171.207.11 - - [15/Aug/2025:07:23:49 -0300] "GET /100039782.htm HTTP/2.0" 200 - "-" "Mozilla/5.0 AppleWebKit/537.36 (KHTML, like Gecko; compatible; GPTBot/1.2; +https://openai.com/gptbot)"
20.171.207.11 - - [15/Aug/2025:07:23:52 -0300] "GET /100039426.htm HTTP/2.0" 200 - "-" "Mozilla/5.0 AppleWebKit/537.36 (KHTML, like Gecko; compatible; GPTBot/1.2; +https://openai.com/gptbot)"
20.171.207.11 - - [15/Aug/2025:07:23:53 -0300] "GET /100037548.htm HTTP/2.0" 200 - "-" "Mozilla/5.0 AppleWebKit/537.36 (KHTML, like Gecko; compatible; GPTBot/1.2; +https://openai.com/gptbot)"
20.171.207.11 - - [15/Aug/2025:07:23:55 -0300] "GET /100035968.htm HTTP/2.0" 200 - "-" "Mozilla/5.0 AppleWebKit/537.36 (KHTML, like Gecko; compatible; GPTBot/1.2; +https://openai.com/gptbot)"
217.113.194.88 - - [15/Aug/2025:07:23:57 -0300] "GET /admin/media/Highcharts-4.1.9/api/css/images/?C=S;O=D HTTP/1.1" 200 1117 "-" "Mozilla/5.0 (compatible; Barkrowler/0.9; +https://babbar.tech/crawler)"
20.171.207.11 - - [15/Aug/2025:07:23:57 -0300] "GET /sitemap903.xml HTTP/2.0" 200 499514 "-" "Mozilla/5.0 AppleWebKit/537.36 (KHTML, like Gecko; compatible; GPTBot/1.2; +https://openai.com/gptbot)"
20.171.207.11 - - [15/Aug/2025:07:23:59 -0300] "GET /sitemap781.xml HTTP/2.0" 200 499595 "-" "Mozilla/5.0 AppleWebKit/537.36 (KHTML, like Gecko; compatible; GPTBot/1.2; +https://openai.com/gptbot)"
20.171.207.11 - - [15/Aug/2025:07:24:02 -0300] "GET /?_bd_prev_page=https%3A%2F%2Flibertysa.com.br%2Fcart.html%3F1pcwy37560.html&_bdsid=tbwpnc.n%7EEKARM.1772283169182.1743319615 HTTP/2.0" 200 - "-" "Mozilla/5.0 AppleWebKit/537.36 (KHTML, like Gecko; compatible; GPTBot/1.2; +https://openai.com/gptbot)"
20.171.207.11 - - [15/Aug/2025:07:24:04 -0300] "GET /?_bd_prev_page=https%3A%2F%2Flibertysa.com.br%2Fcart.html%3F1zbkt22298.html&_bdsid=tbwpnc.n%7EEKARM.1772283169182.1743319615 HTTP/2.0" 200 - "-" "Mozilla/5.0 AppleWebKit/537.36 (KHTML, like Gecko; compatible; GPTBot/1.2; +https://openai.com/gptbot)"
217.113.194.246 - - [15/Aug/2025:07:24:05 -0300] "GET /admin/media/jQuery-Mask-Plugin/test/zepto/?C=N;O=D HTTP/1.1" 200 1239 "-" "Mozilla/5.0 (compatible; Barkrowler/0.9; +https://babbar.tech/crawler)"
20.171.207.11 - - [15/Aug/2025:07:24:06 -0300] "GET /?_bd_prev_page=https%3A%2F%2Flibertysa.com.br%2Fcart.html%3F1whdvu29434.html&_bdsid=tbwpnc.n%7EEKARM.1772283169182.1743319615 HTTP/2.0" 200 - "-" "Mozilla/5.0 AppleWebKit/537.36 (KHTML, like Gecko; compatible; GPTBot/1.2; +https://openai.com/gptbot)"
20.171.207.11 - - [15/Aug/2025:07:24:07 -0300] "GET /?_bd_prev_page=https%3A%2F%2Flibertysa.com.br%2Fcart.html%3F1ixypk302.html&_bdsid=tbwpnc.n%7EEKARM.1772283169182.1743319615 HTTP/2.0" 200 - "-" "Mozilla/5.0 AppleWebKit/537.36 (KHTML, like Gecko; compatible; GPTBot/1.2; +https://openai.com/gptbot)"
20.171.207.11 - - [15/Aug/2025:07:24:08 -0300] "GET /?_bd_prev_page=https%3A%2F%2Flibertysa.com.br%2Fcart.html%3F1fms41932.html&_bdsid=tbwpnc.n%7EEKARM.1772283169182.1743319615 HTTP/2.0" 200 - "-" "Mozilla/5.0 AppleWebKit/537.36 (KHTML, like Gecko; compatible; GPTBot/1.2; +https://openai.com/gptbot)"
20.171.207.11 - - [15/Aug/2025:07:24:10 -0300] "GET /sitemap974.xml HTTP/2.0" 200 499578 "-" "Mozilla/5.0 AppleWebKit/537.36 (KHTML, like Gecko; compatible; GPTBot/1.2; +https://openai.com/gptbot)"
20.171.207.11 - - [15/Aug/2025:07:24:13 -0300] "GET /sitemap264.xml HTTP/2.0" 200 499456 "-" "Mozilla/5.0 AppleWebKit/537.36 (KHTML, like Gecko; compatible; GPTBot/1.2; +https://openai.com/gptbot)"
20.171.207.11 - - [15/Aug/2025:07:24:16 -0300] "GET /sitemap248.xml HTTP/2.0" 200 499513 "-" "Mozilla/5.0 AppleWebKit/537.36 (KHTML, like Gecko; compatible; GPTBot/1.2; +https://openai.com/gptbot)"
20.171.207.11 - - [15/Aug/2025:07:24:19 -0300] "GET /sitemap907.xml HTTP/2.0" 200 499607 "-" "Mozilla/5.0 AppleWebKit/537.36 (KHTML, like Gecko; compatible; GPTBot/1.2; +https://openai.com/gptbot)"
20.171.207.11 - - [15/Aug/2025:07:24:22 -0300] "GET /sitemap176.xml HTTP/2.0" 200 499602 "-" "Mozilla/5.0 AppleWebKit/537.36 (KHTML, like Gecko; compatible; GPTBot/1.2; +https://openai.com/gptbot)"
20.171.207.11 - - [15/Aug/2025:07:24:25 -0300] "GET /sitemap756.xml HTTP/2.0" 200 499571 "-" "Mozilla/5.0 AppleWebKit/537.36 (KHTML, like Gecko; compatible; GPTBot/1.2; +https://openai.com/gptbot)"
20.171.207.11 - - [15/Aug/2025:07:24:27 -0300] "GET /sitemap180.xml HTTP/2.0" 200 499378 "-" "Mozilla/5.0 AppleWebKit/537.36 (KHTML, like Gecko; compatible; GPTBot/1.2; +https://openai.com/gptbot)"
217.113.194.85 - - [15/Aug/2025:07:24:30 -0300] "GET /admin/media/Highcharts-4.1.9/examples/gauge-clock/?C=D;O=A HTTP/1.1" 200 903 "-" "Mozilla/5.0 (compatible; Barkrowler/0.9; +https://babbar.tech/crawler)"
20.171.207.11 - - [15/Aug/2025:07:24:30 -0300] "GET /046038992.htm HTTP/2.0" 200 - "-" "Mozilla/5.0 AppleWebKit/537.36 (KHTML, like Gecko; compatible; GPTBot/1.2; +https://openai.com/gptbot)"
20.171.207.11 - - [15/Aug/2025:07:24:32 -0300] "GET /015029243.htm HTTP/2.0" 200 - "-" "Mozilla/5.0 AppleWebKit/537.36 (KHTML, like Gecko; compatible; GPTBot/1.2; +https://openai.com/gptbot)"
20.171.207.11 - - [15/Aug/2025:07:24:33 -0300] "GET /006013592.htm HTTP/2.0" 200 - "-" "Mozilla/5.0 AppleWebKit/537.36 (KHTML, like Gecko; compatible; GPTBot/1.2; +https://openai.com/gptbot)"
20.171.207.11 - - [15/Aug/2025:07:24:35 -0300] "GET /admin/media/ckeditor/plugins/a11yhelp/?C=D%3BO%3DA HTTP/2.0" 200 869 "-" "Mozilla/5.0 AppleWebKit/537.36 (KHTML, like Gecko; compatible; GPTBot/1.2; +https://openai.com/gptbot)"
20.171.207.11 - - [15/Aug/2025:07:24:37 -0300] "GET /admin/media/ckeditor/plugins/a11yhelp/?C=N%3BO%3DD HTTP/2.0" 200 869 "-" "Mozilla/5.0 AppleWebKit/537.36 (KHTML, like Gecko; compatible; GPTBot/1.2; +https://openai.com/gptbot)"
217.113.194.88 - - [15/Aug/2025:07:24:38 -0300] "GET /admin/media/ckeditor/plugins/magicline/images/hidpi/?C=D;O=D HTTP/1.1" 200 1094 "-" "Mozilla/5.0 (compatible; Barkrowler/0.9; +https://babbar.tech/crawler)"
20.171.207.11 - - [15/Aug/2025:07:24:38 -0300] "GET /079018233.htm HTTP/2.0" 200 - "-" "Mozilla/5.0 AppleWebKit/537.36 (KHTML, like Gecko; compatible; GPTBot/1.2; +https://openai.com/gptbot)"
20.171.207.11 - - [15/Aug/2025:07:24:40 -0300] "GET /025037479.htm HTTP/2.0" 200 - "-" "Mozilla/5.0 AppleWebKit/537.36 (KHTML, like Gecko; compatible; GPTBot/1.2; +https://openai.com/gptbot)"
20.171.207.11 - - [15/Aug/2025:07:24:41 -0300] "GET /28hvtw24157.html HTTP/2.0" 200 - "-" "Mozilla/5.0 AppleWebKit/537.36 (KHTML, like Gecko; compatible; GPTBot/1.2; +https://openai.com/gptbot)"
20.171.207.11 - - [15/Aug/2025:07:24:43 -0300] "GET /admin/modules/corpo_destaque/?C=S%3BO%3DA HTTP/2.0" 200 1194 "-" "Mozilla/5.0 AppleWebKit/537.36 (KHTML, like Gecko; compatible; GPTBot/1.2; +https://openai.com/gptbot)"
20.171.207.11 - - [15/Aug/2025:07:24:45 -0300] "GET /99ultb28706.html HTTP/2.0" 200 - "-" "Mozilla/5.0 AppleWebKit/537.36 (KHTML, like Gecko; compatible; GPTBot/1.2; +https://openai.com/gptbot)"
20.171.207.11 - - [15/Aug/2025:07:24:46 -0300] "GET /51zlxs32366.html HTTP/2.0" 200 - "-" "Mozilla/5.0 AppleWebKit/537.36 (KHTML, like Gecko; compatible; GPTBot/1.2; +https://openai.com/gptbot)"
20.171.207.11 - - [15/Aug/2025:07:24:48 -0300] "GET /48ylpk17791.html HTTP/2.0" 200 - "-" "Mozilla/5.0 AppleWebKit/537.36 (KHTML, like Gecko; compatible; GPTBot/1.2; +https://openai.com/gptbot)"
20.171.207.11 - - [15/Aug/2025:07:24:50 -0300] "GET /12jeiq12033.html HTTP/2.0" 200 - "-" "Mozilla/5.0 AppleWebKit/537.36 (KHTML, like Gecko; compatible; GPTBot/1.2; +https://openai.com/gptbot)"
20.171.207.11 - - [15/Aug/2025:07:24:52 -0300] "GET /089013279.htm HTTP/2.0" 200 - "-" "Mozilla/5.0 AppleWebKit/537.36 (KHTML, like Gecko; compatible; GPTBot/1.2; +https://openai.com/gptbot)"
20.171.207.11 - - [15/Aug/2025:07:24:53 -0300] "GET /065014987.htm HTTP/2.0" 200 - "-" "Mozilla/5.0 AppleWebKit/537.36 (KHTML, like Gecko; compatible; GPTBot/1.2; +https://openai.com/gptbot)"
20.171.207.11 - - [15/Aug/2025:07:24:56 -0300] "GET /089049367.htm HTTP/2.0" 200 - "-" "Mozilla/5.0 AppleWebKit/537.36 (KHTML, like Gecko; compatible; GPTBot/1.2; +https://openai.com/gptbot)"
20.171.207.11 - - [15/Aug/2025:07:24:58 -0300] "GET /46lmj7087.html HTTP/2.0" 200 - "-" "Mozilla/5.0 AppleWebKit/537.36 (KHTML, like Gecko; compatible; GPTBot/1.2; +https://openai.com/gptbot)"
20.171.207.11 - - [15/Aug/2025:07:24:59 -0300] "GET /22ltu6473.html HTTP/2.0" 200 - "-" "Mozilla/5.0 AppleWebKit/537.36 (KHTML, like Gecko; compatible; GPTBot/1.2; +https://openai.com/gptbot)"
217.113.194.220 - - [15/Aug/2025:07:25:00 -0300] "GET /admin/media/Highcharts-4.1.9/examples/gauge-clock/?C=N;O=D HTTP/1.1" 200 903 "-" "Mozilla/5.0 (compatible; Barkrowler/0.9; +https://babbar.tech/crawler)"
20.171.207.11 - - [15/Aug/2025:07:25:01 -0300] "GET /091024659.htm HTTP/2.0" 200 - "-" "Mozilla/5.0 AppleWebKit/537.36 (KHTML, like Gecko; compatible; GPTBot/1.2; +https://openai.com/gptbot)"
20.171.207.11 - - [15/Aug/2025:07:25:03 -0300] "GET /086037994.htm HTTP/2.0" 200 - "-" "Mozilla/5.0 AppleWebKit/537.36 (KHTML, like Gecko; compatible; GPTBot/1.2; +https://openai.com/gptbot)"
20.171.207.11 - - [15/Aug/2025:07:25:04 -0300] "GET /035041427.htm HTTP/2.0" 200 - "-" "Mozilla/5.0 AppleWebKit/537.36 (KHTML, like Gecko; compatible; GPTBot/1.2; +https://openai.com/gptbot)"
20.171.207.11 - - [15/Aug/2025:07:25:06 -0300] "GET /14ivzm20243.html HTTP/2.0" 200 - "-" "Mozilla/5.0 AppleWebKit/537.36 (KHTML, like Gecko; compatible; GPTBot/1.2; +https://openai.com/gptbot)"
20.171.207.11 - - [15/Aug/2025:07:25:07 -0300] "GET /087041351.htm HTTP/2.0" 200 - "-" "Mozilla/5.0 AppleWebKit/537.36 (KHTML, like Gecko; compatible; GPTBot/1.2; +https://openai.com/gptbot)"
217.113.194.91 - - [15/Aug/2025:07:25:08 -0300] "GET /admin/media/ckeditor/plugins/magicline/images/hidpi/?C=M;O=D HTTP/1.1" 200 1094 "-" "Mozilla/5.0 (compatible; Barkrowler/0.9; +https://babbar.tech/crawler)"
20.171.207.11 - - [15/Aug/2025:07:25:09 -0300] "GET /78mpqb22399.html HTTP/2.0" 200 - "-" "Mozilla/5.0 AppleWebKit/537.36 (KHTML, like Gecko; compatible; GPTBot/1.2; +https://openai.com/gptbot)"
20.171.207.11 - - [15/Aug/2025:07:25:11 -0300] "GET /92aejfl35255.html HTTP/2.0" 200 - "-" "Mozilla/5.0 AppleWebKit/537.36 (KHTML, like Gecko; compatible; GPTBot/1.2; +https://openai.com/gptbot)"
20.171.207.11 - - [15/Aug/2025:07:25:12 -0300] "GET /28yln21897.html HTTP/2.0" 200 - "-" "Mozilla/5.0 AppleWebKit/537.36 (KHTML, like Gecko; compatible; GPTBot/1.2; +https://openai.com/gptbot)"
20.171.207.11 - - [15/Aug/2025:07:25:14 -0300] "GET /63bfb36128.html HTTP/2.0" 200 - "-" "Mozilla/5.0 AppleWebKit/537.36 (KHTML, like Gecko; compatible; GPTBot/1.2; +https://openai.com/gptbot)"
20.171.207.11 - - [15/Aug/2025:07:25:15 -0300] "GET /61cjj30838.html HTTP/2.0" 200 - "-" "Mozilla/5.0 AppleWebKit/537.36 (KHTML, like Gecko; compatible; GPTBot/1.2; +https://openai.com/gptbot)"
20.171.207.11 - - [15/Aug/2025:07:25:16 -0300] "GET /64kwa33467.html HTTP/2.0" 200 - "-" "Mozilla/5.0 AppleWebKit/537.36 (KHTML, like Gecko; compatible; GPTBot/1.2; +https://openai.com/gptbot)"
20.171.207.11 - - [15/Aug/2025:07:25:17 -0300] "GET /31cau13880.html HTTP/2.0" 200 - "-" "Mozilla/5.0 AppleWebKit/537.36 (KHTML, like Gecko; compatible; GPTBot/1.2; +https://openai.com/gptbot)"
20.171.207.11 - - [15/Aug/2025:07:25:19 -0300] "GET /053012069.htm HTTP/2.0" 200 - "-" "Mozilla/5.0 AppleWebKit/537.36 (KHTML, like Gecko; compatible; GPTBot/1.2; +https://openai.com/gptbot)"
20.171.207.11 - - [15/Aug/2025:07:25:20 -0300] "GET /082043772.htm HTTP/2.0" 200 - "-" "Mozilla/5.0 AppleWebKit/537.36 (KHTML, like Gecko; compatible; GPTBot/1.2; +https://openai.com/gptbot)"
20.171.207.11 - - [15/Aug/2025:07:25:22 -0300] "GET /1rgz5040.html HTTP/2.0" 200 - "-" "Mozilla/5.0 AppleWebKit/537.36 (KHTML, like Gecko; compatible; GPTBot/1.2; +https://openai.com/gptbot)"
20.171.207.11 - - [15/Aug/2025:07:25:24 -0300] "GET /001028437.htm HTTP/2.0" 200 - "-" "Mozilla/5.0 AppleWebKit/537.36 (KHTML, like Gecko; compatible; GPTBot/1.2; +https://openai.com/gptbot)"
20.171.207.11 - - [15/Aug/2025:07:25:25 -0300] "GET /074036456.htm HTTP/2.0" 200 - "-" "Mozilla/5.0 AppleWebKit/537.36 (KHTML, like Gecko; compatible; GPTBot/1.2; +https://openai.com/gptbot)"
20.171.207.11 - - [15/Aug/2025:07:25:27 -0300] "GET /035041483.htm HTTP/2.0" 200 - "-" "Mozilla/5.0 AppleWebKit/537.36 (KHTML, like Gecko; compatible; GPTBot/1.2; +https://openai.com/gptbot)"
20.171.207.11 - - [15/Aug/2025:07:25:29 -0300] "GET /083032699.htm HTTP/2.0" 200 - "-" "Mozilla/5.0 AppleWebKit/537.36 (KHTML, like Gecko; compatible; GPTBot/1.2; +https://openai.com/gptbot)"
20.171.207.11 - - [15/Aug/2025:07:25:30 -0300] "GET /017035321.htm HTTP/2.0" 200 - "-" "Mozilla/5.0 AppleWebKit/537.36 (KHTML, like Gecko; compatible; GPTBot/1.2; +https://openai.com/gptbot)"
217.113.194.246 - - [15/Aug/2025:07:25:32 -0300] "GET /admin/media/Highcharts-4.1.9/examples/gauge-clock/?C=S;O=A HTTP/1.1" 200 903 "-" "Mozilla/5.0 (compatible; Barkrowler/0.9; +https://babbar.tech/crawler)"
20.171.207.11 - - [15/Aug/2025:07:25:32 -0300] "GET /048017472.htm HTTP/2.0" 200 - "-" "Mozilla/5.0 AppleWebKit/537.36 (KHTML, like Gecko; compatible; GPTBot/1.2; +https://openai.com/gptbot)"
20.171.207.11 - - [15/Aug/2025:07:25:34 -0300] "GET /061018369.htm HTTP/2.0" 200 - "-" "Mozilla/5.0 AppleWebKit/537.36 (KHTML, like Gecko; compatible; GPTBot/1.2; +https://openai.com/gptbot)"
20.171.207.11 - - [15/Aug/2025:07:25:36 -0300] "GET /092043912.htm HTTP/2.0" 200 - "-" "Mozilla/5.0 AppleWebKit/537.36 (KHTML, like Gecko; compatible; GPTBot/1.2; +https://openai.com/gptbot)"
20.171.207.11 - - [15/Aug/2025:07:25:38 -0300] "GET /096027886.htm HTTP/2.0" 200 - "-" "Mozilla/5.0 AppleWebKit/537.36 (KHTML, like Gecko; compatible; GPTBot/1.2; +https://openai.com/gptbot)"
217.113.194.91 - - [15/Aug/2025:07:25:39 -0300] "GET /admin/media/ckeditor/plugins/magicline/images/hidpi/?C=S;O=D HTTP/1.1" 200 1094 "-" "Mozilla/5.0 (compatible; Barkrowler/0.9; +https://babbar.tech/crawler)"
20.171.207.11 - - [15/Aug/2025:07:25:39 -0300] "GET /065010493.htm HTTP/2.0" 200 - "-" "Mozilla/5.0 AppleWebKit/537.36 (KHTML, like Gecko; compatible; GPTBot/1.2; +https://openai.com/gptbot)"
20.171.207.11 - - [15/Aug/2025:07:25:41 -0300] "GET /089026469.htm HTTP/2.0" 200 - "-" "Mozilla/5.0 AppleWebKit/537.36 (KHTML, like Gecko; compatible; GPTBot/1.2; +https://openai.com/gptbot)"
20.171.207.11 - - [15/Aug/2025:07:25:43 -0300] "GET /021003985.htm HTTP/2.0" 200 - "-" "Mozilla/5.0 AppleWebKit/537.36 (KHTML, like Gecko; compatible; GPTBot/1.2; +https://openai.com/gptbot)"
20.171.207.11 - - [15/Aug/2025:07:25:44 -0300] "GET /094038832.htm HTTP/2.0" 200 - "-" "Mozilla/5.0 AppleWebKit/537.36 (KHTML, like Gecko; compatible; GPTBot/1.2; +https://openai.com/gptbot)"
20.171.207.11 - - [15/Aug/2025:07:25:47 -0300] "GET /8drrr39521.html HTTP/2.0" 200 - "-" "Mozilla/5.0 AppleWebKit/537.36 (KHTML, like Gecko; compatible; GPTBot/1.2; +https://openai.com/gptbot)"
20.171.207.11 - - [15/Aug/2025:07:25:48 -0300] "GET /013049669.htm HTTP/2.0" 200 - "-" "Mozilla/5.0 AppleWebKit/537.36 (KHTML, like Gecko; compatible; GPTBot/1.2; +https://openai.com/gptbot)"
20.171.207.11 - - [15/Aug/2025:07:25:50 -0300] "GET /076010594.htm HTTP/2.0" 200 - "-" "Mozilla/5.0 AppleWebKit/537.36 (KHTML, like Gecko; compatible; GPTBot/1.2; +https://openai.com/gptbot)"
20.171.207.11 - - [15/Aug/2025:07:25:51 -0300] "GET /043047365.htm HTTP/2.0" 200 - "-" "Mozilla/5.0 AppleWebKit/537.36 (KHTML, like Gecko; compatible; GPTBot/1.2; +https://openai.com/gptbot)"
20.171.207.11 - - [15/Aug/2025:07:25:53 -0300] "GET /48umgeg3283.html HTTP/2.0" 200 - "-" "Mozilla/5.0 AppleWebKit/537.36 (KHTML, like Gecko; compatible; GPTBot/1.2; +https://openai.com/gptbot)"
20.171.207.11 - - [15/Aug/2025:07:25:54 -0300] "GET /6aujma20101.html HTTP/2.0" 200 - "-" "Mozilla/5.0 AppleWebKit/537.36 (KHTML, like Gecko; compatible; GPTBot/1.2; +https://openai.com/gptbot)"
20.171.207.11 - - [15/Aug/2025:07:25:56 -0300] "GET /18jsk33627.html HTTP/2.0" 200 - "-" "Mozilla/5.0 AppleWebKit/537.36 (KHTML, like Gecko; compatible; GPTBot/1.2; +https://openai.com/gptbot)"
20.171.207.11 - - [15/Aug/2025:07:25:58 -0300] "GET /073019231.htm HTTP/2.0" 200 - "-" "Mozilla/5.0 AppleWebKit/537.36 (KHTML, like Gecko; compatible; GPTBot/1.2; +https://openai.com/gptbot)"
20.171.207.11 - - [15/Aug/2025:07:26:00 -0300] "GET /059011223.htm HTTP/2.0" 200 - "-" "Mozilla/5.0 AppleWebKit/537.36 (KHTML, like Gecko; compatible; GPTBot/1.2; +https://openai.com/gptbot)"
20.171.207.11 - - [15/Aug/2025:07:26:02 -0300] "GET /100ufwdk35719.html HTTP/2.0" 200 - "-" "Mozilla/5.0 AppleWebKit/537.36 (KHTML, like Gecko; compatible; GPTBot/1.2; +https://openai.com/gptbot)"
20.171.207.11 - - [15/Aug/2025:07:26:03 -0300] "GET /85fxl41672.html HTTP/2.0" 200 - "-" "Mozilla/5.0 AppleWebKit/537.36 (KHTML, like Gecko; compatible; GPTBot/1.2; +https://openai.com/gptbot)"
217.113.194.220 - - [15/Aug/2025:07:26:04 -0300] "GET /admin/media/Highcharts-4.1.9/examples/gauge-clock/?C=M;O=A HTTP/1.1" 200 903 "-" "Mozilla/5.0 (compatible; Barkrowler/0.9; +https://babbar.tech/crawler)"
20.171.207.11 - - [15/Aug/2025:07:26:05 -0300] "GET /28gur8397.html HTTP/2.0" 200 - "-" "Mozilla/5.0 AppleWebKit/537.36 (KHTML, like Gecko; compatible; GPTBot/1.2; +https://openai.com/gptbot)"
20.171.207.11 - - [15/Aug/2025:07:26:06 -0300] "GET /7urd41984.html HTTP/2.0" 200 - "-" "Mozilla/5.0 AppleWebKit/537.36 (KHTML, like Gecko; compatible; GPTBot/1.2; +https://openai.com/gptbot)"
20.171.207.11 - - [15/Aug/2025:07:26:08 -0300] "GET /3maa33934.html HTTP/2.0" 200 - "-" "Mozilla/5.0 AppleWebKit/537.36 (KHTML, like Gecko; compatible; GPTBot/1.2; +https://openai.com/gptbot)"
20.171.207.11 - - [15/Aug/2025:07:26:09 -0300] "GET /12kszhb347.html HTTP/2.0" 200 - "-" "Mozilla/5.0 AppleWebKit/537.36 (KHTML, like Gecko; compatible; GPTBot/1.2; +https://openai.com/gptbot)"
20.171.207.11 - - [15/Aug/2025:07:26:10 -0300] "GET /38jhdut45831.html HTTP/2.0" 200 - "-" "Mozilla/5.0 AppleWebKit/537.36 (KHTML, like Gecko; compatible; GPTBot/1.2; +https://openai.com/gptbot)"
217.113.194.84 - - [15/Aug/2025:07:26:12 -0300] "GET /admin/media/ckeditor/plugins/magicline/images/hidpi/?C=N;O=A HTTP/1.1" 200 1094 "-" "Mozilla/5.0 (compatible; Barkrowler/0.9; +https://babbar.tech/crawler)"
20.171.207.11 - - [15/Aug/2025:07:26:12 -0300] "GET /7azhzi11386.html HTTP/2.0" 200 - "-" "Mozilla/5.0 AppleWebKit/537.36 (KHTML, like Gecko; compatible; GPTBot/1.2; +https://openai.com/gptbot)"
20.171.207.11 - - [15/Aug/2025:07:26:14 -0300] "GET /16tbdoo47517.html HTTP/2.0" 200 - "-" "Mozilla/5.0 AppleWebKit/537.36 (KHTML, like Gecko; compatible; GPTBot/1.2; +https://openai.com/gptbot)"
20.171.207.11 - - [15/Aug/2025:07:26:16 -0300] "GET /5whjwi12614.html HTTP/2.0" 200 - "-" "Mozilla/5.0 AppleWebKit/537.36 (KHTML, like Gecko; compatible; GPTBot/1.2; +https://openai.com/gptbot)"
20.171.207.11 - - [15/Aug/2025:07:26:18 -0300] "GET /74mhee28589.html HTTP/2.0" 200 - "-" "Mozilla/5.0 AppleWebKit/537.36 (KHTML, like Gecko; compatible; GPTBot/1.2; +https://openai.com/gptbot)"
20.171.207.11 - - [15/Aug/2025:07:26:20 -0300] "GET /59gnb30614.html HTTP/2.0" 200 - "-" "Mozilla/5.0 AppleWebKit/537.36 (KHTML, like Gecko; compatible; GPTBot/1.2; +https://openai.com/gptbot)"
20.171.207.11 - - [15/Aug/2025:07:26:22 -0300] "GET /77uzqm18484.html HTTP/2.0" 200 - "-" "Mozilla/5.0 AppleWebKit/537.36 (KHTML, like Gecko; compatible; GPTBot/1.2; +https://openai.com/gptbot)"
20.171.207.11 - - [15/Aug/2025:07:26:24 -0300] "GET /85jwp21036.html HTTP/2.0" 200 - "-" "Mozilla/5.0 AppleWebKit/537.36 (KHTML, like Gecko; compatible; GPTBot/1.2; +https://openai.com/gptbot)"
20.171.207.11 - - [15/Aug/2025:07:26:26 -0300] "GET /70hxwqw4065.html HTTP/2.0" 200 - "-" "Mozilla/5.0 AppleWebKit/537.36 (KHTML, like Gecko; compatible; GPTBot/1.2; +https://openai.com/gptbot)"
20.171.207.11 - - [15/Aug/2025:07:26:27 -0300] "GET /43hjoh41470.html HTTP/2.0" 200 - "-" "Mozilla/5.0 AppleWebKit/537.36 (KHTML, like Gecko; compatible; GPTBot/1.2; +https://openai.com/gptbot)"
20.171.207.11 - - [15/Aug/2025:07:26:29 -0300] "GET /56vawfc41333.html HTTP/2.0" 200 - "-" "Mozilla/5.0 AppleWebKit/537.36 (KHTML, like Gecko; compatible; GPTBot/1.2; +https://openai.com/gptbot)"
20.171.207.11 - - [15/Aug/2025:07:26:31 -0300] "GET /69gwcrz40320.html HTTP/2.0" 200 - "-" "Mozilla/5.0 AppleWebKit/537.36 (KHTML, like Gecko; compatible; GPTBot/1.2; +https://openai.com/gptbot)"
20.171.207.11 - - [15/Aug/2025:07:26:33 -0300] "GET /89rceid12852.html HTTP/2.0" 200 - "-" "Mozilla/5.0 AppleWebKit/537.36 (KHTML, like Gecko; compatible; GPTBot/1.2; +https://openai.com/gptbot)"
20.171.207.11 - - [15/Aug/2025:07:26:35 -0300] "GET /48cfbyv38741.html HTTP/2.0" 200 - "-" "Mozilla/5.0 AppleWebKit/537.36 (KHTML, like Gecko; compatible; GPTBot/1.2; +https://openai.com/gptbot)"
217.113.194.246 - - [15/Aug/2025:07:26:35 -0300] "GET /admin/media/Highcharts-4.1.9/examples/gauge-dual/?C=D;O=A HTTP/1.1" 200 901 "-" "Mozilla/5.0 (compatible; Barkrowler/0.9; +https://babbar.tech/crawler)"
20.171.207.11 - - [15/Aug/2025:07:26:38 -0300] "GET /53zrezf33014.html HTTP/2.0" 200 - "-" "Mozilla/5.0 AppleWebKit/537.36 (KHTML, like Gecko; compatible; GPTBot/1.2; +https://openai.com/gptbot)"
20.171.207.11 - - [15/Aug/2025:07:26:40 -0300] "GET /95vpxwi14176.html HTTP/2.0" 200 - "-" "Mozilla/5.0 AppleWebKit/537.36 (KHTML, like Gecko; compatible; GPTBot/1.2; +https://openai.com/gptbot)"
20.171.207.11 - - [15/Aug/2025:07:26:41 -0300] "GET /32ajamf10285.html HTTP/2.0" 200 - "-" "Mozilla/5.0 AppleWebKit/537.36 (KHTML, like Gecko; compatible; GPTBot/1.2; +https://openai.com/gptbot)"
217.113.194.82 - - [15/Aug/2025:07:26:43 -0300] "GET /admin/media/Highcharts-4.1.9/api/css/images/?C=N;O=A HTTP/1.1" 200 1117 "-" "Mozilla/5.0 (compatible; Barkrowler/0.9; +https://babbar.tech/crawler)"
20.171.207.11 - - [15/Aug/2025:07:26:43 -0300] "GET /46rdelx34601.html HTTP/2.0" 200 - "-" "Mozilla/5.0 AppleWebKit/537.36 (KHTML, like Gecko; compatible; GPTBot/1.2; +https://openai.com/gptbot)"
208.110.64.178 - - [15/Aug/2025:07:26:44 -0300] "GET /wp-includes/install.php HTTP/1.1" 200 - "https://libertysa.com.br/wp-includes/install.php" "Mozilla/5.0 (Windows NT 10.0; Win64; x64) AppleWebKit/537.36 (KHTML, like Gecko) Chrome/58.0.3029.110 Safari/537.3"
20.171.207.11 - - [15/Aug/2025:07:26:44 -0300] "GET /80fbjza25427.html HTTP/2.0" 200 - "-" "Mozilla/5.0 AppleWebKit/537.36 (KHTML, like Gecko; compatible; GPTBot/1.2; +https://openai.com/gptbot)"
20.171.207.11 - - [15/Aug/2025:07:26:46 -0300] "GET /59pvoen16852.html HTTP/2.0" 200 - "-" "Mozilla/5.0 AppleWebKit/537.36 (KHTML, like Gecko; compatible; GPTBot/1.2; +https://openai.com/gptbot)"
20.171.207.11 - - [15/Aug/2025:07:26:48 -0300] "GET /79umzef49866.html HTTP/2.0" 200 - "-" "Mozilla/5.0 AppleWebKit/537.36 (KHTML, like Gecko; compatible; GPTBot/1.2; +https://openai.com/gptbot)"
20.171.207.11 - - [15/Aug/2025:07:26:49 -0300] "GET /10anefi35793.html HTTP/2.0" 200 - "-" "Mozilla/5.0 AppleWebKit/537.36 (KHTML, like Gecko; compatible; GPTBot/1.2; +https://openai.com/gptbot)"
20.171.207.11 - - [15/Aug/2025:07:26:51 -0300] "GET /75aafnx20296.html HTTP/2.0" 200 - "-" "Mozilla/5.0 AppleWebKit/537.36 (KHTML, like Gecko; compatible; GPTBot/1.2; +https://openai.com/gptbot)"
20.171.207.11 - - [15/Aug/2025:07:26:53 -0300] "GET /17zdlxl20338.html HTTP/2.0" 200 - "-" "Mozilla/5.0 AppleWebKit/537.36 (KHTML, like Gecko; compatible; GPTBot/1.2; +https://openai.com/gptbot)"
20.171.207.11 - - [15/Aug/2025:07:26:55 -0300] "GET /37igycu23568.html HTTP/2.0" 200 - "-" "Mozilla/5.0 AppleWebKit/537.36 (KHTML, like Gecko; compatible; GPTBot/1.2; +https://openai.com/gptbot)"
20.171.207.11 - - [15/Aug/2025:07:26:56 -0300] "GET /92vkcob41859.html HTTP/2.0" 200 - "-" "Mozilla/5.0 AppleWebKit/537.36 (KHTML, like Gecko; compatible; GPTBot/1.2; +https://openai.com/gptbot)"
20.171.207.11 - - [15/Aug/2025:07:26:58 -0300] "GET /92nsbrt36031.html HTTP/2.0" 200 - "-" "Mozilla/5.0 AppleWebKit/537.36 (KHTML, like Gecko; compatible; GPTBot/1.2; +https://openai.com/gptbot)"
20.171.207.11 - - [15/Aug/2025:07:27:00 -0300] "GET /37hycpg10252.html HTTP/2.0" 200 - "-" "Mozilla/5.0 AppleWebKit/537.36 (KHTML, like Gecko; compatible; GPTBot/1.2; +https://openai.com/gptbot)"
20.171.207.11 - - [15/Aug/2025:07:27:02 -0300] "GET /25psgud19836.html HTTP/2.0" 200 - "-" "Mozilla/5.0 AppleWebKit/537.36 (KHTML, like Gecko; compatible; GPTBot/1.2; +https://openai.com/gptbot)"
20.171.207.11 - - [15/Aug/2025:07:27:04 -0300] "GET /58pvvvg30379.html HTTP/2.0" 200 - "-" "Mozilla/5.0 AppleWebKit/537.36 (KHTML, like Gecko; compatible; GPTBot/1.2; +https://openai.com/gptbot)"
20.171.207.11 - - [15/Aug/2025:07:27:06 -0300] "GET /91iavmn25000.html HTTP/2.0" 200 - "-" "Mozilla/5.0 AppleWebKit/537.36 (KHTML, like Gecko; compatible; GPTBot/1.2; +https://openai.com/gptbot)"
217.113.194.86 - - [15/Aug/2025:07:27:06 -0300] "GET /admin/media/Highcharts-4.1.9/examples/gauge-dual/?C=N;O=D HTTP/1.1" 200 901 "-" "Mozilla/5.0 (compatible; Barkrowler/0.9; +https://babbar.tech/crawler)"
20.171.207.11 - - [15/Aug/2025:07:27:08 -0300] "GET /20keajr49555.html HTTP/2.0" 200 - "-" "Mozilla/5.0 AppleWebKit/537.36 (KHTML, like Gecko; compatible; GPTBot/1.2; +https://openai.com/gptbot)"
20.171.207.11 - - [15/Aug/2025:07:27:10 -0300] "GET /53jzvcw27444.html HTTP/2.0" 200 - "-" "Mozilla/5.0 AppleWebKit/537.36 (KHTML, like Gecko; compatible; GPTBot/1.2; +https://openai.com/gptbot)"
20.171.207.11 - - [15/Aug/2025:07:27:12 -0300] "GET /80xfuqa17771.html HTTP/2.0" 200 - "-" "Mozilla/5.0 AppleWebKit/537.36 (KHTML, like Gecko; compatible; GPTBot/1.2; +https://openai.com/gptbot)"
20.171.207.11 - - [15/Aug/2025:07:27:14 -0300] "GET /87bkxbu22210.html HTTP/2.0" 200 - "-" "Mozilla/5.0 AppleWebKit/537.36 (KHTML, like Gecko; compatible; GPTBot/1.2; +https://openai.com/gptbot)"
217.113.194.85 - - [15/Aug/2025:07:27:14 -0300] "GET /admin/media/Highcharts-4.1.9/api/css/images/?C=M;O=D HTTP/1.1" 200 1117 "-" "Mozilla/5.0 (compatible; Barkrowler/0.9; +https://babbar.tech/crawler)"
20.171.207.11 - - [15/Aug/2025:07:27:15 -0300] "GET /21ofbec14446.html HTTP/2.0" 200 - "-" "Mozilla/5.0 AppleWebKit/537.36 (KHTML, like Gecko; compatible; GPTBot/1.2; +https://openai.com/gptbot)"
20.171.207.11 - - [15/Aug/2025:07:27:18 -0300] "GET /20rutaj45553.html HTTP/2.0" 200 - "-" "Mozilla/5.0 AppleWebKit/537.36 (KHTML, like Gecko; compatible; GPTBot/1.2; +https://openai.com/gptbot)"
20.171.207.11 - - [15/Aug/2025:07:27:20 -0300] "GET /96yutxk24447.html HTTP/2.0" 200 - "-" "Mozilla/5.0 AppleWebKit/537.36 (KHTML, like Gecko; compatible; GPTBot/1.2; +https://openai.com/gptbot)"
20.171.207.11 - - [15/Aug/2025:07:27:22 -0300] "GET /32gljkc48999.html HTTP/2.0" 200 - "-" "Mozilla/5.0 AppleWebKit/537.36 (KHTML, like Gecko; compatible; GPTBot/1.2; +https://openai.com/gptbot)"
20.171.207.11 - - [15/Aug/2025:07:27:24 -0300] "GET /78gjoik22249.html HTTP/2.0" 200 - "-" "Mozilla/5.0 AppleWebKit/537.36 (KHTML, like Gecko; compatible; GPTBot/1.2; +https://openai.com/gptbot)"
20.171.207.11 - - [15/Aug/2025:07:27:25 -0300] "GET /22uwscx44473.html HTTP/2.0" 200 - "-" "Mozilla/5.0 AppleWebKit/537.36 (KHTML, like Gecko; compatible; GPTBot/1.2; +https://openai.com/gptbot)"
20.171.207.11 - - [15/Aug/2025:07:27:27 -0300] "GET /99qxnfu27774.html HTTP/2.0" 200 - "-" "Mozilla/5.0 AppleWebKit/537.36 (KHTML, like Gecko; compatible; GPTBot/1.2; +https://openai.com/gptbot)"
20.171.207.11 - - [15/Aug/2025:07:27:29 -0300] "GET /11bzuoy38886.html HTTP/2.0" 200 - "-" "Mozilla/5.0 AppleWebKit/537.36 (KHTML, like Gecko; compatible; GPTBot/1.2; +https://openai.com/gptbot)"
20.171.207.11 - - [15/Aug/2025:07:27:31 -0300] "GET /19luxek37776.html HTTP/2.0" 200 - "-" "Mozilla/5.0 AppleWebKit/537.36 (KHTML, like Gecko; compatible; GPTBot/1.2; +https://openai.com/gptbot)"
20.171.207.11 - - [15/Aug/2025:07:27:34 -0300] "GET /90jnhyw44415.html HTTP/2.0" 200 - "-" "Mozilla/5.0 AppleWebKit/537.36 (KHTML, like Gecko; compatible; GPTBot/1.2; +https://openai.com/gptbot)"
20.171.207.11 - - [15/Aug/2025:07:27:36 -0300] "GET /14xngak20857.html HTTP/2.0" 200 - "-" "Mozilla/5.0 AppleWebKit/537.36 (KHTML, like Gecko; compatible; GPTBot/1.2; +https://openai.com/gptbot)"
20.171.207.11 - - [15/Aug/2025:07:27:38 -0300] "GET /54kjren39801.html HTTP/2.0" 200 - "-" "Mozilla/5.0 AppleWebKit/537.36 (KHTML, like Gecko; compatible; GPTBot/1.2; +https://openai.com/gptbot)"
217.113.194.90 - - [15/Aug/2025:07:27:39 -0300] "GET /admin/media/Highcharts-4.1.9/examples/gauge-dual/?C=S;O=A HTTP/1.1" 200 901 "-" "Mozilla/5.0 (compatible; Barkrowler/0.9; +https://babbar.tech/crawler)"
20.171.207.11 - - [15/Aug/2025:07:27:40 -0300] "GET /18iwkas42705.html HTTP/2.0" 200 - "-" "Mozilla/5.0 AppleWebKit/537.36 (KHTML, like Gecko; compatible; GPTBot/1.2; +https://openai.com/gptbot)"
20.171.207.11 - - [15/Aug/2025:07:27:41 -0300] "GET /81uayvn31222.html HTTP/2.0" 200 - "-" "Mozilla/5.0 AppleWebKit/537.36 (KHTML, like Gecko; compatible; GPTBot/1.2; +https://openai.com/gptbot)"
20.171.207.11 - - [15/Aug/2025:07:27:43 -0300] "GET /14yiodg32705.html HTTP/2.0" 200 - "-" "Mozilla/5.0 AppleWebKit/537.36 (KHTML, like Gecko; compatible; GPTBot/1.2; +https://openai.com/gptbot)"
20.171.207.11 - - [15/Aug/2025:07:27:45 -0300] "GET /46dyfzr38015.html HTTP/2.0" 200 - "-" "Mozilla/5.0 AppleWebKit/537.36 (KHTML, like Gecko; compatible; GPTBot/1.2; +https://openai.com/gptbot)"
217.113.194.90 - - [15/Aug/2025:07:27:47 -0300] "GET /admin/media/Highcharts-4.1.9/api/css/images/?C=S;O=D HTTP/1.1" 200 1117 "-" "Mozilla/5.0 (compatible; Barkrowler/0.9; +https://babbar.tech/crawler)"
20.171.207.11 - - [15/Aug/2025:07:27:48 -0300] "GET /31nxgur28904.html HTTP/2.0" 200 - "-" "Mozilla/5.0 AppleWebKit/537.36 (KHTML, like Gecko; compatible; GPTBot/1.2; +https://openai.com/gptbot)"
20.171.207.11 - - [15/Aug/2025:07:27:50 -0300] "GET /25aweid34760.html HTTP/2.0" 200 - "-" "Mozilla/5.0 AppleWebKit/537.36 (KHTML, like Gecko; compatible; GPTBot/1.2; +https://openai.com/gptbot)"
20.171.207.11 - - [15/Aug/2025:07:27:52 -0300] "GET /95gcron43786.html HTTP/2.0" 200 - "-" "Mozilla/5.0 AppleWebKit/537.36 (KHTML, like Gecko; compatible; GPTBot/1.2; +https://openai.com/gptbot)"
20.171.207.11 - - [15/Aug/2025:07:27:53 -0300] "GET /75usjfz18290.html HTTP/2.0" 200 - "-" "Mozilla/5.0 AppleWebKit/537.36 (KHTML, like Gecko; compatible; GPTBot/1.2; +https://openai.com/gptbot)"
20.171.207.11 - - [15/Aug/2025:07:27:55 -0300] "GET /93jbugq47856.html HTTP/2.0" 200 - "-" "Mozilla/5.0 AppleWebKit/537.36 (KHTML, like Gecko; compatible; GPTBot/1.2; +https://openai.com/gptbot)"
20.171.207.11 - - [15/Aug/2025:07:27:57 -0300] "GET /15zdqfc37902.html HTTP/2.0" 200 - "-" "Mozilla/5.0 AppleWebKit/537.36 (KHTML, like Gecko; compatible; GPTBot/1.2; +https://openai.com/gptbot)"
20.171.207.11 - - [15/Aug/2025:07:27:58 -0300] "GET /61aznsg38792.html HTTP/2.0" 200 - "-" "Mozilla/5.0 AppleWebKit/537.36 (KHTML, like Gecko; compatible; GPTBot/1.2; +https://openai.com/gptbot)"
20.171.207.11 - - [15/Aug/2025:07:28:00 -0300] "GET /75soije26814.html HTTP/2.0" 200 - "-" "Mozilla/5.0 AppleWebKit/537.36 (KHTML, like Gecko; compatible; GPTBot/1.2; +https://openai.com/gptbot)"
20.171.207.11 - - [15/Aug/2025:07:28:02 -0300] "GET /54fpabk26731.html HTTP/2.0" 200 - "-" "Mozilla/5.0 AppleWebKit/537.36 (KHTML, like Gecko; compatible; GPTBot/1.2; +https://openai.com/gptbot)"
20.171.207.11 - - [15/Aug/2025:07:28:04 -0300] "GET /51vbosq30824.html HTTP/2.0" 200 - "-" "Mozilla/5.0 AppleWebKit/537.36 (KHTML, like Gecko; compatible; GPTBot/1.2; +https://openai.com/gptbot)"
20.171.207.11 - - [15/Aug/2025:07:28:06 -0300] "GET /17fvnab39802.html HTTP/2.0" 200 - "-" "Mozilla/5.0 AppleWebKit/537.36 (KHTML, like Gecko; compatible; GPTBot/1.2; +https://openai.com/gptbot)"
20.171.207.11 - - [15/Aug/2025:07:28:07 -0300] "GET /61pqefc24708.html HTTP/2.0" 200 - "-" "Mozilla/5.0 AppleWebKit/537.36 (KHTML, like Gecko; compatible; GPTBot/1.2; +https://openai.com/gptbot)"
20.171.207.11 - - [15/Aug/2025:07:28:09 -0300] "GET /78uipgr32419.html HTTP/2.0" 200 - "-" "Mozilla/5.0 AppleWebKit/537.36 (KHTML, like Gecko; compatible; GPTBot/1.2; +https://openai.com/gptbot)"
20.171.207.11 - - [15/Aug/2025:07:28:11 -0300] "GET /59xevpr17840.html HTTP/2.0" 200 - "-" "Mozilla/5.0 AppleWebKit/537.36 (KHTML, like Gecko; compatible; GPTBot/1.2; +https://openai.com/gptbot)"
217.113.194.89 - - [15/Aug/2025:07:28:11 -0300] "GET /admin/media/Highcharts-4.1.9/examples/gauge-dual/?C=M;O=A HTTP/1.1" 200 901 "-" "Mozilla/5.0 (compatible; Barkrowler/0.9; +https://babbar.tech/crawler)"
20.171.207.11 - - [15/Aug/2025:07:28:12 -0300] "GET /62secwk47835.html HTTP/2.0" 200 - "-" "Mozilla/5.0 AppleWebKit/537.36 (KHTML, like Gecko; compatible; GPTBot/1.2; +https://openai.com/gptbot)"
