20.171.207.11 - - [15/Aug/2025:06:17:21 -0300] "GET /029034065.htm HTTP/2.0" 200 - "-" "Mozilla/5.0 AppleWebKit/537.36 (KHTML, like Gecko; compatible; GPTBot/1.2; +https://openai.com/gptbot)"
20.171.207.11 - - [15/Aug/2025:06:17:23 -0300] "GET /057036019.htm HTTP/2.0" 200 - "-" "Mozilla/5.0 AppleWebKit/537.36 (KHTML, like Gecko; compatible; GPTBot/1.2; +https://openai.com/gptbot)"
20.171.207.11 - - [15/Aug/2025:06:17:25 -0300] "GET /034037842.htm HTTP/2.0" 200 - "-" "Mozilla/5.0 AppleWebKit/537.36 (KHTML, like Gecko; compatible; GPTBot/1.2; +https://openai.com/gptbot)"
20.171.207.11 - - [15/Aug/2025:06:17:27 -0300] "GET /096023638.htm HTTP/2.0" 200 - "-" "Mozilla/5.0 AppleWebKit/537.36 (KHTML, like Gecko; compatible; GPTBot/1.2; +https://openai.com/gptbot)"
20.171.207.11 - - [15/Aug/2025:06:17:28 -0300] "GET /069029425.htm HTTP/2.0" 200 - "-" "Mozilla/5.0 AppleWebKit/537.36 (KHTML, like Gecko; compatible; GPTBot/1.2; +https://openai.com/gptbot)"
20.171.207.11 - - [15/Aug/2025:06:17:30 -0300] "GET /083013929.htm HTTP/2.0" 200 - "-" "Mozilla/5.0 AppleWebKit/537.36 (KHTML, like Gecko; compatible; GPTBot/1.2; +https://openai.com/gptbot)"
217.113.194.90 - - [15/Aug/2025:06:17:31 -0300] "GET /admin/media/ckeditor/plugins/specialchar/dialogs/lang/?C=N;O=D HTTP/1.1" 200 9770 "-" "Mozilla/5.0 (compatible; Barkrowler/0.9; +https://babbar.tech/crawler)"
20.171.207.11 - - [15/Aug/2025:06:17:32 -0300] "GET /015046495.htm HTTP/2.0" 200 - "-" "Mozilla/5.0 AppleWebKit/537.36 (KHTML, like Gecko; compatible; GPTBot/1.2; +https://openai.com/gptbot)"
20.171.207.11 - - [15/Aug/2025:06:17:34 -0300] "GET /023001857.htm HTTP/2.0" 200 - "-" "Mozilla/5.0 AppleWebKit/537.36 (KHTML, like Gecko; compatible; GPTBot/1.2; +https://openai.com/gptbot)"
20.171.207.11 - - [15/Aug/2025:06:17:36 -0300] "GET /064042218.htm HTTP/2.0" 200 - "-" "Mozilla/5.0 AppleWebKit/537.36 (KHTML, like Gecko; compatible; GPTBot/1.2; +https://openai.com/gptbot)"
20.171.207.11 - - [15/Aug/2025:06:17:38 -0300] "GET /021045527.htm HTTP/2.0" 200 - "-" "Mozilla/5.0 AppleWebKit/537.36 (KHTML, like Gecko; compatible; GPTBot/1.2; +https://openai.com/gptbot)"
217.113.194.90 - - [15/Aug/2025:06:17:39 -0300] "GET /admin/media/font-awesome-4.1.0/less/variables.less HTTP/1.1" 200 16090 "-" "Mozilla/5.0 (compatible; Barkrowler/0.9; +https://babbar.tech/crawler)"
20.171.207.11 - - [15/Aug/2025:06:17:40 -0300] "GET /043020189.htm HTTP/2.0" 200 - "-" "Mozilla/5.0 AppleWebKit/537.36 (KHTML, like Gecko; compatible; GPTBot/1.2; +https://openai.com/gptbot)"
20.171.207.11 - - [15/Aug/2025:06:17:41 -0300] "GET /079018397.htm HTTP/2.0" 200 - "-" "Mozilla/5.0 AppleWebKit/537.36 (KHTML, like Gecko; compatible; GPTBot/1.2; +https://openai.com/gptbot)"
20.171.207.11 - - [15/Aug/2025:06:17:43 -0300] "GET /019018727.htm HTTP/2.0" 200 - "-" "Mozilla/5.0 AppleWebKit/537.36 (KHTML, like Gecko; compatible; GPTBot/1.2; +https://openai.com/gptbot)"
20.171.207.11 - - [15/Aug/2025:06:17:44 -0300] "GET /027012451.htm HTTP/2.0" 200 - "-" "Mozilla/5.0 AppleWebKit/537.36 (KHTML, like Gecko; compatible; GPTBot/1.2; +https://openai.com/gptbot)"
20.171.207.11 - - [15/Aug/2025:06:17:46 -0300] "GET /052026836.htm HTTP/2.0" 200 - "-" "Mozilla/5.0 AppleWebKit/537.36 (KHTML, like Gecko; compatible; GPTBot/1.2; +https://openai.com/gptbot)"
20.171.207.11 - - [15/Aug/2025:06:17:48 -0300] "GET /076042972.htm HTTP/2.0" 200 - "-" "Mozilla/5.0 AppleWebKit/537.36 (KHTML, like Gecko; compatible; GPTBot/1.2; +https://openai.com/gptbot)"
20.171.207.11 - - [15/Aug/2025:06:17:50 -0300] "GET /089013231.htm HTTP/2.0" 200 - "-" "Mozilla/5.0 AppleWebKit/537.36 (KHTML, like Gecko; compatible; GPTBot/1.2; +https://openai.com/gptbot)"
20.171.207.11 - - [15/Aug/2025:06:17:51 -0300] "GET /035019589.htm HTTP/2.0" 200 - "-" "Mozilla/5.0 AppleWebKit/537.36 (KHTML, like Gecko; compatible; GPTBot/1.2; +https://openai.com/gptbot)"
20.171.207.11 - - [15/Aug/2025:06:17:53 -0300] "GET /016049186.htm HTTP/2.0" 200 - "-" "Mozilla/5.0 AppleWebKit/537.36 (KHTML, like Gecko; compatible; GPTBot/1.2; +https://openai.com/gptbot)"
20.171.207.11 - - [15/Aug/2025:06:17:55 -0300] "GET /062045180.htm HTTP/2.0" 200 - "-" "Mozilla/5.0 AppleWebKit/537.36 (KHTML, like Gecko; compatible; GPTBot/1.2; +https://openai.com/gptbot)"
20.171.207.11 - - [15/Aug/2025:06:17:57 -0300] "GET /011046943.htm HTTP/2.0" 200 - "-" "Mozilla/5.0 AppleWebKit/537.36 (KHTML, like Gecko; compatible; GPTBot/1.2; +https://openai.com/gptbot)"
20.171.207.11 - - [15/Aug/2025:06:17:59 -0300] "GET /045027485.htm HTTP/2.0" 200 - "-" "Mozilla/5.0 AppleWebKit/537.36 (KHTML, like Gecko; compatible; GPTBot/1.2; +https://openai.com/gptbot)"
20.171.207.11 - - [15/Aug/2025:06:18:00 -0300] "GET /052036908.htm HTTP/2.0" 200 - "-" "Mozilla/5.0 AppleWebKit/537.36 (KHTML, like Gecko; compatible; GPTBot/1.2; +https://openai.com/gptbot)"
20.171.207.11 - - [15/Aug/2025:06:18:02 -0300] "GET /012018834.htm HTTP/2.0" 200 - "-" "Mozilla/5.0 AppleWebKit/537.36 (KHTML, like Gecko; compatible; GPTBot/1.2; +https://openai.com/gptbot)"
20.171.207.11 - - [15/Aug/2025:06:18:04 -0300] "GET /057018039.htm HTTP/2.0" 200 - "-" "Mozilla/5.0 AppleWebKit/537.36 (KHTML, like Gecko; compatible; GPTBot/1.2; +https://openai.com/gptbot)"
217.113.194.88 - - [15/Aug/2025:06:18:04 -0300] "GET /admin/media/ckeditor/plugins/find/dialogs/?C=M;O=D HTTP/1.1" 200 881 "-" "Mozilla/5.0 (compatible; Barkrowler/0.9; +https://babbar.tech/crawler)"
20.171.207.11 - - [15/Aug/2025:06:18:06 -0300] "GET /071033581.htm HTTP/2.0" 200 - "-" "Mozilla/5.0 AppleWebKit/537.36 (KHTML, like Gecko; compatible; GPTBot/1.2; +https://openai.com/gptbot)"
20.171.207.11 - - [15/Aug/2025:06:18:08 -0300] "GET /035029435.htm HTTP/2.0" 200 - "-" "Mozilla/5.0 AppleWebKit/537.36 (KHTML, like Gecko; compatible; GPTBot/1.2; +https://openai.com/gptbot)"
20.171.207.11 - - [15/Aug/2025:06:18:10 -0300] "GET /022035638.htm HTTP/2.0" 200 - "-" "Mozilla/5.0 AppleWebKit/537.36 (KHTML, like Gecko; compatible; GPTBot/1.2; +https://openai.com/gptbot)"
20.171.207.11 - - [15/Aug/2025:06:18:12 -0300] "GET /047017169.htm HTTP/2.0" 200 - "-" "Mozilla/5.0 AppleWebKit/537.36 (KHTML, like Gecko; compatible; GPTBot/1.2; +https://openai.com/gptbot)"
154.54.249.201 - - [15/Aug/2025:06:18:13 -0300] "GET /admin/media/froala/examples/init_on_image_with_link.html HTTP/1.1" 304 - "-" "Mozilla/5.0 (compatible; Barkrowler/0.9; +https://babbar.tech/crawler)"
20.171.207.11 - - [15/Aug/2025:06:18:14 -0300] "GET /026048812.htm HTTP/2.0" 200 - "-" "Mozilla/5.0 AppleWebKit/537.36 (KHTML, like Gecko; compatible; GPTBot/1.2; +https://openai.com/gptbot)"
20.171.207.11 - - [15/Aug/2025:06:18:16 -0300] "GET /023019407.htm HTTP/2.0" 200 - "-" "Mozilla/5.0 AppleWebKit/537.36 (KHTML, like Gecko; compatible; GPTBot/1.2; +https://openai.com/gptbot)"
20.171.207.11 - - [15/Aug/2025:06:18:18 -0300] "GET /065025763.htm HTTP/2.0" 200 - "-" "Mozilla/5.0 AppleWebKit/537.36 (KHTML, like Gecko; compatible; GPTBot/1.2; +https://openai.com/gptbot)"
20.171.207.11 - - [15/Aug/2025:06:18:19 -0300] "GET /074029428.htm HTTP/2.0" 200 - "-" "Mozilla/5.0 AppleWebKit/537.36 (KHTML, like Gecko; compatible; GPTBot/1.2; +https://openai.com/gptbot)"
20.171.207.11 - - [15/Aug/2025:06:18:21 -0300] "GET /007028913.htm HTTP/2.0" 200 - "-" "Mozilla/5.0 AppleWebKit/537.36 (KHTML, like Gecko; compatible; GPTBot/1.2; +https://openai.com/gptbot)"
20.171.207.11 - - [15/Aug/2025:06:18:23 -0300] "GET /054015346.htm HTTP/2.0" 200 - "-" "Mozilla/5.0 AppleWebKit/537.36 (KHTML, like Gecko; compatible; GPTBot/1.2; +https://openai.com/gptbot)"
20.171.207.11 - - [15/Aug/2025:06:18:25 -0300] "GET /084028654.htm HTTP/2.0" 200 - "-" "Mozilla/5.0 AppleWebKit/537.36 (KHTML, like Gecko; compatible; GPTBot/1.2; +https://openai.com/gptbot)"
20.171.207.11 - - [15/Aug/2025:06:18:27 -0300] "GET /092034364.htm HTTP/2.0" 200 - "-" "Mozilla/5.0 AppleWebKit/537.36 (KHTML, like Gecko; compatible; GPTBot/1.2; +https://openai.com/gptbot)"
20.171.207.11 - - [15/Aug/2025:06:18:28 -0300] "GET /025031327.htm HTTP/2.0" 200 - "-" "Mozilla/5.0 AppleWebKit/537.36 (KHTML, like Gecko; compatible; GPTBot/1.2; +https://openai.com/gptbot)"
20.171.207.11 - - [15/Aug/2025:06:18:30 -0300] "GET /048025752.htm HTTP/2.0" 200 - "-" "Mozilla/5.0 AppleWebKit/537.36 (KHTML, like Gecko; compatible; GPTBot/1.2; +https://openai.com/gptbot)"
20.171.207.11 - - [15/Aug/2025:06:18:32 -0300] "GET /067031095.htm HTTP/2.0" 200 - "-" "Mozilla/5.0 AppleWebKit/537.36 (KHTML, like Gecko; compatible; GPTBot/1.2; +https://openai.com/gptbot)"
20.171.207.11 - - [15/Aug/2025:06:18:33 -0300] "GET /085028541.htm HTTP/2.0" 200 - "-" "Mozilla/5.0 AppleWebKit/537.36 (KHTML, like Gecko; compatible; GPTBot/1.2; +https://openai.com/gptbot)"
20.171.207.11 - - [15/Aug/2025:06:18:36 -0300] "GET /024005938.htm HTTP/2.0" 200 - "-" "Mozilla/5.0 AppleWebKit/537.36 (KHTML, like Gecko; compatible; GPTBot/1.2; +https://openai.com/gptbot)"
20.171.207.11 - - [15/Aug/2025:06:18:38 -0300] "GET /016028442.htm HTTP/2.0" 200 - "-" "Mozilla/5.0 AppleWebKit/537.36 (KHTML, like Gecko; compatible; GPTBot/1.2; +https://openai.com/gptbot)"
217.113.194.82 - - [15/Aug/2025:06:18:40 -0300] "GET /admin/media/ckeditor/plugins/find/dialogs/?C=S;O=D HTTP/1.1" 200 881 "-" "Mozilla/5.0 (compatible; Barkrowler/0.9; +https://babbar.tech/crawler)"
20.171.207.11 - - [15/Aug/2025:06:18:41 -0300] "GET /085014489.htm HTTP/2.0" 200 - "-" "Mozilla/5.0 AppleWebKit/537.36 (KHTML, like Gecko; compatible; GPTBot/1.2; +https://openai.com/gptbot)"
20.171.207.11 - - [15/Aug/2025:06:18:44 -0300] "GET /076033188.htm HTTP/2.0" 200 - "-" "Mozilla/5.0 AppleWebKit/537.36 (KHTML, like Gecko; compatible; GPTBot/1.2; +https://openai.com/gptbot)"
20.171.207.11 - - [15/Aug/2025:06:18:48 -0300] "GET /054008612.htm HTTP/2.0" 200 - "-" "Mozilla/5.0 AppleWebKit/537.36 (KHTML, like Gecko; compatible; GPTBot/1.2; +https://openai.com/gptbot)"
217.113.194.246 - - [15/Aug/2025:06:18:48 -0300] "GET /admin/media/froala/fonts/fontawesome-webfont.eot HTTP/1.1" 200 56006 "-" "Mozilla/5.0 (compatible; Barkrowler/0.9; +https://babbar.tech/crawler)"
20.171.207.11 - - [15/Aug/2025:06:18:51 -0300] "GET /053024709.htm HTTP/2.0" 200 - "-" "Mozilla/5.0 AppleWebKit/537.36 (KHTML, like Gecko; compatible; GPTBot/1.2; +https://openai.com/gptbot)"
20.171.207.11 - - [15/Aug/2025:06:18:53 -0300] "GET /084024762.htm HTTP/2.0" 200 - "-" "Mozilla/5.0 AppleWebKit/537.36 (KHTML, like Gecko; compatible; GPTBot/1.2; +https://openai.com/gptbot)"
20.171.207.11 - - [15/Aug/2025:06:18:56 -0300] "GET /065002947.htm HTTP/2.0" 200 - "-" "Mozilla/5.0 AppleWebKit/537.36 (KHTML, like Gecko; compatible; GPTBot/1.2; +https://openai.com/gptbot)"
20.171.207.11 - - [15/Aug/2025:06:18:59 -0300] "GET /024016248.htm HTTP/2.0" 200 - "-" "Mozilla/5.0 AppleWebKit/537.36 (KHTML, like Gecko; compatible; GPTBot/1.2; +https://openai.com/gptbot)"
20.171.207.11 - - [15/Aug/2025:06:19:02 -0300] "GET /013042513.htm HTTP/2.0" 200 - "-" "Mozilla/5.0 AppleWebKit/537.36 (KHTML, like Gecko; compatible; GPTBot/1.2; +https://openai.com/gptbot)"
20.171.207.11 - - [15/Aug/2025:06:19:06 -0300] "GET /083031169.htm HTTP/2.0" 200 - "-" "Mozilla/5.0 AppleWebKit/537.36 (KHTML, like Gecko; compatible; GPTBot/1.2; +https://openai.com/gptbot)"
20.171.207.11 - - [15/Aug/2025:06:19:09 -0300] "GET /087022497.htm HTTP/2.0" 200 - "-" "Mozilla/5.0 AppleWebKit/537.36 (KHTML, like Gecko; compatible; GPTBot/1.2; +https://openai.com/gptbot)"
20.171.207.11 - - [15/Aug/2025:06:19:11 -0300] "GET /057024233.htm HTTP/2.0" 200 - "-" "Mozilla/5.0 AppleWebKit/537.36 (KHTML, like Gecko; compatible; GPTBot/1.2; +https://openai.com/gptbot)"
217.113.194.86 - - [15/Aug/2025:06:19:14 -0300] "GET /admin/media/ckeditor/plugins/find/dialogs/?C=D;O=D HTTP/1.1" 200 881 "-" "Mozilla/5.0 (compatible; Barkrowler/0.9; +https://babbar.tech/crawler)"
20.171.207.11 - - [15/Aug/2025:06:19:15 -0300] "GET /012040568.htm HTTP/2.0" 200 - "-" "Mozilla/5.0 AppleWebKit/537.36 (KHTML, like Gecko; compatible; GPTBot/1.2; +https://openai.com/gptbot)"
20.171.207.11 - - [15/Aug/2025:06:19:18 -0300] "GET /028003714.htm HTTP/2.0" 200 - "-" "Mozilla/5.0 AppleWebKit/537.36 (KHTML, like Gecko; compatible; GPTBot/1.2; +https://openai.com/gptbot)"
154.54.249.201 - - [15/Aug/2025:06:19:22 -0300] "GET /admin/media/froala/fonts/fontawesome-webfont.woff HTTP/1.1" 200 65452 "-" "Mozilla/5.0 (compatible; Barkrowler/0.9; +https://babbar.tech/crawler)"
20.171.207.11 - - [15/Aug/2025:06:19:22 -0300] "GET /039044695.htm HTTP/2.0" 200 - "-" "Mozilla/5.0 AppleWebKit/537.36 (KHTML, like Gecko; compatible; GPTBot/1.2; +https://openai.com/gptbot)"
20.171.207.11 - - [15/Aug/2025:06:19:26 -0300] "GET /028036432.htm HTTP/2.0" 200 - "-" "Mozilla/5.0 AppleWebKit/537.36 (KHTML, like Gecko; compatible; GPTBot/1.2; +https://openai.com/gptbot)"
20.171.207.11 - - [15/Aug/2025:06:19:29 -0300] "GET /068033824.htm HTTP/2.0" 200 - "-" "Mozilla/5.0 AppleWebKit/537.36 (KHTML, like Gecko; compatible; GPTBot/1.2; +https://openai.com/gptbot)"
20.171.207.11 - - [15/Aug/2025:06:19:32 -0300] "GET /058019398.htm HTTP/2.0" 200 - "-" "Mozilla/5.0 AppleWebKit/537.36 (KHTML, like Gecko; compatible; GPTBot/1.2; +https://openai.com/gptbot)"
20.171.207.11 - - [15/Aug/2025:06:19:37 -0300] "GET /097022983.htm HTTP/2.0" 200 - "-" "Mozilla/5.0 AppleWebKit/537.36 (KHTML, like Gecko; compatible; GPTBot/1.2; +https://openai.com/gptbot)"
20.171.207.11 - - [15/Aug/2025:06:19:41 -0300] "GET /072019878.htm HTTP/2.0" 200 - "-" "Mozilla/5.0 AppleWebKit/537.36 (KHTML, like Gecko; compatible; GPTBot/1.2; +https://openai.com/gptbot)"
20.171.207.11 - - [15/Aug/2025:06:19:44 -0300] "GET /093025285.htm HTTP/2.0" 200 - "-" "Mozilla/5.0 AppleWebKit/537.36 (KHTML, like Gecko; compatible; GPTBot/1.2; +https://openai.com/gptbot)"
154.54.249.201 - - [15/Aug/2025:06:19:47 -0300] "GET /admin/media/ckeditor/plugins/find/dialogs/?C=N;O=A HTTP/1.1" 200 881 "-" "Mozilla/5.0 (compatible; Barkrowler/0.9; +https://babbar.tech/crawler)"
20.171.207.11 - - [15/Aug/2025:06:19:48 -0300] "GET /085037859.htm HTTP/2.0" 200 - "-" "Mozilla/5.0 AppleWebKit/537.36 (KHTML, like Gecko; compatible; GPTBot/1.2; +https://openai.com/gptbot)"
20.171.207.11 - - [15/Aug/2025:06:19:50 -0300] "GET /023039917.htm HTTP/2.0" 200 - "-" "Mozilla/5.0 AppleWebKit/537.36 (KHTML, like Gecko; compatible; GPTBot/1.2; +https://openai.com/gptbot)"
20.171.207.11 - - [15/Aug/2025:06:19:52 -0300] "GET /085033841.htm HTTP/2.0" 200 - "-" "Mozilla/5.0 AppleWebKit/537.36 (KHTML, like Gecko; compatible; GPTBot/1.2; +https://openai.com/gptbot)"
217.113.194.84 - - [15/Aug/2025:06:19:55 -0300] "GET /admin/media/fonts/glyphicons-halflings-regular.ttf HTTP/1.1" 200 41280 "-" "Mozilla/5.0 (compatible; Barkrowler/0.9; +https://babbar.tech/crawler)"
20.171.207.11 - - [15/Aug/2025:06:19:55 -0300] "GET /016008932.htm HTTP/2.0" 200 - "-" "Mozilla/5.0 AppleWebKit/537.36 (KHTML, like Gecko; compatible; GPTBot/1.2; +https://openai.com/gptbot)"
20.171.207.11 - - [15/Aug/2025:06:19:59 -0300] "GET /049031153.htm HTTP/2.0" 200 - "-" "Mozilla/5.0 AppleWebKit/537.36 (KHTML, like Gecko; compatible; GPTBot/1.2; +https://openai.com/gptbot)"
20.171.207.11 - - [15/Aug/2025:06:20:03 -0300] "GET /097041549.htm HTTP/2.0" 200 - "-" "Mozilla/5.0 AppleWebKit/537.36 (KHTML, like Gecko; compatible; GPTBot/1.2; +https://openai.com/gptbot)"
20.171.207.11 - - [15/Aug/2025:06:20:06 -0300] "GET /096025410.htm HTTP/2.0" 200 - "-" "Mozilla/5.0 AppleWebKit/537.36 (KHTML, like Gecko; compatible; GPTBot/1.2; +https://openai.com/gptbot)"
20.171.207.11 - - [15/Aug/2025:06:20:08 -0300] "GET /099046547.htm HTTP/2.0" 200 - "-" "Mozilla/5.0 AppleWebKit/537.36 (KHTML, like Gecko; compatible; GPTBot/1.2; +https://openai.com/gptbot)"
20.171.207.11 - - [15/Aug/2025:06:20:11 -0300] "GET /056032084.htm HTTP/2.0" 200 - "-" "Mozilla/5.0 AppleWebKit/537.36 (KHTML, like Gecko; compatible; GPTBot/1.2; +https://openai.com/gptbot)"
20.171.207.11 - - [15/Aug/2025:06:20:14 -0300] "GET /061005387.htm HTTP/2.0" 200 - "-" "Mozilla/5.0 AppleWebKit/537.36 (KHTML, like Gecko; compatible; GPTBot/1.2; +https://openai.com/gptbot)"
20.171.207.11 - - [15/Aug/2025:06:20:16 -0300] "GET /033044527.htm HTTP/2.0" 200 - "-" "Mozilla/5.0 AppleWebKit/537.36 (KHTML, like Gecko; compatible; GPTBot/1.2; +https://openai.com/gptbot)"
20.171.207.11 - - [15/Aug/2025:06:20:18 -0300] "GET /023017351.htm HTTP/2.0" 200 - "-" "Mozilla/5.0 AppleWebKit/537.36 (KHTML, like Gecko; compatible; GPTBot/1.2; +https://openai.com/gptbot)"
217.113.194.219 - - [15/Aug/2025:06:20:21 -0300] "GET /admin/media/ckeditor/plugins/tabletools/dialogs/?C=N;O=D HTTP/1.1" 200 904 "-" "Mozilla/5.0 (compatible; Barkrowler/0.9; +https://babbar.tech/crawler)"
20.171.207.11 - - [15/Aug/2025:06:20:22 -0300] "GET /074035092.htm HTTP/2.0" 200 - "-" "Mozilla/5.0 AppleWebKit/537.36 (KHTML, like Gecko; compatible; GPTBot/1.2; +https://openai.com/gptbot)"
20.171.207.11 - - [15/Aug/2025:06:20:24 -0300] "GET /036001592.htm HTTP/2.0" 200 - "-" "Mozilla/5.0 AppleWebKit/537.36 (KHTML, like Gecko; compatible; GPTBot/1.2; +https://openai.com/gptbot)"
20.171.207.11 - - [15/Aug/2025:06:20:26 -0300] "GET /077036115.htm HTTP/2.0" 200 - "-" "Mozilla/5.0 AppleWebKit/537.36 (KHTML, like Gecko; compatible; GPTBot/1.2; +https://openai.com/gptbot)"
20.171.207.11 - - [15/Aug/2025:06:20:29 -0300] "GET /097006821.htm HTTP/2.0" 200 - "-" "Mozilla/5.0 AppleWebKit/537.36 (KHTML, like Gecko; compatible; GPTBot/1.2; +https://openai.com/gptbot)"
217.113.194.90 - - [15/Aug/2025:06:20:29 -0300] "GET /admin/media/fonts/glyphicons-halflings-regular.woff HTTP/1.1" 200 23320 "-" "Mozilla/5.0 (compatible; Barkrowler/0.9; +https://babbar.tech/crawler)"
20.171.207.11 - - [15/Aug/2025:06:20:31 -0300] "GET /027018823.htm HTTP/2.0" 200 - "-" "Mozilla/5.0 AppleWebKit/537.36 (KHTML, like Gecko; compatible; GPTBot/1.2; +https://openai.com/gptbot)"
20.171.207.11 - - [15/Aug/2025:06:20:34 -0300] "GET /095033881.htm HTTP/2.0" 200 - "-" "Mozilla/5.0 AppleWebKit/537.36 (KHTML, like Gecko; compatible; GPTBot/1.2; +https://openai.com/gptbot)"
20.171.207.11 - - [15/Aug/2025:06:20:36 -0300] "GET /069048645.htm HTTP/2.0" 200 - "-" "Mozilla/5.0 AppleWebKit/537.36 (KHTML, like Gecko; compatible; GPTBot/1.2; +https://openai.com/gptbot)"
20.171.207.11 - - [15/Aug/2025:06:20:37 -0300] "GET /026019918.htm HTTP/2.0" 200 - "-" "Mozilla/5.0 AppleWebKit/537.36 (KHTML, like Gecko; compatible; GPTBot/1.2; +https://openai.com/gptbot)"
20.171.207.11 - - [15/Aug/2025:06:20:39 -0300] "GET /033028191.htm HTTP/2.0" 200 - "-" "Mozilla/5.0 AppleWebKit/537.36 (KHTML, like Gecko; compatible; GPTBot/1.2; +https://openai.com/gptbot)"
20.171.207.11 - - [15/Aug/2025:06:20:41 -0300] "GET /051044719.htm HTTP/2.0" 200 - "-" "Mozilla/5.0 AppleWebKit/537.36 (KHTML, like Gecko; compatible; GPTBot/1.2; +https://openai.com/gptbot)"
20.171.207.11 - - [15/Aug/2025:06:20:43 -0300] "GET /026019326.htm HTTP/2.0" 200 - "-" "Mozilla/5.0 AppleWebKit/537.36 (KHTML, like Gecko; compatible; GPTBot/1.2; +https://openai.com/gptbot)"
20.171.207.11 - - [15/Aug/2025:06:20:46 -0300] "GET /019037593.htm HTTP/2.0" 200 - "-" "Mozilla/5.0 AppleWebKit/537.36 (KHTML, like Gecko; compatible; GPTBot/1.2; +https://openai.com/gptbot)"
20.171.207.11 - - [15/Aug/2025:06:20:48 -0300] "GET /061022455.htm HTTP/2.0" 200 - "-" "Mozilla/5.0 AppleWebKit/537.36 (KHTML, like Gecko; compatible; GPTBot/1.2; +https://openai.com/gptbot)"
20.171.207.11 - - [15/Aug/2025:06:20:51 -0300] "GET /091024951.htm HTTP/2.0" 200 - "-" "Mozilla/5.0 AppleWebKit/537.36 (KHTML, like Gecko; compatible; GPTBot/1.2; +https://openai.com/gptbot)"
20.171.207.11 - - [15/Aug/2025:06:20:53 -0300] "GET /083036469.htm HTTP/2.0" 200 - "-" "Mozilla/5.0 AppleWebKit/537.36 (KHTML, like Gecko; compatible; GPTBot/1.2; +https://openai.com/gptbot)"
217.113.194.84 - - [15/Aug/2025:06:20:54 -0300] "GET /admin/media/ckeditor/plugins/tabletools/?C=D;O=D HTTP/1.1" 200 873 "-" "Mozilla/5.0 (compatible; Barkrowler/0.9; +https://babbar.tech/crawler)"
20.171.207.11 - - [15/Aug/2025:06:20:55 -0300] "GET /051003987.htm HTTP/2.0" 200 - "-" "Mozilla/5.0 AppleWebKit/537.36 (KHTML, like Gecko; compatible; GPTBot/1.2; +https://openai.com/gptbot)"
20.171.207.11 - - [15/Aug/2025:06:20:57 -0300] "GET /025018093.htm HTTP/2.0" 200 - "-" "Mozilla/5.0 AppleWebKit/537.36 (KHTML, like Gecko; compatible; GPTBot/1.2; +https://openai.com/gptbot)"
20.171.207.11 - - [15/Aug/2025:06:20:58 -0300] "GET /095026037.htm HTTP/2.0" 200 - "-" "Mozilla/5.0 AppleWebKit/537.36 (KHTML, like Gecko; compatible; GPTBot/1.2; +https://openai.com/gptbot)"
20.171.207.11 - - [15/Aug/2025:06:21:00 -0300] "GET /043046961.htm HTTP/2.0" 200 - "-" "Mozilla/5.0 AppleWebKit/537.36 (KHTML, like Gecko; compatible; GPTBot/1.2; +https://openai.com/gptbot)"
20.171.207.11 - - [15/Aug/2025:06:21:02 -0300] "GET /072017924.htm HTTP/2.0" 200 - "-" "Mozilla/5.0 AppleWebKit/537.36 (KHTML, like Gecko; compatible; GPTBot/1.2; +https://openai.com/gptbot)"
217.113.194.82 - - [15/Aug/2025:06:21:03 -0300] "GET /admin/media/fonts/glyphicons-halflings-regular.eot HTTP/1.1" 200 20335 "-" "Mozilla/5.0 (compatible; Barkrowler/0.9; +https://babbar.tech/crawler)"
20.171.207.11 - - [15/Aug/2025:06:21:05 -0300] "GET /014030276.htm HTTP/2.0" 200 - "-" "Mozilla/5.0 AppleWebKit/537.36 (KHTML, like Gecko; compatible; GPTBot/1.2; +https://openai.com/gptbot)"
20.171.207.11 - - [15/Aug/2025:06:21:08 -0300] "GET /028049552.htm HTTP/2.0" 200 - "-" "Mozilla/5.0 AppleWebKit/537.36 (KHTML, like Gecko; compatible; GPTBot/1.2; +https://openai.com/gptbot)"
20.171.207.11 - - [15/Aug/2025:06:21:10 -0300] "GET /088039912.htm HTTP/2.0" 200 - "-" "Mozilla/5.0 AppleWebKit/537.36 (KHTML, like Gecko; compatible; GPTBot/1.2; +https://openai.com/gptbot)"
20.171.207.11 - - [15/Aug/2025:06:21:13 -0300] "GET /017018527.htm HTTP/2.0" 200 - "-" "Mozilla/5.0 AppleWebKit/537.36 (KHTML, like Gecko; compatible; GPTBot/1.2; +https://openai.com/gptbot)"
20.171.207.11 - - [15/Aug/2025:06:21:15 -0300] "GET /035036925.htm HTTP/2.0" 200 - "-" "Mozilla/5.0 AppleWebKit/537.36 (KHTML, like Gecko; compatible; GPTBot/1.2; +https://openai.com/gptbot)"
20.171.207.11 - - [15/Aug/2025:06:21:16 -0300] "GET /061047309.htm HTTP/2.0" 200 - "-" "Mozilla/5.0 AppleWebKit/537.36 (KHTML, like Gecko; compatible; GPTBot/1.2; +https://openai.com/gptbot)"
20.171.207.11 - - [15/Aug/2025:06:21:18 -0300] "GET /043026763.htm HTTP/2.0" 200 - "-" "Mozilla/5.0 AppleWebKit/537.36 (KHTML, like Gecko; compatible; GPTBot/1.2; +https://openai.com/gptbot)"
20.171.207.11 - - [15/Aug/2025:06:21:20 -0300] "GET /055026281.htm HTTP/2.0" 200 - "-" "Mozilla/5.0 AppleWebKit/537.36 (KHTML, like Gecko; compatible; GPTBot/1.2; +https://openai.com/gptbot)"
20.171.207.11 - - [15/Aug/2025:06:21:21 -0300] "GET /036047554.htm HTTP/2.0" 200 - "-" "Mozilla/5.0 AppleWebKit/537.36 (KHTML, like Gecko; compatible; GPTBot/1.2; +https://openai.com/gptbot)"
20.171.207.11 - - [15/Aug/2025:06:21:23 -0300] "GET /058026336.htm HTTP/2.0" 200 - "-" "Mozilla/5.0 AppleWebKit/537.36 (KHTML, like Gecko; compatible; GPTBot/1.2; +https://openai.com/gptbot)"
20.171.207.11 - - [15/Aug/2025:06:21:26 -0300] "GET /063047423.htm HTTP/2.0" 200 - "-" "Mozilla/5.0 AppleWebKit/537.36 (KHTML, like Gecko; compatible; GPTBot/1.2; +https://openai.com/gptbot)"
217.113.194.91 - - [15/Aug/2025:06:21:27 -0300] "GET /admin/media/ckeditor/plugins/pastefromword/filter/?C=N;O=A HTTP/1.1" 200 909 "-" "Mozilla/5.0 (compatible; Barkrowler/0.9; +https://babbar.tech/crawler)"
20.171.207.11 - - [15/Aug/2025:06:21:28 -0300] "GET /056039410.htm HTTP/2.0" 200 - "-" "Mozilla/5.0 AppleWebKit/537.36 (KHTML, like Gecko; compatible; GPTBot/1.2; +https://openai.com/gptbot)"
20.171.207.11 - - [15/Aug/2025:06:21:30 -0300] "GET /024039482.htm HTTP/2.0" 200 - "-" "Mozilla/5.0 AppleWebKit/537.36 (KHTML, like Gecko; compatible; GPTBot/1.2; +https://openai.com/gptbot)"
20.171.207.11 - - [15/Aug/2025:06:21:32 -0300] "GET /087031937.htm HTTP/2.0" 200 - "-" "Mozilla/5.0 AppleWebKit/537.36 (KHTML, like Gecko; compatible; GPTBot/1.2; +https://openai.com/gptbot)"
20.171.207.11 - - [15/Aug/2025:06:21:34 -0300] "GET /039022637.htm HTTP/2.0" 200 - "-" "Mozilla/5.0 AppleWebKit/537.36 (KHTML, like Gecko; compatible; GPTBot/1.2; +https://openai.com/gptbot)"
20.171.207.11 - - [15/Aug/2025:06:21:36 -0300] "GET /078034684.htm HTTP/2.0" 200 - "-" "Mozilla/5.0 AppleWebKit/537.36 (KHTML, like Gecko; compatible; GPTBot/1.2; +https://openai.com/gptbot)"
217.113.194.89 - - [15/Aug/2025:06:21:36 -0300] "GET /admin/media/ckeditor/plugins/colordialog/dialogs/?C=S;O=A HTTP/1.1" 200 909 "-" "Mozilla/5.0 (compatible; Barkrowler/0.9; +https://babbar.tech/crawler)"
20.171.207.11 - - [15/Aug/2025:06:21:38 -0300] "GET /069012249.htm HTTP/2.0" 200 - "-" "Mozilla/5.0 AppleWebKit/537.36 (KHTML, like Gecko; compatible; GPTBot/1.2; +https://openai.com/gptbot)"
20.171.207.11 - - [15/Aug/2025:06:21:40 -0300] "GET /051003279.htm HTTP/2.0" 200 - "-" "Mozilla/5.0 AppleWebKit/537.36 (KHTML, like Gecko; compatible; GPTBot/1.2; +https://openai.com/gptbot)"
20.171.207.11 - - [15/Aug/2025:06:21:43 -0300] "GET /034035246.htm HTTP/2.0" 200 - "-" "Mozilla/5.0 AppleWebKit/537.36 (KHTML, like Gecko; compatible; GPTBot/1.2; +https://openai.com/gptbot)"
20.171.207.11 - - [15/Aug/2025:06:21:46 -0300] "GET /067009281.htm HTTP/2.0" 200 - "-" "Mozilla/5.0 AppleWebKit/537.36 (KHTML, like Gecko; compatible; GPTBot/1.2; +https://openai.com/gptbot)"
20.171.207.11 - - [15/Aug/2025:06:21:48 -0300] "GET /011044369.htm HTTP/2.0" 200 - "-" "Mozilla/5.0 AppleWebKit/537.36 (KHTML, like Gecko; compatible; GPTBot/1.2; +https://openai.com/gptbot)"
20.171.207.11 - - [15/Aug/2025:06:21:50 -0300] "GET /039027823.htm HTTP/2.0" 200 - "-" "Mozilla/5.0 AppleWebKit/537.36 (KHTML, like Gecko; compatible; GPTBot/1.2; +https://openai.com/gptbot)"
20.171.207.11 - - [15/Aug/2025:06:21:52 -0300] "GET /094033874.htm HTTP/2.0" 200 - "-" "Mozilla/5.0 AppleWebKit/537.36 (KHTML, like Gecko; compatible; GPTBot/1.2; +https://openai.com/gptbot)"
20.171.207.11 - - [15/Aug/2025:06:21:53 -0300] "GET /017016789.htm HTTP/2.0" 200 - "-" "Mozilla/5.0 AppleWebKit/537.36 (KHTML, like Gecko; compatible; GPTBot/1.2; +https://openai.com/gptbot)"
20.171.207.11 - - [15/Aug/2025:06:21:55 -0300] "GET /051043425.htm HTTP/2.0" 200 - "-" "Mozilla/5.0 AppleWebKit/537.36 (KHTML, like Gecko; compatible; GPTBot/1.2; +https://openai.com/gptbot)"
20.171.207.11 - - [15/Aug/2025:06:21:57 -0300] "GET /087034187.htm HTTP/2.0" 200 - "-" "Mozilla/5.0 AppleWebKit/537.36 (KHTML, like Gecko; compatible; GPTBot/1.2; +https://openai.com/gptbot)"
20.171.207.11 - - [15/Aug/2025:06:21:59 -0300] "GET /011037795.htm HTTP/2.0" 200 - "-" "Mozilla/5.0 AppleWebKit/537.36 (KHTML, like Gecko; compatible; GPTBot/1.2; +https://openai.com/gptbot)"
217.113.194.87 - - [15/Aug/2025:06:22:00 -0300] "GET /admin/media/ckeditor/plugins/pastefromword/filter/?C=M;O=D HTTP/1.1" 200 909 "-" "Mozilla/5.0 (compatible; Barkrowler/0.9; +https://babbar.tech/crawler)"
20.171.207.11 - - [15/Aug/2025:06:22:00 -0300] "GET /076040192.htm HTTP/2.0" 200 - "-" "Mozilla/5.0 AppleWebKit/537.36 (KHTML, like Gecko; compatible; GPTBot/1.2; +https://openai.com/gptbot)"
20.171.207.11 - - [15/Aug/2025:06:22:02 -0300] "GET /027038939.htm HTTP/2.0" 200 - "-" "Mozilla/5.0 AppleWebKit/537.36 (KHTML, like Gecko; compatible; GPTBot/1.2; +https://openai.com/gptbot)"
20.171.207.11 - - [15/Aug/2025:06:22:03 -0300] "GET /093049255.htm HTTP/2.0" 200 - "-" "Mozilla/5.0 AppleWebKit/537.36 (KHTML, like Gecko; compatible; GPTBot/1.2; +https://openai.com/gptbot)"
20.171.207.11 - - [15/Aug/2025:06:22:04 -0300] "GET /082043142.htm HTTP/2.0" 200 - "-" "Mozilla/5.0 AppleWebKit/537.36 (KHTML, like Gecko; compatible; GPTBot/1.2; +https://openai.com/gptbot)"
20.171.207.11 - - [15/Aug/2025:06:22:06 -0300] "GET /017024337.htm HTTP/2.0" 200 - "-" "Mozilla/5.0 AppleWebKit/537.36 (KHTML, like Gecko; compatible; GPTBot/1.2; +https://openai.com/gptbot)"
20.171.207.11 - - [15/Aug/2025:06:22:08 -0300] "GET /061040287.htm HTTP/2.0" 200 - "-" "Mozilla/5.0 AppleWebKit/537.36 (KHTML, like Gecko; compatible; GPTBot/1.2; +https://openai.com/gptbot)"
217.113.194.84 - - [15/Aug/2025:06:22:08 -0300] "GET /admin/media/ckeditor/plugins/colordialog/dialogs/?C=M;O=A HTTP/1.1" 200 909 "-" "Mozilla/5.0 (compatible; Barkrowler/0.9; +https://babbar.tech/crawler)"
20.171.207.11 - - [15/Aug/2025:06:22:10 -0300] "GET /011029973.htm HTTP/2.0" 200 - "-" "Mozilla/5.0 AppleWebKit/537.36 (KHTML, like Gecko; compatible; GPTBot/1.2; +https://openai.com/gptbot)"
20.171.207.11 - - [15/Aug/2025:06:22:12 -0300] "GET /079036927.htm HTTP/2.0" 200 - "-" "Mozilla/5.0 AppleWebKit/537.36 (KHTML, like Gecko; compatible; GPTBot/1.2; +https://openai.com/gptbot)"
20.171.207.11 - - [15/Aug/2025:06:22:14 -0300] "GET /041008379.htm HTTP/2.0" 200 - "-" "Mozilla/5.0 AppleWebKit/537.36 (KHTML, like Gecko; compatible; GPTBot/1.2; +https://openai.com/gptbot)"
20.171.207.11 - - [15/Aug/2025:06:22:16 -0300] "GET /073034149.htm HTTP/2.0" 200 - "-" "Mozilla/5.0 AppleWebKit/537.36 (KHTML, like Gecko; compatible; GPTBot/1.2; +https://openai.com/gptbot)"
20.171.207.11 - - [15/Aug/2025:06:22:18 -0300] "GET /059027675.htm HTTP/2.0" 200 - "-" "Mozilla/5.0 AppleWebKit/537.36 (KHTML, like Gecko; compatible; GPTBot/1.2; +https://openai.com/gptbot)"
20.171.207.11 - - [15/Aug/2025:06:22:20 -0300] "GET /052044668.htm HTTP/2.0" 200 - "-" "Mozilla/5.0 AppleWebKit/537.36 (KHTML, like Gecko; compatible; GPTBot/1.2; +https://openai.com/gptbot)"
20.171.207.11 - - [15/Aug/2025:06:22:21 -0300] "GET /083040529.htm HTTP/2.0" 200 - "-" "Mozilla/5.0 AppleWebKit/537.36 (KHTML, like Gecko; compatible; GPTBot/1.2; +https://openai.com/gptbot)"
20.171.207.11 - - [15/Aug/2025:06:22:23 -0300] "GET /098020734.htm HTTP/2.0" 200 - "-" "Mozilla/5.0 AppleWebKit/537.36 (KHTML, like Gecko; compatible; GPTBot/1.2; +https://openai.com/gptbot)"
20.171.207.11 - - [15/Aug/2025:06:22:24 -0300] "GET /054046898.htm HTTP/2.0" 200 - "-" "Mozilla/5.0 AppleWebKit/537.36 (KHTML, like Gecko; compatible; GPTBot/1.2; +https://openai.com/gptbot)"
20.171.207.11 - - [15/Aug/2025:06:22:26 -0300] "GET /099033541.htm HTTP/2.0" 200 - "-" "Mozilla/5.0 AppleWebKit/537.36 (KHTML, like Gecko; compatible; GPTBot/1.2; +https://openai.com/gptbot)"
20.171.207.11 - - [15/Aug/2025:06:22:28 -0300] "GET /002031954.htm HTTP/2.0" 200 - "-" "Mozilla/5.0 AppleWebKit/537.36 (KHTML, like Gecko; compatible; GPTBot/1.2; +https://openai.com/gptbot)"
20.171.207.11 - - [15/Aug/2025:06:22:29 -0300] "GET /004028536.htm HTTP/2.0" 200 - "-" "Mozilla/5.0 AppleWebKit/537.36 (KHTML, like Gecko; compatible; GPTBot/1.2; +https://openai.com/gptbot)"
20.171.207.11 - - [15/Aug/2025:06:22:31 -0300] "GET /072032554.htm HTTP/2.0" 200 - "-" "Mozilla/5.0 AppleWebKit/537.36 (KHTML, like Gecko; compatible; GPTBot/1.2; +https://openai.com/gptbot)"
20.171.207.11 - - [15/Aug/2025:06:22:34 -0300] "GET /024006318.htm HTTP/2.0" 200 - "-" "Mozilla/5.0 AppleWebKit/537.36 (KHTML, like Gecko; compatible; GPTBot/1.2; +https://openai.com/gptbot)"
217.113.194.84 - - [15/Aug/2025:06:22:34 -0300] "GET /admin/media/ckeditor/plugins/pastefromword/filter/?C=S;O=D HTTP/1.1" 200 909 "-" "Mozilla/5.0 (compatible; Barkrowler/0.9; +https://babbar.tech/crawler)"
20.171.207.11 - - [15/Aug/2025:06:22:35 -0300] "GET /037031691.htm HTTP/2.0" 200 - "-" "Mozilla/5.0 AppleWebKit/537.36 (KHTML, like Gecko; compatible; GPTBot/1.2; +https://openai.com/gptbot)"
20.171.207.11 - - [15/Aug/2025:06:22:37 -0300] "GET /058046776.htm HTTP/2.0" 200 - "-" "Mozilla/5.0 AppleWebKit/537.36 (KHTML, like Gecko; compatible; GPTBot/1.2; +https://openai.com/gptbot)"
20.171.207.11 - - [15/Aug/2025:06:22:39 -0300] "GET /088026524.htm HTTP/2.0" 200 - "-" "Mozilla/5.0 AppleWebKit/537.36 (KHTML, like Gecko; compatible; GPTBot/1.2; +https://openai.com/gptbot)"
20.171.207.11 - - [15/Aug/2025:06:22:40 -0300] "GET /039049115.htm HTTP/2.0" 200 - "-" "Mozilla/5.0 AppleWebKit/537.36 (KHTML, like Gecko; compatible; GPTBot/1.2; +https://openai.com/gptbot)"
20.171.207.11 - - [15/Aug/2025:06:22:42 -0300] "GET /074018824.htm HTTP/2.0" 200 - "-" "Mozilla/5.0 AppleWebKit/537.36 (KHTML, like Gecko; compatible; GPTBot/1.2; +https://openai.com/gptbot)"
217.113.194.87 - - [15/Aug/2025:06:22:43 -0300] "GET /admin/media/ckeditor/plugins/colordialog/dialogs/?C=D;O=A HTTP/1.1" 200 909 "-" "Mozilla/5.0 (compatible; Barkrowler/0.9; +https://babbar.tech/crawler)"
20.171.207.11 - - [15/Aug/2025:06:22:43 -0300] "GET /051035673.htm HTTP/2.0" 200 - "-" "Mozilla/5.0 AppleWebKit/537.36 (KHTML, like Gecko; compatible; GPTBot/1.2; +https://openai.com/gptbot)"
20.171.207.11 - - [15/Aug/2025:06:22:45 -0300] "GET /033025857.htm HTTP/2.0" 200 - "-" "Mozilla/5.0 AppleWebKit/537.36 (KHTML, like Gecko; compatible; GPTBot/1.2; +https://openai.com/gptbot)"
20.171.207.11 - - [15/Aug/2025:06:22:46 -0300] "GET /017036179.htm HTTP/2.0" 200 - "-" "Mozilla/5.0 AppleWebKit/537.36 (KHTML, like Gecko; compatible; GPTBot/1.2; +https://openai.com/gptbot)"
20.171.207.11 - - [15/Aug/2025:06:22:48 -0300] "GET /073021821.htm HTTP/2.0" 200 - "-" "Mozilla/5.0 AppleWebKit/537.36 (KHTML, like Gecko; compatible; GPTBot/1.2; +https://openai.com/gptbot)"
20.171.207.11 - - [15/Aug/2025:06:22:50 -0300] "GET /047026725.htm HTTP/2.0" 200 - "-" "Mozilla/5.0 AppleWebKit/537.36 (KHTML, like Gecko; compatible; GPTBot/1.2; +https://openai.com/gptbot)"
20.171.207.11 - - [15/Aug/2025:06:22:52 -0300] "GET /062045742.htm HTTP/2.0" 200 - "-" "Mozilla/5.0 AppleWebKit/537.36 (KHTML, like Gecko; compatible; GPTBot/1.2; +https://openai.com/gptbot)"
20.171.207.11 - - [15/Aug/2025:06:22:54 -0300] "GET /059012407.htm HTTP/2.0" 200 - "-" "Mozilla/5.0 AppleWebKit/537.36 (KHTML, like Gecko; compatible; GPTBot/1.2; +https://openai.com/gptbot)"
20.171.207.11 - - [15/Aug/2025:06:22:56 -0300] "GET /013040257.htm HTTP/2.0" 200 - "-" "Mozilla/5.0 AppleWebKit/537.36 (KHTML, like Gecko; compatible; GPTBot/1.2; +https://openai.com/gptbot)"
20.171.207.11 - - [15/Aug/2025:06:22:57 -0300] "GET /082019604.htm HTTP/2.0" 200 - "-" "Mozilla/5.0 AppleWebKit/537.36 (KHTML, like Gecko; compatible; GPTBot/1.2; +https://openai.com/gptbot)"
20.171.207.11 - - [15/Aug/2025:06:22:59 -0300] "GET /093024355.htm HTTP/2.0" 200 - "-" "Mozilla/5.0 AppleWebKit/537.36 (KHTML, like Gecko; compatible; GPTBot/1.2; +https://openai.com/gptbot)"
20.171.207.11 - - [15/Aug/2025:06:23:01 -0300] "GET /040032796.htm HTTP/2.0" 200 - "-" "Mozilla/5.0 AppleWebKit/537.36 (KHTML, like Gecko; compatible; GPTBot/1.2; +https://openai.com/gptbot)"
20.171.207.11 - - [15/Aug/2025:06:23:03 -0300] "GET /050028796.htm HTTP/2.0" 200 - "-" "Mozilla/5.0 AppleWebKit/537.36 (KHTML, like Gecko; compatible; GPTBot/1.2; +https://openai.com/gptbot)"
20.171.207.11 - - [15/Aug/2025:06:23:05 -0300] "GET /068032996.htm HTTP/2.0" 200 - "-" "Mozilla/5.0 AppleWebKit/537.36 (KHTML, like Gecko; compatible; GPTBot/1.2; +https://openai.com/gptbot)"
20.171.207.11 - - [15/Aug/2025:06:23:06 -0300] "GET /023049747.htm HTTP/2.0" 200 - "-" "Mozilla/5.0 AppleWebKit/537.36 (KHTML, like Gecko; compatible; GPTBot/1.2; +https://openai.com/gptbot)"
154.54.249.201 - - [15/Aug/2025:06:23:07 -0300] "GET /admin/media/ckeditor/skins/office2013/?C=D;O=D HTTP/1.1" 200 1582 "-" "Mozilla/5.0 (compatible; Barkrowler/0.9; +https://babbar.tech/crawler)"
20.171.207.11 - - [15/Aug/2025:06:23:08 -0300] "GET /096003412.htm HTTP/2.0" 200 - "-" "Mozilla/5.0 AppleWebKit/537.36 (KHTML, like Gecko; compatible; GPTBot/1.2; +https://openai.com/gptbot)"
20.171.207.11 - - [15/Aug/2025:06:23:10 -0300] "GET /068019502.htm HTTP/2.0" 200 - "-" "Mozilla/5.0 AppleWebKit/537.36 (KHTML, like Gecko; compatible; GPTBot/1.2; +https://openai.com/gptbot)"
20.171.207.11 - - [15/Aug/2025:06:23:12 -0300] "GET /069044131.htm HTTP/2.0" 200 - "-" "Mozilla/5.0 AppleWebKit/537.36 (KHTML, like Gecko; compatible; GPTBot/1.2; +https://openai.com/gptbot)"
20.171.207.11 - - [15/Aug/2025:06:23:14 -0300] "GET /062018176.htm HTTP/2.0" 200 - "-" "Mozilla/5.0 AppleWebKit/537.36 (KHTML, like Gecko; compatible; GPTBot/1.2; +https://openai.com/gptbot)"
217.113.194.89 - - [15/Aug/2025:06:23:15 -0300] "GET /admin/media/ckeditor/plugins/colordialog/dialogs/?C=N;O=D HTTP/1.1" 200 909 "-" "Mozilla/5.0 (compatible; Barkrowler/0.9; +https://babbar.tech/crawler)"
20.171.207.11 - - [15/Aug/2025:06:23:16 -0300] "GET /025023751.htm HTTP/2.0" 200 - "-" "Mozilla/5.0 AppleWebKit/537.36 (KHTML, like Gecko; compatible; GPTBot/1.2; +https://openai.com/gptbot)"
20.171.207.11 - - [15/Aug/2025:06:23:18 -0300] "GET /034015322.htm HTTP/2.0" 200 - "-" "Mozilla/5.0 AppleWebKit/537.36 (KHTML, like Gecko; compatible; GPTBot/1.2; +https://openai.com/gptbot)"
20.171.207.11 - - [15/Aug/2025:06:23:19 -0300] "GET /049013649.htm HTTP/2.0" 200 - "-" "Mozilla/5.0 AppleWebKit/537.36 (KHTML, like Gecko; compatible; GPTBot/1.2; +https://openai.com/gptbot)"
20.171.207.11 - - [15/Aug/2025:06:23:21 -0300] "GET /073035917.htm HTTP/2.0" 200 - "-" "Mozilla/5.0 AppleWebKit/537.36 (KHTML, like Gecko; compatible; GPTBot/1.2; +https://openai.com/gptbot)"
20.171.207.11 - - [15/Aug/2025:06:23:24 -0300] "GET /042045862.htm HTTP/2.0" 200 - "-" "Mozilla/5.0 AppleWebKit/537.36 (KHTML, like Gecko; compatible; GPTBot/1.2; +https://openai.com/gptbot)"
20.171.207.11 - - [15/Aug/2025:06:23:26 -0300] "GET /078047696.htm HTTP/2.0" 200 - "-" "Mozilla/5.0 AppleWebKit/537.36 (KHTML, like Gecko; compatible; GPTBot/1.2; +https://openai.com/gptbot)"
20.171.207.11 - - [15/Aug/2025:06:23:29 -0300] "GET /027019987.htm HTTP/2.0" 200 - "-" "Mozilla/5.0 AppleWebKit/537.36 (KHTML, like Gecko; compatible; GPTBot/1.2; +https://openai.com/gptbot)"
20.171.207.11 - - [15/Aug/2025:06:23:31 -0300] "GET /091027731.htm HTTP/2.0" 200 - "-" "Mozilla/5.0 AppleWebKit/537.36 (KHTML, like Gecko; compatible; GPTBot/1.2; +https://openai.com/gptbot)"
20.171.207.11 - - [15/Aug/2025:06:23:33 -0300] "GET /067038397.htm HTTP/2.0" 200 - "-" "Mozilla/5.0 AppleWebKit/537.36 (KHTML, like Gecko; compatible; GPTBot/1.2; +https://openai.com/gptbot)"
20.171.207.11 - - [15/Aug/2025:06:23:34 -0300] "GET /027015825.htm HTTP/2.0" 200 - "-" "Mozilla/5.0 AppleWebKit/537.36 (KHTML, like Gecko; compatible; GPTBot/1.2; +https://openai.com/gptbot)"
20.171.207.11 - - [15/Aug/2025:06:23:36 -0300] "GET /013024621.htm HTTP/2.0" 200 - "-" "Mozilla/5.0 AppleWebKit/537.36 (KHTML, like Gecko; compatible; GPTBot/1.2; +https://openai.com/gptbot)"
20.171.207.11 - - [15/Aug/2025:06:23:37 -0300] "GET /052012866.htm HTTP/2.0" 200 - "-" "Mozilla/5.0 AppleWebKit/537.36 (KHTML, like Gecko; compatible; GPTBot/1.2; +https://openai.com/gptbot)"
20.171.207.11 - - [15/Aug/2025:06:23:39 -0300] "GET /079036479.htm HTTP/2.0" 200 - "-" "Mozilla/5.0 AppleWebKit/537.36 (KHTML, like Gecko; compatible; GPTBot/1.2; +https://openai.com/gptbot)"
217.113.194.89 - - [15/Aug/2025:06:23:40 -0300] "GET /admin/media/Highcharts-4.1.9/api/?C=S;O=D HTTP/1.1" 200 1558 "-" "Mozilla/5.0 (compatible; Barkrowler/0.9; +https://babbar.tech/crawler)"
20.171.207.11 - - [15/Aug/2025:06:23:41 -0300] "GET /043017543.htm HTTP/2.0" 200 - "-" "Mozilla/5.0 AppleWebKit/537.36 (KHTML, like Gecko; compatible; GPTBot/1.2; +https://openai.com/gptbot)"
20.171.207.11 - - [15/Aug/2025:06:23:43 -0300] "GET /049016633.htm HTTP/2.0" 200 - "-" "Mozilla/5.0 AppleWebKit/537.36 (KHTML, like Gecko; compatible; GPTBot/1.2; +https://openai.com/gptbot)"
20.171.207.11 - - [15/Aug/2025:06:23:44 -0300] "GET /081048399.htm HTTP/2.0" 200 - "-" "Mozilla/5.0 AppleWebKit/537.36 (KHTML, like Gecko; compatible; GPTBot/1.2; +https://openai.com/gptbot)"
20.171.207.11 - - [15/Aug/2025:06:23:46 -0300] "GET /035047089.htm HTTP/2.0" 200 - "-" "Mozilla/5.0 AppleWebKit/537.36 (KHTML, like Gecko; compatible; GPTBot/1.2; +https://openai.com/gptbot)"
20.171.207.11 - - [15/Aug/2025:06:23:47 -0300] "GET /058026546.htm HTTP/2.0" 200 - "-" "Mozilla/5.0 AppleWebKit/537.36 (KHTML, like Gecko; compatible; GPTBot/1.2; +https://openai.com/gptbot)"
20.171.207.11 - - [15/Aug/2025:06:23:49 -0300] "GET /075026761.htm HTTP/2.0" 200 - "-" "Mozilla/5.0 AppleWebKit/537.36 (KHTML, like Gecko; compatible; GPTBot/1.2; +https://openai.com/gptbot)"
20.171.207.11 - - [15/Aug/2025:06:23:51 -0300] "GET /038024352.htm HTTP/2.0" 200 - "-" "Mozilla/5.0 AppleWebKit/537.36 (KHTML, like Gecko; compatible; GPTBot/1.2; +https://openai.com/gptbot)"
154.54.249.201 - - [15/Aug/2025:06:23:52 -0300] "GET /admin/media/ckeditor/plugins/colordialog/?C=D;O=D HTTP/1.1" 200 875 "-" "Mozilla/5.0 (compatible; Barkrowler/0.9; +https://babbar.tech/crawler)"
20.171.207.11 - - [15/Aug/2025:06:23:53 -0300] "GET /018028196.htm HTTP/2.0" 200 - "-" "Mozilla/5.0 AppleWebKit/537.36 (KHTML, like Gecko; compatible; GPTBot/1.2; +https://openai.com/gptbot)"
20.171.207.11 - - [15/Aug/2025:06:23:54 -0300] "GET /077029665.htm HTTP/2.0" 200 - "-" "Mozilla/5.0 AppleWebKit/537.36 (KHTML, like Gecko; compatible; GPTBot/1.2; +https://openai.com/gptbot)"
20.171.207.11 - - [15/Aug/2025:06:23:56 -0300] "GET /067029479.htm HTTP/2.0" 200 - "-" "Mozilla/5.0 AppleWebKit/537.36 (KHTML, like Gecko; compatible; GPTBot/1.2; +https://openai.com/gptbot)"
20.171.207.11 - - [15/Aug/2025:06:23:58 -0300] "GET /025031881.htm HTTP/2.0" 200 - "-" "Mozilla/5.0 AppleWebKit/537.36 (KHTML, like Gecko; compatible; GPTBot/1.2; +https://openai.com/gptbot)"
20.171.207.11 - - [15/Aug/2025:06:23:59 -0300] "GET /057021603.htm HTTP/2.0" 200 - "-" "Mozilla/5.0 AppleWebKit/537.36 (KHTML, like Gecko; compatible; GPTBot/1.2; +https://openai.com/gptbot)"
20.171.207.11 - - [15/Aug/2025:06:24:01 -0300] "GET /011026575.htm HTTP/2.0" 200 - "-" "Mozilla/5.0 AppleWebKit/537.36 (KHTML, like Gecko; compatible; GPTBot/1.2; +https://openai.com/gptbot)"
20.171.207.11 - - [15/Aug/2025:06:24:02 -0300] "GET /041013693.htm HTTP/2.0" 200 - "-" "Mozilla/5.0 AppleWebKit/537.36 (KHTML, like Gecko; compatible; GPTBot/1.2; +https://openai.com/gptbot)"
20.171.207.11 - - [15/Aug/2025:06:24:04 -0300] "GET /087034273.htm HTTP/2.0" 200 - "-" "Mozilla/5.0 AppleWebKit/537.36 (KHTML, like Gecko; compatible; GPTBot/1.2; +https://openai.com/gptbot)"
20.171.207.11 - - [15/Aug/2025:06:24:06 -0300] "GET /044016272.htm HTTP/2.0" 200 - "-" "Mozilla/5.0 AppleWebKit/537.36 (KHTML, like Gecko; compatible; GPTBot/1.2; +https://openai.com/gptbot)"
20.171.207.11 - - [15/Aug/2025:06:24:08 -0300] "GET /088025944.htm HTTP/2.0" 200 - "-" "Mozilla/5.0 AppleWebKit/537.36 (KHTML, like Gecko; compatible; GPTBot/1.2; +https://openai.com/gptbot)"
20.171.207.11 - - [15/Aug/2025:06:24:10 -0300] "GET /077021841.htm HTTP/2.0" 200 - "-" "Mozilla/5.0 AppleWebKit/537.36 (KHTML, like Gecko; compatible; GPTBot/1.2; +https://openai.com/gptbot)"
20.171.207.11 - - [15/Aug/2025:06:24:12 -0300] "GET /083001947.htm HTTP/2.0" 200 - "-" "Mozilla/5.0 AppleWebKit/537.36 (KHTML, like Gecko; compatible; GPTBot/1.2; +https://openai.com/gptbot)"
20.171.207.11 - - [15/Aug/2025:06:24:14 -0300] "GET /014041758.htm HTTP/2.0" 200 - "-" "Mozilla/5.0 AppleWebKit/537.36 (KHTML, like Gecko; compatible; GPTBot/1.2; +https://openai.com/gptbot)"
20.171.207.11 - - [15/Aug/2025:06:24:15 -0300] "GET /045019717.htm HTTP/2.0" 200 - "-" "Mozilla/5.0 AppleWebKit/537.36 (KHTML, like Gecko; compatible; GPTBot/1.2; +https://openai.com/gptbot)"
20.171.207.11 - - [15/Aug/2025:06:24:16 -0300] "GET /009045287.htm HTTP/2.0" 200 - "-" "Mozilla/5.0 AppleWebKit/537.36 (KHTML, like Gecko; compatible; GPTBot/1.2; +https://openai.com/gptbot)"
20.171.207.11 - - [15/Aug/2025:06:24:18 -0300] "GET /083017823.htm HTTP/2.0" 200 - "-" "Mozilla/5.0 AppleWebKit/537.36 (KHTML, like Gecko; compatible; GPTBot/1.2; +https://openai.com/gptbot)"
217.113.194.87 - - [15/Aug/2025:06:24:20 -0300] "GET /admin/media/Highcharts-4.1.9/api/?C=D;O=D HTTP/1.1" 200 1558 "-" "Mozilla/5.0 (compatible; Barkrowler/0.9; +https://babbar.tech/crawler)"
20.171.207.11 - - [15/Aug/2025:06:24:20 -0300] "GET /074037328.htm HTTP/2.0" 200 - "-" "Mozilla/5.0 AppleWebKit/537.36 (KHTML, like Gecko; compatible; GPTBot/1.2; +https://openai.com/gptbot)"
20.171.207.11 - - [15/Aug/2025:06:24:22 -0300] "GET /023026465.htm HTTP/2.0" 200 - "-" "Mozilla/5.0 AppleWebKit/537.36 (KHTML, like Gecko; compatible; GPTBot/1.2; +https://openai.com/gptbot)"
20.171.207.11 - - [15/Aug/2025:06:24:24 -0300] "GET /015048093.htm HTTP/2.0" 200 - "-" "Mozilla/5.0 AppleWebKit/537.36 (KHTML, like Gecko; compatible; GPTBot/1.2; +https://openai.com/gptbot)"
20.171.207.11 - - [15/Aug/2025:06:24:27 -0300] "GET /058015344.htm HTTP/2.0" 200 - "-" "Mozilla/5.0 AppleWebKit/537.36 (KHTML, like Gecko; compatible; GPTBot/1.2; +https://openai.com/gptbot)"
20.171.207.11 - - [15/Aug/2025:06:24:29 -0300] "GET /015017285.htm HTTP/2.0" 200 - "-" "Mozilla/5.0 AppleWebKit/537.36 (KHTML, like Gecko; compatible; GPTBot/1.2; +https://openai.com/gptbot)"
20.171.207.11 - - [15/Aug/2025:06:24:30 -0300] "GET /027001639.htm HTTP/2.0" 200 - "-" "Mozilla/5.0 AppleWebKit/537.36 (KHTML, like Gecko; compatible; GPTBot/1.2; +https://openai.com/gptbot)"
20.171.207.11 - - [15/Aug/2025:06:24:31 -0300] "GET /053018773.htm HTTP/2.0" 200 - "-" "Mozilla/5.0 AppleWebKit/537.36 (KHTML, like Gecko; compatible; GPTBot/1.2; +https://openai.com/gptbot)"
217.113.194.87 - - [15/Aug/2025:06:24:32 -0300] "GET /admin/media/ckeditor/plugins/templates/templates/images/?C=N;O=A HTTP/1.1" 200 1292 "-" "Mozilla/5.0 (compatible; Barkrowler/0.9; +https://babbar.tech/crawler)"
20.171.207.11 - - [15/Aug/2025:06:24:33 -0300] "GET /076011232.htm HTTP/2.0" 200 - "-" "Mozilla/5.0 AppleWebKit/537.36 (KHTML, like Gecko; compatible; GPTBot/1.2; +https://openai.com/gptbot)"
20.171.207.11 - - [15/Aug/2025:06:24:35 -0300] "GET /079032697.htm HTTP/2.0" 200 - "-" "Mozilla/5.0 AppleWebKit/537.36 (KHTML, like Gecko; compatible; GPTBot/1.2; +https://openai.com/gptbot)"
20.171.207.11 - - [15/Aug/2025:06:24:37 -0300] "GET /063022599.htm HTTP/2.0" 200 - "-" "Mozilla/5.0 AppleWebKit/537.36 (KHTML, like Gecko; compatible; GPTBot/1.2; +https://openai.com/gptbot)"
20.171.207.11 - - [15/Aug/2025:06:24:38 -0300] "GET /062041688.htm HTTP/2.0" 200 - "-" "Mozilla/5.0 AppleWebKit/537.36 (KHTML, like Gecko; compatible; GPTBot/1.2; +https://openai.com/gptbot)"
20.171.207.11 - - [15/Aug/2025:06:24:40 -0300] "GET /041039819.htm HTTP/2.0" 200 - "-" "Mozilla/5.0 AppleWebKit/537.36 (KHTML, like Gecko; compatible; GPTBot/1.2; +https://openai.com/gptbot)"
20.171.207.11 - - [15/Aug/2025:06:24:41 -0300] "GET /093044317.htm HTTP/2.0" 200 - "-" "Mozilla/5.0 AppleWebKit/537.36 (KHTML, like Gecko; compatible; GPTBot/1.2; +https://openai.com/gptbot)"
20.171.207.11 - - [15/Aug/2025:06:24:43 -0300] "GET /083023279.htm HTTP/2.0" 200 - "-" "Mozilla/5.0 AppleWebKit/537.36 (KHTML, like Gecko; compatible; GPTBot/1.2; +https://openai.com/gptbot)"
20.171.207.11 - - [15/Aug/2025:06:24:45 -0300] "GET /048035270.htm HTTP/2.0" 200 - "-" "Mozilla/5.0 AppleWebKit/537.36 (KHTML, like Gecko; compatible; GPTBot/1.2; +https://openai.com/gptbot)"
20.171.207.11 - - [15/Aug/2025:06:24:46 -0300] "GET /057049375.htm HTTP/2.0" 200 - "-" "Mozilla/5.0 AppleWebKit/537.36 (KHTML, like Gecko; compatible; GPTBot/1.2; +https://openai.com/gptbot)"
20.171.207.11 - - [15/Aug/2025:06:24:48 -0300] "GET /015034951.htm HTTP/2.0" 200 - "-" "Mozilla/5.0 AppleWebKit/537.36 (KHTML, like Gecko; compatible; GPTBot/1.2; +https://openai.com/gptbot)"
20.171.207.11 - - [15/Aug/2025:06:24:49 -0300] "GET /057042459.htm HTTP/2.0" 200 - "-" "Mozilla/5.0 AppleWebKit/537.36 (KHTML, like Gecko; compatible; GPTBot/1.2; +https://openai.com/gptbot)"
20.171.207.11 - - [15/Aug/2025:06:24:51 -0300] "GET /092017728.htm HTTP/2.0" 200 - "-" "Mozilla/5.0 AppleWebKit/537.36 (KHTML, like Gecko; compatible; GPTBot/1.2; +https://openai.com/gptbot)"
20.171.207.11 - - [15/Aug/2025:06:24:53 -0300] "GET /054015462.htm HTTP/2.0" 200 - "-" "Mozilla/5.0 AppleWebKit/537.36 (KHTML, like Gecko; compatible; GPTBot/1.2; +https://openai.com/gptbot)"
20.171.207.11 - - [15/Aug/2025:06:24:54 -0300] "GET /005014327.htm HTTP/2.0" 200 - "-" "Mozilla/5.0 AppleWebKit/537.36 (KHTML, like Gecko; compatible; GPTBot/1.2; +https://openai.com/gptbot)"
217.113.194.88 - - [15/Aug/2025:06:24:55 -0300] "GET /admin/media/Highcharts-4.1.9/api/?C=M;O=D HTTP/1.1" 200 1558 "-" "Mozilla/5.0 (compatible; Barkrowler/0.9; +https://babbar.tech/crawler)"
20.171.207.11 - - [15/Aug/2025:06:24:56 -0300] "GET /029041507.htm HTTP/2.0" 200 - "-" "Mozilla/5.0 AppleWebKit/537.36 (KHTML, like Gecko; compatible; GPTBot/1.2; +https://openai.com/gptbot)"
20.171.207.11 - - [15/Aug/2025:06:24:59 -0300] "GET /021029659.htm HTTP/2.0" 200 - "-" "Mozilla/5.0 AppleWebKit/537.36 (KHTML, like Gecko; compatible; GPTBot/1.2; +https://openai.com/gptbot)"
20.171.207.11 - - [15/Aug/2025:06:25:01 -0300] "GET /021006943.htm HTTP/2.0" 200 - "-" "Mozilla/5.0 AppleWebKit/537.36 (KHTML, like Gecko; compatible; GPTBot/1.2; +https://openai.com/gptbot)"
20.171.207.11 - - [15/Aug/2025:06:25:02 -0300] "GET /052004976.htm HTTP/2.0" 200 - "-" "Mozilla/5.0 AppleWebKit/537.36 (KHTML, like Gecko; compatible; GPTBot/1.2; +https://openai.com/gptbot)"
217.113.194.91 - - [15/Aug/2025:06:25:03 -0300] "GET /admin/media/ckeditor/plugins/templates/templates/images/?C=M;O=D HTTP/1.1" 200 1292 "-" "Mozilla/5.0 (compatible; Barkrowler/0.9; +https://babbar.tech/crawler)"
20.171.207.11 - - [15/Aug/2025:06:25:04 -0300] "GET /074029848.htm HTTP/2.0" 200 - "-" "Mozilla/5.0 AppleWebKit/537.36 (KHTML, like Gecko; compatible; GPTBot/1.2; +https://openai.com/gptbot)"
20.171.207.11 - - [15/Aug/2025:06:25:05 -0300] "GET /037025835.htm HTTP/2.0" 200 - "-" "Mozilla/5.0 AppleWebKit/537.36 (KHTML, like Gecko; compatible; GPTBot/1.2; +https://openai.com/gptbot)"
20.171.207.11 - - [15/Aug/2025:06:25:07 -0300] "GET /049017849.htm HTTP/2.0" 200 - "-" "Mozilla/5.0 AppleWebKit/537.36 (KHTML, like Gecko; compatible; GPTBot/1.2; +https://openai.com/gptbot)"
20.171.207.11 - - [15/Aug/2025:06:25:09 -0300] "GET /029048497.htm HTTP/2.0" 200 - "-" "Mozilla/5.0 AppleWebKit/537.36 (KHTML, like Gecko; compatible; GPTBot/1.2; +https://openai.com/gptbot)"
