20.171.207.11 - - [15/Aug/2025:07:13:40 -0300] "GET /019037615.htm HTTP/2.0" 200 - "-" "Mozilla/5.0 AppleWebKit/537.36 (KHTML, like Gecko; compatible; GPTBot/1.2; +https://openai.com/gptbot)"
20.171.207.11 - - [15/Aug/2025:07:13:42 -0300] "GET /067036481.htm HTTP/2.0" 200 - "-" "Mozilla/5.0 AppleWebKit/537.36 (KHTML, like Gecko; compatible; GPTBot/1.2; +https://openai.com/gptbot)"
20.171.207.11 - - [15/Aug/2025:07:13:43 -0300] "GET /067028693.htm HTTP/2.0" 200 - "-" "Mozilla/5.0 AppleWebKit/537.36 (KHTML, like Gecko; compatible; GPTBot/1.2; +https://openai.com/gptbot)"
20.171.207.11 - - [15/Aug/2025:07:13:44 -0300] "GET /065041289.htm HTTP/2.0" 200 - "-" "Mozilla/5.0 AppleWebKit/537.36 (KHTML, like Gecko; compatible; GPTBot/1.2; +https://openai.com/gptbot)"
20.171.207.11 - - [15/Aug/2025:07:13:46 -0300] "GET /019049723.htm HTTP/2.0" 200 - "-" "Mozilla/5.0 AppleWebKit/537.36 (KHTML, like Gecko; compatible; GPTBot/1.2; +https://openai.com/gptbot)"
20.171.207.11 - - [15/Aug/2025:07:13:47 -0300] "GET /045042687.htm HTTP/2.0" 200 - "-" "Mozilla/5.0 AppleWebKit/537.36 (KHTML, like Gecko; compatible; GPTBot/1.2; +https://openai.com/gptbot)"
20.171.207.11 - - [15/Aug/2025:07:13:48 -0300] "GET /016039832.htm HTTP/2.0" 200 - "-" "Mozilla/5.0 AppleWebKit/537.36 (KHTML, like Gecko; compatible; GPTBot/1.2; +https://openai.com/gptbot)"
20.171.207.11 - - [15/Aug/2025:07:13:50 -0300] "GET /092037746.htm HTTP/2.0" 200 - "-" "Mozilla/5.0 AppleWebKit/537.36 (KHTML, like Gecko; compatible; GPTBot/1.2; +https://openai.com/gptbot)"
20.171.207.11 - - [15/Aug/2025:07:13:52 -0300] "GET /027036191.htm HTTP/2.0" 200 - "-" "Mozilla/5.0 AppleWebKit/537.36 (KHTML, like Gecko; compatible; GPTBot/1.2; +https://openai.com/gptbot)"
20.171.207.11 - - [15/Aug/2025:07:13:53 -0300] "GET /021035967.htm HTTP/2.0" 200 - "-" "Mozilla/5.0 AppleWebKit/537.36 (KHTML, like Gecko; compatible; GPTBot/1.2; +https://openai.com/gptbot)"
217.113.194.89 - - [15/Aug/2025:07:13:54 -0300] "GET /admin/media/jQuery-Mask-Plugin/test/zepto/?C=S;O=A HTTP/1.1" 200 1239 "-" "Mozilla/5.0 (compatible; Barkrowler/0.9; +https://babbar.tech/crawler)"
20.171.207.11 - - [15/Aug/2025:07:13:54 -0300] "GET /096027238.htm HTTP/2.0" 200 - "-" "Mozilla/5.0 AppleWebKit/537.36 (KHTML, like Gecko; compatible; GPTBot/1.2; +https://openai.com/gptbot)"
20.171.207.11 - - [15/Aug/2025:07:13:56 -0300] "GET /058035746.htm HTTP/2.0" 200 - "-" "Mozilla/5.0 AppleWebKit/537.36 (KHTML, like Gecko; compatible; GPTBot/1.2; +https://openai.com/gptbot)"
20.171.207.11 - - [15/Aug/2025:07:13:57 -0300] "GET /039046831.htm HTTP/2.0" 200 - "-" "Mozilla/5.0 AppleWebKit/537.36 (KHTML, like Gecko; compatible; GPTBot/1.2; +https://openai.com/gptbot)"
20.171.207.11 - - [15/Aug/2025:07:13:59 -0300] "GET /017026315.htm HTTP/2.0" 200 - "-" "Mozilla/5.0 AppleWebKit/537.36 (KHTML, like Gecko; compatible; GPTBot/1.2; +https://openai.com/gptbot)"
20.171.207.11 - - [15/Aug/2025:07:14:00 -0300] "GET /035046497.htm HTTP/2.0" 200 - "-" "Mozilla/5.0 AppleWebKit/537.36 (KHTML, like Gecko; compatible; GPTBot/1.2; +https://openai.com/gptbot)"
20.171.207.11 - - [15/Aug/2025:07:14:02 -0300] "GET /093021747.htm HTTP/2.0" 200 - "-" "Mozilla/5.0 AppleWebKit/537.36 (KHTML, like Gecko; compatible; GPTBot/1.2; +https://openai.com/gptbot)"
217.113.194.89 - - [15/Aug/2025:07:14:02 -0300] "GET /admin/media/Highcharts-4.1.9/exporting-server/java/?C=N;O=D HTTP/1.1" 200 1278 "-" "Mozilla/5.0 (compatible; Barkrowler/0.9; +https://babbar.tech/crawler)"
20.171.207.11 - - [15/Aug/2025:07:14:03 -0300] "GET /047026597.htm HTTP/2.0" 200 - "-" "Mozilla/5.0 AppleWebKit/537.36 (KHTML, like Gecko; compatible; GPTBot/1.2; +https://openai.com/gptbot)"
20.171.207.11 - - [15/Aug/2025:07:14:05 -0300] "GET /015014389.htm HTTP/2.0" 200 - "-" "Mozilla/5.0 AppleWebKit/537.36 (KHTML, like Gecko; compatible; GPTBot/1.2; +https://openai.com/gptbot)"
20.171.207.11 - - [15/Aug/2025:07:14:07 -0300] "GET /083047639.htm HTTP/2.0" 200 - "-" "Mozilla/5.0 AppleWebKit/537.36 (KHTML, like Gecko; compatible; GPTBot/1.2; +https://openai.com/gptbot)"
20.171.207.11 - - [15/Aug/2025:07:14:08 -0300] "GET /069019375.htm HTTP/2.0" 200 - "-" "Mozilla/5.0 AppleWebKit/537.36 (KHTML, like Gecko; compatible; GPTBot/1.2; +https://openai.com/gptbot)"
20.171.207.11 - - [15/Aug/2025:07:14:10 -0300] "GET /018043612.htm HTTP/2.0" 200 - "-" "Mozilla/5.0 AppleWebKit/537.36 (KHTML, like Gecko; compatible; GPTBot/1.2; +https://openai.com/gptbot)"
20.171.207.11 - - [15/Aug/2025:07:14:11 -0300] "GET /075036689.htm HTTP/2.0" 200 - "-" "Mozilla/5.0 AppleWebKit/537.36 (KHTML, like Gecko; compatible; GPTBot/1.2; +https://openai.com/gptbot)"
20.171.207.11 - - [15/Aug/2025:07:14:13 -0300] "GET /027031679.htm HTTP/2.0" 200 - "-" "Mozilla/5.0 AppleWebKit/537.36 (KHTML, like Gecko; compatible; GPTBot/1.2; +https://openai.com/gptbot)"
20.171.207.11 - - [15/Aug/2025:07:14:14 -0300] "GET /049022875.htm HTTP/2.0" 200 - "-" "Mozilla/5.0 AppleWebKit/537.36 (KHTML, like Gecko; compatible; GPTBot/1.2; +https://openai.com/gptbot)"
20.171.207.11 - - [15/Aug/2025:07:14:17 -0300] "GET /017038729.htm HTTP/2.0" 200 - "-" "Mozilla/5.0 AppleWebKit/537.36 (KHTML, like Gecko; compatible; GPTBot/1.2; +https://openai.com/gptbot)"
20.171.207.11 - - [15/Aug/2025:07:14:19 -0300] "GET /012029586.htm HTTP/2.0" 200 - "-" "Mozilla/5.0 AppleWebKit/537.36 (KHTML, like Gecko; compatible; GPTBot/1.2; +https://openai.com/gptbot)"
20.171.207.11 - - [15/Aug/2025:07:14:20 -0300] "GET /074022956.htm HTTP/2.0" 200 - "-" "Mozilla/5.0 AppleWebKit/537.36 (KHTML, like Gecko; compatible; GPTBot/1.2; +https://openai.com/gptbot)"
20.171.207.11 - - [15/Aug/2025:07:14:22 -0300] "GET /016028174.htm HTTP/2.0" 200 - "-" "Mozilla/5.0 AppleWebKit/537.36 (KHTML, like Gecko; compatible; GPTBot/1.2; +https://openai.com/gptbot)"
20.171.207.11 - - [15/Aug/2025:07:14:23 -0300] "GET /058012196.htm HTTP/2.0" 200 - "-" "Mozilla/5.0 AppleWebKit/537.36 (KHTML, like Gecko; compatible; GPTBot/1.2; +https://openai.com/gptbot)"
20.171.207.11 - - [15/Aug/2025:07:14:25 -0300] "GET /014024876.htm HTTP/2.0" 200 - "-" "Mozilla/5.0 AppleWebKit/537.36 (KHTML, like Gecko; compatible; GPTBot/1.2; +https://openai.com/gptbot)"
20.171.207.11 - - [15/Aug/2025:07:14:26 -0300] "GET /075016433.htm HTTP/2.0" 200 - "-" "Mozilla/5.0 AppleWebKit/537.36 (KHTML, like Gecko; compatible; GPTBot/1.2; +https://openai.com/gptbot)"
217.113.194.220 - - [15/Aug/2025:07:14:27 -0300] "GET /admin/media/jQuery-Mask-Plugin/test/zepto/?C=D;O=A HTTP/1.1" 200 1239 "-" "Mozilla/5.0 (compatible; Barkrowler/0.9; +https://babbar.tech/crawler)"
20.171.207.11 - - [15/Aug/2025:07:14:28 -0300] "GET /083012459.htm HTTP/2.0" 200 - "-" "Mozilla/5.0 AppleWebKit/537.36 (KHTML, like Gecko; compatible; GPTBot/1.2; +https://openai.com/gptbot)"
20.171.207.11 - - [15/Aug/2025:07:14:30 -0300] "GET /071019685.htm HTTP/2.0" 200 - "-" "Mozilla/5.0 AppleWebKit/537.36 (KHTML, like Gecko; compatible; GPTBot/1.2; +https://openai.com/gptbot)"
20.171.207.11 - - [15/Aug/2025:07:14:31 -0300] "GET /031027885.htm HTTP/2.0" 200 - "-" "Mozilla/5.0 AppleWebKit/537.36 (KHTML, like Gecko; compatible; GPTBot/1.2; +https://openai.com/gptbot)"
20.171.207.11 - - [15/Aug/2025:07:14:33 -0300] "GET /078032314.htm HTTP/2.0" 200 - "-" "Mozilla/5.0 AppleWebKit/537.36 (KHTML, like Gecko; compatible; GPTBot/1.2; +https://openai.com/gptbot)"
20.171.207.11 - - [15/Aug/2025:07:14:34 -0300] "GET /039041487.htm HTTP/2.0" 200 - "-" "Mozilla/5.0 AppleWebKit/537.36 (KHTML, like Gecko; compatible; GPTBot/1.2; +https://openai.com/gptbot)"
217.113.194.87 - - [15/Aug/2025:07:14:34 -0300] "GET /admin/media/Highcharts-4.1.9/exporting-server/java/?C=S;O=A HTTP/1.1" 200 1278 "-" "Mozilla/5.0 (compatible; Barkrowler/0.9; +https://babbar.tech/crawler)"
20.171.207.11 - - [15/Aug/2025:07:14:35 -0300] "GET /064018592.htm HTTP/2.0" 200 - "-" "Mozilla/5.0 AppleWebKit/537.36 (KHTML, like Gecko; compatible; GPTBot/1.2; +https://openai.com/gptbot)"
20.171.207.11 - - [15/Aug/2025:07:14:36 -0300] "GET /075023421.htm HTTP/2.0" 200 - "-" "Mozilla/5.0 AppleWebKit/537.36 (KHTML, like Gecko; compatible; GPTBot/1.2; +https://openai.com/gptbot)"
20.171.207.11 - - [15/Aug/2025:07:14:38 -0300] "GET /083019947.htm HTTP/2.0" 200 - "-" "Mozilla/5.0 AppleWebKit/537.36 (KHTML, like Gecko; compatible; GPTBot/1.2; +https://openai.com/gptbot)"
20.171.207.11 - - [15/Aug/2025:07:14:39 -0300] "GET /043021927.htm HTTP/2.0" 200 - "-" "Mozilla/5.0 AppleWebKit/537.36 (KHTML, like Gecko; compatible; GPTBot/1.2; +https://openai.com/gptbot)"
20.171.207.11 - - [15/Aug/2025:07:14:41 -0300] "GET /045027933.htm HTTP/2.0" 200 - "-" "Mozilla/5.0 AppleWebKit/537.36 (KHTML, like Gecko; compatible; GPTBot/1.2; +https://openai.com/gptbot)"
20.171.207.11 - - [15/Aug/2025:07:14:42 -0300] "GET /013029597.htm HTTP/2.0" 200 - "-" "Mozilla/5.0 AppleWebKit/537.36 (KHTML, like Gecko; compatible; GPTBot/1.2; +https://openai.com/gptbot)"
20.171.207.11 - - [15/Aug/2025:07:14:44 -0300] "GET /079018257.htm HTTP/2.0" 200 - "-" "Mozilla/5.0 AppleWebKit/537.36 (KHTML, like Gecko; compatible; GPTBot/1.2; +https://openai.com/gptbot)"
20.171.207.11 - - [15/Aug/2025:07:14:45 -0300] "GET /059031237.htm HTTP/2.0" 200 - "-" "Mozilla/5.0 AppleWebKit/537.36 (KHTML, like Gecko; compatible; GPTBot/1.2; +https://openai.com/gptbot)"
20.171.207.11 - - [15/Aug/2025:07:14:47 -0300] "GET /092047132.htm HTTP/2.0" 200 - "-" "Mozilla/5.0 AppleWebKit/537.36 (KHTML, like Gecko; compatible; GPTBot/1.2; +https://openai.com/gptbot)"
20.171.207.11 - - [15/Aug/2025:07:14:49 -0300] "GET /067012783.htm HTTP/2.0" 200 - "-" "Mozilla/5.0 AppleWebKit/537.36 (KHTML, like Gecko; compatible; GPTBot/1.2; +https://openai.com/gptbot)"
20.171.207.11 - - [15/Aug/2025:07:14:51 -0300] "GET /053014673.htm HTTP/2.0" 200 - "-" "Mozilla/5.0 AppleWebKit/537.36 (KHTML, like Gecko; compatible; GPTBot/1.2; +https://openai.com/gptbot)"
20.171.207.11 - - [15/Aug/2025:07:14:52 -0300] "GET /032035896.htm HTTP/2.0" 200 - "-" "Mozilla/5.0 AppleWebKit/537.36 (KHTML, like Gecko; compatible; GPTBot/1.2; +https://openai.com/gptbot)"
20.171.207.11 - - [15/Aug/2025:07:14:54 -0300] "GET /023042871.htm HTTP/2.0" 200 - "-" "Mozilla/5.0 AppleWebKit/537.36 (KHTML, like Gecko; compatible; GPTBot/1.2; +https://openai.com/gptbot)"
217.113.194.90 - - [15/Aug/2025:07:14:55 -0300] "GET /admin/media/jQuery-Mask-Plugin/test/zepto/?C=N;O=D HTTP/1.1" 200 1239 "-" "Mozilla/5.0 (compatible; Barkrowler/0.9; +https://babbar.tech/crawler)"
20.171.207.11 - - [15/Aug/2025:07:14:55 -0300] "GET /097036925.htm HTTP/2.0" 200 - "-" "Mozilla/5.0 AppleWebKit/537.36 (KHTML, like Gecko; compatible; GPTBot/1.2; +https://openai.com/gptbot)"
20.171.207.11 - - [15/Aug/2025:07:14:57 -0300] "GET /093046231.htm HTTP/2.0" 200 - "-" "Mozilla/5.0 AppleWebKit/537.36 (KHTML, like Gecko; compatible; GPTBot/1.2; +https://openai.com/gptbot)"
20.171.207.11 - - [15/Aug/2025:07:14:58 -0300] "GET /021023875.htm HTTP/2.0" 200 - "-" "Mozilla/5.0 AppleWebKit/537.36 (KHTML, like Gecko; compatible; GPTBot/1.2; +https://openai.com/gptbot)"
20.171.207.11 - - [15/Aug/2025:07:14:59 -0300] "GET /021039541.htm HTTP/2.0" 200 - "-" "Mozilla/5.0 AppleWebKit/537.36 (KHTML, like Gecko; compatible; GPTBot/1.2; +https://openai.com/gptbot)"
20.171.207.11 - - [15/Aug/2025:07:15:01 -0300] "GET /076043816.htm HTTP/2.0" 200 - "-" "Mozilla/5.0 AppleWebKit/537.36 (KHTML, like Gecko; compatible; GPTBot/1.2; +https://openai.com/gptbot)"
34.82.217.13 - - [15/Aug/2025:07:15:01 -0300] "GET / HTTP/1.1" 200 - "-" "Mozilla/5.0 (Linux; Android 12; Pixel 6) AppleWebKit/537.36 (KHTML, like Gecko) Chrome/114.0.0.0 Mobile Safari/537.36"
20.171.207.11 - - [15/Aug/2025:07:15:02 -0300] "GET /023031697.htm HTTP/2.0" 200 - "-" "Mozilla/5.0 AppleWebKit/537.36 (KHTML, like Gecko; compatible; GPTBot/1.2; +https://openai.com/gptbot)"
217.113.194.84 - - [15/Aug/2025:07:15:03 -0300] "GET /admin/media/Highcharts-4.1.9/exporting-server/java/?C=M;O=A HTTP/1.1" 200 1278 "-" "Mozilla/5.0 (compatible; Barkrowler/0.9; +https://babbar.tech/crawler)"
20.171.207.11 - - [15/Aug/2025:07:15:04 -0300] "GET /055023469.htm HTTP/2.0" 200 - "-" "Mozilla/5.0 AppleWebKit/537.36 (KHTML, like Gecko; compatible; GPTBot/1.2; +https://openai.com/gptbot)"
20.171.207.11 - - [15/Aug/2025:07:15:06 -0300] "GET /054031788.htm HTTP/2.0" 200 - "-" "Mozilla/5.0 AppleWebKit/537.36 (KHTML, like Gecko; compatible; GPTBot/1.2; +https://openai.com/gptbot)"
20.171.207.11 - - [15/Aug/2025:07:15:07 -0300] "GET /061024795.htm HTTP/2.0" 200 - "-" "Mozilla/5.0 AppleWebKit/537.36 (KHTML, like Gecko; compatible; GPTBot/1.2; +https://openai.com/gptbot)"
20.171.207.11 - - [15/Aug/2025:07:15:09 -0300] "GET /069023479.htm HTTP/2.0" 200 - "-" "Mozilla/5.0 AppleWebKit/537.36 (KHTML, like Gecko; compatible; GPTBot/1.2; +https://openai.com/gptbot)"
20.171.207.11 - - [15/Aug/2025:07:15:11 -0300] "GET /015038997.htm HTTP/2.0" 200 - "-" "Mozilla/5.0 AppleWebKit/537.36 (KHTML, like Gecko; compatible; GPTBot/1.2; +https://openai.com/gptbot)"
20.171.207.11 - - [15/Aug/2025:07:15:12 -0300] "GET /045028163.htm HTTP/2.0" 200 - "-" "Mozilla/5.0 AppleWebKit/537.36 (KHTML, like Gecko; compatible; GPTBot/1.2; +https://openai.com/gptbot)"
20.171.207.11 - - [15/Aug/2025:07:15:14 -0300] "GET /098025796.htm HTTP/2.0" 200 - "-" "Mozilla/5.0 AppleWebKit/537.36 (KHTML, like Gecko; compatible; GPTBot/1.2; +https://openai.com/gptbot)"
20.171.207.11 - - [15/Aug/2025:07:15:16 -0300] "GET /074035924.htm HTTP/2.0" 200 - "-" "Mozilla/5.0 AppleWebKit/537.36 (KHTML, like Gecko; compatible; GPTBot/1.2; +https://openai.com/gptbot)"
20.171.207.11 - - [15/Aug/2025:07:15:18 -0300] "GET /095016837.htm HTTP/2.0" 200 - "-" "Mozilla/5.0 AppleWebKit/537.36 (KHTML, like Gecko; compatible; GPTBot/1.2; +https://openai.com/gptbot)"
20.171.207.11 - - [15/Aug/2025:07:15:20 -0300] "GET /017049265.htm HTTP/2.0" 200 - "-" "Mozilla/5.0 AppleWebKit/537.36 (KHTML, like Gecko; compatible; GPTBot/1.2; +https://openai.com/gptbot)"
20.171.207.11 - - [15/Aug/2025:07:15:22 -0300] "GET /021034857.htm HTTP/2.0" 200 - "-" "Mozilla/5.0 AppleWebKit/537.36 (KHTML, like Gecko; compatible; GPTBot/1.2; +https://openai.com/gptbot)"
154.54.249.201 - - [15/Aug/2025:07:15:23 -0300] "GET /admin/media/ckeditor/plugins/about/cssjs/?C=D;O=D HTTP/1.1" 200 705 "-" "Mozilla/5.0 (compatible; Barkrowler/0.9; +https://babbar.tech/crawler)"
20.171.207.11 - - [15/Aug/2025:07:15:23 -0300] "GET /083024789.htm HTTP/2.0" 200 - "-" "Mozilla/5.0 AppleWebKit/537.36 (KHTML, like Gecko; compatible; GPTBot/1.2; +https://openai.com/gptbot)"
20.171.207.11 - - [15/Aug/2025:07:15:24 -0300] "GET /087026155.htm HTTP/2.0" 200 - "-" "Mozilla/5.0 AppleWebKit/537.36 (KHTML, like Gecko; compatible; GPTBot/1.2; +https://openai.com/gptbot)"
20.171.207.11 - - [15/Aug/2025:07:15:26 -0300] "GET /014049832.htm HTTP/2.0" 200 - "-" "Mozilla/5.0 AppleWebKit/537.36 (KHTML, like Gecko; compatible; GPTBot/1.2; +https://openai.com/gptbot)"
20.171.207.11 - - [15/Aug/2025:07:15:29 -0300] "GET /091032147.htm HTTP/2.0" 200 - "-" "Mozilla/5.0 AppleWebKit/537.36 (KHTML, like Gecko; compatible; GPTBot/1.2; +https://openai.com/gptbot)"
217.113.194.86 - - [15/Aug/2025:07:15:29 -0300] "GET /admin/media/Highcharts-4.1.9/exporting-server/php/?C=N;O=D HTTP/1.1" 200 912 "-" "Mozilla/5.0 (compatible; Barkrowler/0.9; +https://babbar.tech/crawler)"
20.171.207.11 - - [15/Aug/2025:07:15:30 -0300] "GET /036049128.htm HTTP/2.0" 200 - "-" "Mozilla/5.0 AppleWebKit/537.36 (KHTML, like Gecko; compatible; GPTBot/1.2; +https://openai.com/gptbot)"
20.171.207.11 - - [15/Aug/2025:07:15:32 -0300] "GET /074014298.htm HTTP/2.0" 200 - "-" "Mozilla/5.0 AppleWebKit/537.36 (KHTML, like Gecko; compatible; GPTBot/1.2; +https://openai.com/gptbot)"
20.171.207.11 - - [15/Aug/2025:07:15:34 -0300] "GET /095032179.htm HTTP/2.0" 200 - "-" "Mozilla/5.0 AppleWebKit/537.36 (KHTML, like Gecko; compatible; GPTBot/1.2; +https://openai.com/gptbot)"
20.171.207.11 - - [15/Aug/2025:07:15:36 -0300] "GET /019031265.htm HTTP/2.0" 200 - "-" "Mozilla/5.0 AppleWebKit/537.36 (KHTML, like Gecko; compatible; GPTBot/1.2; +https://openai.com/gptbot)"
20.171.207.11 - - [15/Aug/2025:07:15:38 -0300] "GET /083049153.htm HTTP/2.0" 200 - "-" "Mozilla/5.0 AppleWebKit/537.36 (KHTML, like Gecko; compatible; GPTBot/1.2; +https://openai.com/gptbot)"
20.171.207.11 - - [15/Aug/2025:07:15:39 -0300] "GET /026015148.htm HTTP/2.0" 200 - "-" "Mozilla/5.0 AppleWebKit/537.36 (KHTML, like Gecko; compatible; GPTBot/1.2; +https://openai.com/gptbot)"
20.171.207.11 - - [15/Aug/2025:07:15:41 -0300] "GET /058037714.htm HTTP/2.0" 200 - "-" "Mozilla/5.0 AppleWebKit/537.36 (KHTML, like Gecko; compatible; GPTBot/1.2; +https://openai.com/gptbot)"
20.171.207.11 - - [15/Aug/2025:07:15:42 -0300] "GET /021034195.htm HTTP/2.0" 200 - "-" "Mozilla/5.0 AppleWebKit/537.36 (KHTML, like Gecko; compatible; GPTBot/1.2; +https://openai.com/gptbot)"
20.171.207.11 - - [15/Aug/2025:07:15:43 -0300] "GET /051016327.htm HTTP/2.0" 200 - "-" "Mozilla/5.0 AppleWebKit/537.36 (KHTML, like Gecko; compatible; GPTBot/1.2; +https://openai.com/gptbot)"
20.171.207.11 - - [15/Aug/2025:07:15:44 -0300] "GET /073038125.htm HTTP/2.0" 200 - "-" "Mozilla/5.0 AppleWebKit/537.36 (KHTML, like Gecko; compatible; GPTBot/1.2; +https://openai.com/gptbot)"
20.171.207.11 - - [15/Aug/2025:07:15:46 -0300] "GET /065048537.htm HTTP/2.0" 200 - "-" "Mozilla/5.0 AppleWebKit/537.36 (KHTML, like Gecko; compatible; GPTBot/1.2; +https://openai.com/gptbot)"
217.113.194.88 - - [15/Aug/2025:07:15:47 -0300] "GET /admin/media/ckeditor/plugins/templates/dialogs/?C=M;O=D HTTP/1.1" 200 1082 "-" "Mozilla/5.0 (compatible; Barkrowler/0.9; +https://babbar.tech/crawler)"
20.171.207.11 - - [15/Aug/2025:07:15:48 -0300] "GET /027047861.htm HTTP/2.0" 200 - "-" "Mozilla/5.0 AppleWebKit/537.36 (KHTML, like Gecko; compatible; GPTBot/1.2; +https://openai.com/gptbot)"
20.171.207.11 - - [15/Aug/2025:07:15:50 -0300] "GET /018031764.htm HTTP/2.0" 200 - "-" "Mozilla/5.0 AppleWebKit/537.36 (KHTML, like Gecko; compatible; GPTBot/1.2; +https://openai.com/gptbot)"
20.171.207.11 - - [15/Aug/2025:07:15:52 -0300] "GET /097042231.htm HTTP/2.0" 200 - "-" "Mozilla/5.0 AppleWebKit/537.36 (KHTML, like Gecko; compatible; GPTBot/1.2; +https://openai.com/gptbot)"
20.171.207.11 - - [15/Aug/2025:07:15:53 -0300] "GET /046023948.htm HTTP/2.0" 200 - "-" "Mozilla/5.0 AppleWebKit/537.36 (KHTML, like Gecko; compatible; GPTBot/1.2; +https://openai.com/gptbot)"
217.113.194.220 - - [15/Aug/2025:07:15:53 -0300] "GET /admin/media/Highcharts-4.1.9/exporting-server/php/?C=S;O=A HTTP/1.1" 200 912 "-" "Mozilla/5.0 (compatible; Barkrowler/0.9; +https://babbar.tech/crawler)"
20.171.207.11 - - [15/Aug/2025:07:15:54 -0300] "GET /087025561.htm HTTP/2.0" 200 - "-" "Mozilla/5.0 AppleWebKit/537.36 (KHTML, like Gecko; compatible; GPTBot/1.2; +https://openai.com/gptbot)"
20.171.207.11 - - [15/Aug/2025:07:15:56 -0300] "GET /077016539.htm HTTP/2.0" 200 - "-" "Mozilla/5.0 AppleWebKit/537.36 (KHTML, like Gecko; compatible; GPTBot/1.2; +https://openai.com/gptbot)"
20.171.207.11 - - [15/Aug/2025:07:15:57 -0300] "GET /057026417.htm HTTP/2.0" 200 - "-" "Mozilla/5.0 AppleWebKit/537.36 (KHTML, like Gecko; compatible; GPTBot/1.2; +https://openai.com/gptbot)"
20.171.207.11 - - [15/Aug/2025:07:15:58 -0300] "GET /048038912.htm HTTP/2.0" 200 - "-" "Mozilla/5.0 AppleWebKit/537.36 (KHTML, like Gecko; compatible; GPTBot/1.2; +https://openai.com/gptbot)"
20.171.207.11 - - [15/Aug/2025:07:16:00 -0300] "GET /019024735.htm HTTP/2.0" 200 - "-" "Mozilla/5.0 AppleWebKit/537.36 (KHTML, like Gecko; compatible; GPTBot/1.2; +https://openai.com/gptbot)"
20.171.207.11 - - [15/Aug/2025:07:16:01 -0300] "GET /092016514.htm HTTP/2.0" 200 - "-" "Mozilla/5.0 AppleWebKit/537.36 (KHTML, like Gecko; compatible; GPTBot/1.2; +https://openai.com/gptbot)"
20.171.207.11 - - [15/Aug/2025:07:16:02 -0300] "GET /081045823.htm HTTP/2.0" 200 - "-" "Mozilla/5.0 AppleWebKit/537.36 (KHTML, like Gecko; compatible; GPTBot/1.2; +https://openai.com/gptbot)"
20.171.207.11 - - [15/Aug/2025:07:16:04 -0300] "GET /078017524.htm HTTP/2.0" 200 - "-" "Mozilla/5.0 AppleWebKit/537.36 (KHTML, like Gecko; compatible; GPTBot/1.2; +https://openai.com/gptbot)"
20.171.207.11 - - [15/Aug/2025:07:16:05 -0300] "GET /048015626.htm HTTP/2.0" 200 - "-" "Mozilla/5.0 AppleWebKit/537.36 (KHTML, like Gecko; compatible; GPTBot/1.2; +https://openai.com/gptbot)"
20.171.207.11 - - [15/Aug/2025:07:16:07 -0300] "GET /068039418.htm HTTP/2.0" 200 - "-" "Mozilla/5.0 AppleWebKit/537.36 (KHTML, like Gecko; compatible; GPTBot/1.2; +https://openai.com/gptbot)"
20.171.207.11 - - [15/Aug/2025:07:16:08 -0300] "GET /023025879.htm HTTP/2.0" 200 - "-" "Mozilla/5.0 AppleWebKit/537.36 (KHTML, like Gecko; compatible; GPTBot/1.2; +https://openai.com/gptbot)"
104.234.167.102 - - [15/Aug/2025:07:16:09 -0300] "GET /filemanager/dialog.php HTTP/1.1" 200 - "-" "Go-http-client/1.1"
20.171.207.11 - - [15/Aug/2025:07:16:10 -0300] "GET /047011985.htm HTTP/2.0" 200 - "-" "Mozilla/5.0 AppleWebKit/537.36 (KHTML, like Gecko; compatible; GPTBot/1.2; +https://openai.com/gptbot)"
20.171.207.11 - - [15/Aug/2025:07:16:11 -0300] "GET /081029675.htm HTTP/2.0" 200 - "-" "Mozilla/5.0 AppleWebKit/537.36 (KHTML, like Gecko; compatible; GPTBot/1.2; +https://openai.com/gptbot)"
20.171.207.11 - - [15/Aug/2025:07:16:13 -0300] "GET /013022457.htm HTTP/2.0" 200 - "-" "Mozilla/5.0 AppleWebKit/537.36 (KHTML, like Gecko; compatible; GPTBot/1.2; +https://openai.com/gptbot)"
217.113.194.82 - - [15/Aug/2025:07:16:13 -0300] "GET /admin/media/ckeditor/plugins/templates/dialogs/?C=S;O=D HTTP/1.1" 200 1082 "-" "Mozilla/5.0 (compatible; Barkrowler/0.9; +https://babbar.tech/crawler)"
20.171.207.11 - - [15/Aug/2025:07:16:14 -0300] "GET /015024659.htm HTTP/2.0" 200 - "-" "Mozilla/5.0 AppleWebKit/537.36 (KHTML, like Gecko; compatible; GPTBot/1.2; +https://openai.com/gptbot)"
20.171.207.11 - - [15/Aug/2025:07:16:16 -0300] "GET /054023898.htm HTTP/2.0" 200 - "-" "Mozilla/5.0 AppleWebKit/537.36 (KHTML, like Gecko; compatible; GPTBot/1.2; +https://openai.com/gptbot)"
20.171.207.11 - - [15/Aug/2025:07:16:17 -0300] "GET /094025134.htm HTTP/2.0" 200 - "-" "Mozilla/5.0 AppleWebKit/537.36 (KHTML, like Gecko; compatible; GPTBot/1.2; +https://openai.com/gptbot)"
20.171.207.11 - - [15/Aug/2025:07:16:19 -0300] "GET /081042835.htm HTTP/2.0" 200 - "-" "Mozilla/5.0 AppleWebKit/537.36 (KHTML, like Gecko; compatible; GPTBot/1.2; +https://openai.com/gptbot)"
20.171.207.11 - - [15/Aug/2025:07:16:20 -0300] "GET /092023786.htm HTTP/2.0" 200 - "-" "Mozilla/5.0 AppleWebKit/537.36 (KHTML, like Gecko; compatible; GPTBot/1.2; +https://openai.com/gptbot)"
217.113.194.91 - - [15/Aug/2025:07:16:21 -0300] "GET /admin/media/Highcharts-4.1.9/exporting-server/php/?C=M;O=A HTTP/1.1" 200 912 "-" "Mozilla/5.0 (compatible; Barkrowler/0.9; +https://babbar.tech/crawler)"
20.171.207.11 - - [15/Aug/2025:07:16:22 -0300] "GET /063017569.htm HTTP/2.0" 200 - "-" "Mozilla/5.0 AppleWebKit/537.36 (KHTML, like Gecko; compatible; GPTBot/1.2; +https://openai.com/gptbot)"
20.171.207.11 - - [15/Aug/2025:07:16:23 -0300] "GET /087033219.htm HTTP/2.0" 200 - "-" "Mozilla/5.0 AppleWebKit/537.36 (KHTML, like Gecko; compatible; GPTBot/1.2; +https://openai.com/gptbot)"
20.171.207.11 - - [15/Aug/2025:07:16:25 -0300] "GET /014025826.htm HTTP/2.0" 200 - "-" "Mozilla/5.0 AppleWebKit/537.36 (KHTML, like Gecko; compatible; GPTBot/1.2; +https://openai.com/gptbot)"
20.171.207.11 - - [15/Aug/2025:07:16:26 -0300] "GET /083036249.htm HTTP/2.0" 200 - "-" "Mozilla/5.0 AppleWebKit/537.36 (KHTML, like Gecko; compatible; GPTBot/1.2; +https://openai.com/gptbot)"
20.171.207.11 - - [15/Aug/2025:07:16:28 -0300] "GET /018026738.htm HTTP/2.0" 200 - "-" "Mozilla/5.0 AppleWebKit/537.36 (KHTML, like Gecko; compatible; GPTBot/1.2; +https://openai.com/gptbot)"
20.171.207.11 - - [15/Aug/2025:07:16:29 -0300] "GET /097041573.htm HTTP/2.0" 200 - "-" "Mozilla/5.0 AppleWebKit/537.36 (KHTML, like Gecko; compatible; GPTBot/1.2; +https://openai.com/gptbot)"
20.171.207.11 - - [15/Aug/2025:07:16:30 -0300] "GET /032046188.htm HTTP/2.0" 200 - "-" "Mozilla/5.0 AppleWebKit/537.36 (KHTML, like Gecko; compatible; GPTBot/1.2; +https://openai.com/gptbot)"
20.171.207.11 - - [15/Aug/2025:07:16:31 -0300] "GET /089021645.htm HTTP/2.0" 200 - "-" "Mozilla/5.0 AppleWebKit/537.36 (KHTML, like Gecko; compatible; GPTBot/1.2; +https://openai.com/gptbot)"
20.171.207.11 - - [15/Aug/2025:07:16:33 -0300] "GET /091046123.htm HTTP/2.0" 200 - "-" "Mozilla/5.0 AppleWebKit/537.36 (KHTML, like Gecko; compatible; GPTBot/1.2; +https://openai.com/gptbot)"
20.171.207.11 - - [15/Aug/2025:07:16:35 -0300] "GET /025046131.htm HTTP/2.0" 200 - "-" "Mozilla/5.0 AppleWebKit/537.36 (KHTML, like Gecko; compatible; GPTBot/1.2; +https://openai.com/gptbot)"
20.171.207.11 - - [15/Aug/2025:07:16:37 -0300] "GET /065042613.htm HTTP/2.0" 200 - "-" "Mozilla/5.0 AppleWebKit/537.36 (KHTML, like Gecko; compatible; GPTBot/1.2; +https://openai.com/gptbot)"
20.171.207.11 - - [15/Aug/2025:07:16:38 -0300] "GET /096035914.htm HTTP/2.0" 200 - "-" "Mozilla/5.0 AppleWebKit/537.36 (KHTML, like Gecko; compatible; GPTBot/1.2; +https://openai.com/gptbot)"
20.171.207.11 - - [15/Aug/2025:07:16:41 -0300] "GET /065012437.htm HTTP/2.0" 200 - "-" "Mozilla/5.0 AppleWebKit/537.36 (KHTML, like Gecko; compatible; GPTBot/1.2; +https://openai.com/gptbot)"
217.113.194.84 - - [15/Aug/2025:07:16:41 -0300] "GET /admin/media/ckeditor/plugins/templates/dialogs/?C=N;O=A HTTP/1.1" 200 1082 "-" "Mozilla/5.0 (compatible; Barkrowler/0.9; +https://babbar.tech/crawler)"
20.171.207.11 - - [15/Aug/2025:07:16:43 -0300] "GET /035043217.htm HTTP/2.0" 200 - "-" "Mozilla/5.0 AppleWebKit/537.36 (KHTML, like Gecko; compatible; GPTBot/1.2; +https://openai.com/gptbot)"
20.171.207.11 - - [15/Aug/2025:07:16:44 -0300] "GET /017048561.htm HTTP/2.0" 200 - "-" "Mozilla/5.0 AppleWebKit/537.36 (KHTML, like Gecko; compatible; GPTBot/1.2; +https://openai.com/gptbot)"
20.171.207.11 - - [15/Aug/2025:07:16:46 -0300] "GET /065028717.htm HTTP/2.0" 200 - "-" "Mozilla/5.0 AppleWebKit/537.36 (KHTML, like Gecko; compatible; GPTBot/1.2; +https://openai.com/gptbot)"
20.171.207.11 - - [15/Aug/2025:07:16:48 -0300] "GET /085046631.htm HTTP/2.0" 200 - "-" "Mozilla/5.0 AppleWebKit/537.36 (KHTML, like Gecko; compatible; GPTBot/1.2; +https://openai.com/gptbot)"
217.113.194.89 - - [15/Aug/2025:07:16:49 -0300] "GET /admin/media/Highcharts-4.1.9/exporting-server/php/?C=D;O=A HTTP/1.1" 200 912 "-" "Mozilla/5.0 (compatible; Barkrowler/0.9; +https://babbar.tech/crawler)"
20.171.207.11 - - [15/Aug/2025:07:16:50 -0300] "GET /093042697.htm HTTP/2.0" 200 - "-" "Mozilla/5.0 AppleWebKit/537.36 (KHTML, like Gecko; compatible; GPTBot/1.2; +https://openai.com/gptbot)"
20.171.207.11 - - [15/Aug/2025:07:16:52 -0300] "GET /038014152.htm HTTP/2.0" 200 - "-" "Mozilla/5.0 AppleWebKit/537.36 (KHTML, like Gecko; compatible; GPTBot/1.2; +https://openai.com/gptbot)"
20.171.207.11 - - [15/Aug/2025:07:16:54 -0300] "GET /035018419.htm HTTP/2.0" 200 - "-" "Mozilla/5.0 AppleWebKit/537.36 (KHTML, like Gecko; compatible; GPTBot/1.2; +https://openai.com/gptbot)"
20.171.207.11 - - [15/Aug/2025:07:16:55 -0300] "GET /023047281.htm HTTP/2.0" 200 - "-" "Mozilla/5.0 AppleWebKit/537.36 (KHTML, like Gecko; compatible; GPTBot/1.2; +https://openai.com/gptbot)"
20.171.207.11 - - [15/Aug/2025:07:16:57 -0300] "GET /029041387.htm HTTP/2.0" 200 - "-" "Mozilla/5.0 AppleWebKit/537.36 (KHTML, like Gecko; compatible; GPTBot/1.2; +https://openai.com/gptbot)"
20.171.207.11 - - [15/Aug/2025:07:16:59 -0300] "GET /081032879.htm HTTP/2.0" 200 - "-" "Mozilla/5.0 AppleWebKit/537.36 (KHTML, like Gecko; compatible; GPTBot/1.2; +https://openai.com/gptbot)"
20.171.207.11 - - [15/Aug/2025:07:17:00 -0300] "GET /036041538.htm HTTP/2.0" 200 - "-" "Mozilla/5.0 AppleWebKit/537.36 (KHTML, like Gecko; compatible; GPTBot/1.2; +https://openai.com/gptbot)"
20.171.207.11 - - [15/Aug/2025:07:17:02 -0300] "GET /092047528.htm HTTP/2.0" 200 - "-" "Mozilla/5.0 AppleWebKit/537.36 (KHTML, like Gecko; compatible; GPTBot/1.2; +https://openai.com/gptbot)"
20.171.207.11 - - [15/Aug/2025:07:17:03 -0300] "GET /091036821.htm HTTP/2.0" 200 - "-" "Mozilla/5.0 AppleWebKit/537.36 (KHTML, like Gecko; compatible; GPTBot/1.2; +https://openai.com/gptbot)"
20.171.207.11 - - [15/Aug/2025:07:17:05 -0300] "GET /072047568.htm HTTP/2.0" 200 - "-" "Mozilla/5.0 AppleWebKit/537.36 (KHTML, like Gecko; compatible; GPTBot/1.2; +https://openai.com/gptbot)"
20.171.207.11 - - [15/Aug/2025:07:17:06 -0300] "GET /016047358.htm HTTP/2.0" 200 - "-" "Mozilla/5.0 AppleWebKit/537.36 (KHTML, like Gecko; compatible; GPTBot/1.2; +https://openai.com/gptbot)"
217.113.194.83 - - [15/Aug/2025:07:17:07 -0300] "GET /admin/media/ckeditor/plugins/templates/dialogs/?C=D;O=D HTTP/1.1" 200 1082 "-" "Mozilla/5.0 (compatible; Barkrowler/0.9; +https://babbar.tech/crawler)"
20.171.207.11 - - [15/Aug/2025:07:17:08 -0300] "GET /038047926.htm HTTP/2.0" 200 - "-" "Mozilla/5.0 AppleWebKit/537.36 (KHTML, like Gecko; compatible; GPTBot/1.2; +https://openai.com/gptbot)"
20.171.207.11 - - [15/Aug/2025:07:17:10 -0300] "GET /073042519.htm HTTP/2.0" 200 - "-" "Mozilla/5.0 AppleWebKit/537.36 (KHTML, like Gecko; compatible; GPTBot/1.2; +https://openai.com/gptbot)"
20.171.207.11 - - [15/Aug/2025:07:17:11 -0300] "GET /089047655.htm HTTP/2.0" 200 - "-" "Mozilla/5.0 AppleWebKit/537.36 (KHTML, like Gecko; compatible; GPTBot/1.2; +https://openai.com/gptbot)"
20.171.207.11 - - [15/Aug/2025:07:17:12 -0300] "GET /066021894.htm HTTP/2.0" 200 - "-" "Mozilla/5.0 AppleWebKit/537.36 (KHTML, like Gecko; compatible; GPTBot/1.2; +https://openai.com/gptbot)"
217.113.194.88 - - [15/Aug/2025:07:17:13 -0300] "GET /admin/media/Highcharts-4.1.9/exporting-server/?C=M;O=D HTTP/1.1" 200 1232 "-" "Mozilla/5.0 (compatible; Barkrowler/0.9; +https://babbar.tech/crawler)"
20.171.207.11 - - [15/Aug/2025:07:17:14 -0300] "GET /029016647.htm HTTP/2.0" 200 - "-" "Mozilla/5.0 AppleWebKit/537.36 (KHTML, like Gecko; compatible; GPTBot/1.2; +https://openai.com/gptbot)"
20.171.207.11 - - [15/Aug/2025:07:17:16 -0300] "GET /087042359.htm HTTP/2.0" 200 - "-" "Mozilla/5.0 AppleWebKit/537.36 (KHTML, like Gecko; compatible; GPTBot/1.2; +https://openai.com/gptbot)"
20.171.207.11 - - [15/Aug/2025:07:17:17 -0300] "GET /061027923.htm HTTP/2.0" 200 - "-" "Mozilla/5.0 AppleWebKit/537.36 (KHTML, like Gecko; compatible; GPTBot/1.2; +https://openai.com/gptbot)"
20.171.207.11 - - [15/Aug/2025:07:17:18 -0300] "GET /075012793.htm HTTP/2.0" 200 - "-" "Mozilla/5.0 AppleWebKit/537.36 (KHTML, like Gecko; compatible; GPTBot/1.2; +https://openai.com/gptbot)"
20.171.207.11 - - [15/Aug/2025:07:17:20 -0300] "GET /016014958.htm HTTP/2.0" 200 - "-" "Mozilla/5.0 AppleWebKit/537.36 (KHTML, like Gecko; compatible; GPTBot/1.2; +https://openai.com/gptbot)"
20.171.207.11 - - [15/Aug/2025:07:17:22 -0300] "GET /061044329.htm HTTP/2.0" 200 - "-" "Mozilla/5.0 AppleWebKit/537.36 (KHTML, like Gecko; compatible; GPTBot/1.2; +https://openai.com/gptbot)"
20.171.207.11 - - [15/Aug/2025:07:17:24 -0300] "GET /056039416.htm HTTP/2.0" 200 - "-" "Mozilla/5.0 AppleWebKit/537.36 (KHTML, like Gecko; compatible; GPTBot/1.2; +https://openai.com/gptbot)"
20.171.207.11 - - [15/Aug/2025:07:17:25 -0300] "GET /067048963.htm HTTP/2.0" 200 - "-" "Mozilla/5.0 AppleWebKit/537.36 (KHTML, like Gecko; compatible; GPTBot/1.2; +https://openai.com/gptbot)"
20.171.207.11 - - [15/Aug/2025:07:17:27 -0300] "GET /046031284.htm HTTP/2.0" 200 - "-" "Mozilla/5.0 AppleWebKit/537.36 (KHTML, like Gecko; compatible; GPTBot/1.2; +https://openai.com/gptbot)"
20.171.207.11 - - [15/Aug/2025:07:17:29 -0300] "GET /069017423.htm HTTP/2.0" 200 - "-" "Mozilla/5.0 AppleWebKit/537.36 (KHTML, like Gecko; compatible; GPTBot/1.2; +https://openai.com/gptbot)"
217.113.194.82 - - [15/Aug/2025:07:17:30 -0300] "GET /admin/media/ckeditor/plugins/scayt/cloudflare/?C=M;O=D HTTP/1.1" 200 715 "-" "Mozilla/5.0 (compatible; Barkrowler/0.9; +https://babbar.tech/crawler)"
20.171.207.11 - - [15/Aug/2025:07:17:31 -0300] "GET /057024683.htm HTTP/2.0" 200 - "-" "Mozilla/5.0 AppleWebKit/537.36 (KHTML, like Gecko; compatible; GPTBot/1.2; +https://openai.com/gptbot)"
20.171.207.11 - - [15/Aug/2025:07:17:32 -0300] "GET /049034781.htm HTTP/2.0" 200 - "-" "Mozilla/5.0 AppleWebKit/537.36 (KHTML, like Gecko; compatible; GPTBot/1.2; +https://openai.com/gptbot)"
20.171.207.11 - - [15/Aug/2025:07:17:33 -0300] "GET /061031287.htm HTTP/2.0" 200 - "-" "Mozilla/5.0 AppleWebKit/537.36 (KHTML, like Gecko; compatible; GPTBot/1.2; +https://openai.com/gptbot)"
20.171.207.11 - - [15/Aug/2025:07:17:36 -0300] "GET /025048373.htm HTTP/2.0" 200 - "-" "Mozilla/5.0 AppleWebKit/537.36 (KHTML, like Gecko; compatible; GPTBot/1.2; +https://openai.com/gptbot)"
217.113.194.89 - - [15/Aug/2025:07:17:37 -0300] "GET /admin/media/Highcharts-4.1.9/exporting-server/?C=S;O=D HTTP/1.1" 200 1232 "-" "Mozilla/5.0 (compatible; Barkrowler/0.9; +https://babbar.tech/crawler)"
20.171.207.11 - - [15/Aug/2025:07:17:38 -0300] "GET /064038122.htm HTTP/2.0" 200 - "-" "Mozilla/5.0 AppleWebKit/537.36 (KHTML, like Gecko; compatible; GPTBot/1.2; +https://openai.com/gptbot)"
20.171.207.11 - - [15/Aug/2025:07:17:41 -0300] "GET /074028386.htm HTTP/2.0" 200 - "-" "Mozilla/5.0 AppleWebKit/537.36 (KHTML, like Gecko; compatible; GPTBot/1.2; +https://openai.com/gptbot)"
66.249.75.69 - - [15/Aug/2025:07:17:41 -0300] "GET /pcmypage?callback=/product%2Fdetail%2m62328471456 HTTP/1.1" 200 558390 "-" "Mozilla/5.0 (Linux; Android 6.0.1; Nexus 5X Build/MMB29P) AppleWebKit/537.36 (KHTML, like Gecko) Chrome/138.0.7204.183 Mobile Safari/537.36 (compatible; Googlebot/2.1; +http://www.google.com/bot.html)"
20.171.207.11 - - [15/Aug/2025:07:17:44 -0300] "GET /041023519.htm HTTP/2.0" 200 - "-" "Mozilla/5.0 AppleWebKit/537.36 (KHTML, like Gecko; compatible; GPTBot/1.2; +https://openai.com/gptbot)"
20.171.207.11 - - [15/Aug/2025:07:17:46 -0300] "GET /066024398.htm HTTP/2.0" 200 - "-" "Mozilla/5.0 AppleWebKit/537.36 (KHTML, like Gecko; compatible; GPTBot/1.2; +https://openai.com/gptbot)"
20.171.207.11 - - [15/Aug/2025:07:17:49 -0300] "GET /013027975.htm HTTP/2.0" 200 - "-" "Mozilla/5.0 AppleWebKit/537.36 (KHTML, like Gecko; compatible; GPTBot/1.2; +https://openai.com/gptbot)"
20.171.207.11 - - [15/Aug/2025:07:17:52 -0300] "GET /052012634.htm HTTP/2.0" 200 - "-" "Mozilla/5.0 AppleWebKit/537.36 (KHTML, like Gecko; compatible; GPTBot/1.2; +https://openai.com/gptbot)"
20.171.207.11 - - [15/Aug/2025:07:17:54 -0300] "GET /067049573.htm HTTP/2.0" 200 - "-" "Mozilla/5.0 AppleWebKit/537.36 (KHTML, like Gecko; compatible; GPTBot/1.2; +https://openai.com/gptbot)"
20.171.207.11 - - [15/Aug/2025:07:17:57 -0300] "GET /067028251.htm HTTP/2.0" 200 - "-" "Mozilla/5.0 AppleWebKit/537.36 (KHTML, like Gecko; compatible; GPTBot/1.2; +https://openai.com/gptbot)"
217.113.194.91 - - [15/Aug/2025:07:17:59 -0300] "GET /admin/media/ckeditor/plugins/scayt/cloudflare/?C=S;O=D HTTP/1.1" 200 715 "-" "Mozilla/5.0 (compatible; Barkrowler/0.9; +https://babbar.tech/crawler)"
20.171.207.11 - - [15/Aug/2025:07:18:01 -0300] "GET /031029583.htm HTTP/2.0" 200 - "-" "Mozilla/5.0 AppleWebKit/537.36 (KHTML, like Gecko; compatible; GPTBot/1.2; +https://openai.com/gptbot)"
20.171.207.11 - - [15/Aug/2025:07:18:04 -0300] "GET /039043267.htm HTTP/2.0" 200 - "-" "Mozilla/5.0 AppleWebKit/537.36 (KHTML, like Gecko; compatible; GPTBot/1.2; +https://openai.com/gptbot)"
217.113.194.89 - - [15/Aug/2025:07:18:06 -0300] "GET /admin/media/Highcharts-4.1.9/js/?C=D;O=D HTTP/1.1" 200 2323 "-" "Mozilla/5.0 (compatible; Barkrowler/0.9; +https://babbar.tech/crawler)"
20.171.207.11 - - [15/Aug/2025:07:18:07 -0300] "GET /059049163.htm HTTP/2.0" 200 - "-" "Mozilla/5.0 AppleWebKit/537.36 (KHTML, like Gecko; compatible; GPTBot/1.2; +https://openai.com/gptbot)"
20.171.207.11 - - [15/Aug/2025:07:18:09 -0300] "GET /095027873.htm HTTP/2.0" 200 - "-" "Mozilla/5.0 AppleWebKit/537.36 (KHTML, like Gecko; compatible; GPTBot/1.2; +https://openai.com/gptbot)"
20.171.207.11 - - [15/Aug/2025:07:18:11 -0300] "GET /032014716.htm HTTP/2.0" 200 - "-" "Mozilla/5.0 AppleWebKit/537.36 (KHTML, like Gecko; compatible; GPTBot/1.2; +https://openai.com/gptbot)"
20.171.207.11 - - [15/Aug/2025:07:18:14 -0300] "GET /014015328.htm HTTP/2.0" 200 - "-" "Mozilla/5.0 AppleWebKit/537.36 (KHTML, like Gecko; compatible; GPTBot/1.2; +https://openai.com/gptbot)"
20.171.207.11 - - [15/Aug/2025:07:18:18 -0300] "GET /058047762.htm HTTP/2.0" 200 - "-" "Mozilla/5.0 AppleWebKit/537.36 (KHTML, like Gecko; compatible; GPTBot/1.2; +https://openai.com/gptbot)"
20.171.207.11 - - [15/Aug/2025:07:18:20 -0300] "GET /089046125.htm HTTP/2.0" 200 - "-" "Mozilla/5.0 AppleWebKit/537.36 (KHTML, like Gecko; compatible; GPTBot/1.2; +https://openai.com/gptbot)"
20.171.207.11 - - [15/Aug/2025:07:18:23 -0300] "GET /059045267.htm HTTP/2.0" 200 - "-" "Mozilla/5.0 AppleWebKit/537.36 (KHTML, like Gecko; compatible; GPTBot/1.2; +https://openai.com/gptbot)"
20.171.207.11 - - [15/Aug/2025:07:18:26 -0300] "GET /023037465.htm HTTP/2.0" 200 - "-" "Mozilla/5.0 AppleWebKit/537.36 (KHTML, like Gecko; compatible; GPTBot/1.2; +https://openai.com/gptbot)"
217.113.194.246 - - [15/Aug/2025:07:18:28 -0300] "GET /admin/media/ckeditor/plugins/wsc/dialogs/?C=D;O=D HTTP/1.1" 200 1593 "-" "Mozilla/5.0 (compatible; Barkrowler/0.9; +https://babbar.tech/crawler)"
20.171.207.11 - - [15/Aug/2025:07:18:29 -0300] "GET /012027564.htm HTTP/2.0" 200 - "-" "Mozilla/5.0 AppleWebKit/537.36 (KHTML, like Gecko; compatible; GPTBot/1.2; +https://openai.com/gptbot)"
20.171.207.11 - - [15/Aug/2025:07:18:32 -0300] "GET /073043125.htm HTTP/2.0" 200 - "-" "Mozilla/5.0 AppleWebKit/537.36 (KHTML, like Gecko; compatible; GPTBot/1.2; +https://openai.com/gptbot)"
217.113.194.83 - - [15/Aug/2025:07:18:34 -0300] "GET /admin/media/font-awesome-4.1.0/scss/_spinning.scss HTTP/1.1" 200 612 "-" "Mozilla/5.0 (compatible; Barkrowler/0.9; +https://babbar.tech/crawler)"
20.171.207.11 - - [15/Aug/2025:07:18:34 -0300] "GET /045018769.htm HTTP/2.0" 200 - "-" "Mozilla/5.0 AppleWebKit/537.36 (KHTML, like Gecko; compatible; GPTBot/1.2; +https://openai.com/gptbot)"
20.171.207.11 - - [15/Aug/2025:07:18:37 -0300] "GET /037015621.htm HTTP/2.0" 200 - "-" "Mozilla/5.0 AppleWebKit/537.36 (KHTML, like Gecko; compatible; GPTBot/1.2; +https://openai.com/gptbot)"
20.171.207.11 - - [15/Aug/2025:07:18:39 -0300] "GET /025013763.htm HTTP/2.0" 200 - "-" "Mozilla/5.0 AppleWebKit/537.36 (KHTML, like Gecko; compatible; GPTBot/1.2; +https://openai.com/gptbot)"
20.171.207.11 - - [15/Aug/2025:07:18:42 -0300] "GET /019027183.htm HTTP/2.0" 200 - "-" "Mozilla/5.0 AppleWebKit/537.36 (KHTML, like Gecko; compatible; GPTBot/1.2; +https://openai.com/gptbot)"
20.171.207.11 - - [15/Aug/2025:07:18:44 -0300] "GET /097048535.htm HTTP/2.0" 200 - "-" "Mozilla/5.0 AppleWebKit/537.36 (KHTML, like Gecko; compatible; GPTBot/1.2; +https://openai.com/gptbot)"
20.171.207.11 - - [15/Aug/2025:07:18:47 -0300] "GET /089043697.htm HTTP/2.0" 200 - "-" "Mozilla/5.0 AppleWebKit/537.36 (KHTML, like Gecko; compatible; GPTBot/1.2; +https://openai.com/gptbot)"
20.171.207.11 - - [15/Aug/2025:07:18:50 -0300] "GET /065011279.htm HTTP/2.0" 200 - "-" "Mozilla/5.0 AppleWebKit/537.36 (KHTML, like Gecko; compatible; GPTBot/1.2; +https://openai.com/gptbot)"
20.171.207.11 - - [15/Aug/2025:07:18:53 -0300] "GET /093046557.htm HTTP/2.0" 200 - "-" "Mozilla/5.0 AppleWebKit/537.36 (KHTML, like Gecko; compatible; GPTBot/1.2; +https://openai.com/gptbot)"
217.113.194.91 - - [15/Aug/2025:07:18:55 -0300] "GET /admin/media/ckeditor/plugins/wsc/dialogs/?C=M;O=D HTTP/1.1" 200 1593 "-" "Mozilla/5.0 (compatible; Barkrowler/0.9; +https://babbar.tech/crawler)"
20.171.207.11 - - [15/Aug/2025:07:18:57 -0300] "GET /085032143.htm HTTP/2.0" 200 - "-" "Mozilla/5.0 AppleWebKit/537.36 (KHTML, like Gecko; compatible; GPTBot/1.2; +https://openai.com/gptbot)"
20.171.207.11 - - [15/Aug/2025:07:19:00 -0300] "GET /063049523.htm HTTP/2.0" 200 - "-" "Mozilla/5.0 AppleWebKit/537.36 (KHTML, like Gecko; compatible; GPTBot/1.2; +https://openai.com/gptbot)"
20.171.207.11 - - [15/Aug/2025:07:19:02 -0300] "GET /026013792.htm HTTP/2.0" 200 - "-" "Mozilla/5.0 AppleWebKit/537.36 (KHTML, like Gecko; compatible; GPTBot/1.2; +https://openai.com/gptbot)"
217.113.194.83 - - [15/Aug/2025:07:19:03 -0300] "GET /admin/media/font-awesome-4.1.0/scss/_mixins.scss HTTP/1.1" 200 931 "-" "Mozilla/5.0 (compatible; Barkrowler/0.9; +https://babbar.tech/crawler)"
20.171.207.11 - - [15/Aug/2025:07:19:04 -0300] "GET /069031757.htm HTTP/2.0" 200 - "-" "Mozilla/5.0 AppleWebKit/537.36 (KHTML, like Gecko; compatible; GPTBot/1.2; +https://openai.com/gptbot)"
20.171.207.11 - - [15/Aug/2025:07:19:07 -0300] "GET /035027687.htm HTTP/2.0" 200 - "-" "Mozilla/5.0 AppleWebKit/537.36 (KHTML, like Gecko; compatible; GPTBot/1.2; +https://openai.com/gptbot)"
20.171.207.11 - - [15/Aug/2025:07:19:10 -0300] "GET /096044382.htm HTTP/2.0" 200 - "-" "Mozilla/5.0 AppleWebKit/537.36 (KHTML, like Gecko; compatible; GPTBot/1.2; +https://openai.com/gptbot)"
20.171.207.11 - - [15/Aug/2025:07:19:12 -0300] "GET /069011253.htm HTTP/2.0" 200 - "-" "Mozilla/5.0 AppleWebKit/537.36 (KHTML, like Gecko; compatible; GPTBot/1.2; +https://openai.com/gptbot)"
20.171.207.11 - - [15/Aug/2025:07:19:16 -0300] "GET /076028554.htm HTTP/2.0" 200 - "-" "Mozilla/5.0 AppleWebKit/537.36 (KHTML, like Gecko; compatible; GPTBot/1.2; +https://openai.com/gptbot)"
20.171.207.11 - - [15/Aug/2025:07:19:18 -0300] "GET /067041753.htm HTTP/2.0" 200 - "-" "Mozilla/5.0 AppleWebKit/537.36 (KHTML, like Gecko; compatible; GPTBot/1.2; +https://openai.com/gptbot)"
20.171.207.11 - - [15/Aug/2025:07:19:22 -0300] "GET /025043491.htm HTTP/2.0" 200 - "-" "Mozilla/5.0 AppleWebKit/537.36 (KHTML, like Gecko; compatible; GPTBot/1.2; +https://openai.com/gptbot)"
20.171.207.11 - - [15/Aug/2025:07:19:24 -0300] "GET /075012243.htm HTTP/2.0" 200 - "-" "Mozilla/5.0 AppleWebKit/537.36 (KHTML, like Gecko; compatible; GPTBot/1.2; +https://openai.com/gptbot)"
20.171.207.11 - - [15/Aug/2025:07:19:26 -0300] "GET /091025623.htm HTTP/2.0" 200 - "-" "Mozilla/5.0 AppleWebKit/537.36 (KHTML, like Gecko; compatible; GPTBot/1.2; +https://openai.com/gptbot)"
217.113.194.89 - - [15/Aug/2025:07:19:26 -0300] "GET /admin/media/ckeditor/plugins/wsc/dialogs/?C=S;O=D HTTP/1.1" 200 1593 "-" "Mozilla/5.0 (compatible; Barkrowler/0.9; +https://babbar.tech/crawler)"
20.171.207.11 - - [15/Aug/2025:07:19:29 -0300] "GET /066025794.htm HTTP/2.0" 200 - "-" "Mozilla/5.0 AppleWebKit/537.36 (KHTML, like Gecko; compatible; GPTBot/1.2; +https://openai.com/gptbot)"
20.171.207.11 - - [15/Aug/2025:07:19:31 -0300] "GET /066039128.htm HTTP/2.0" 200 - "-" "Mozilla/5.0 AppleWebKit/537.36 (KHTML, like Gecko; compatible; GPTBot/1.2; +https://openai.com/gptbot)"
217.113.194.82 - - [15/Aug/2025:07:19:34 -0300] "GET /admin/media/font-awesome-4.1.0/scss/_variables.scss HTTP/1.1" 200 16153 "-" "Mozilla/5.0 (compatible; Barkrowler/0.9; +https://babbar.tech/crawler)"
20.171.207.11 - - [15/Aug/2025:07:19:34 -0300] "GET /019014527.htm HTTP/2.0" 200 - "-" "Mozilla/5.0 AppleWebKit/537.36 (KHTML, like Gecko; compatible; GPTBot/1.2; +https://openai.com/gptbot)"
20.171.207.11 - - [15/Aug/2025:07:19:37 -0300] "GET /053019567.htm HTTP/2.0" 200 - "-" "Mozilla/5.0 AppleWebKit/537.36 (KHTML, like Gecko; compatible; GPTBot/1.2; +https://openai.com/gptbot)"
20.171.207.11 - - [15/Aug/2025:07:19:39 -0300] "GET /027011389.htm HTTP/2.0" 200 - "-" "Mozilla/5.0 AppleWebKit/537.36 (KHTML, like Gecko; compatible; GPTBot/1.2; +https://openai.com/gptbot)"
20.171.207.11 - - [15/Aug/2025:07:19:41 -0300] "GET /096029384.htm HTTP/2.0" 200 - "-" "Mozilla/5.0 AppleWebKit/537.36 (KHTML, like Gecko; compatible; GPTBot/1.2; +https://openai.com/gptbot)"
20.171.207.11 - - [15/Aug/2025:07:19:44 -0300] "GET /095016827.htm HTTP/2.0" 200 - "-" "Mozilla/5.0 AppleWebKit/537.36 (KHTML, like Gecko; compatible; GPTBot/1.2; +https://openai.com/gptbot)"
20.171.207.11 - - [15/Aug/2025:07:19:47 -0300] "GET /059014297.htm HTTP/2.0" 200 - "-" "Mozilla/5.0 AppleWebKit/537.36 (KHTML, like Gecko; compatible; GPTBot/1.2; +https://openai.com/gptbot)"
20.171.207.11 - - [15/Aug/2025:07:19:50 -0300] "GET /078049862.htm HTTP/2.0" 200 - "-" "Mozilla/5.0 AppleWebKit/537.36 (KHTML, like Gecko; compatible; GPTBot/1.2; +https://openai.com/gptbot)"
20.171.207.11 - - [15/Aug/2025:07:19:52 -0300] "GET /025048783.htm HTTP/2.0" 200 - "-" "Mozilla/5.0 AppleWebKit/537.36 (KHTML, like Gecko; compatible; GPTBot/1.2; +https://openai.com/gptbot)"
20.171.207.11 - - [15/Aug/2025:07:19:55 -0300] "GET /039025771.htm HTTP/2.0" 200 - "-" "Mozilla/5.0 AppleWebKit/537.36 (KHTML, like Gecko; compatible; GPTBot/1.2; +https://openai.com/gptbot)"
217.113.194.89 - - [15/Aug/2025:07:19:55 -0300] "GET /admin/media/ckeditor/plugins/wsc/dialogs/?C=N;O=A HTTP/1.1" 200 1593 "-" "Mozilla/5.0 (compatible; Barkrowler/0.9; +https://babbar.tech/crawler)"
20.171.207.11 - - [15/Aug/2025:07:19:58 -0300] "GET /053026975.htm HTTP/2.0" 200 - "-" "Mozilla/5.0 AppleWebKit/537.36 (KHTML, like Gecko; compatible; GPTBot/1.2; +https://openai.com/gptbot)"
20.171.207.11 - - [15/Aug/2025:07:20:02 -0300] "GET /074025146.htm HTTP/2.0" 200 - "-" "Mozilla/5.0 AppleWebKit/537.36 (KHTML, like Gecko; compatible; GPTBot/1.2; +https://openai.com/gptbot)"
217.113.194.83 - - [15/Aug/2025:07:20:03 -0300] "GET /admin/media/font-awesome-4.1.0/less/fixed-width.less HTTP/1.1" 200 125 "-" "Mozilla/5.0 (compatible; Barkrowler/0.9; +https://babbar.tech/crawler)"
20.171.207.11 - - [15/Aug/2025:07:20:05 -0300] "GET /021049617.htm HTTP/2.0" 200 - "-" "Mozilla/5.0 AppleWebKit/537.36 (KHTML, like Gecko; compatible; GPTBot/1.2; +https://openai.com/gptbot)"
20.171.207.11 - - [15/Aug/2025:07:20:08 -0300] "GET /019028535.htm HTTP/2.0" 200 - "-" "Mozilla/5.0 AppleWebKit/537.36 (KHTML, like Gecko; compatible; GPTBot/1.2; +https://openai.com/gptbot)"
20.171.207.11 - - [15/Aug/2025:07:20:10 -0300] "GET /092014876.htm HTTP/2.0" 200 - "-" "Mozilla/5.0 AppleWebKit/537.36 (KHTML, like Gecko; compatible; GPTBot/1.2; +https://openai.com/gptbot)"
20.171.207.11 - - [15/Aug/2025:07:20:13 -0300] "GET /065028369.htm HTTP/2.0" 200 - "-" "Mozilla/5.0 AppleWebKit/537.36 (KHTML, like Gecko; compatible; GPTBot/1.2; +https://openai.com/gptbot)"
20.171.207.11 - - [15/Aug/2025:07:20:16 -0300] "GET /069038195.htm HTTP/2.0" 200 - "-" "Mozilla/5.0 AppleWebKit/537.36 (KHTML, like Gecko; compatible; GPTBot/1.2; +https://openai.com/gptbot)"
20.171.207.11 - - [15/Aug/2025:07:20:18 -0300] "GET /049038675.htm HTTP/2.0" 200 - "-" "Mozilla/5.0 AppleWebKit/537.36 (KHTML, like Gecko; compatible; GPTBot/1.2; +https://openai.com/gptbot)"
20.171.207.11 - - [15/Aug/2025:07:20:22 -0300] "GET /081049693.htm HTTP/2.0" 200 - "-" "Mozilla/5.0 AppleWebKit/537.36 (KHTML, like Gecko; compatible; GPTBot/1.2; +https://openai.com/gptbot)"
217.113.194.220 - - [15/Aug/2025:07:20:25 -0300] "GET /admin/media/ckeditor/plugins/pagebreak/images/?C=D;O=D HTTP/1.1" 200 900 "-" "Mozilla/5.0 (compatible; Barkrowler/0.9; +https://babbar.tech/crawler)"
20.171.207.11 - - [15/Aug/2025:07:20:25 -0300] "GET /013046273.htm HTTP/2.0" 200 - "-" "Mozilla/5.0 AppleWebKit/537.36 (KHTML, like Gecko; compatible; GPTBot/1.2; +https://openai.com/gptbot)"
20.171.207.11 - - [15/Aug/2025:07:20:28 -0300] "GET /016035722.htm HTTP/2.0" 200 - "-" "Mozilla/5.0 AppleWebKit/537.36 (KHTML, like Gecko; compatible; GPTBot/1.2; +https://openai.com/gptbot)"
20.171.207.11 - - [15/Aug/2025:07:20:30 -0300] "GET /053042693.htm HTTP/2.0" 200 - "-" "Mozilla/5.0 AppleWebKit/537.36 (KHTML, like Gecko; compatible; GPTBot/1.2; +https://openai.com/gptbot)"
217.113.194.91 - - [15/Aug/2025:07:20:32 -0300] "GET /admin/media/font-awesome-4.1.0/less/font-awesome.less HTTP/1.1" 200 482 "-" "Mozilla/5.0 (compatible; Barkrowler/0.9; +https://babbar.tech/crawler)"
20.171.207.11 - - [15/Aug/2025:07:20:33 -0300] "GET /063015845.htm HTTP/2.0" 200 - "-" "Mozilla/5.0 AppleWebKit/537.36 (KHTML, like Gecko; compatible; GPTBot/1.2; +https://openai.com/gptbot)"
20.171.207.11 - - [15/Aug/2025:07:20:35 -0300] "GET /074013916.htm HTTP/2.0" 200 - "-" "Mozilla/5.0 AppleWebKit/537.36 (KHTML, like Gecko; compatible; GPTBot/1.2; +https://openai.com/gptbot)"
20.171.207.11 - - [15/Aug/2025:07:20:38 -0300] "GET /069049127.htm HTTP/2.0" 200 - "-" "Mozilla/5.0 AppleWebKit/537.36 (KHTML, like Gecko; compatible; GPTBot/1.2; +https://openai.com/gptbot)"
20.171.207.11 - - [15/Aug/2025:07:20:41 -0300] "GET /089043579.htm HTTP/2.0" 200 - "-" "Mozilla/5.0 AppleWebKit/537.36 (KHTML, like Gecko; compatible; GPTBot/1.2; +https://openai.com/gptbot)"
20.171.207.11 - - [15/Aug/2025:07:20:44 -0300] "GET /019035785.htm HTTP/2.0" 200 - "-" "Mozilla/5.0 AppleWebKit/537.36 (KHTML, like Gecko; compatible; GPTBot/1.2; +https://openai.com/gptbot)"
20.171.207.11 - - [15/Aug/2025:07:20:46 -0300] "GET /036019384.htm HTTP/2.0" 200 - "-" "Mozilla/5.0 AppleWebKit/537.36 (KHTML, like Gecko; compatible; GPTBot/1.2; +https://openai.com/gptbot)"
20.171.207.11 - - [15/Aug/2025:07:20:48 -0300] "GET /077024385.htm HTTP/2.0" 200 - "-" "Mozilla/5.0 AppleWebKit/537.36 (KHTML, like Gecko; compatible; GPTBot/1.2; +https://openai.com/gptbot)"
20.171.207.11 - - [15/Aug/2025:07:20:52 -0300] "GET /094021846.htm HTTP/2.0" 200 - "-" "Mozilla/5.0 AppleWebKit/537.36 (KHTML, like Gecko; compatible; GPTBot/1.2; +https://openai.com/gptbot)"
217.113.194.88 - - [15/Aug/2025:07:20:53 -0300] "GET /admin/media/ckeditor/plugins/magicline/images/hidpi/?C=D;O=A HTTP/1.1" 200 1094 "-" "Mozilla/5.0 (compatible; Barkrowler/0.9; +https://babbar.tech/crawler)"
20.171.207.11 - - [15/Aug/2025:07:20:54 -0300] "GET /089012263.htm HTTP/2.0" 200 - "-" "Mozilla/5.0 AppleWebKit/537.36 (KHTML, like Gecko; compatible; GPTBot/1.2; +https://openai.com/gptbot)"
20.171.207.11 - - [15/Aug/2025:07:20:58 -0300] "GET /059042347.htm HTTP/2.0" 200 - "-" "Mozilla/5.0 AppleWebKit/537.36 (KHTML, like Gecko; compatible; GPTBot/1.2; +https://openai.com/gptbot)"
20.171.207.11 - - [15/Aug/2025:07:21:01 -0300] "GET /032019978.htm HTTP/2.0" 200 - "-" "Mozilla/5.0 AppleWebKit/537.36 (KHTML, like Gecko; compatible; GPTBot/1.2; +https://openai.com/gptbot)"
