20.171.207.11 - - [15/Aug/2025:06:25:10 -0300] "GET /005026891.htm HTTP/2.0" 200 - "-" "Mozilla/5.0 AppleWebKit/537.36 (KHTML, like Gecko; compatible; GPTBot/1.2; +https://openai.com/gptbot)"
20.171.207.11 - - [15/Aug/2025:06:25:12 -0300] "GET /082024314.htm HTTP/2.0" 200 - "-" "Mozilla/5.0 AppleWebKit/537.36 (KHTML, like Gecko; compatible; GPTBot/1.2; +https://openai.com/gptbot)"
20.171.207.11 - - [15/Aug/2025:06:25:14 -0300] "GET /067041469.htm HTTP/2.0" 200 - "-" "Mozilla/5.0 AppleWebKit/537.36 (KHTML, like Gecko; compatible; GPTBot/1.2; +https://openai.com/gptbot)"
20.171.207.11 - - [15/Aug/2025:06:25:16 -0300] "GET /078024118.htm HTTP/2.0" 200 - "-" "Mozilla/5.0 AppleWebKit/537.36 (KHTML, like Gecko; compatible; GPTBot/1.2; +https://openai.com/gptbot)"
20.171.207.11 - - [15/Aug/2025:06:25:18 -0300] "GET /061022563.htm HTTP/2.0" 200 - "-" "Mozilla/5.0 AppleWebKit/537.36 (KHTML, like Gecko; compatible; GPTBot/1.2; +https://openai.com/gptbot)"
20.171.207.11 - - [15/Aug/2025:06:25:20 -0300] "GET /018004932.htm HTTP/2.0" 200 - "-" "Mozilla/5.0 AppleWebKit/537.36 (KHTML, like Gecko; compatible; GPTBot/1.2; +https://openai.com/gptbot)"
20.171.207.11 - - [15/Aug/2025:06:25:22 -0300] "GET /034015092.htm HTTP/2.0" 200 - "-" "Mozilla/5.0 AppleWebKit/537.36 (KHTML, like Gecko; compatible; GPTBot/1.2; +https://openai.com/gptbot)"
20.171.207.11 - - [15/Aug/2025:06:25:23 -0300] "GET /029023695.htm HTTP/2.0" 200 - "-" "Mozilla/5.0 AppleWebKit/537.36 (KHTML, like Gecko; compatible; GPTBot/1.2; +https://openai.com/gptbot)"
20.171.207.11 - - [15/Aug/2025:06:25:25 -0300] "GET /018035434.htm HTTP/2.0" 200 - "-" "Mozilla/5.0 AppleWebKit/537.36 (KHTML, like Gecko; compatible; GPTBot/1.2; +https://openai.com/gptbot)"
20.171.207.11 - - [15/Aug/2025:06:25:27 -0300] "GET /066048412.htm HTTP/2.0" 200 - "-" "Mozilla/5.0 AppleWebKit/537.36 (KHTML, like Gecko; compatible; GPTBot/1.2; +https://openai.com/gptbot)"
217.113.194.220 - - [15/Aug/2025:06:25:28 -0300] "GET /admin/media/Highcharts-4.1.9/api/images/splash.svg HTTP/1.1" 200 31530 "-" "Mozilla/5.0 (compatible; Barkrowler/0.9; +https://babbar.tech/crawler)"
20.171.207.11 - - [15/Aug/2025:06:25:28 -0300] "GET /034022766.htm HTTP/2.0" 200 - "-" "Mozilla/5.0 AppleWebKit/537.36 (KHTML, like Gecko; compatible; GPTBot/1.2; +https://openai.com/gptbot)"
20.171.207.11 - - [15/Aug/2025:06:25:30 -0300] "GET /066027174.htm HTTP/2.0" 200 - "-" "Mozilla/5.0 AppleWebKit/537.36 (KHTML, like Gecko; compatible; GPTBot/1.2; +https://openai.com/gptbot)"
20.171.207.11 - - [15/Aug/2025:06:25:32 -0300] "GET /012023814.htm HTTP/2.0" 200 - "-" "Mozilla/5.0 AppleWebKit/537.36 (KHTML, like Gecko; compatible; GPTBot/1.2; +https://openai.com/gptbot)"
20.171.207.11 - - [15/Aug/2025:06:25:33 -0300] "GET /074021882.htm HTTP/2.0" 200 - "-" "Mozilla/5.0 AppleWebKit/537.36 (KHTML, like Gecko; compatible; GPTBot/1.2; +https://openai.com/gptbot)"
20.171.207.11 - - [15/Aug/2025:06:25:35 -0300] "GET /084016516.htm HTTP/2.0" 200 - "-" "Mozilla/5.0 AppleWebKit/537.36 (KHTML, like Gecko; compatible; GPTBot/1.2; +https://openai.com/gptbot)"
20.171.207.11 - - [15/Aug/2025:06:25:37 -0300] "GET /035023441.htm HTTP/2.0" 200 - "-" "Mozilla/5.0 AppleWebKit/537.36 (KHTML, like Gecko; compatible; GPTBot/1.2; +https://openai.com/gptbot)"
217.113.194.90 - - [15/Aug/2025:06:25:37 -0300] "GET /admin/media/ckeditor/plugins/templates/templates/images/?C=S;O=D HTTP/1.1" 200 1292 "-" "Mozilla/5.0 (compatible; Barkrowler/0.9; +https://babbar.tech/crawler)"
20.171.207.11 - - [15/Aug/2025:06:25:38 -0300] "GET /061047631.htm HTTP/2.0" 200 - "-" "Mozilla/5.0 AppleWebKit/537.36 (KHTML, like Gecko; compatible; GPTBot/1.2; +https://openai.com/gptbot)"
20.171.207.11 - - [15/Aug/2025:06:25:40 -0300] "GET /095034207.htm HTTP/2.0" 200 - "-" "Mozilla/5.0 AppleWebKit/537.36 (KHTML, like Gecko; compatible; GPTBot/1.2; +https://openai.com/gptbot)"
20.171.207.11 - - [15/Aug/2025:06:25:42 -0300] "GET /047048681.htm HTTP/2.0" 200 - "-" "Mozilla/5.0 AppleWebKit/537.36 (KHTML, like Gecko; compatible; GPTBot/1.2; +https://openai.com/gptbot)"
20.171.207.11 - - [15/Aug/2025:06:25:44 -0300] "GET /035039169.htm HTTP/2.0" 200 - "-" "Mozilla/5.0 AppleWebKit/537.36 (KHTML, like Gecko; compatible; GPTBot/1.2; +https://openai.com/gptbot)"
20.171.207.11 - - [15/Aug/2025:06:25:45 -0300] "GET /023035427.htm HTTP/2.0" 200 - "-" "Mozilla/5.0 AppleWebKit/537.36 (KHTML, like Gecko; compatible; GPTBot/1.2; +https://openai.com/gptbot)"
20.171.207.11 - - [15/Aug/2025:06:25:46 -0300] "GET /085035793.htm HTTP/2.0" 200 - "-" "Mozilla/5.0 AppleWebKit/537.36 (KHTML, like Gecko; compatible; GPTBot/1.2; +https://openai.com/gptbot)"
20.171.207.11 - - [15/Aug/2025:06:25:48 -0300] "GET /058045974.htm HTTP/2.0" 200 - "-" "Mozilla/5.0 AppleWebKit/537.36 (KHTML, like Gecko; compatible; GPTBot/1.2; +https://openai.com/gptbot)"
20.171.207.11 - - [15/Aug/2025:06:25:50 -0300] "GET /091035449.htm HTTP/2.0" 200 - "-" "Mozilla/5.0 AppleWebKit/537.36 (KHTML, like Gecko; compatible; GPTBot/1.2; +https://openai.com/gptbot)"
20.171.207.11 - - [15/Aug/2025:06:25:52 -0300] "GET /065004123.htm HTTP/2.0" 200 - "-" "Mozilla/5.0 AppleWebKit/537.36 (KHTML, like Gecko; compatible; GPTBot/1.2; +https://openai.com/gptbot)"
20.171.207.11 - - [15/Aug/2025:06:25:53 -0300] "GET /053029795.htm HTTP/2.0" 200 - "-" "Mozilla/5.0 AppleWebKit/537.36 (KHTML, like Gecko; compatible; GPTBot/1.2; +https://openai.com/gptbot)"
20.171.207.11 - - [15/Aug/2025:06:25:55 -0300] "GET /083031417.htm HTTP/2.0" 200 - "-" "Mozilla/5.0 AppleWebKit/537.36 (KHTML, like Gecko; compatible; GPTBot/1.2; +https://openai.com/gptbot)"
20.171.207.11 - - [15/Aug/2025:06:25:56 -0300] "GET /091023189.htm HTTP/2.0" 200 - "-" "Mozilla/5.0 AppleWebKit/537.36 (KHTML, like Gecko; compatible; GPTBot/1.2; +https://openai.com/gptbot)"
20.171.207.11 - - [15/Aug/2025:06:25:58 -0300] "GET /075026263.htm HTTP/2.0" 200 - "-" "Mozilla/5.0 AppleWebKit/537.36 (KHTML, like Gecko; compatible; GPTBot/1.2; +https://openai.com/gptbot)"
20.171.207.11 - - [15/Aug/2025:06:25:59 -0300] "GET /021035069.htm HTTP/2.0" 200 - "-" "Mozilla/5.0 AppleWebKit/537.36 (KHTML, like Gecko; compatible; GPTBot/1.2; +https://openai.com/gptbot)"
20.171.207.11 - - [15/Aug/2025:06:26:00 -0300] "GET /082041158.htm HTTP/2.0" 200 - "-" "Mozilla/5.0 AppleWebKit/537.36 (KHTML, like Gecko; compatible; GPTBot/1.2; +https://openai.com/gptbot)"
20.171.207.11 - - [15/Aug/2025:06:26:02 -0300] "GET /001045723.htm HTTP/2.0" 200 - "-" "Mozilla/5.0 AppleWebKit/537.36 (KHTML, like Gecko; compatible; GPTBot/1.2; +https://openai.com/gptbot)"
154.54.249.201 - - [15/Aug/2025:06:26:02 -0300] "GET /admin/media/Highcharts-4.1.9/examples/polygon/?C=D;O=A HTTP/1.1" 200 895 "-" "Mozilla/5.0 (compatible; Barkrowler/0.9; +https://babbar.tech/crawler)"
20.171.207.11 - - [15/Aug/2025:06:26:04 -0300] "GET /087043741.htm HTTP/2.0" 200 - "-" "Mozilla/5.0 AppleWebKit/537.36 (KHTML, like Gecko; compatible; GPTBot/1.2; +https://openai.com/gptbot)"
20.171.207.11 - - [15/Aug/2025:06:26:06 -0300] "GET /052043774.htm HTTP/2.0" 200 - "-" "Mozilla/5.0 AppleWebKit/537.36 (KHTML, like Gecko; compatible; GPTBot/1.2; +https://openai.com/gptbot)"
20.171.207.11 - - [15/Aug/2025:06:26:07 -0300] "GET /034021806.htm HTTP/2.0" 200 - "-" "Mozilla/5.0 AppleWebKit/537.36 (KHTML, like Gecko; compatible; GPTBot/1.2; +https://openai.com/gptbot)"
20.171.207.11 - - [15/Aug/2025:06:26:09 -0300] "GET /069043087.htm HTTP/2.0" 200 - "-" "Mozilla/5.0 AppleWebKit/537.36 (KHTML, like Gecko; compatible; GPTBot/1.2; +https://openai.com/gptbot)"
20.171.207.11 - - [15/Aug/2025:06:26:10 -0300] "GET /062031172.htm HTTP/2.0" 200 - "-" "Mozilla/5.0 AppleWebKit/537.36 (KHTML, like Gecko; compatible; GPTBot/1.2; +https://openai.com/gptbot)"
217.113.194.86 - - [15/Aug/2025:06:26:12 -0300] "GET /admin/media/ckeditor/plugins/liststyle/?C=D;O=D HTTP/1.1" 200 871 "-" "Mozilla/5.0 (compatible; Barkrowler/0.9; +https://babbar.tech/crawler)"
20.171.207.11 - - [15/Aug/2025:06:26:12 -0300] "GET /096024974.htm HTTP/2.0" 200 - "-" "Mozilla/5.0 AppleWebKit/537.36 (KHTML, like Gecko; compatible; GPTBot/1.2; +https://openai.com/gptbot)"
20.171.207.11 - - [15/Aug/2025:06:26:14 -0300] "GET /016028892.htm HTTP/2.0" 200 - "-" "Mozilla/5.0 AppleWebKit/537.36 (KHTML, like Gecko; compatible; GPTBot/1.2; +https://openai.com/gptbot)"
20.171.207.11 - - [15/Aug/2025:06:26:15 -0300] "GET /058027786.htm HTTP/2.0" 200 - "-" "Mozilla/5.0 AppleWebKit/537.36 (KHTML, like Gecko; compatible; GPTBot/1.2; +https://openai.com/gptbot)"
20.171.207.11 - - [15/Aug/2025:06:26:17 -0300] "GET /086025564.htm HTTP/2.0" 200 - "-" "Mozilla/5.0 AppleWebKit/537.36 (KHTML, like Gecko; compatible; GPTBot/1.2; +https://openai.com/gptbot)"
20.171.207.11 - - [15/Aug/2025:06:26:18 -0300] "GET /053026091.htm HTTP/2.0" 200 - "-" "Mozilla/5.0 AppleWebKit/537.36 (KHTML, like Gecko; compatible; GPTBot/1.2; +https://openai.com/gptbot)"
20.171.207.11 - - [15/Aug/2025:06:26:20 -0300] "GET /087019139.htm HTTP/2.0" 200 - "-" "Mozilla/5.0 AppleWebKit/537.36 (KHTML, like Gecko; compatible; GPTBot/1.2; +https://openai.com/gptbot)"
20.171.207.11 - - [15/Aug/2025:06:26:22 -0300] "GET /025029737.htm HTTP/2.0" 200 - "-" "Mozilla/5.0 AppleWebKit/537.36 (KHTML, like Gecko; compatible; GPTBot/1.2; +https://openai.com/gptbot)"
20.171.207.11 - - [15/Aug/2025:06:26:24 -0300] "GET /048028914.htm HTTP/2.0" 200 - "-" "Mozilla/5.0 AppleWebKit/537.36 (KHTML, like Gecko; compatible; GPTBot/1.2; +https://openai.com/gptbot)"
20.171.207.11 - - [15/Aug/2025:06:26:26 -0300] "GET /031042523.htm HTTP/2.0" 200 - "-" "Mozilla/5.0 AppleWebKit/537.36 (KHTML, like Gecko; compatible; GPTBot/1.2; +https://openai.com/gptbot)"
20.171.207.11 - - [15/Aug/2025:06:26:27 -0300] "GET /074015830.htm HTTP/2.0" 200 - "-" "Mozilla/5.0 AppleWebKit/537.36 (KHTML, like Gecko; compatible; GPTBot/1.2; +https://openai.com/gptbot)"
20.171.207.11 - - [15/Aug/2025:06:26:29 -0300] "GET /023041943.htm HTTP/2.0" 200 - "-" "Mozilla/5.0 AppleWebKit/537.36 (KHTML, like Gecko; compatible; GPTBot/1.2; +https://openai.com/gptbot)"
20.171.207.11 - - [15/Aug/2025:06:26:30 -0300] "GET /067049501.htm HTTP/2.0" 200 - "-" "Mozilla/5.0 AppleWebKit/537.36 (KHTML, like Gecko; compatible; GPTBot/1.2; +https://openai.com/gptbot)"
20.171.207.11 - - [15/Aug/2025:06:26:32 -0300] "GET /052001768.htm HTTP/2.0" 200 - "-" "Mozilla/5.0 AppleWebKit/537.36 (KHTML, like Gecko; compatible; GPTBot/1.2; +https://openai.com/gptbot)"
20.171.207.11 - - [15/Aug/2025:06:26:34 -0300] "GET /057025243.htm HTTP/2.0" 200 - "-" "Mozilla/5.0 AppleWebKit/537.36 (KHTML, like Gecko; compatible; GPTBot/1.2; +https://openai.com/gptbot)"
20.171.207.11 - - [15/Aug/2025:06:26:36 -0300] "GET /073049387.htm HTTP/2.0" 200 - "-" "Mozilla/5.0 AppleWebKit/537.36 (KHTML, like Gecko; compatible; GPTBot/1.2; +https://openai.com/gptbot)"
20.171.207.11 - - [15/Aug/2025:06:26:37 -0300] "GET /072010946.htm HTTP/2.0" 200 - "-" "Mozilla/5.0 AppleWebKit/537.36 (KHTML, like Gecko; compatible; GPTBot/1.2; +https://openai.com/gptbot)"
217.113.194.83 - - [15/Aug/2025:06:26:38 -0300] "GET /admin/media/Highcharts-4.1.9/examples/polygon/?C=M;O=A HTTP/1.1" 200 895 "-" "Mozilla/5.0 (compatible; Barkrowler/0.9; +https://babbar.tech/crawler)"
20.171.207.11 - - [15/Aug/2025:06:26:38 -0300] "GET /089029511.htm HTTP/2.0" 200 - "-" "Mozilla/5.0 AppleWebKit/537.36 (KHTML, like Gecko; compatible; GPTBot/1.2; +https://openai.com/gptbot)"
20.171.207.11 - - [15/Aug/2025:06:26:40 -0300] "GET /077021523.htm HTTP/2.0" 200 - "-" "Mozilla/5.0 AppleWebKit/537.36 (KHTML, like Gecko; compatible; GPTBot/1.2; +https://openai.com/gptbot)"
20.171.207.11 - - [15/Aug/2025:06:26:42 -0300] "GET /014015476.htm HTTP/2.0" 200 - "-" "Mozilla/5.0 AppleWebKit/537.36 (KHTML, like Gecko; compatible; GPTBot/1.2; +https://openai.com/gptbot)"
20.171.207.11 - - [15/Aug/2025:06:26:43 -0300] "GET /086035120.htm HTTP/2.0" 200 - "-" "Mozilla/5.0 AppleWebKit/537.36 (KHTML, like Gecko; compatible; GPTBot/1.2; +https://openai.com/gptbot)"
20.171.207.11 - - [15/Aug/2025:06:26:45 -0300] "GET /057013127.htm HTTP/2.0" 200 - "-" "Mozilla/5.0 AppleWebKit/537.36 (KHTML, like Gecko; compatible; GPTBot/1.2; +https://openai.com/gptbot)"
217.113.194.82 - - [15/Aug/2025:06:26:46 -0300] "GET /admin/media/ckeditor/plugins/a11yhelp/?C=M;O=D HTTP/1.1" 200 869 "-" "Mozilla/5.0 (compatible; Barkrowler/0.9; +https://babbar.tech/crawler)"
20.171.207.11 - - [15/Aug/2025:06:26:46 -0300] "GET /056049730.htm HTTP/2.0" 200 - "-" "Mozilla/5.0 AppleWebKit/537.36 (KHTML, like Gecko; compatible; GPTBot/1.2; +https://openai.com/gptbot)"
20.171.207.11 - - [15/Aug/2025:06:26:47 -0300] "GET /034019946.htm HTTP/2.0" 200 - "-" "Mozilla/5.0 AppleWebKit/537.36 (KHTML, like Gecko; compatible; GPTBot/1.2; +https://openai.com/gptbot)"
20.171.207.11 - - [15/Aug/2025:06:26:49 -0300] "GET /052014306.htm HTTP/2.0" 200 - "-" "Mozilla/5.0 AppleWebKit/537.36 (KHTML, like Gecko; compatible; GPTBot/1.2; +https://openai.com/gptbot)"
20.171.207.11 - - [15/Aug/2025:06:26:50 -0300] "GET /044038782.htm HTTP/2.0" 200 - "-" "Mozilla/5.0 AppleWebKit/537.36 (KHTML, like Gecko; compatible; GPTBot/1.2; +https://openai.com/gptbot)"
20.171.207.11 - - [15/Aug/2025:06:26:52 -0300] "GET /043048593.htm HTTP/2.0" 200 - "-" "Mozilla/5.0 AppleWebKit/537.36 (KHTML, like Gecko; compatible; GPTBot/1.2; +https://openai.com/gptbot)"
20.171.207.11 - - [15/Aug/2025:06:26:53 -0300] "GET /073012193.htm HTTP/2.0" 200 - "-" "Mozilla/5.0 AppleWebKit/537.36 (KHTML, like Gecko; compatible; GPTBot/1.2; +https://openai.com/gptbot)"
20.171.207.11 - - [15/Aug/2025:06:26:55 -0300] "GET /093017889.htm HTTP/2.0" 200 - "-" "Mozilla/5.0 AppleWebKit/537.36 (KHTML, like Gecko; compatible; GPTBot/1.2; +https://openai.com/gptbot)"
20.171.207.11 - - [15/Aug/2025:06:26:56 -0300] "GET /053031657.htm HTTP/2.0" 200 - "-" "Mozilla/5.0 AppleWebKit/537.36 (KHTML, like Gecko; compatible; GPTBot/1.2; +https://openai.com/gptbot)"
20.171.207.11 - - [15/Aug/2025:06:26:58 -0300] "GET /041027251.htm HTTP/2.0" 200 - "-" "Mozilla/5.0 AppleWebKit/537.36 (KHTML, like Gecko; compatible; GPTBot/1.2; +https://openai.com/gptbot)"
20.171.207.11 - - [15/Aug/2025:06:27:00 -0300] "GET /035011259.htm HTTP/2.0" 200 - "-" "Mozilla/5.0 AppleWebKit/537.36 (KHTML, like Gecko; compatible; GPTBot/1.2; +https://openai.com/gptbot)"
20.171.207.11 - - [15/Aug/2025:06:27:01 -0300] "GET /023029381.htm HTTP/2.0" 200 - "-" "Mozilla/5.0 AppleWebKit/537.36 (KHTML, like Gecko; compatible; GPTBot/1.2; +https://openai.com/gptbot)"
20.171.207.11 - - [15/Aug/2025:06:27:03 -0300] "GET /067039537.htm HTTP/2.0" 200 - "-" "Mozilla/5.0 AppleWebKit/537.36 (KHTML, like Gecko; compatible; GPTBot/1.2; +https://openai.com/gptbot)"
20.171.207.11 - - [15/Aug/2025:06:27:05 -0300] "GET /098010254.htm HTTP/2.0" 200 - "-" "Mozilla/5.0 AppleWebKit/537.36 (KHTML, like Gecko; compatible; GPTBot/1.2; +https://openai.com/gptbot)"
20.171.207.11 - - [15/Aug/2025:06:27:07 -0300] "GET /073036179.htm HTTP/2.0" 200 - "-" "Mozilla/5.0 AppleWebKit/537.36 (KHTML, like Gecko; compatible; GPTBot/1.2; +https://openai.com/gptbot)"
20.171.207.11 - - [15/Aug/2025:06:27:08 -0300] "GET /089037173.htm HTTP/2.0" 200 - "-" "Mozilla/5.0 AppleWebKit/537.36 (KHTML, like Gecko; compatible; GPTBot/1.2; +https://openai.com/gptbot)"
20.171.207.11 - - [15/Aug/2025:06:27:09 -0300] "GET /059014891.htm HTTP/2.0" 200 - "-" "Mozilla/5.0 AppleWebKit/537.36 (KHTML, like Gecko; compatible; GPTBot/1.2; +https://openai.com/gptbot)"
20.171.207.11 - - [15/Aug/2025:06:27:10 -0300] "GET /070023684.htm HTTP/2.0" 200 - "-" "Mozilla/5.0 AppleWebKit/537.36 (KHTML, like Gecko; compatible; GPTBot/1.2; +https://openai.com/gptbot)"
217.113.194.86 - - [15/Aug/2025:06:27:11 -0300] "GET /admin/media/Highcharts-4.1.9/examples/polygon/?C=S;O=A HTTP/1.1" 200 895 "-" "Mozilla/5.0 (compatible; Barkrowler/0.9; +https://babbar.tech/crawler)"
20.171.207.11 - - [15/Aug/2025:06:27:12 -0300] "GET /070038196.htm HTTP/2.0" 200 - "-" "Mozilla/5.0 AppleWebKit/537.36 (KHTML, like Gecko; compatible; GPTBot/1.2; +https://openai.com/gptbot)"
20.171.207.11 - - [15/Aug/2025:06:27:13 -0300] "GET /043032885.htm HTTP/2.0" 200 - "-" "Mozilla/5.0 AppleWebKit/537.36 (KHTML, like Gecko; compatible; GPTBot/1.2; +https://openai.com/gptbot)"
20.171.207.11 - - [15/Aug/2025:06:27:14 -0300] "GET /049029733.htm HTTP/2.0" 200 - "-" "Mozilla/5.0 AppleWebKit/537.36 (KHTML, like Gecko; compatible; GPTBot/1.2; +https://openai.com/gptbot)"
20.171.207.11 - - [15/Aug/2025:06:27:15 -0300] "GET /034011874.htm HTTP/2.0" 200 - "-" "Mozilla/5.0 AppleWebKit/537.36 (KHTML, like Gecko; compatible; GPTBot/1.2; +https://openai.com/gptbot)"
20.171.207.11 - - [15/Aug/2025:06:27:17 -0300] "GET /089024423.htm HTTP/2.0" 200 - "-" "Mozilla/5.0 AppleWebKit/537.36 (KHTML, like Gecko; compatible; GPTBot/1.2; +https://openai.com/gptbot)"
20.171.207.11 - - [15/Aug/2025:06:27:18 -0300] "GET /089036105.htm HTTP/2.0" 200 - "-" "Mozilla/5.0 AppleWebKit/537.36 (KHTML, like Gecko; compatible; GPTBot/1.2; +https://openai.com/gptbot)"
20.171.207.11 - - [15/Aug/2025:06:27:20 -0300] "GET /048023784.htm HTTP/2.0" 200 - "-" "Mozilla/5.0 AppleWebKit/537.36 (KHTML, like Gecko; compatible; GPTBot/1.2; +https://openai.com/gptbot)"
217.113.194.91 - - [15/Aug/2025:06:27:20 -0300] "GET /admin/media/ckeditor/plugins/a11yhelp/?C=S;O=D HTTP/1.1" 200 869 "-" "Mozilla/5.0 (compatible; Barkrowler/0.9; +https://babbar.tech/crawler)"
20.171.207.11 - - [15/Aug/2025:06:27:21 -0300] "GET /027028761.htm HTTP/2.0" 200 - "-" "Mozilla/5.0 AppleWebKit/537.36 (KHTML, like Gecko; compatible; GPTBot/1.2; +https://openai.com/gptbot)"
20.171.207.11 - - [15/Aug/2025:06:27:22 -0300] "GET /099012135.htm HTTP/2.0" 200 - "-" "Mozilla/5.0 AppleWebKit/537.36 (KHTML, like Gecko; compatible; GPTBot/1.2; +https://openai.com/gptbot)"
20.171.207.11 - - [15/Aug/2025:06:27:24 -0300] "GET /079029343.htm HTTP/2.0" 200 - "-" "Mozilla/5.0 AppleWebKit/537.36 (KHTML, like Gecko; compatible; GPTBot/1.2; +https://openai.com/gptbot)"
20.171.207.11 - - [15/Aug/2025:06:27:26 -0300] "GET /076033186.htm HTTP/2.0" 200 - "-" "Mozilla/5.0 AppleWebKit/537.36 (KHTML, like Gecko; compatible; GPTBot/1.2; +https://openai.com/gptbot)"
20.171.207.11 - - [15/Aug/2025:06:27:27 -0300] "GET /064037422.htm HTTP/2.0" 200 - "-" "Mozilla/5.0 AppleWebKit/537.36 (KHTML, like Gecko; compatible; GPTBot/1.2; +https://openai.com/gptbot)"
20.171.207.11 - - [15/Aug/2025:06:27:30 -0300] "GET /080017496.htm HTTP/2.0" 200 - "-" "Mozilla/5.0 AppleWebKit/537.36 (KHTML, like Gecko; compatible; GPTBot/1.2; +https://openai.com/gptbot)"
192.178.6.65 - - [15/Aug/2025:06:27:30 -0300] "GET /60eb HTTP/2.0" 200 558582 "-" "Googlebot-Image/1.0"
20.171.207.11 - - [15/Aug/2025:06:27:32 -0300] "GET /015037581.htm HTTP/2.0" 200 - "-" "Mozilla/5.0 AppleWebKit/537.36 (KHTML, like Gecko; compatible; GPTBot/1.2; +https://openai.com/gptbot)"
20.171.207.11 - - [15/Aug/2025:06:27:34 -0300] "GET /056001784.htm HTTP/2.0" 200 - "-" "Mozilla/5.0 AppleWebKit/537.36 (KHTML, like Gecko; compatible; GPTBot/1.2; +https://openai.com/gptbot)"
20.171.207.11 - - [15/Aug/2025:06:27:37 -0300] "GET /024036868.htm HTTP/2.0" 200 - "-" "Mozilla/5.0 AppleWebKit/537.36 (KHTML, like Gecko; compatible; GPTBot/1.2; +https://openai.com/gptbot)"
20.171.207.11 - - [15/Aug/2025:06:27:40 -0300] "GET /017006385.htm HTTP/2.0" 200 - "-" "Mozilla/5.0 AppleWebKit/537.36 (KHTML, like Gecko; compatible; GPTBot/1.2; +https://openai.com/gptbot)"
20.171.207.11 - - [15/Aug/2025:06:27:42 -0300] "GET /087014421.htm HTTP/2.0" 200 - "-" "Mozilla/5.0 AppleWebKit/537.36 (KHTML, like Gecko; compatible; GPTBot/1.2; +https://openai.com/gptbot)"
20.171.207.11 - - [15/Aug/2025:06:27:45 -0300] "GET /033017247.htm HTTP/2.0" 200 - "-" "Mozilla/5.0 AppleWebKit/537.36 (KHTML, like Gecko; compatible; GPTBot/1.2; +https://openai.com/gptbot)"
217.113.194.83 - - [15/Aug/2025:06:27:46 -0300] "GET /admin/media/Highcharts-4.1.9/examples/polygon/?C=N;O=D HTTP/1.1" 200 895 "-" "Mozilla/5.0 (compatible; Barkrowler/0.9; +https://babbar.tech/crawler)"
20.171.207.11 - - [15/Aug/2025:06:27:48 -0300] "GET /056048768.htm HTTP/2.0" 200 - "-" "Mozilla/5.0 AppleWebKit/537.36 (KHTML, like Gecko; compatible; GPTBot/1.2; +https://openai.com/gptbot)"
20.171.207.11 - - [15/Aug/2025:06:27:51 -0300] "GET /060042718.htm HTTP/2.0" 200 - "-" "Mozilla/5.0 AppleWebKit/537.36 (KHTML, like Gecko; compatible; GPTBot/1.2; +https://openai.com/gptbot)"
20.171.207.11 - - [15/Aug/2025:06:27:53 -0300] "GET /087045301.htm HTTP/2.0" 200 - "-" "Mozilla/5.0 AppleWebKit/537.36 (KHTML, like Gecko; compatible; GPTBot/1.2; +https://openai.com/gptbot)"
154.54.249.201 - - [15/Aug/2025:06:27:55 -0300] "GET /admin/media/ckeditor/plugins/clipboard/?C=D;O=D HTTP/1.1" 200 871 "-" "Mozilla/5.0 (compatible; Barkrowler/0.9; +https://babbar.tech/crawler)"
20.171.207.11 - - [15/Aug/2025:06:27:56 -0300] "GET /027042363.htm HTTP/2.0" 200 - "-" "Mozilla/5.0 AppleWebKit/537.36 (KHTML, like Gecko; compatible; GPTBot/1.2; +https://openai.com/gptbot)"
20.171.207.11 - - [15/Aug/2025:06:27:59 -0300] "GET /030019576.htm HTTP/2.0" 200 - "-" "Mozilla/5.0 AppleWebKit/537.36 (KHTML, like Gecko; compatible; GPTBot/1.2; +https://openai.com/gptbot)"
20.171.207.11 - - [15/Aug/2025:06:28:02 -0300] "GET /052024946.htm HTTP/2.0" 200 - "-" "Mozilla/5.0 AppleWebKit/537.36 (KHTML, like Gecko; compatible; GPTBot/1.2; +https://openai.com/gptbot)"
20.171.207.11 - - [15/Aug/2025:06:28:05 -0300] "GET /021005987.htm HTTP/2.0" 200 - "-" "Mozilla/5.0 AppleWebKit/537.36 (KHTML, like Gecko; compatible; GPTBot/1.2; +https://openai.com/gptbot)"
20.171.207.11 - - [15/Aug/2025:06:28:09 -0300] "GET /041022913.htm HTTP/2.0" 200 - "-" "Mozilla/5.0 AppleWebKit/537.36 (KHTML, like Gecko; compatible; GPTBot/1.2; +https://openai.com/gptbot)"
20.171.207.11 - - [15/Aug/2025:06:28:11 -0300] "GET /059044265.htm HTTP/2.0" 200 - "-" "Mozilla/5.0 AppleWebKit/537.36 (KHTML, like Gecko; compatible; GPTBot/1.2; +https://openai.com/gptbot)"
20.171.207.11 - - [15/Aug/2025:06:28:14 -0300] "GET /058039434.htm HTTP/2.0" 200 - "-" "Mozilla/5.0 AppleWebKit/537.36 (KHTML, like Gecko; compatible; GPTBot/1.2; +https://openai.com/gptbot)"
20.171.207.11 - - [15/Aug/2025:06:28:17 -0300] "GET /006041982.htm HTTP/2.0" 200 - "-" "Mozilla/5.0 AppleWebKit/537.36 (KHTML, like Gecko; compatible; GPTBot/1.2; +https://openai.com/gptbot)"
217.113.194.91 - - [15/Aug/2025:06:28:20 -0300] "GET /admin/media/Highcharts-4.1.9/examples/polar-spider/?C=M;O=A HTTP/1.1" 200 905 "-" "Mozilla/5.0 (compatible; Barkrowler/0.9; +https://babbar.tech/crawler)"
20.171.207.11 - - [15/Aug/2025:06:28:21 -0300] "GET /028003746.htm HTTP/2.0" 200 - "-" "Mozilla/5.0 AppleWebKit/537.36 (KHTML, like Gecko; compatible; GPTBot/1.2; +https://openai.com/gptbot)"
20.171.207.11 - - [15/Aug/2025:06:28:25 -0300] "GET /099022647.htm HTTP/2.0" 200 - "-" "Mozilla/5.0 AppleWebKit/537.36 (KHTML, like Gecko; compatible; GPTBot/1.2; +https://openai.com/gptbot)"
20.171.207.11 - - [15/Aug/2025:06:28:27 -0300] "GET /091021257.htm HTTP/2.0" 200 - "-" "Mozilla/5.0 AppleWebKit/537.36 (KHTML, like Gecko; compatible; GPTBot/1.2; +https://openai.com/gptbot)"
217.113.194.90 - - [15/Aug/2025:06:28:29 -0300] "GET /admin/media/ckeditor/plugins/scayt/?C=D;O=D HTTP/1.1" 200 1220 "-" "Mozilla/5.0 (compatible; Barkrowler/0.9; +https://babbar.tech/crawler)"
20.171.207.11 - - [15/Aug/2025:06:28:30 -0300] "GET /079004281.htm HTTP/2.0" 200 - "-" "Mozilla/5.0 AppleWebKit/537.36 (KHTML, like Gecko; compatible; GPTBot/1.2; +https://openai.com/gptbot)"
20.171.207.11 - - [15/Aug/2025:06:28:34 -0300] "GET /069037105.htm HTTP/2.0" 200 - "-" "Mozilla/5.0 AppleWebKit/537.36 (KHTML, like Gecko; compatible; GPTBot/1.2; +https://openai.com/gptbot)"
20.171.207.11 - - [15/Aug/2025:06:28:37 -0300] "GET /095034437.htm HTTP/2.0" 200 - "-" "Mozilla/5.0 AppleWebKit/537.36 (KHTML, like Gecko; compatible; GPTBot/1.2; +https://openai.com/gptbot)"
20.171.207.11 - - [15/Aug/2025:06:28:40 -0300] "GET /041036165.htm HTTP/2.0" 200 - "-" "Mozilla/5.0 AppleWebKit/537.36 (KHTML, like Gecko; compatible; GPTBot/1.2; +https://openai.com/gptbot)"
20.171.207.11 - - [15/Aug/2025:06:28:43 -0300] "GET /087028219.htm HTTP/2.0" 200 - "-" "Mozilla/5.0 AppleWebKit/537.36 (KHTML, like Gecko; compatible; GPTBot/1.2; +https://openai.com/gptbot)"
20.171.207.11 - - [15/Aug/2025:06:28:46 -0300] "GET /049037487.htm HTTP/2.0" 200 - "-" "Mozilla/5.0 AppleWebKit/537.36 (KHTML, like Gecko; compatible; GPTBot/1.2; +https://openai.com/gptbot)"
20.171.207.11 - - [15/Aug/2025:06:28:49 -0300] "GET /078021158.htm HTTP/2.0" 200 - "-" "Mozilla/5.0 AppleWebKit/537.36 (KHTML, like Gecko; compatible; GPTBot/1.2; +https://openai.com/gptbot)"
20.171.207.11 - - [15/Aug/2025:06:28:52 -0300] "GET /033045591.htm HTTP/2.0" 200 - "-" "Mozilla/5.0 AppleWebKit/537.36 (KHTML, like Gecko; compatible; GPTBot/1.2; +https://openai.com/gptbot)"
217.113.194.85 - - [15/Aug/2025:06:28:52 -0300] "GET /admin/media/Highcharts-4.1.9/examples/polar-spider/?C=S;O=A HTTP/1.1" 200 905 "-" "Mozilla/5.0 (compatible; Barkrowler/0.9; +https://babbar.tech/crawler)"
20.171.207.11 - - [15/Aug/2025:06:28:55 -0300] "GET /087028175.htm HTTP/2.0" 200 - "-" "Mozilla/5.0 AppleWebKit/537.36 (KHTML, like Gecko; compatible; GPTBot/1.2; +https://openai.com/gptbot)"
20.171.207.11 - - [15/Aug/2025:06:28:57 -0300] "GET /079029367.htm HTTP/2.0" 200 - "-" "Mozilla/5.0 AppleWebKit/537.36 (KHTML, like Gecko; compatible; GPTBot/1.2; +https://openai.com/gptbot)"
20.171.207.11 - - [15/Aug/2025:06:29:00 -0300] "GET /003019825.htm HTTP/2.0" 200 - "-" "Mozilla/5.0 AppleWebKit/537.36 (KHTML, like Gecko; compatible; GPTBot/1.2; +https://openai.com/gptbot)"
217.113.194.246 - - [15/Aug/2025:06:29:02 -0300] "GET /admin/media/ckeditor/plugins/scayt/dialogs/?C=S;O=A HTTP/1.1" 200 1066 "-" "Mozilla/5.0 (compatible; Barkrowler/0.9; +https://babbar.tech/crawler)"
20.171.207.11 - - [15/Aug/2025:06:29:02 -0300] "GET /026039136.htm HTTP/2.0" 200 - "-" "Mozilla/5.0 AppleWebKit/537.36 (KHTML, like Gecko; compatible; GPTBot/1.2; +https://openai.com/gptbot)"
20.171.207.11 - - [15/Aug/2025:06:29:06 -0300] "GET /015045671.htm HTTP/2.0" 200 - "-" "Mozilla/5.0 AppleWebKit/537.36 (KHTML, like Gecko; compatible; GPTBot/1.2; +https://openai.com/gptbot)"
20.171.207.11 - - [15/Aug/2025:06:29:09 -0300] "GET /073035845.htm HTTP/2.0" 200 - "-" "Mozilla/5.0 AppleWebKit/537.36 (KHTML, like Gecko; compatible; GPTBot/1.2; +https://openai.com/gptbot)"
20.171.207.11 - - [15/Aug/2025:06:29:12 -0300] "GET /069035597.htm HTTP/2.0" 200 - "-" "Mozilla/5.0 AppleWebKit/537.36 (KHTML, like Gecko; compatible; GPTBot/1.2; +https://openai.com/gptbot)"
20.171.207.11 - - [15/Aug/2025:06:29:15 -0300] "GET /038021760.htm HTTP/2.0" 200 - "-" "Mozilla/5.0 AppleWebKit/537.36 (KHTML, like Gecko; compatible; GPTBot/1.2; +https://openai.com/gptbot)"
20.171.207.11 - - [15/Aug/2025:06:29:18 -0300] "GET /077012625.htm HTTP/2.0" 200 - "-" "Mozilla/5.0 AppleWebKit/537.36 (KHTML, like Gecko; compatible; GPTBot/1.2; +https://openai.com/gptbot)"
20.171.207.11 - - [15/Aug/2025:06:29:21 -0300] "GET /039046025.htm HTTP/2.0" 200 - "-" "Mozilla/5.0 AppleWebKit/537.36 (KHTML, like Gecko; compatible; GPTBot/1.2; +https://openai.com/gptbot)"
20.171.207.11 - - [15/Aug/2025:06:29:24 -0300] "GET /039037951.htm HTTP/2.0" 200 - "-" "Mozilla/5.0 AppleWebKit/537.36 (KHTML, like Gecko; compatible; GPTBot/1.2; +https://openai.com/gptbot)"
20.171.207.11 - - [15/Aug/2025:06:29:25 -0300] "GET /026025998.htm HTTP/2.0" 200 - "-" "Mozilla/5.0 AppleWebKit/537.36 (KHTML, like Gecko; compatible; GPTBot/1.2; +https://openai.com/gptbot)"
20.171.207.11 - - [15/Aug/2025:06:29:27 -0300] "GET /029025363.htm HTTP/2.0" 200 - "-" "Mozilla/5.0 AppleWebKit/537.36 (KHTML, like Gecko; compatible; GPTBot/1.2; +https://openai.com/gptbot)"
217.113.194.88 - - [15/Aug/2025:06:29:27 -0300] "GET /admin/media/Highcharts-4.1.9/examples/polar-spider/?C=D;O=A HTTP/1.1" 200 905 "-" "Mozilla/5.0 (compatible; Barkrowler/0.9; +https://babbar.tech/crawler)"
20.171.207.11 - - [15/Aug/2025:06:29:28 -0300] "GET /045008371.htm HTTP/2.0" 200 - "-" "Mozilla/5.0 AppleWebKit/537.36 (KHTML, like Gecko; compatible; GPTBot/1.2; +https://openai.com/gptbot)"
20.171.207.11 - - [15/Aug/2025:06:29:30 -0300] "GET /070018592.htm HTTP/2.0" 200 - "-" "Mozilla/5.0 AppleWebKit/537.36 (KHTML, like Gecko; compatible; GPTBot/1.2; +https://openai.com/gptbot)"
20.171.207.11 - - [15/Aug/2025:06:29:32 -0300] "GET /083024545.htm HTTP/2.0" 200 - "-" "Mozilla/5.0 AppleWebKit/537.36 (KHTML, like Gecko; compatible; GPTBot/1.2; +https://openai.com/gptbot)"
20.171.207.11 - - [15/Aug/2025:06:29:34 -0300] "GET /022031988.htm HTTP/2.0" 200 - "-" "Mozilla/5.0 AppleWebKit/537.36 (KHTML, like Gecko; compatible; GPTBot/1.2; +https://openai.com/gptbot)"
20.171.207.11 - - [15/Aug/2025:06:29:36 -0300] "GET /048025954.htm HTTP/2.0" 200 - "-" "Mozilla/5.0 AppleWebKit/537.36 (KHTML, like Gecko; compatible; GPTBot/1.2; +https://openai.com/gptbot)"
217.113.194.246 - - [15/Aug/2025:06:29:37 -0300] "GET /admin/media/ckeditor/plugins/scayt/dialogs/?C=M;O=A HTTP/1.1" 200 1066 "-" "Mozilla/5.0 (compatible; Barkrowler/0.9; +https://babbar.tech/crawler)"
20.171.207.11 - - [15/Aug/2025:06:29:38 -0300] "GET /074048816.htm HTTP/2.0" 200 - "-" "Mozilla/5.0 AppleWebKit/537.36 (KHTML, like Gecko; compatible; GPTBot/1.2; +https://openai.com/gptbot)"
20.171.207.11 - - [15/Aug/2025:06:29:40 -0300] "GET /089023065.htm HTTP/2.0" 200 - "-" "Mozilla/5.0 AppleWebKit/537.36 (KHTML, like Gecko; compatible; GPTBot/1.2; +https://openai.com/gptbot)"
20.171.207.11 - - [15/Aug/2025:06:29:41 -0300] "GET /053026113.htm HTTP/2.0" 200 - "-" "Mozilla/5.0 AppleWebKit/537.36 (KHTML, like Gecko; compatible; GPTBot/1.2; +https://openai.com/gptbot)"
20.171.207.11 - - [15/Aug/2025:06:29:43 -0300] "GET /049029677.htm HTTP/2.0" 200 - "-" "Mozilla/5.0 AppleWebKit/537.36 (KHTML, like Gecko; compatible; GPTBot/1.2; +https://openai.com/gptbot)"
20.171.207.11 - - [15/Aug/2025:06:29:44 -0300] "GET /043032269.htm HTTP/2.0" 200 - "-" "Mozilla/5.0 AppleWebKit/537.36 (KHTML, like Gecko; compatible; GPTBot/1.2; +https://openai.com/gptbot)"
20.171.207.11 - - [15/Aug/2025:06:29:46 -0300] "GET /076015764.htm HTTP/2.0" 200 - "-" "Mozilla/5.0 AppleWebKit/537.36 (KHTML, like Gecko; compatible; GPTBot/1.2; +https://openai.com/gptbot)"
20.171.207.11 - - [15/Aug/2025:06:29:48 -0300] "GET /059027523.htm HTTP/2.0" 200 - "-" "Mozilla/5.0 AppleWebKit/537.36 (KHTML, like Gecko; compatible; GPTBot/1.2; +https://openai.com/gptbot)"
20.171.207.11 - - [15/Aug/2025:06:29:50 -0300] "GET /076049802.htm HTTP/2.0" 200 - "-" "Mozilla/5.0 AppleWebKit/537.36 (KHTML, like Gecko; compatible; GPTBot/1.2; +https://openai.com/gptbot)"
20.171.207.11 - - [15/Aug/2025:06:29:52 -0300] "GET /076035544.htm HTTP/2.0" 200 - "-" "Mozilla/5.0 AppleWebKit/537.36 (KHTML, like Gecko; compatible; GPTBot/1.2; +https://openai.com/gptbot)"
20.171.207.11 - - [15/Aug/2025:06:29:54 -0300] "GET /015040967.htm HTTP/2.0" 200 - "-" "Mozilla/5.0 AppleWebKit/537.36 (KHTML, like Gecko; compatible; GPTBot/1.2; +https://openai.com/gptbot)"
20.171.207.11 - - [15/Aug/2025:06:29:55 -0300] "GET /038042910.htm HTTP/2.0" 200 - "-" "Mozilla/5.0 AppleWebKit/537.36 (KHTML, like Gecko; compatible; GPTBot/1.2; +https://openai.com/gptbot)"
20.171.207.11 - - [15/Aug/2025:06:29:57 -0300] "GET /084029610.htm HTTP/2.0" 200 - "-" "Mozilla/5.0 AppleWebKit/537.36 (KHTML, like Gecko; compatible; GPTBot/1.2; +https://openai.com/gptbot)"
20.171.207.11 - - [15/Aug/2025:06:29:59 -0300] "GET /067016533.htm HTTP/2.0" 200 - "-" "Mozilla/5.0 AppleWebKit/537.36 (KHTML, like Gecko; compatible; GPTBot/1.2; +https://openai.com/gptbot)"
20.171.207.11 - - [15/Aug/2025:06:30:01 -0300] "GET /011046683.htm HTTP/2.0" 200 - "-" "Mozilla/5.0 AppleWebKit/537.36 (KHTML, like Gecko; compatible; GPTBot/1.2; +https://openai.com/gptbot)"
20.171.207.11 - - [15/Aug/2025:06:30:02 -0300] "GET /077012259.htm HTTP/2.0" 200 - "-" "Mozilla/5.0 AppleWebKit/537.36 (KHTML, like Gecko; compatible; GPTBot/1.2; +https://openai.com/gptbot)"
217.113.194.88 - - [15/Aug/2025:06:30:03 -0300] "GET /admin/media/Highcharts-4.1.9/examples/polar-spider/?C=N;O=D HTTP/1.1" 200 905 "-" "Mozilla/5.0 (compatible; Barkrowler/0.9; +https://babbar.tech/crawler)"
20.171.207.11 - - [15/Aug/2025:06:30:04 -0300] "GET /097014557.htm HTTP/2.0" 200 - "-" "Mozilla/5.0 AppleWebKit/537.36 (KHTML, like Gecko; compatible; GPTBot/1.2; +https://openai.com/gptbot)"
20.171.207.11 - - [15/Aug/2025:06:30:06 -0300] "GET /064025296.htm HTTP/2.0" 200 - "-" "Mozilla/5.0 AppleWebKit/537.36 (KHTML, like Gecko; compatible; GPTBot/1.2; +https://openai.com/gptbot)"
20.171.207.11 - - [15/Aug/2025:06:30:08 -0300] "GET /057046617.htm HTTP/2.0" 200 - "-" "Mozilla/5.0 AppleWebKit/537.36 (KHTML, like Gecko; compatible; GPTBot/1.2; +https://openai.com/gptbot)"
20.171.207.11 - - [15/Aug/2025:06:30:09 -0300] "GET /019015737.htm HTTP/2.0" 200 - "-" "Mozilla/5.0 AppleWebKit/537.36 (KHTML, like Gecko; compatible; GPTBot/1.2; +https://openai.com/gptbot)"
20.171.207.11 - - [15/Aug/2025:06:30:11 -0300] "GET /097006815.htm HTTP/2.0" 200 - "-" "Mozilla/5.0 AppleWebKit/537.36 (KHTML, like Gecko; compatible; GPTBot/1.2; +https://openai.com/gptbot)"
20.171.207.11 - - [15/Aug/2025:06:30:12 -0300] "GET /054037834.htm HTTP/2.0" 200 - "-" "Mozilla/5.0 AppleWebKit/537.36 (KHTML, like Gecko; compatible; GPTBot/1.2; +https://openai.com/gptbot)"
20.171.207.11 - - [15/Aug/2025:06:30:14 -0300] "GET /085035713.htm HTTP/2.0" 200 - "-" "Mozilla/5.0 AppleWebKit/537.36 (KHTML, like Gecko; compatible; GPTBot/1.2; +https://openai.com/gptbot)"
217.113.194.90 - - [15/Aug/2025:06:30:14 -0300] "GET /admin/media/ckeditor/plugins/scayt/dialogs/?C=D;O=A HTTP/1.1" 200 1066 "-" "Mozilla/5.0 (compatible; Barkrowler/0.9; +https://babbar.tech/crawler)"
20.171.207.11 - - [15/Aug/2025:06:30:15 -0300] "GET /071038283.htm HTTP/2.0" 200 - "-" "Mozilla/5.0 AppleWebKit/537.36 (KHTML, like Gecko; compatible; GPTBot/1.2; +https://openai.com/gptbot)"
20.171.207.11 - - [15/Aug/2025:06:30:17 -0300] "GET /075018861.htm HTTP/2.0" 200 - "-" "Mozilla/5.0 AppleWebKit/537.36 (KHTML, like Gecko; compatible; GPTBot/1.2; +https://openai.com/gptbot)"
20.171.207.11 - - [15/Aug/2025:06:30:18 -0300] "GET /018046948.htm HTTP/2.0" 200 - "-" "Mozilla/5.0 AppleWebKit/537.36 (KHTML, like Gecko; compatible; GPTBot/1.2; +https://openai.com/gptbot)"
20.171.207.11 - - [15/Aug/2025:06:30:20 -0300] "GET /041042325.htm HTTP/2.0" 200 - "-" "Mozilla/5.0 AppleWebKit/537.36 (KHTML, like Gecko; compatible; GPTBot/1.2; +https://openai.com/gptbot)"
20.171.207.11 - - [15/Aug/2025:06:30:21 -0300] "GET /063027293.htm HTTP/2.0" 200 - "-" "Mozilla/5.0 AppleWebKit/537.36 (KHTML, like Gecko; compatible; GPTBot/1.2; +https://openai.com/gptbot)"
20.171.207.11 - - [15/Aug/2025:06:30:23 -0300] "GET /041039717.htm HTTP/2.0" 200 - "-" "Mozilla/5.0 AppleWebKit/537.36 (KHTML, like Gecko; compatible; GPTBot/1.2; +https://openai.com/gptbot)"
20.171.207.11 - - [15/Aug/2025:06:30:24 -0300] "GET /095049177.htm HTTP/2.0" 200 - "-" "Mozilla/5.0 AppleWebKit/537.36 (KHTML, like Gecko; compatible; GPTBot/1.2; +https://openai.com/gptbot)"
20.171.207.11 - - [15/Aug/2025:06:30:25 -0300] "GET /005047293.htm HTTP/2.0" 200 - "-" "Mozilla/5.0 AppleWebKit/537.36 (KHTML, like Gecko; compatible; GPTBot/1.2; +https://openai.com/gptbot)"
20.171.207.11 - - [15/Aug/2025:06:30:27 -0300] "GET /021038075.htm HTTP/2.0" 200 - "-" "Mozilla/5.0 AppleWebKit/537.36 (KHTML, like Gecko; compatible; GPTBot/1.2; +https://openai.com/gptbot)"
20.171.207.11 - - [15/Aug/2025:06:30:29 -0300] "GET /055039849.htm HTTP/2.0" 200 - "-" "Mozilla/5.0 AppleWebKit/537.36 (KHTML, like Gecko; compatible; GPTBot/1.2; +https://openai.com/gptbot)"
20.171.207.11 - - [15/Aug/2025:06:30:31 -0300] "GET /090035816.htm HTTP/2.0" 200 - "-" "Mozilla/5.0 AppleWebKit/537.36 (KHTML, like Gecko; compatible; GPTBot/1.2; +https://openai.com/gptbot)"
20.171.207.11 - - [15/Aug/2025:06:30:33 -0300] "GET /014007932.htm HTTP/2.0" 200 - "-" "Mozilla/5.0 AppleWebKit/537.36 (KHTML, like Gecko; compatible; GPTBot/1.2; +https://openai.com/gptbot)"
20.171.207.11 - - [15/Aug/2025:06:30:34 -0300] "GET /073017955.htm HTTP/2.0" 200 - "-" "Mozilla/5.0 AppleWebKit/537.36 (KHTML, like Gecko; compatible; GPTBot/1.2; +https://openai.com/gptbot)"
20.171.207.11 - - [15/Aug/2025:06:30:36 -0300] "GET /008013254.htm HTTP/2.0" 200 - "-" "Mozilla/5.0 AppleWebKit/537.36 (KHTML, like Gecko; compatible; GPTBot/1.2; +https://openai.com/gptbot)"
20.171.207.11 - - [15/Aug/2025:06:30:38 -0300] "GET /098048274.htm HTTP/2.0" 200 - "-" "Mozilla/5.0 AppleWebKit/537.36 (KHTML, like Gecko; compatible; GPTBot/1.2; +https://openai.com/gptbot)"
217.113.194.84 - - [15/Aug/2025:06:30:38 -0300] "GET /admin/media/Highcharts-4.1.9/examples/line-basic/?C=M;O=A HTTP/1.1" 200 901 "-" "Mozilla/5.0 (compatible; Barkrowler/0.9; +https://babbar.tech/crawler)"
20.171.207.11 - - [15/Aug/2025:06:30:40 -0300] "GET /084034918.htm HTTP/2.0" 200 - "-" "Mozilla/5.0 AppleWebKit/537.36 (KHTML, like Gecko; compatible; GPTBot/1.2; +https://openai.com/gptbot)"
20.171.207.11 - - [15/Aug/2025:06:30:42 -0300] "GET /035028381.htm HTTP/2.0" 200 - "-" "Mozilla/5.0 AppleWebKit/537.36 (KHTML, like Gecko; compatible; GPTBot/1.2; +https://openai.com/gptbot)"
20.171.207.11 - - [15/Aug/2025:06:30:44 -0300] "GET /073019619.htm HTTP/2.0" 200 - "-" "Mozilla/5.0 AppleWebKit/537.36 (KHTML, like Gecko; compatible; GPTBot/1.2; +https://openai.com/gptbot)"
20.171.207.11 - - [15/Aug/2025:06:30:45 -0300] "GET /025041809.htm HTTP/2.0" 200 - "-" "Mozilla/5.0 AppleWebKit/537.36 (KHTML, like Gecko; compatible; GPTBot/1.2; +https://openai.com/gptbot)"
20.171.207.11 - - [15/Aug/2025:06:30:47 -0300] "GET /089017689.htm HTTP/2.0" 200 - "-" "Mozilla/5.0 AppleWebKit/537.36 (KHTML, like Gecko; compatible; GPTBot/1.2; +https://openai.com/gptbot)"
217.113.194.219 - - [15/Aug/2025:06:30:47 -0300] "GET /admin/media/ckeditor/plugins/scayt/dialogs/?C=N;O=D HTTP/1.1" 200 1066 "-" "Mozilla/5.0 (compatible; Barkrowler/0.9; +https://babbar.tech/crawler)"
20.171.207.11 - - [15/Aug/2025:06:30:48 -0300] "GET /047021603.htm HTTP/2.0" 200 - "-" "Mozilla/5.0 AppleWebKit/537.36 (KHTML, like Gecko; compatible; GPTBot/1.2; +https://openai.com/gptbot)"
20.171.207.11 - - [15/Aug/2025:06:30:50 -0300] "GET /047042821.htm HTTP/2.0" 200 - "-" "Mozilla/5.0 AppleWebKit/537.36 (KHTML, like Gecko; compatible; GPTBot/1.2; +https://openai.com/gptbot)"
20.171.207.11 - - [15/Aug/2025:06:30:52 -0300] "GET /023043467.htm HTTP/2.0" 200 - "-" "Mozilla/5.0 AppleWebKit/537.36 (KHTML, like Gecko; compatible; GPTBot/1.2; +https://openai.com/gptbot)"
20.171.207.11 - - [15/Aug/2025:06:30:53 -0300] "GET /075021765.htm HTTP/2.0" 200 - "-" "Mozilla/5.0 AppleWebKit/537.36 (KHTML, like Gecko; compatible; GPTBot/1.2; +https://openai.com/gptbot)"
20.171.207.11 - - [15/Aug/2025:06:30:54 -0300] "GET /081027405.htm HTTP/2.0" 200 - "-" "Mozilla/5.0 AppleWebKit/537.36 (KHTML, like Gecko; compatible; GPTBot/1.2; +https://openai.com/gptbot)"
20.171.207.11 - - [15/Aug/2025:06:30:57 -0300] "GET /042015994.htm HTTP/2.0" 200 - "-" "Mozilla/5.0 AppleWebKit/537.36 (KHTML, like Gecko; compatible; GPTBot/1.2; +https://openai.com/gptbot)"
20.171.207.11 - - [15/Aug/2025:06:30:58 -0300] "GET /012033792.htm HTTP/2.0" 200 - "-" "Mozilla/5.0 AppleWebKit/537.36 (KHTML, like Gecko; compatible; GPTBot/1.2; +https://openai.com/gptbot)"
216.73.216.169 - - [15/Aug/2025:06:30:59 -0300] "GET /robots.txt HTTP/2.0" 200 384 "-" "Mozilla/5.0 AppleWebKit/537.36 (KHTML, like Gecko; compatible; ClaudeBot/1.0; +claudebot@anthropic.com)"
216.73.216.169 - - [15/Aug/2025:06:30:59 -0300] "GET / HTTP/2.0" 200 - "-" "Mozilla/5.0 AppleWebKit/537.36 (KHTML, like Gecko; compatible; ClaudeBot/1.0; +claudebot@anthropic.com)"
20.171.207.11 - - [15/Aug/2025:06:31:00 -0300] "GET /032025374.htm HTTP/2.0" 200 - "-" "Mozilla/5.0 AppleWebKit/537.36 (KHTML, like Gecko; compatible; GPTBot/1.2; +https://openai.com/gptbot)"
20.171.207.11 - - [15/Aug/2025:06:31:02 -0300] "GET /049014321.htm HTTP/2.0" 200 - "-" "Mozilla/5.0 AppleWebKit/537.36 (KHTML, like Gecko; compatible; GPTBot/1.2; +https://openai.com/gptbot)"
20.171.207.11 - - [15/Aug/2025:06:31:03 -0300] "GET /038046784.htm HTTP/2.0" 200 - "-" "Mozilla/5.0 AppleWebKit/537.36 (KHTML, like Gecko; compatible; GPTBot/1.2; +https://openai.com/gptbot)"
20.171.207.11 - - [15/Aug/2025:06:31:05 -0300] "GET /017014637.htm HTTP/2.0" 200 - "-" "Mozilla/5.0 AppleWebKit/537.36 (KHTML, like Gecko; compatible; GPTBot/1.2; +https://openai.com/gptbot)"
20.171.207.11 - - [15/Aug/2025:06:31:06 -0300] "GET /027035157.htm HTTP/2.0" 200 - "-" "Mozilla/5.0 AppleWebKit/537.36 (KHTML, like Gecko; compatible; GPTBot/1.2; +https://openai.com/gptbot)"
20.171.207.11 - - [15/Aug/2025:06:31:08 -0300] "GET /066014834.htm HTTP/2.0" 200 - "-" "Mozilla/5.0 AppleWebKit/537.36 (KHTML, like Gecko; compatible; GPTBot/1.2; +https://openai.com/gptbot)"
20.171.207.11 - - [15/Aug/2025:06:31:09 -0300] "GET /082035562.htm HTTP/2.0" 200 - "-" "Mozilla/5.0 AppleWebKit/537.36 (KHTML, like Gecko; compatible; GPTBot/1.2; +https://openai.com/gptbot)"
20.171.207.11 - - [15/Aug/2025:06:31:10 -0300] "GET /059011249.htm HTTP/2.0" 200 - "-" "Mozilla/5.0 AppleWebKit/537.36 (KHTML, like Gecko; compatible; GPTBot/1.2; +https://openai.com/gptbot)"
217.113.194.89 - - [15/Aug/2025:06:31:11 -0300] "GET /admin/media/Highcharts-4.1.9/examples/line-basic/?C=S;O=A HTTP/1.1" 200 901 "-" "Mozilla/5.0 (compatible; Barkrowler/0.9; +https://babbar.tech/crawler)"
20.171.207.11 - - [15/Aug/2025:06:31:12 -0300] "GET /078026742.htm HTTP/2.0" 200 - "-" "Mozilla/5.0 AppleWebKit/537.36 (KHTML, like Gecko; compatible; GPTBot/1.2; +https://openai.com/gptbot)"
20.171.207.11 - - [15/Aug/2025:06:31:14 -0300] "GET /031026143.htm HTTP/2.0" 200 - "-" "Mozilla/5.0 AppleWebKit/537.36 (KHTML, like Gecko; compatible; GPTBot/1.2; +https://openai.com/gptbot)"
20.171.207.11 - - [15/Aug/2025:06:31:16 -0300] "GET /002014368.htm HTTP/2.0" 200 - "-" "Mozilla/5.0 AppleWebKit/537.36 (KHTML, like Gecko; compatible; GPTBot/1.2; +https://openai.com/gptbot)"
20.171.207.11 - - [15/Aug/2025:06:31:18 -0300] "GET /079026889.htm HTTP/2.0" 200 - "-" "Mozilla/5.0 AppleWebKit/537.36 (KHTML, like Gecko; compatible; GPTBot/1.2; +https://openai.com/gptbot)"
217.113.194.220 - - [15/Aug/2025:06:31:20 -0300] "GET /admin/media/ckeditor/plugins/showblocks/?C=D;O=D HTTP/1.1" 200 872 "-" "Mozilla/5.0 (compatible; Barkrowler/0.9; +https://babbar.tech/crawler)"
20.171.207.11 - - [15/Aug/2025:06:31:20 -0300] "GET /064009178.htm HTTP/2.0" 200 - "-" "Mozilla/5.0 AppleWebKit/537.36 (KHTML, like Gecko; compatible; GPTBot/1.2; +https://openai.com/gptbot)"
20.171.207.11 - - [15/Aug/2025:06:31:22 -0300] "GET /046027684.htm HTTP/2.0" 200 - "-" "Mozilla/5.0 AppleWebKit/537.36 (KHTML, like Gecko; compatible; GPTBot/1.2; +https://openai.com/gptbot)"
20.171.207.11 - - [15/Aug/2025:06:31:23 -0300] "GET /075023285.htm HTTP/2.0" 200 - "-" "Mozilla/5.0 AppleWebKit/537.36 (KHTML, like Gecko; compatible; GPTBot/1.2; +https://openai.com/gptbot)"
20.171.207.11 - - [15/Aug/2025:06:31:25 -0300] "GET /069049171.htm HTTP/2.0" 200 - "-" "Mozilla/5.0 AppleWebKit/537.36 (KHTML, like Gecko; compatible; GPTBot/1.2; +https://openai.com/gptbot)"
20.171.207.11 - - [15/Aug/2025:06:31:27 -0300] "GET /082034458.htm HTTP/2.0" 200 - "-" "Mozilla/5.0 AppleWebKit/537.36 (KHTML, like Gecko; compatible; GPTBot/1.2; +https://openai.com/gptbot)"
20.171.207.11 - - [15/Aug/2025:06:31:29 -0300] "GET /070039128.htm HTTP/2.0" 200 - "-" "Mozilla/5.0 AppleWebKit/537.36 (KHTML, like Gecko; compatible; GPTBot/1.2; +https://openai.com/gptbot)"
20.171.207.11 - - [15/Aug/2025:06:31:30 -0300] "GET /018016476.htm HTTP/2.0" 200 - "-" "Mozilla/5.0 AppleWebKit/537.36 (KHTML, like Gecko; compatible; GPTBot/1.2; +https://openai.com/gptbot)"
20.171.207.11 - - [15/Aug/2025:06:31:32 -0300] "GET /043023845.htm HTTP/2.0" 200 - "-" "Mozilla/5.0 AppleWebKit/537.36 (KHTML, like Gecko; compatible; GPTBot/1.2; +https://openai.com/gptbot)"
20.171.207.11 - - [15/Aug/2025:06:31:34 -0300] "GET /021036521.htm HTTP/2.0" 200 - "-" "Mozilla/5.0 AppleWebKit/537.36 (KHTML, like Gecko; compatible; GPTBot/1.2; +https://openai.com/gptbot)"
20.171.207.11 - - [15/Aug/2025:06:31:36 -0300] "GET /023048385.htm HTTP/2.0" 200 - "-" "Mozilla/5.0 AppleWebKit/537.36 (KHTML, like Gecko; compatible; GPTBot/1.2; +https://openai.com/gptbot)"
20.171.207.11 - - [15/Aug/2025:06:31:38 -0300] "GET /062014058.htm HTTP/2.0" 200 - "-" "Mozilla/5.0 AppleWebKit/537.36 (KHTML, like Gecko; compatible; GPTBot/1.2; +https://openai.com/gptbot)"
20.171.207.11 - - [15/Aug/2025:06:31:40 -0300] "GET /046027828.htm HTTP/2.0" 200 - "-" "Mozilla/5.0 AppleWebKit/537.36 (KHTML, like Gecko; compatible; GPTBot/1.2; +https://openai.com/gptbot)"
20.171.207.11 - - [15/Aug/2025:06:31:42 -0300] "GET /074039884.htm HTTP/2.0" 200 - "-" "Mozilla/5.0 AppleWebKit/537.36 (KHTML, like Gecko; compatible; GPTBot/1.2; +https://openai.com/gptbot)"
20.171.207.11 - - [15/Aug/2025:06:31:43 -0300] "GET /039035141.htm HTTP/2.0" 200 - "-" "Mozilla/5.0 AppleWebKit/537.36 (KHTML, like Gecko; compatible; GPTBot/1.2; +https://openai.com/gptbot)"
20.171.207.11 - - [15/Aug/2025:06:31:45 -0300] "GET /023049395.htm HTTP/2.0" 200 - "-" "Mozilla/5.0 AppleWebKit/537.36 (KHTML, like Gecko; compatible; GPTBot/1.2; +https://openai.com/gptbot)"
217.113.194.82 - - [15/Aug/2025:06:31:46 -0300] "GET /admin/media/Highcharts-4.1.9/examples/line-basic/?C=N;O=D HTTP/1.1" 200 901 "-" "Mozilla/5.0 (compatible; Barkrowler/0.9; +https://babbar.tech/crawler)"
20.171.207.11 - - [15/Aug/2025:06:31:48 -0300] "GET /032039818.htm HTTP/2.0" 200 - "-" "Mozilla/5.0 AppleWebKit/537.36 (KHTML, like Gecko; compatible; GPTBot/1.2; +https://openai.com/gptbot)"
20.171.207.11 - - [15/Aug/2025:06:31:50 -0300] "GET /097029387.htm HTTP/2.0" 200 - "-" "Mozilla/5.0 AppleWebKit/537.36 (KHTML, like Gecko; compatible; GPTBot/1.2; +https://openai.com/gptbot)"
20.171.207.11 - - [15/Aug/2025:06:31:51 -0300] "GET /086019122.htm HTTP/2.0" 200 - "-" "Mozilla/5.0 AppleWebKit/537.36 (KHTML, like Gecko; compatible; GPTBot/1.2; +https://openai.com/gptbot)"
20.171.207.11 - - [15/Aug/2025:06:31:53 -0300] "GET /056015878.htm HTTP/2.0" 200 - "-" "Mozilla/5.0 AppleWebKit/537.36 (KHTML, like Gecko; compatible; GPTBot/1.2; +https://openai.com/gptbot)"
20.171.207.11 - - [15/Aug/2025:06:31:54 -0300] "GET /092005364.htm HTTP/2.0" 200 - "-" "Mozilla/5.0 AppleWebKit/537.36 (KHTML, like Gecko; compatible; GPTBot/1.2; +https://openai.com/gptbot)"
217.113.194.82 - - [15/Aug/2025:06:31:55 -0300] "GET /admin/media/ckeditor/plugins/specialchar/dialogs/lang/?C=D;O=D HTTP/1.1" 200 9770 "-" "Mozilla/5.0 (compatible; Barkrowler/0.9; +https://babbar.tech/crawler)"
20.171.207.11 - - [15/Aug/2025:06:31:55 -0300] "GET /054013708.htm HTTP/2.0" 200 - "-" "Mozilla/5.0 AppleWebKit/537.36 (KHTML, like Gecko; compatible; GPTBot/1.2; +https://openai.com/gptbot)"
20.171.207.11 - - [15/Aug/2025:06:31:57 -0300] "GET /052027944.htm HTTP/2.0" 200 - "-" "Mozilla/5.0 AppleWebKit/537.36 (KHTML, like Gecko; compatible; GPTBot/1.2; +https://openai.com/gptbot)"
20.171.207.11 - - [15/Aug/2025:06:31:59 -0300] "GET /098019714.htm HTTP/2.0" 200 - "-" "Mozilla/5.0 AppleWebKit/537.36 (KHTML, like Gecko; compatible; GPTBot/1.2; +https://openai.com/gptbot)"
20.171.207.11 - - [15/Aug/2025:06:32:01 -0300] "GET /031023415.htm HTTP/2.0" 200 - "-" "Mozilla/5.0 AppleWebKit/537.36 (KHTML, like Gecko; compatible; GPTBot/1.2; +https://openai.com/gptbot)"
20.171.207.11 - - [15/Aug/2025:06:32:03 -0300] "GET /041007965.htm HTTP/2.0" 200 - "-" "Mozilla/5.0 AppleWebKit/537.36 (KHTML, like Gecko; compatible; GPTBot/1.2; +https://openai.com/gptbot)"
20.171.207.11 - - [15/Aug/2025:06:32:04 -0300] "GET /085033289.htm HTTP/2.0" 200 - "-" "Mozilla/5.0 AppleWebKit/537.36 (KHTML, like Gecko; compatible; GPTBot/1.2; +https://openai.com/gptbot)"
20.171.207.11 - - [15/Aug/2025:06:32:06 -0300] "GET /071045433.htm HTTP/2.0" 200 - "-" "Mozilla/5.0 AppleWebKit/537.36 (KHTML, like Gecko; compatible; GPTBot/1.2; +https://openai.com/gptbot)"
20.171.207.11 - - [15/Aug/2025:06:32:08 -0300] "GET /035032279.htm HTTP/2.0" 200 - "-" "Mozilla/5.0 AppleWebKit/537.36 (KHTML, like Gecko; compatible; GPTBot/1.2; +https://openai.com/gptbot)"
20.171.207.11 - - [15/Aug/2025:06:32:09 -0300] "GET /085045863.htm HTTP/2.0" 200 - "-" "Mozilla/5.0 AppleWebKit/537.36 (KHTML, like Gecko; compatible; GPTBot/1.2; +https://openai.com/gptbot)"
20.171.207.11 - - [15/Aug/2025:06:32:12 -0300] "GET /093015839.htm HTTP/2.0" 200 - "-" "Mozilla/5.0 AppleWebKit/537.36 (KHTML, like Gecko; compatible; GPTBot/1.2; +https://openai.com/gptbot)"
20.171.207.11 - - [15/Aug/2025:06:32:15 -0300] "GET /064013570.htm HTTP/2.0" 200 - "-" "Mozilla/5.0 AppleWebKit/537.36 (KHTML, like Gecko; compatible; GPTBot/1.2; +https://openai.com/gptbot)"
20.171.207.11 - - [15/Aug/2025:06:32:16 -0300] "GET /067049659.htm HTTP/2.0" 200 - "-" "Mozilla/5.0 AppleWebKit/537.36 (KHTML, like Gecko; compatible; GPTBot/1.2; +https://openai.com/gptbot)"
217.113.194.87 - - [15/Aug/2025:06:32:18 -0300] "GET /admin/media/Highcharts-4.1.9/examples/line-basic/?C=D;O=A HTTP/1.1" 200 901 "-" "Mozilla/5.0 (compatible; Barkrowler/0.9; +https://babbar.tech/crawler)"
20.171.207.11 - - [15/Aug/2025:06:32:18 -0300] "GET /074035190.htm HTTP/2.0" 200 - "-" "Mozilla/5.0 AppleWebKit/537.36 (KHTML, like Gecko; compatible; GPTBot/1.2; +https://openai.com/gptbot)"
20.171.207.11 - - [15/Aug/2025:06:32:21 -0300] "GET /021026675.htm HTTP/2.0" 200 - "-" "Mozilla/5.0 AppleWebKit/537.36 (KHTML, like Gecko; compatible; GPTBot/1.2; +https://openai.com/gptbot)"
20.171.207.11 - - [15/Aug/2025:06:32:23 -0300] "GET /081031735.htm HTTP/2.0" 200 - "-" "Mozilla/5.0 AppleWebKit/537.36 (KHTML, like Gecko; compatible; GPTBot/1.2; +https://openai.com/gptbot)"
20.171.207.11 - - [15/Aug/2025:06:32:24 -0300] "GET /070016492.htm HTTP/2.0" 200 - "-" "Mozilla/5.0 AppleWebKit/537.36 (KHTML, like Gecko; compatible; GPTBot/1.2; +https://openai.com/gptbot)"
