66.249.77.78 - - [16/Aug/2025:09:39:22 -0300] "GET /compete/refuge54/r1dyi-3563/ HTTP/2.0" 404 - "-" "Mozilla/5.0 (Linux; Android 6.0.1; Nexus 5X Build/MMB29P) AppleWebKit/537.36 (KHTML, like Gecko) Chrome/138.0.7204.183 Mobile Safari/537.36 (compatible; Googlebot/2.1; +http://www.google.com/bot.html)"
198.235.24.57 - - [16/Aug/2025:09:39:57 -0300] "GET / HTTP/1.1" 200 - "-" "-"
66.249.77.78 - - [16/Aug/2025:09:40:10 -0300] "GET /blood/bench108/mu9mr-20821/ HTTP/2.0" 404 - "-" "Mozilla/5.0 (Linux; Android 6.0.1; Nexus 5X Build/MMB29P) AppleWebKit/537.36 (KHTML, like Gecko) Chrome/138.0.7204.183 Mobile Safari/537.36 (compatible; Googlebot/2.1; +http://www.google.com/bot.html)"
66.249.77.64 - - [16/Aug/2025:09:40:38 -0300] "GET /conversation/tender170/ig7ct-22987/ HTTP/2.0" 404 - "-" "Mozilla/5.0 (Linux; Android 6.0.1; Nexus 5X Build/MMB29P) AppleWebKit/537.36 (KHTML, like Gecko) Chrome/138.0.7204.183 Mobile Safari/537.36 (compatible; Googlebot/2.1; +http://www.google.com/bot.html)"
66.249.77.78 - - [16/Aug/2025:09:40:46 -0300] "GET /photo/diverse148/mg4fj-3359/ HTTP/2.0" 404 - "-" "Mozilla/5.0 (compatible; Googlebot/2.1; +http://www.google.com/bot.html)"
66.249.77.78 - - [16/Aug/2025:09:41:09 -0300] "GET /bed/substance62/u5mej-2953/ HTTP/2.0" 404 - "-" "Mozilla/5.0 (compatible; Googlebot/2.1; +http://www.google.com/bot.html)"
66.249.77.64 - - [16/Aug/2025:09:41:31 -0300] "GET /ordinary/deer76/okegw-17037/ HTTP/2.0" 404 - "-" "Mozilla/5.0 (compatible; Googlebot/2.1; +http://www.google.com/bot.html)"
66.249.77.78 - - [16/Aug/2025:09:41:38 -0300] "GET /apologize/weekly151/0b8sc-40980/ HTTP/2.0" 404 - "-" "Mozilla/5.0 (Linux; Android 6.0.1; Nexus 5X Build/MMB29P) AppleWebKit/537.36 (KHTML, like Gecko) Chrome/138.0.7204.183 Mobile Safari/537.36 (compatible; Googlebot/2.1; +http://www.google.com/bot.html)"
66.249.77.78 - - [16/Aug/2025:09:41:58 -0300] "GET /pulse/activist184/qpzvk-4513/ HTTP/2.0" 404 - "-" "Mozilla/5.0 (Linux; Android 6.0.1; Nexus 5X Build/MMB29P) AppleWebKit/537.36 (KHTML, like Gecko) Chrome/138.0.7204.183 Mobile Safari/537.36 (compatible; Googlebot/2.1; +http://www.google.com/bot.html)"
66.249.77.65 - - [16/Aug/2025:09:42:07 -0300] "GET /tape/mandate16/gb3w4-10367/ HTTP/2.0" 404 - "-" "Mozilla/5.0 (Linux; Android 6.0.1; Nexus 5X Build/MMB29P) AppleWebKit/537.36 (KHTML, like Gecko) Chrome/138.0.7204.183 Mobile Safari/537.36 (compatible; Googlebot/2.1; +http://www.google.com/bot.html)"
66.249.77.64 - - [16/Aug/2025:09:43:19 -0300] "GET /telescope/newly179/vzcgb-31208/ HTTP/2.0" 404 - "-" "Mozilla/5.0 (compatible; Googlebot/2.1; +http://www.google.com/bot.html)"
66.249.77.64 - - [16/Aug/2025:09:43:38 -0300] "GET /oppose/evolve22/2g3zi-21299/ HTTP/2.0" 404 - "-" "Mozilla/5.0 (Linux; Android 6.0.1; Nexus 5X Build/MMB29P) AppleWebKit/537.36 (KHTML, like Gecko) Chrome/138.0.7204.183 Mobile Safari/537.36 (compatible; Googlebot/2.1; +http://www.google.com/bot.html)"
91.224.92.45 - - [16/Aug/2025:09:43:51 -0300] "GET /wp-login.php HTTP/1.1" 404 - "https://www.facebook.com/" "Mozilla/5.0 (Macintosh; Intel Mac OS X 13_6_1) AppleWebKit/605.1.15 (KHTML, like Gecko) Version/17.2 Safari/605.1.15"
91.224.92.45 - - [16/Aug/2025:09:43:52 -0300] "GET /wordpress/wp-login.php HTTP/1.1" 404 - "-" "Mozilla/5.0 (X11; Ubuntu; Linux x86_64) AppleWebKit/537.36 (KHTML, like Gecko) Chrome/120.0.0.0 Safari/537.36"
91.224.92.45 - - [16/Aug/2025:09:43:52 -0300] "GET /wp-admin/ HTTP/1.1" 200 606 "https://wordpress.org/" "Mozilla/5.0 (Windows NT 10.0; Win64; x64) AppleWebKit/537.36 (KHTML, like Gecko) Chrome/120.0.0.0 Safari/537.36"
66.249.77.65 - - [16/Aug/2025:09:44:38 -0300] "GET /suburban/role24/t5fmu-38657/ HTTP/2.0" 404 - "-" "Mozilla/5.0 (Linux; Android 6.0.1; Nexus 5X Build/MMB29P) AppleWebKit/537.36 (KHTML, like Gecko) Chrome/138.0.7204.183 Mobile Safari/537.36 (compatible; Googlebot/2.1; +http://www.google.com/bot.html)"
66.249.77.64 - - [16/Aug/2025:09:45:38 -0300] "GET /modern/assistant89/9x0zl-18202/ HTTP/2.0" 404 - "-" "Mozilla/5.0 (Linux; Android 6.0.1; Nexus 5X Build/MMB29P) AppleWebKit/537.36 (KHTML, like Gecko) Chrome/138.0.7204.183 Mobile Safari/537.36 (compatible; Googlebot/2.1; +http://www.google.com/bot.html)"
66.249.77.78 - - [16/Aug/2025:09:47:38 -0300] "GET /feature/authority136/mgnoh-3291/ HTTP/2.0" 404 - "-" "Mozilla/5.0 (Linux; Android 6.0.1; Nexus 5X Build/MMB29P) AppleWebKit/537.36 (KHTML, like Gecko) Chrome/138.0.7204.183 Mobile Safari/537.36 (compatible; Googlebot/2.1; +http://www.google.com/bot.html)"
66.249.77.64 - - [16/Aug/2025:09:48:38 -0300] "GET /rail/request59/8i1wx-4516/ HTTP/2.0" 404 - "-" "Mozilla/5.0 (Linux; Android 6.0.1; Nexus 5X Build/MMB29P) AppleWebKit/537.36 (KHTML, like Gecko) Chrome/138.0.7204.183 Mobile Safari/537.36 (compatible; Googlebot/2.1; +http://www.google.com/bot.html)"
66.249.77.64 - - [16/Aug/2025:09:49:38 -0300] "GET /band/repair94/iegcf-993/ HTTP/2.0" 404 - "-" "Mozilla/5.0 (Linux; Android 6.0.1; Nexus 5X Build/MMB29P) AppleWebKit/537.36 (KHTML, like Gecko) Chrome/138.0.7204.183 Mobile Safari/537.36 (compatible; Googlebot/2.1; +http://www.google.com/bot.html)"
66.249.77.64 - - [16/Aug/2025:09:49:49 -0300] "GET /devote/objective103/amt8a-10296/ HTTP/2.0" 404 - "-" "Mozilla/5.0 (compatible; Googlebot/2.1; +http://www.google.com/bot.html)"
66.249.77.64 - - [16/Aug/2025:09:49:50 -0300] "GET /devote/objective103/amt8a-10296/ HTTP/2.0" 404 - "-" "Mozilla/5.0 (Linux; Android 6.0.1; Nexus 5X Build/MMB29P) AppleWebKit/537.36 (KHTML, like Gecko) Chrome/138.0.7204.183 Mobile Safari/537.36 (compatible; Googlebot/2.1; +http://www.google.com/bot.html)"
66.249.77.78 - - [16/Aug/2025:09:50:39 -0300] "GET /constitutional/summit184/cix3a-41641/ HTTP/2.0" 404 - "-" "Mozilla/5.0 (Linux; Android 6.0.1; Nexus 5X Build/MMB29P) AppleWebKit/537.36 (KHTML, like Gecko) Chrome/138.0.7204.183 Mobile Safari/537.36 (compatible; Googlebot/2.1; +http://www.google.com/bot.html)"
208.110.64.178 - - [16/Aug/2025:09:52:33 -0300] "GET /wp-includes/install.php HTTP/1.1" 404 - "https://dimensaocondominios.com.br/wp-includes/install.php" "Mozilla/5.0 (Windows NT 10.0; Win64; x64) AppleWebKit/537.36 (KHTML, like Gecko) Chrome/58.0.3029.110 Safari/537.3"
66.249.77.65 - - [16/Aug/2025:09:52:39 -0300] "GET /drift/suggestion100/bxory-45057/ HTTP/2.0" 404 - "-" "Mozilla/5.0 (Linux; Android 6.0.1; Nexus 5X Build/MMB29P) AppleWebKit/537.36 (KHTML, like Gecko) Chrome/138.0.7204.183 Mobile Safari/537.36 (compatible; Googlebot/2.1; +http://www.google.com/bot.html)"
66.249.77.78 - - [16/Aug/2025:09:53:39 -0300] "GET /legacy/country62/d70ak-20205/ HTTP/2.0" 404 - "-" "Mozilla/5.0 (Linux; Android 6.0.1; Nexus 5X Build/MMB29P) AppleWebKit/537.36 (KHTML, like Gecko) Chrome/138.0.7204.183 Mobile Safari/537.36 (compatible; Googlebot/2.1; +http://www.google.com/bot.html)"
66.249.77.78 - - [16/Aug/2025:09:54:28 -0300] "GET /beam/order157/tzyvk-37004/ HTTP/2.0" 404 - "-" "Mozilla/5.0 (Linux; Android 6.0.1; Nexus 5X Build/MMB29P) AppleWebKit/537.36 (KHTML, like Gecko) Chrome/138.0.7204.183 Mobile Safari/537.36 (compatible; Googlebot/2.1; +http://www.google.com/bot.html)"
66.249.77.64 - - [16/Aug/2025:09:54:39 -0300] "GET /smile/anxiety148/ow4td-44973/ HTTP/2.0" 404 - "-" "Mozilla/5.0 (Linux; Android 6.0.1; Nexus 5X Build/MMB29P) AppleWebKit/537.36 (KHTML, like Gecko) Chrome/138.0.7204.183 Mobile Safari/537.36 (compatible; Googlebot/2.1; +http://www.google.com/bot.html)"
66.249.77.65 - - [16/Aug/2025:09:55:39 -0300] "GET /reading/glove100/ggylq-36607/ HTTP/2.0" 404 - "-" "Mozilla/5.0 (Linux; Android 6.0.1; Nexus 5X Build/MMB29P) AppleWebKit/537.36 (KHTML, like Gecko) Chrome/138.0.7204.183 Mobile Safari/537.36 (compatible; Googlebot/2.1; +http://www.google.com/bot.html)"
66.249.77.78 - - [16/Aug/2025:09:57:39 -0300] "GET /straw/silk95/6lwu8-5238/ HTTP/2.0" 404 - "-" "Mozilla/5.0 (Linux; Android 6.0.1; Nexus 5X Build/MMB29P) AppleWebKit/537.36 (KHTML, like Gecko) Chrome/138.0.7204.183 Mobile Safari/537.36 (compatible; Googlebot/2.1; +http://www.google.com/bot.html)"
66.249.77.64 - - [16/Aug/2025:09:57:39 -0300] "GET /maybe/decorate97/7uwxj-7120/ HTTP/2.0" 404 - "-" "Mozilla/5.0 (Linux; Android 6.0.1; Nexus 5X Build/MMB29P) AppleWebKit/537.36 (KHTML, like Gecko) Chrome/138.0.7204.183 Mobile Safari/537.36 (compatible; Googlebot/2.1; +http://www.google.com/bot.html)"
66.249.77.65 - - [16/Aug/2025:09:58:40 -0300] "GET /uncover/boring195/g5l2c-34556/ HTTP/2.0" 404 - "-" "Mozilla/5.0 (Linux; Android 6.0.1; Nexus 5X Build/MMB29P) AppleWebKit/537.36 (KHTML, like Gecko) Chrome/138.0.7204.183 Mobile Safari/537.36 (compatible; Googlebot/2.1; +http://www.google.com/bot.html)"
66.249.77.64 - - [16/Aug/2025:09:59:40 -0300] "GET /admission/marry77/lpd1e-12002/ HTTP/2.0" 404 - "-" "Mozilla/5.0 (Linux; Android 6.0.1; Nexus 5X Build/MMB29P) AppleWebKit/537.36 (KHTML, like Gecko) Chrome/138.0.7204.183 Mobile Safari/537.36 (compatible; Googlebot/2.1; +http://www.google.com/bot.html)"
216.73.216.112 - - [16/Aug/2025:09:59:56 -0300] "GET /robots.txt HTTP/2.0" 200 454 "-" "Mozilla/5.0 AppleWebKit/537.36 (KHTML, like Gecko; compatible; ClaudeBot/1.0; +claudebot@anthropic.com)"
216.73.216.112 - - [16/Aug/2025:09:59:56 -0300] "GET / HTTP/2.0" 200 - "-" "Mozilla/5.0 AppleWebKit/537.36 (KHTML, like Gecko; compatible; ClaudeBot/1.0; +claudebot@anthropic.com)"
66.249.77.65 - - [16/Aug/2025:10:00:12 -0300] "GET /activity/unity127/1ri9e-35138/ HTTP/2.0" 404 - "-" "Mozilla/5.0 (Linux; Android 6.0.1; Nexus 5X Build/MMB29P) AppleWebKit/537.36 (KHTML, like Gecko) Chrome/138.0.7204.183 Mobile Safari/537.36 (compatible; Googlebot/2.1; +http://www.google.com/bot.html)"
216.73.216.112 - - [16/Aug/2025:10:01:17 -0300] "GET / HTTP/2.0" 200 - "-" "Mozilla/5.0 AppleWebKit/537.36 (KHTML, like Gecko; compatible; ClaudeBot/1.0; +claudebot@anthropic.com)"
66.249.77.65 - - [16/Aug/2025:10:01:22 -0300] "GET /offensive/border63/t8efz-26136/ HTTP/2.0" 404 - "-" "Mozilla/5.0 (Linux; Android 6.0.1; Nexus 5X Build/MMB29P) AppleWebKit/537.36 (KHTML, like Gecko) Chrome/138.0.7204.183 Mobile Safari/537.36 (compatible; Googlebot/2.1; +http://www.google.com/bot.html)"
66.249.77.78 - - [16/Aug/2025:10:01:40 -0300] "GET /ideal/increase144/avxeo-47085/ HTTP/2.0" 404 - "-" "Mozilla/5.0 (Linux; Android 6.0.1; Nexus 5X Build/MMB29P) AppleWebKit/537.36 (KHTML, like Gecko) Chrome/138.0.7204.183 Mobile Safari/537.36 (compatible; Googlebot/2.1; +http://www.google.com/bot.html)"
66.249.77.78 - - [16/Aug/2025:10:02:40 -0300] "GET /belt/truly115/kanb8-28204/ HTTP/2.0" 404 - "-" "Mozilla/5.0 (Linux; Android 6.0.1; Nexus 5X Build/MMB29P) AppleWebKit/537.36 (KHTML, like Gecko) Chrome/138.0.7204.183 Mobile Safari/537.36 (compatible; Googlebot/2.1; +http://www.google.com/bot.html)"
66.249.77.78 - - [16/Aug/2025:10:03:02 -0300] "GET /switch/zone158/mlmfo-10789/ HTTP/2.0" 404 - "-" "Mozilla/5.0 (compatible; Googlebot/2.1; +http://www.google.com/bot.html)"
204.12.252.98 - - [16/Aug/2025:10:03:24 -0300] "GET /wp-includes/install.php HTTP/1.1" 404 - "https://dimensaocondominios.com.br/wp-includes/install.php" "Mozilla/5.0 (Windows NT 10.0; Win64; x64) AppleWebKit/537.36 (KHTML, like Gecko) Chrome/58.0.3029.110 Safari/537.3"
66.249.77.78 - - [16/Aug/2025:10:03:40 -0300] "GET /shopdetail/160006402 HTTP/2.0" 404 - "-" "Mozilla/5.0 (Linux; Android 6.0.1; Nexus 5X Build/MMB29P) AppleWebKit/537.36 (KHTML, like Gecko) Chrome/138.0.7204.183 Mobile Safari/537.36 (compatible; Googlebot/2.1; +http://www.google.com/bot.html)"
135.148.100.196 - - [16/Aug/2025:10:03:49 -0300] "GET / HTTP/1.1" 200 - "-" "-"
66.249.77.78 - - [16/Aug/2025:10:04:41 -0300] "GET /shopdetail/011009993 HTTP/2.0" 404 - "-" "Mozilla/5.0 (Linux; Android 6.0.1; Nexus 5X Build/MMB29P) AppleWebKit/537.36 (KHTML, like Gecko) Chrome/138.0.7204.183 Mobile Safari/537.36 (compatible; Googlebot/2.1; +http://www.google.com/bot.html)"
66.249.77.78 - - [16/Aug/2025:10:05:45 -0300] "GET /fortune/impulse152/ndstp-11871/ HTTP/2.0" 404 - "-" "Mozilla/5.0 (Linux; Android 6.0.1; Nexus 5X Build/MMB29P) AppleWebKit/537.36 (KHTML, like Gecko) Chrome/138.0.7204.183 Mobile Safari/537.36 (compatible; Googlebot/2.1; +http://www.google.com/bot.html)"
66.249.77.78 - - [16/Aug/2025:10:05:45 -0300] "GET /fortune/impulse152/ndstp-11871/ HTTP/2.0" 404 - "-" "Mozilla/5.0 (compatible; Googlebot/2.1; +http://www.google.com/bot.html)"
66.249.77.78 - - [16/Aug/2025:10:06:41 -0300] "GET /shopdetail/064007458 HTTP/2.0" 404 - "-" "Mozilla/5.0 (Linux; Android 6.0.1; Nexus 5X Build/MMB29P) AppleWebKit/537.36 (KHTML, like Gecko) Chrome/138.0.7204.183 Mobile Safari/537.36 (compatible; Googlebot/2.1; +http://www.google.com/bot.html)"
66.249.77.78 - - [16/Aug/2025:10:07:12 -0300] "GET /virtual/unite142/gzlil-44725/ HTTP/2.0" 404 - "-" "Mozilla/5.0 (Linux; Android 6.0.1; Nexus 5X Build/MMB29P) AppleWebKit/537.36 (KHTML, like Gecko) Chrome/138.0.7204.183 Mobile Safari/537.36 (compatible; Googlebot/2.1; +http://www.google.com/bot.html)"
66.249.77.78 - - [16/Aug/2025:10:07:12 -0300] "GET /virtual/unite142/gzlil-44725/ HTTP/2.0" 404 - "-" "Mozilla/5.0 (compatible; Googlebot/2.1; +http://www.google.com/bot.html)"
66.249.77.64 - - [16/Aug/2025:10:07:34 -0300] "GET /Thanksgiving/graduation121/a2c9q-21428/ HTTP/2.0" 404 - "-" "Mozilla/5.0 (Linux; Android 6.0.1; Nexus 5X Build/MMB29P) AppleWebKit/537.36 (KHTML, like Gecko) Chrome/138.0.7204.183 Mobile Safari/537.36 (compatible; Googlebot/2.1; +http://www.google.com/bot.html)"
66.249.77.78 - - [16/Aug/2025:10:07:41 -0300] "GET /shopdetail/070027898 HTTP/2.0" 404 - "-" "Mozilla/5.0 (Linux; Android 6.0.1; Nexus 5X Build/MMB29P) AppleWebKit/537.36 (KHTML, like Gecko) Chrome/138.0.7204.183 Mobile Safari/537.36 (compatible; Googlebot/2.1; +http://www.google.com/bot.html)"
185.244.104.2 - - [16/Aug/2025:10:08:19 -0300] "PROPFIND / HTTP/1.1" 200 - "http://162.214.213.194:443/" "-"
66.249.77.65 - - [16/Aug/2025:10:08:33 -0300] "GET /among/businessman64/4isue-15789/ HTTP/2.0" 404 - "-" "Mozilla/5.0 (Linux; Android 6.0.1; Nexus 5X Build/MMB29P) AppleWebKit/537.36 (KHTML, like Gecko) Chrome/138.0.7204.183 Mobile Safari/537.36 (compatible; Googlebot/2.1; +http://www.google.com/bot.html)"
66.249.77.64 - - [16/Aug/2025:10:08:41 -0300] "GET /shopdetail/098032164 HTTP/2.0" 404 - "-" "Mozilla/5.0 (Linux; Android 6.0.1; Nexus 5X Build/MMB29P) AppleWebKit/537.36 (KHTML, like Gecko) Chrome/138.0.7204.183 Mobile Safari/537.36 (compatible; Googlebot/2.1; +http://www.google.com/bot.html)"
66.249.77.65 - - [16/Aug/2025:10:09:41 -0300] "GET /shopdetail/103003611 HTTP/2.0" 404 - "-" "Mozilla/5.0 (Linux; Android 6.0.1; Nexus 5X Build/MMB29P) AppleWebKit/537.36 (KHTML, like Gecko) Chrome/138.0.7204.183 Mobile Safari/537.36 (compatible; Googlebot/2.1; +http://www.google.com/bot.html)"
216.73.216.112 - - [16/Aug/2025:10:10:46 -0300] "GET /pages.php HTTP/2.0" 404 - "-" "Mozilla/5.0 AppleWebKit/537.36 (KHTML, like Gecko; compatible; ClaudeBot/1.0; +claudebot@anthropic.com)"
66.249.77.64 - - [16/Aug/2025:10:12:16 -0300] "GET /industrial/warn123/i9bsc-4076/ HTTP/2.0" 404 - "-" "Mozilla/5.0 (Linux; Android 6.0.1; Nexus 5X Build/MMB29P) AppleWebKit/537.36 (KHTML, like Gecko) Chrome/138.0.7204.183 Mobile Safari/537.36 (compatible; Googlebot/2.1; +http://www.google.com/bot.html)"
66.249.77.65 - - [16/Aug/2025:10:13:00 -0300] "GET /shopdetail/046040590 HTTP/2.0" 404 - "-" "Mozilla/5.0 (Linux; Android 6.0.1; Nexus 5X Build/MMB29P) AppleWebKit/537.36 (KHTML, like Gecko) Chrome/138.0.7204.183 Mobile Safari/537.36 (compatible; Googlebot/2.1; +http://www.google.com/bot.html)"
204.12.252.98 - - [16/Aug/2025:10:13:36 -0300] "GET /wp-includes/install.php HTTP/1.1" 404 - "https://dimensaocondominios.com.br/wp-includes/install.php" "Mozilla/5.0 (Windows NT 10.0; Win64; x64) AppleWebKit/537.36 (KHTML, like Gecko) Chrome/58.0.3029.110 Safari/537.3"
66.249.77.64 - - [16/Aug/2025:10:14:01 -0300] "GET /shopdetail/003004339 HTTP/2.0" 404 - "-" "Mozilla/5.0 (Linux; Android 6.0.1; Nexus 5X Build/MMB29P) AppleWebKit/537.36 (KHTML, like Gecko) Chrome/138.0.7204.183 Mobile Safari/537.36 (compatible; Googlebot/2.1; +http://www.google.com/bot.html)"
93.123.109.246 - - [16/Aug/2025:10:14:06 -0300] "GET /.env HTTP/1.1" 401 52 "-" "Mozilla/5.0 (X11; Linux x86_64) AppleWebKit/537.36 (KHTML, like Gecko) Chrome/81.0.4044.129 Safari/537.36"
93.123.109.246 - - [16/Aug/2025:10:14:08 -0300] "GET /.env.save HTTP/1.1" 401 52 "-" "Mozilla/5.0 (X11; Linux x86_64) AppleWebKit/537.36 (KHTML, like Gecko) Chrome/81.0.4044.129 Safari/537.36"
93.123.109.246 - - [16/Aug/2025:10:14:09 -0300] "GET /.env.prod HTTP/1.1" 401 52 "-" "Mozilla/5.0 (X11; Linux x86_64) AppleWebKit/537.36 (KHTML, like Gecko) Chrome/81.0.4044.129 Safari/537.36"
93.123.109.246 - - [16/Aug/2025:10:14:10 -0300] "GET /api/.env HTTP/1.1" 401 52 "-" "Mozilla/5.0 (X11; Linux x86_64) AppleWebKit/537.36 (KHTML, like Gecko) Chrome/81.0.4044.129 Safari/537.36"
93.123.109.246 - - [16/Aug/2025:10:14:10 -0300] "GET /dev/.env HTTP/1.1" 401 52 "-" "Mozilla/5.0 (X11; Linux x86_64) AppleWebKit/537.36 (KHTML, like Gecko) Chrome/81.0.4044.129 Safari/537.36"
93.123.109.246 - - [16/Aug/2025:10:14:11 -0300] "GET /application/.env HTTP/1.1" 401 52 "-" "Mozilla/5.0 (X11; Linux x86_64) AppleWebKit/537.36 (KHTML, like Gecko) Chrome/81.0.4044.129 Safari/537.36"
93.123.109.246 - - [16/Aug/2025:10:14:12 -0300] "GET /phpinfo.php HTTP/1.1" 401 52 "-" "Mozilla/5.0 (X11; Linux x86_64) AppleWebKit/537.36 (KHTML, like Gecko) Chrome/81.0.4044.129 Safari/537.36"
93.123.109.246 - - [16/Aug/2025:10:14:13 -0300] "GET /phpinfo HTTP/1.1" 401 52 "-" "Mozilla/5.0 (X11; Linux x86_64) AppleWebKit/537.36 (KHTML, like Gecko) Chrome/81.0.4044.129 Safari/537.36"
93.123.109.246 - - [16/Aug/2025:10:14:14 -0300] "GET /php_info.php HTTP/1.1" 401 52 "-" "Mozilla/5.0 (X11; Linux x86_64) AppleWebKit/537.36 (KHTML, like Gecko) Chrome/81.0.4044.129 Safari/537.36"
93.123.109.246 - - [16/Aug/2025:10:14:15 -0300] "GET /_profiler/phpinfo HTTP/1.1" 401 52 "-" "Mozilla/5.0 (X11; Linux x86_64) AppleWebKit/537.36 (KHTML, like Gecko) Chrome/81.0.4044.129 Safari/537.36"
93.123.109.246 - - [16/Aug/2025:10:14:20 -0300] "GET /backend/.env HTTP/1.1" 401 52 "-" "Mozilla/5.0 (X11; Linux x86_64) AppleWebKit/537.36 (KHTML, like Gecko) Chrome/81.0.4044.129 Safari/537.36"
93.123.109.246 - - [16/Aug/2025:10:14:21 -0300] "GET /.env.example HTTP/1.1" 401 52 "-" "Mozilla/5.0 (X11; Linux x86_64) AppleWebKit/537.36 (KHTML, like Gecko) Chrome/81.0.4044.129 Safari/537.36"
93.123.109.246 - - [16/Aug/2025:10:14:22 -0300] "GET /admin/.env HTTP/1.1" 401 52 "-" "Mozilla/5.0 (X11; Linux x86_64) AppleWebKit/537.36 (KHTML, like Gecko) Chrome/81.0.4044.129 Safari/537.36"
93.123.109.246 - - [16/Aug/2025:10:14:23 -0300] "GET /info HTTP/1.1" 401 52 "-" "Mozilla/5.0 (X11; Linux x86_64) AppleWebKit/537.36 (KHTML, like Gecko) Chrome/81.0.4044.129 Safari/537.36"
93.123.109.246 - - [16/Aug/2025:10:14:23 -0300] "POST / HTTP/1.1" 401 52 "-" "Mozilla/5.0 (X11; Linux x86_64) AppleWebKit/537.36 (KHTML, like Gecko) Chrome/81.0.4044.129 Safari/537.36"
66.249.77.64 - - [16/Aug/2025:10:14:28 -0300] "GET /prisoner/bench181/qcjiq-26374/ HTTP/2.0" 404 - "-" "Mozilla/5.0 (compatible; Googlebot/2.1; +http://www.google.com/bot.html)"
66.249.77.78 - - [16/Aug/2025:10:14:28 -0300] "GET /prisoner/bench181/qcjiq-26374/ HTTP/2.0" 404 - "-" "Mozilla/5.0 (Linux; Android 6.0.1; Nexus 5X Build/MMB29P) AppleWebKit/537.36 (KHTML, like Gecko) Chrome/138.0.7204.183 Mobile Safari/537.36 (compatible; Googlebot/2.1; +http://www.google.com/bot.html)"
66.249.77.78 - - [16/Aug/2025:10:15:01 -0300] "GET /shopdetail/093032219 HTTP/2.0" 404 - "-" "Mozilla/5.0 (Linux; Android 6.0.1; Nexus 5X Build/MMB29P) AppleWebKit/537.36 (KHTML, like Gecko) Chrome/138.0.7204.183 Mobile Safari/537.36 (compatible; Googlebot/2.1; +http://www.google.com/bot.html)"
66.249.77.78 - - [16/Aug/2025:10:15:38 -0300] "GET /whether/bathroom67/o8set-8012/ HTTP/2.0" 404 - "-" "Mozilla/5.0 (Linux; Android 6.0.1; Nexus 5X Build/MMB29P) AppleWebKit/537.36 (KHTML, like Gecko) Chrome/138.0.7204.183 Mobile Safari/537.36 (compatible; Googlebot/2.1; +http://www.google.com/bot.html)"
66.249.77.78 - - [16/Aug/2025:10:16:53 -0300] "GET /conception/audience87/55gda-26364/ HTTP/2.0" 404 - "-" "Mozilla/5.0 (compatible; Googlebot/2.1; +http://www.google.com/bot.html)"
66.249.77.64 - - [16/Aug/2025:10:17:01 -0300] "GET /shopdetail/097040615 HTTP/2.0" 404 - "-" "Mozilla/5.0 (Linux; Android 6.0.1; Nexus 5X Build/MMB29P) AppleWebKit/537.36 (KHTML, like Gecko) Chrome/138.0.7204.183 Mobile Safari/537.36 (compatible; Googlebot/2.1; +http://www.google.com/bot.html)"
66.249.77.78 - - [16/Aug/2025:10:17:42 -0300] "GET /revolutionary/stable139/dnuxe-33580/ HTTP/2.0" 404 - "-" "Mozilla/5.0 (compatible; Googlebot/2.1; +http://www.google.com/bot.html)"
66.249.77.78 - - [16/Aug/2025:10:18:01 -0300] "GET /shopdetail/164028538 HTTP/2.0" 404 - "-" "Mozilla/5.0 (Linux; Android 6.0.1; Nexus 5X Build/MMB29P) AppleWebKit/537.36 (KHTML, like Gecko) Chrome/138.0.7204.183 Mobile Safari/537.36 (compatible; Googlebot/2.1; +http://www.google.com/bot.html)"
66.249.77.78 - - [16/Aug/2025:10:19:01 -0300] "GET /shopdetail/101025141 HTTP/2.0" 404 - "-" "Mozilla/5.0 (Linux; Android 6.0.1; Nexus 5X Build/MMB29P) AppleWebKit/537.36 (KHTML, like Gecko) Chrome/138.0.7204.183 Mobile Safari/537.36 (compatible; Googlebot/2.1; +http://www.google.com/bot.html)"
66.249.77.64 - - [16/Aug/2025:10:20:01 -0300] "GET /shopdetail/162015658 HTTP/2.0" 404 - "-" "Mozilla/5.0 (Linux; Android 6.0.1; Nexus 5X Build/MMB29P) AppleWebKit/537.36 (KHTML, like Gecko) Chrome/138.0.7204.183 Mobile Safari/537.36 (compatible; Googlebot/2.1; +http://www.google.com/bot.html)"
66.249.77.64 - - [16/Aug/2025:10:21:50 -0300] "GET /drill/sock36/x4ljg-23525/ HTTP/2.0" 404 - "-" "Mozilla/5.0 (Linux; Android 6.0.1; Nexus 5X Build/MMB29P) AppleWebKit/537.36 (KHTML, like Gecko) Chrome/138.0.7204.183 Mobile Safari/537.36 (compatible; Googlebot/2.1; +http://www.google.com/bot.html)"
66.249.77.64 - - [16/Aug/2025:10:21:55 -0300] "GET /temporary/bury49/3ghmd-29688/ HTTP/2.0" 404 - "-" "Mozilla/5.0 (compatible; Googlebot/2.1; +http://www.google.com/bot.html)"
66.249.77.64 - - [16/Aug/2025:10:21:55 -0300] "GET /temporary/bury49/3ghmd-29688/ HTTP/2.0" 404 - "-" "Mozilla/5.0 (Linux; Android 6.0.1; Nexus 5X Build/MMB29P) AppleWebKit/537.36 (KHTML, like Gecko) Chrome/138.0.7204.183 Mobile Safari/537.36 (compatible; Googlebot/2.1; +http://www.google.com/bot.html)"
66.249.77.64 - - [16/Aug/2025:10:22:01 -0300] "GET /shopdetail/036035858 HTTP/2.0" 404 - "-" "Mozilla/5.0 (Linux; Android 6.0.1; Nexus 5X Build/MMB29P) AppleWebKit/537.36 (KHTML, like Gecko) Chrome/138.0.7204.183 Mobile Safari/537.36 (compatible; Googlebot/2.1; +http://www.google.com/bot.html)"
66.249.77.78 - - [16/Aug/2025:10:23:01 -0300] "GET /shopdetail/061005309 HTTP/2.0" 404 - "-" "Mozilla/5.0 (Linux; Android 6.0.1; Nexus 5X Build/MMB29P) AppleWebKit/537.36 (KHTML, like Gecko) Chrome/138.0.7204.183 Mobile Safari/537.36 (compatible; Googlebot/2.1; +http://www.google.com/bot.html)"
66.249.77.64 - - [16/Aug/2025:10:24:01 -0300] "GET /shopdetail/174026816 HTTP/2.0" 404 - "-" "Mozilla/5.0 (Linux; Android 6.0.1; Nexus 5X Build/MMB29P) AppleWebKit/537.36 (KHTML, like Gecko) Chrome/138.0.7204.183 Mobile Safari/537.36 (compatible; Googlebot/2.1; +http://www.google.com/bot.html)"
66.249.77.78 - - [16/Aug/2025:10:24:16 -0300] "GET /personality/garlic15/9wbsx-44330/ HTTP/2.0" 404 - "-" "Mozilla/5.0 (compatible; Googlebot/2.1; +http://www.google.com/bot.html)"
66.249.77.78 - - [16/Aug/2025:10:24:18 -0300] "GET /Indian/bother11/rayn7-45840/ HTTP/2.0" 404 - "-" "Mozilla/5.0 (Linux; Android 6.0.1; Nexus 5X Build/MMB29P) AppleWebKit/537.36 (KHTML, like Gecko) Chrome/138.0.7204.183 Mobile Safari/537.36 (compatible; Googlebot/2.1; +http://www.google.com/bot.html)"
66.249.77.78 - - [16/Aug/2025:10:24:21 -0300] "GET /accuse/upper161/cqz8a-15816/ HTTP/2.0" 404 - "-" "Mozilla/5.0 (Linux; Android 6.0.1; Nexus 5X Build/MMB29P) AppleWebKit/537.36 (KHTML, like Gecko) Chrome/138.0.7204.183 Mobile Safari/537.36 (compatible; Googlebot/2.1; +http://www.google.com/bot.html)"
66.249.77.78 - - [16/Aug/2025:10:24:47 -0300] "GET /involve/self-esteem185/9ekdo-14308/ HTTP/2.0" 404 - "-" "Mozilla/5.0 (compatible; Googlebot/2.1; +http://www.google.com/bot.html)"
66.249.77.65 - - [16/Aug/2025:10:25:02 -0300] "GET /shopdetail/047041917 HTTP/2.0" 404 - "-" "Mozilla/5.0 (Linux; Android 6.0.1; Nexus 5X Build/MMB29P) AppleWebKit/537.36 (KHTML, like Gecko) Chrome/138.0.7204.183 Mobile Safari/537.36 (compatible; Googlebot/2.1; +http://www.google.com/bot.html)"
66.249.77.78 - - [16/Aug/2025:10:26:11 -0300] "GET /salad/secondary5/6sr8l-30220/ HTTP/2.0" 404 - "-" "Mozilla/5.0 (compatible; Googlebot/2.1; +http://www.google.com/bot.html)"
66.249.77.78 - - [16/Aug/2025:10:27:02 -0300] "GET /shopdetail/179013247 HTTP/2.0" 404 - "-" "Mozilla/5.0 (Linux; Android 6.0.1; Nexus 5X Build/MMB29P) AppleWebKit/537.36 (KHTML, like Gecko) Chrome/138.0.7204.183 Mobile Safari/537.36 (compatible; Googlebot/2.1; +http://www.google.com/bot.html)"
208.110.64.178 - - [16/Aug/2025:10:27:08 -0300] "GET /wp-includes/install.php HTTP/1.1" 404 - "https://dimensaocondominios.com.br/wp-includes/install.php" "Mozilla/5.0 (Windows NT 10.0; Win64; x64) AppleWebKit/537.36 (KHTML, like Gecko) Chrome/58.0.3029.110 Safari/537.3"
66.249.77.65 - - [16/Aug/2025:10:28:02 -0300] "GET /shopdetail/137014055 HTTP/2.0" 404 - "-" "Mozilla/5.0 (Linux; Android 6.0.1; Nexus 5X Build/MMB29P) AppleWebKit/537.36 (KHTML, like Gecko) Chrome/138.0.7204.183 Mobile Safari/537.36 (compatible; Googlebot/2.1; +http://www.google.com/bot.html)"
66.249.77.78 - - [16/Aug/2025:10:28:46 -0300] "GET /efficiency/tourism156/ycjml-2817/ HTTP/2.0" 404 - "-" "Mozilla/5.0 (compatible; Googlebot/2.1; +http://www.google.com/bot.html)"
66.249.77.64 - - [16/Aug/2025:10:28:47 -0300] "GET /efficiency/tourism156/ycjml-2817/ HTTP/2.0" 404 - "-" "Mozilla/5.0 (Linux; Android 6.0.1; Nexus 5X Build/MMB29P) AppleWebKit/537.36 (KHTML, like Gecko) Chrome/138.0.7204.183 Mobile Safari/537.36 (compatible; Googlebot/2.1; +http://www.google.com/bot.html)"
66.249.77.78 - - [16/Aug/2025:10:29:02 -0300] "GET /shopdetail/037004621 HTTP/2.0" 404 - "-" "Mozilla/5.0 (Linux; Android 6.0.1; Nexus 5X Build/MMB29P) AppleWebKit/537.36 (KHTML, like Gecko) Chrome/138.0.7204.183 Mobile Safari/537.36 (compatible; Googlebot/2.1; +http://www.google.com/bot.html)"
66.249.77.78 - - [16/Aug/2025:10:31:02 -0300] "GET /shopdetail/164009998 HTTP/2.0" 404 - "-" "Mozilla/5.0 (Linux; Android 6.0.1; Nexus 5X Build/MMB29P) AppleWebKit/537.36 (KHTML, like Gecko) Chrome/138.0.7204.183 Mobile Safari/537.36 (compatible; Googlebot/2.1; +http://www.google.com/bot.html)"
66.249.77.78 - - [16/Aug/2025:10:31:33 -0300] "GET /mentor/depressed118/65hav-34489/ HTTP/2.0" 404 - "-" "Mozilla/5.0 (compatible; Googlebot/2.1; +http://www.google.com/bot.html)"
66.249.77.65 - - [16/Aug/2025:10:32:02 -0300] "GET /shopdetail/011046797 HTTP/2.0" 404 - "-" "Mozilla/5.0 (Linux; Android 6.0.1; Nexus 5X Build/MMB29P) AppleWebKit/537.36 (KHTML, like Gecko) Chrome/138.0.7204.183 Mobile Safari/537.36 (compatible; Googlebot/2.1; +http://www.google.com/bot.html)"
101.251.238.173 - - [16/Aug/2025:10:32:13 -0300] "GET / HTTP/1.0" 404 - "-" "-"
66.249.77.78 - - [16/Aug/2025:10:33:02 -0300] "GET /shopdetail/146032460 HTTP/2.0" 404 - "-" "Mozilla/5.0 (Linux; Android 6.0.1; Nexus 5X Build/MMB29P) AppleWebKit/537.36 (KHTML, like Gecko) Chrome/138.0.7204.183 Mobile Safari/537.36 (compatible; Googlebot/2.1; +http://www.google.com/bot.html)"
101.251.238.173 - - [16/Aug/2025:10:33:40 -0300] "GET / HTTP/1.1" 200 - "-" "Mozilla/5.0 (Windows NT 10.0; Win64; x64) AppleWebKit/537.36 (KHTML, like Gecko) Chrome/114.0.0.0 Safari/537.36"
101.251.238.173 - - [16/Aug/2025:10:33:43 -0300] "GET / HTTP/1.1" 200 - "-" "-"
101.251.238.173 - - [16/Aug/2025:10:33:46 -0300] "GET /v1/models HTTP/1.1" 404 - "-" "Mozilla/5.0 (Windows NT 10.0; Win64; x64) AppleWebKit/537.36 (KHTML, like Gecko) Chrome/114.0.0.0 Safari/537.36"
101.251.238.173 - - [16/Aug/2025:10:33:50 -0300] "GET /v1/models HTTP/1.1" 404 - "-" "Mozilla/5.0 (Windows NT 10.0; Win64; x64) AppleWebKit/537.36 (KHTML, like Gecko) Chrome/114.0.0.0 Safari/537.36"
101.251.238.173 - - [16/Aug/2025:10:33:53 -0300] "GET /favicon.ico HTTP/1.1" 404 - "-" "Mozilla/5.0 (Windows NT 10.0; Win64; x64) AppleWebKit/537.36 (KHTML, like Gecko) Chrome/114.0.0.0 Safari/537.36"
101.251.238.173 - - [16/Aug/2025:10:33:56 -0300] "GET /favicon.ico HTTP/1.1" 404 - "-" "Mozilla/5.0 (Windows NT 10.0; Win64; x64) AppleWebKit/537.36 (KHTML, like Gecko) Chrome/114.0.0.0 Safari/537.36"
66.249.77.64 - - [16/Aug/2025:10:34:02 -0300] "GET /shopdetail/028012794 HTTP/2.0" 404 - "-" "Mozilla/5.0 (Linux; Android 6.0.1; Nexus 5X Build/MMB29P) AppleWebKit/537.36 (KHTML, like Gecko) Chrome/138.0.7204.183 Mobile Safari/537.36 (compatible; Googlebot/2.1; +http://www.google.com/bot.html)"
216.73.216.112 - - [16/Aug/2025:10:34:05 -0300] "GET /pages.php HTTP/2.0" 404 - "-" "Mozilla/5.0 AppleWebKit/537.36 (KHTML, like Gecko; compatible; ClaudeBot/1.0; +claudebot@anthropic.com)"
66.249.77.78 - - [16/Aug/2025:10:34:09 -0300] "GET /congressional/yield26/5sr6u-823/ HTTP/2.0" 404 - "-" "Mozilla/5.0 (compatible; Googlebot/2.1; +http://www.google.com/bot.html)"
66.249.77.64 - - [16/Aug/2025:10:34:09 -0300] "GET /congressional/yield26/5sr6u-823/ HTTP/2.0" 404 - "-" "Mozilla/5.0 (Linux; Android 6.0.1; Nexus 5X Build/MMB29P) AppleWebKit/537.36 (KHTML, like Gecko) Chrome/138.0.7204.183 Mobile Safari/537.36 (compatible; Googlebot/2.1; +http://www.google.com/bot.html)"
216.73.216.112 - - [16/Aug/2025:10:35:53 -0300] "GET / HTTP/2.0" 200 - "-" "Mozilla/5.0 AppleWebKit/537.36 (KHTML, like Gecko; compatible; ClaudeBot/1.0; +claudebot@anthropic.com)"
66.249.77.65 - - [16/Aug/2025:10:36:02 -0300] "GET /shopdetail/055022585 HTTP/2.0" 404 - "-" "Mozilla/5.0 (Linux; Android 6.0.1; Nexus 5X Build/MMB29P) AppleWebKit/537.36 (KHTML, like Gecko) Chrome/138.0.7204.183 Mobile Safari/537.36 (compatible; Googlebot/2.1; +http://www.google.com/bot.html)"
66.249.77.64 - - [16/Aug/2025:10:36:56 -0300] "GET /marker/cope5/s5i9o-700/ HTTP/2.0" 404 - "-" "Mozilla/5.0 (Linux; Android 6.0.1; Nexus 5X Build/MMB29P) AppleWebKit/537.36 (KHTML, like Gecko) Chrome/138.0.7204.183 Mobile Safari/537.36 (compatible; Googlebot/2.1; +http://www.google.com/bot.html)"
66.249.77.78 - - [16/Aug/2025:10:37:03 -0300] "GET /shopdetail/130045428 HTTP/2.0" 404 - "-" "Mozilla/5.0 (Linux; Android 6.0.1; Nexus 5X Build/MMB29P) AppleWebKit/537.36 (KHTML, like Gecko) Chrome/138.0.7204.183 Mobile Safari/537.36 (compatible; Googlebot/2.1; +http://www.google.com/bot.html)"
66.249.69.14 - - [16/Aug/2025:10:37:03 -0300] "GET /cheer/entrepreneur10/4vbp7-289/ HTTP/1.1" 404 - "-" "Mozilla/5.0 (Linux; Android 6.0.1; Nexus 5X Build/MMB29P) AppleWebKit/537.36 (KHTML, like Gecko) Chrome/138.0.7204.183 Mobile Safari/537.36 (compatible; Googlebot/2.1; +http://www.google.com/bot.html)"
66.249.77.65 - - [16/Aug/2025:10:38:03 -0300] "GET /shopdetail/195017663 HTTP/2.0" 404 - "-" "Mozilla/5.0 (Linux; Android 6.0.1; Nexus 5X Build/MMB29P) AppleWebKit/537.36 (KHTML, like Gecko) Chrome/138.0.7204.183 Mobile Safari/537.36 (compatible; Googlebot/2.1; +http://www.google.com/bot.html)"
66.249.77.78 - - [16/Aug/2025:10:38:07 -0300] "GET /punish/necessity144/g38ex-22049/ HTTP/2.0" 404 - "-" "Mozilla/5.0 (compatible; Googlebot/2.1; +http://www.google.com/bot.html)"
208.110.64.178 - - [16/Aug/2025:10:38:21 -0300] "GET /wp-includes/install.php HTTP/1.1" 404 - "https://dimensaocondominios.com.br/wp-includes/install.php" "Mozilla/5.0 (Windows NT 10.0; Win64; x64) AppleWebKit/537.36 (KHTML, like Gecko) Chrome/58.0.3029.110 Safari/537.3"
66.249.77.65 - - [16/Aug/2025:10:39:03 -0300] "GET /shopdetail/168044850 HTTP/2.0" 404 - "-" "Mozilla/5.0 (Linux; Android 6.0.1; Nexus 5X Build/MMB29P) AppleWebKit/537.36 (KHTML, like Gecko) Chrome/138.0.7204.183 Mobile Safari/537.36 (compatible; Googlebot/2.1; +http://www.google.com/bot.html)"
196.251.81.194 - - [16/Aug/2025:10:39:17 -0300] "GET /.env HTTP/1.1" 404 - "-" "Mozilla/5.0 (Linux; Android 9; Moto Z3 Play) AppleWebKit/537.36 (KHTML, like Gecko) Chrome/76.0.3809.111 Mobile Safari/537.36"
66.249.77.64 - - [16/Aug/2025:10:40:20 -0300] "GET /additional/probably74/kttk3-21175/ HTTP/2.0" 404 - "-" "Mozilla/5.0 (compatible; Googlebot/2.1; +http://www.google.com/bot.html)"
66.249.77.64 - - [16/Aug/2025:10:40:47 -0300] "GET /finally/required154/ykpz0-33953/ HTTP/2.0" 404 - "-" "Mozilla/5.0 (compatible; Googlebot/2.1; +http://www.google.com/bot.html)"
66.249.77.65 - - [16/Aug/2025:10:41:03 -0300] "GET /shopdetail/022003828 HTTP/2.0" 404 - "-" "Mozilla/5.0 (Linux; Android 6.0.1; Nexus 5X Build/MMB29P) AppleWebKit/537.36 (KHTML, like Gecko) Chrome/138.0.7204.183 Mobile Safari/537.36 (compatible; Googlebot/2.1; +http://www.google.com/bot.html)"
66.249.77.65 - - [16/Aug/2025:10:42:03 -0300] "GET /shopdetail/168033974 HTTP/2.0" 404 - "-" "Mozilla/5.0 (Linux; Android 6.0.1; Nexus 5X Build/MMB29P) AppleWebKit/537.36 (KHTML, like Gecko) Chrome/138.0.7204.183 Mobile Safari/537.36 (compatible; Googlebot/2.1; +http://www.google.com/bot.html)"
66.249.77.65 - - [16/Aug/2025:10:43:43 -0300] "GET /service/colony115/mo805-13128/ HTTP/2.0" 404 - "-" "Mozilla/5.0 (Linux; Android 6.0.1; Nexus 5X Build/MMB29P) AppleWebKit/537.36 (KHTML, like Gecko) Chrome/138.0.7204.183 Mobile Safari/537.36 (compatible; Googlebot/2.1; +http://www.google.com/bot.html)"
66.249.77.64 - - [16/Aug/2025:10:43:44 -0300] "GET /train/equip87/6bfai-49416/ HTTP/2.0" 404 - "-" "Mozilla/5.0 (compatible; Googlebot/2.1; +http://www.google.com/bot.html)"
66.249.77.65 - - [16/Aug/2025:10:44:43 -0300] "GET /specialist/painful178/gjf6r-29161/ HTTP/2.0" 404 - "-" "Mozilla/5.0 (Linux; Android 6.0.1; Nexus 5X Build/MMB29P) AppleWebKit/537.36 (KHTML, like Gecko) Chrome/138.0.7204.183 Mobile Safari/537.36 (compatible; Googlebot/2.1; +http://www.google.com/bot.html)"
66.249.77.64 - - [16/Aug/2025:10:44:44 -0300] "GET /shopdetail/135040389 HTTP/2.0" 404 - "-" "Mozilla/5.0 (Linux; Android 6.0.1; Nexus 5X Build/MMB29P) AppleWebKit/537.36 (KHTML, like Gecko) Chrome/138.0.7204.183 Mobile Safari/537.36 (compatible; Googlebot/2.1; +http://www.google.com/bot.html)"
66.249.77.65 - - [16/Aug/2025:10:44:47 -0300] "GET /rapidly/enroll98/ujpo9-48597/ HTTP/2.0" 404 - "-" "Mozilla/5.0 (compatible; Googlebot/2.1; +http://www.google.com/bot.html)"
66.249.77.78 - - [16/Aug/2025:10:44:47 -0300] "GET /rapidly/enroll98/ujpo9-48597/ HTTP/2.0" 404 - "-" "Mozilla/5.0 (Linux; Android 6.0.1; Nexus 5X Build/MMB29P) AppleWebKit/537.36 (KHTML, like Gecko) Chrome/138.0.7204.183 Mobile Safari/537.36 (compatible; Googlebot/2.1; +http://www.google.com/bot.html)"
66.249.77.64 - - [16/Aug/2025:10:44:47 -0300] "GET /rapidly/enroll98/ujpo9-48597/ HTTP/2.0" 404 - "-" "Mozilla/5.0 (Linux; Android 6.0.1; Nexus 5X Build/MMB29P) AppleWebKit/537.36 (KHTML, like Gecko) Chrome/138.0.7204.183 Mobile Safari/537.36 (compatible; Googlebot/2.1; +http://www.google.com/bot.html)"
216.73.216.112 - - [16/Aug/2025:10:45:14 -0300] "GET / HTTP/2.0" 200 - "-" "Mozilla/5.0 AppleWebKit/537.36 (KHTML, like Gecko; compatible; ClaudeBot/1.0; +claudebot@anthropic.com)"
66.249.77.65 - - [16/Aug/2025:10:45:44 -0300] "GET /coastal/dream105/emcn3-27324/ HTTP/2.0" 404 - "-" "Mozilla/5.0 (Linux; Android 6.0.1; Nexus 5X Build/MMB29P) AppleWebKit/537.36 (KHTML, like Gecko) Chrome/138.0.7204.183 Mobile Safari/537.36 (compatible; Googlebot/2.1; +http://www.google.com/bot.html)"
66.249.77.64 - - [16/Aug/2025:10:45:51 -0300] "GET /fool/define1/zm50j-12164/ HTTP/2.0" 404 - "-" "Mozilla/5.0 (Linux; Android 6.0.1; Nexus 5X Build/MMB29P) AppleWebKit/537.36 (KHTML, like Gecko) Chrome/138.0.7204.183 Mobile Safari/537.36 (compatible; Googlebot/2.1; +http://www.google.com/bot.html)"
66.249.77.65 - - [16/Aug/2025:10:46:44 -0300] "GET /adjust/management10/ra5e4-12421/ HTTP/2.0" 404 - "-" "Mozilla/5.0 (Linux; Android 6.0.1; Nexus 5X Build/MMB29P) AppleWebKit/537.36 (KHTML, like Gecko) Chrome/138.0.7204.183 Mobile Safari/537.36 (compatible; Googlebot/2.1; +http://www.google.com/bot.html)"
204.12.252.98 - - [16/Aug/2025:10:48:36 -0300] "GET /wp-includes/install.php HTTP/1.1" 404 - "https://dimensaocondominios.com.br/wp-includes/install.php" "Mozilla/5.0 (Windows NT 10.0; Win64; x64) AppleWebKit/537.36 (KHTML, like Gecko) Chrome/58.0.3029.110 Safari/537.3"
66.249.77.78 - - [16/Aug/2025:10:48:45 -0300] "GET /sugar/they105/3s339-13836/ HTTP/2.0" 404 - "-" "Mozilla/5.0 (Linux; Android 6.0.1; Nexus 5X Build/MMB29P) AppleWebKit/537.36 (KHTML, like Gecko) Chrome/138.0.7204.183 Mobile Safari/537.36 (compatible; Googlebot/2.1; +http://www.google.com/bot.html)"
66.249.77.78 - - [16/Aug/2025:10:49:15 -0300] "GET /hostage/goal135/yyc6z-25450/ HTTP/2.0" 404 - "-" "Mozilla/5.0 (Linux; Android 6.0.1; Nexus 5X Build/MMB29P) AppleWebKit/537.36 (KHTML, like Gecko) Chrome/138.0.7204.183 Mobile Safari/537.36 (compatible; Googlebot/2.1; +http://www.google.com/bot.html)"
66.249.77.78 - - [16/Aug/2025:10:49:45 -0300] "GET /identical/circle162/xj4yp-28417/ HTTP/2.0" 404 - "-" "Mozilla/5.0 (Linux; Android 6.0.1; Nexus 5X Build/MMB29P) AppleWebKit/537.36 (KHTML, like Gecko) Chrome/138.0.7204.183 Mobile Safari/537.36 (compatible; Googlebot/2.1; +http://www.google.com/bot.html)"
66.249.77.78 - - [16/Aug/2025:10:50:25 -0300] "GET /occasional/assign173/2q1pl-29974/ HTTP/2.0" 404 - "-" "Mozilla/5.0 (Linux; Android 6.0.1; Nexus 5X Build/MMB29P) AppleWebKit/537.36 (KHTML, like Gecko) Chrome/138.0.7204.183 Mobile Safari/537.36 (compatible; Googlebot/2.1; +http://www.google.com/bot.html)"
66.249.77.78 - - [16/Aug/2025:10:50:45 -0300] "GET /owe/particularly77/ururu-36536/ HTTP/2.0" 404 - "-" "Mozilla/5.0 (Linux; Android 6.0.1; Nexus 5X Build/MMB29P) AppleWebKit/537.36 (KHTML, like Gecko) Chrome/138.0.7204.183 Mobile Safari/537.36 (compatible; Googlebot/2.1; +http://www.google.com/bot.html)"
66.249.77.65 - - [16/Aug/2025:10:51:06 -0300] "GET /involved/corridor75/f5adw-33928/ HTTP/2.0" 404 - "-" "Mozilla/5.0 (Linux; Android 6.0.1; Nexus 5X Build/MMB29P) AppleWebKit/537.36 (KHTML, like Gecko) Chrome/138.0.7204.183 Mobile Safari/537.36 (compatible; Googlebot/2.1; +http://www.google.com/bot.html)"
66.249.77.78 - - [16/Aug/2025:10:51:57 -0300] "GET /immigration/achievement45/k4rzy-18894/ HTTP/2.0" 404 - "-" "Mozilla/5.0 (compatible; Googlebot/2.1; +http://www.google.com/bot.html)"
66.249.77.64 - - [16/Aug/2025:10:52:23 -0300] "GET /indication/statistics43/qxyci-29832/ HTTP/2.0" 404 - "-" "Mozilla/5.0 (Linux; Android 6.0.1; Nexus 5X Build/MMB29P) AppleWebKit/537.36 (KHTML, like Gecko) Chrome/138.0.7204.183 Mobile Safari/537.36 (compatible; Googlebot/2.1; +http://www.google.com/bot.html)"
66.249.77.64 - - [16/Aug/2025:10:52:45 -0300] "GET /forget/that187/ey29v-15406/ HTTP/2.0" 404 - "-" "Mozilla/5.0 (Linux; Android 6.0.1; Nexus 5X Build/MMB29P) AppleWebKit/537.36 (KHTML, like Gecko) Chrome/138.0.7204.183 Mobile Safari/537.36 (compatible; Googlebot/2.1; +http://www.google.com/bot.html)"
66.249.77.64 - - [16/Aug/2025:10:53:36 -0300] "GET /changing/objective82/ufpst-239/ HTTP/2.0" 404 - "-" "Mozilla/5.0 (compatible; Googlebot/2.1; +http://www.google.com/bot.html)"
66.249.77.64 - - [16/Aug/2025:10:53:45 -0300] "GET /favor/no10/08upj-22009/ HTTP/2.0" 404 - "-" "Mozilla/5.0 (Linux; Android 6.0.1; Nexus 5X Build/MMB29P) AppleWebKit/537.36 (KHTML, like Gecko) Chrome/138.0.7204.183 Mobile Safari/537.36 (compatible; Googlebot/2.1; +http://www.google.com/bot.html)"
66.249.77.65 - - [16/Aug/2025:10:54:45 -0300] "GET /trading/guarantee26/qyaz2-17567/ HTTP/2.0" 404 - "-" "Mozilla/5.0 (Linux; Android 6.0.1; Nexus 5X Build/MMB29P) AppleWebKit/537.36 (KHTML, like Gecko) Chrome/138.0.7204.183 Mobile Safari/537.36 (compatible; Googlebot/2.1; +http://www.google.com/bot.html)"
66.249.77.78 - - [16/Aug/2025:10:55:43 -0300] "GET /barrier/entity101/q5xex-7726/ HTTP/2.0" 404 - "-" "Mozilla/5.0 (Linux; Android 6.0.1; Nexus 5X Build/MMB29P) AppleWebKit/537.36 (KHTML, like Gecko) Chrome/138.0.7204.183 Mobile Safari/537.36 (compatible; Googlebot/2.1; +http://www.google.com/bot.html)"
66.249.77.64 - - [16/Aug/2025:10:55:46 -0300] "GET /roll/franchise89/d9tuu-6286/ HTTP/2.0" 404 - "-" "Mozilla/5.0 (Linux; Android 6.0.1; Nexus 5X Build/MMB29P) AppleWebKit/537.36 (KHTML, like Gecko) Chrome/138.0.7204.183 Mobile Safari/537.36 (compatible; Googlebot/2.1; +http://www.google.com/bot.html)"
66.249.77.64 - - [16/Aug/2025:10:56:19 -0300] "GET /manager/plate69/wohe9-45858/ HTTP/2.0" 404 - "-" "Mozilla/5.0 (compatible; Googlebot/2.1; +http://www.google.com/bot.html)"
66.249.77.78 - - [16/Aug/2025:10:56:20 -0300] "GET /manager/plate69/wohe9-45858/ HTTP/2.0" 404 - "-" "Mozilla/5.0 (Linux; Android 6.0.1; Nexus 5X Build/MMB29P) AppleWebKit/537.36 (KHTML, like Gecko) Chrome/138.0.7204.183 Mobile Safari/537.36 (compatible; Googlebot/2.1; +http://www.google.com/bot.html)"
66.249.77.78 - - [16/Aug/2025:10:56:33 -0300] "GET /shower/ladder14/7az12-23465/ HTTP/2.0" 404 - "-" "Mozilla/5.0 (Linux; Android 6.0.1; Nexus 5X Build/MMB29P) AppleWebKit/537.36 (KHTML, like Gecko) Chrome/138.0.7204.183 Mobile Safari/537.36 (compatible; Googlebot/2.1; +http://www.google.com/bot.html)"
66.249.77.78 - - [16/Aug/2025:10:57:46 -0300] "GET /stability/towards58/t00m6-16281/ HTTP/2.0" 404 - "-" "Mozilla/5.0 (Linux; Android 6.0.1; Nexus 5X Build/MMB29P) AppleWebKit/537.36 (KHTML, like Gecko) Chrome/138.0.7204.183 Mobile Safari/537.36 (compatible; Googlebot/2.1; +http://www.google.com/bot.html)"
66.249.77.78 - - [16/Aug/2025:10:58:31 -0300] "GET /bind/highway7/jv7uh-40698/ HTTP/2.0" 404 - "-" "Mozilla/5.0 (Linux; Android 6.0.1; Nexus 5X Build/MMB29P) AppleWebKit/537.36 (KHTML, like Gecko) Chrome/138.0.7204.183 Mobile Safari/537.36 (compatible; Googlebot/2.1; +http://www.google.com/bot.html)"
66.249.77.64 - - [16/Aug/2025:10:58:46 -0300] "GET /them/given125/7q7df-41688/ HTTP/2.0" 404 - "-" "Mozilla/5.0 (Linux; Android 6.0.1; Nexus 5X Build/MMB29P) AppleWebKit/537.36 (KHTML, like Gecko) Chrome/138.0.7204.183 Mobile Safari/537.36 (compatible; Googlebot/2.1; +http://www.google.com/bot.html)"
66.249.77.78 - - [16/Aug/2025:11:00:03 -0300] "GET /force/nonprofit15/8dhxz-17080/ HTTP/2.0" 404 - "-" "Mozilla/5.0 (Linux; Android 6.0.1; Nexus 5X Build/MMB29P) AppleWebKit/537.36 (KHTML, like Gecko) Chrome/138.0.7204.183 Mobile Safari/537.36 (compatible; Googlebot/2.1; +http://www.google.com/bot.html)"
66.249.77.78 - - [16/Aug/2025:11:00:03 -0300] "GET /force/nonprofit15/8dhxz-17080/ HTTP/2.0" 404 - "-" "Mozilla/5.0 (compatible; Googlebot/2.1; +http://www.google.com/bot.html)"
66.249.77.78 - - [16/Aug/2025:11:00:11 -0300] "GET /forever/spring94/ilwk7-40571/ HTTP/2.0" 404 - "-" "Mozilla/5.0 (compatible; Googlebot/2.1; +http://www.google.com/bot.html)"
66.249.77.78 - - [16/Aug/2025:11:00:19 -0300] "GET /recognize/declare4/9h68d-5613/ HTTP/2.0" 404 - "-" "Mozilla/5.0 (Linux; Android 6.0.1; Nexus 5X Build/MMB29P) AppleWebKit/537.36 (KHTML, like Gecko) Chrome/138.0.7204.183 Mobile Safari/537.36 (compatible; Googlebot/2.1; +http://www.google.com/bot.html)"
66.249.77.78 - - [16/Aug/2025:11:00:25 -0300] "GET /belong/motor69/c4qsh-49738/ HTTP/2.0" 404 - "-" "Mozilla/5.0 (Linux; Android 6.0.1; Nexus 5X Build/MMB29P) AppleWebKit/537.36 (KHTML, like Gecko) Chrome/138.0.7204.183 Mobile Safari/537.36 (compatible; Googlebot/2.1; +http://www.google.com/bot.html)"
66.249.77.78 - - [16/Aug/2025:11:00:36 -0300] "GET /streak/property102/ixrrl-18243/ HTTP/2.0" 404 - "-" "Mozilla/5.0 (Linux; Android 6.0.1; Nexus 5X Build/MMB29P) AppleWebKit/537.36 (KHTML, like Gecko) Chrome/138.0.7204.183 Mobile Safari/537.36 (compatible; Googlebot/2.1; +http://www.google.com/bot.html)"
208.110.64.178 - - [16/Aug/2025:11:01:38 -0300] "GET /wp-includes/install.php HTTP/1.1" 404 - "https://dimensaocondominios.com.br/wp-includes/install.php" "Mozilla/5.0 (Windows NT 10.0; Win64; x64) AppleWebKit/537.36 (KHTML, like Gecko) Chrome/58.0.3029.110 Safari/537.3"
216.73.216.112 - - [16/Aug/2025:11:02:07 -0300] "GET /robots.txt HTTP/2.0" 200 454 "-" "Mozilla/5.0 AppleWebKit/537.36 (KHTML, like Gecko; compatible; ClaudeBot/1.0; +claudebot@anthropic.com)"
216.73.216.112 - - [16/Aug/2025:11:02:07 -0300] "GET /pages.php HTTP/2.0" 404 - "-" "Mozilla/5.0 AppleWebKit/537.36 (KHTML, like Gecko; compatible; ClaudeBot/1.0; +claudebot@anthropic.com)"
66.249.77.64 - - [16/Aug/2025:11:02:49 -0300] "GET /ruling/performer194/qn3x7-2959/ HTTP/2.0" 404 - "-" "Mozilla/5.0 (Linux; Android 6.0.1; Nexus 5X Build/MMB29P) AppleWebKit/537.36 (KHTML, like Gecko) Chrome/138.0.7204.183 Mobile Safari/537.36 (compatible; Googlebot/2.1; +http://www.google.com/bot.html)"
66.249.77.65 - - [16/Aug/2025:11:02:50 -0300] "GET /ruling/performer194/qn3x7-2959/ HTTP/2.0" 404 - "-" "Mozilla/5.0 (compatible; Googlebot/2.1; +http://www.google.com/bot.html)"
66.249.77.78 - - [16/Aug/2025:11:03:19 -0300] "GET /battle/manager81/4rk1e-23622/ HTTP/2.0" 404 - "-" "Mozilla/5.0 (compatible; Googlebot/2.1; +http://www.google.com/bot.html)"
66.249.77.78 - - [16/Aug/2025:11:03:25 -0300] "GET /rental/number68/a0uzt-44581/ HTTP/2.0" 404 - "-" "Mozilla/5.0 (Linux; Android 6.0.1; Nexus 5X Build/MMB29P) AppleWebKit/537.36 (KHTML, like Gecko) Chrome/138.0.7204.183 Mobile Safari/537.36 (compatible; Googlebot/2.1; +http://www.google.com/bot.html)"
66.249.77.78 - - [16/Aug/2025:11:04:02 -0300] "GET /watch/alongside133/x3697-13016/ HTTP/2.0" 404 - "-" "Mozilla/5.0 (Linux; Android 6.0.1; Nexus 5X Build/MMB29P) AppleWebKit/537.36 (KHTML, like Gecko) Chrome/138.0.7204.183 Mobile Safari/537.36 (compatible; Googlebot/2.1; +http://www.google.com/bot.html)"
66.249.77.78 - - [16/Aug/2025:11:05:09 -0300] "GET /map/functional187/v67vi-4536/ HTTP/2.0" 404 - "-" "Mozilla/5.0 (compatible; Googlebot/2.1; +http://www.google.com/bot.html)"
66.249.77.65 - - [16/Aug/2025:11:06:14 -0300] "GET /never/convict106/a4kjp-32367/ HTTP/2.0" 404 - "-" "Mozilla/5.0 (Linux; Android 6.0.1; Nexus 5X Build/MMB29P) AppleWebKit/537.36 (KHTML, like Gecko) Chrome/138.0.7204.183 Mobile Safari/537.36 (compatible; Googlebot/2.1; +http://www.google.com/bot.html)"
66.249.77.64 - - [16/Aug/2025:11:06:22 -0300] "GET /develop/isolation22/okvie-6821/ HTTP/2.0" 404 - "-" "Mozilla/5.0 (Linux; Android 6.0.1; Nexus 5X Build/MMB29P) AppleWebKit/537.36 (KHTML, like Gecko) Chrome/138.0.7204.183 Mobile Safari/537.36 (compatible; Googlebot/2.1; +http://www.google.com/bot.html)"
196.251.118.190 - - [16/Aug/2025:11:07:00 -0300] "GET /.env HTTP/1.1" 404 - "-" "Nokia6100/1.0 (04.01) Profile/MIDP-1.0 Configuration/CLDC-1.0"
66.249.77.64 - - [16/Aug/2025:11:07:26 -0300] "GET /grape/aircraft122/ziyw0-42685/ HTTP/2.0" 404 - "-" "Mozilla/5.0 (compatible; Googlebot/2.1; +http://www.google.com/bot.html)"
66.249.77.78 - - [16/Aug/2025:11:07:44 -0300] "GET /legend/challenge176/17zib-2081/ HTTP/2.0" 404 - "-" "Mozilla/5.0 (compatible; Googlebot/2.1; +http://www.google.com/bot.html)"
66.249.77.65 - - [16/Aug/2025:11:08:02 -0300] "GET /grade/basket25/gi3qc-46024/ HTTP/2.0" 404 - "-" "Mozilla/5.0 (compatible; Googlebot/2.1; +http://www.google.com/bot.html)"
66.249.77.78 - - [16/Aug/2025:11:09:26 -0300] "GET /aid/afraid145/wdpe8-8688/ HTTP/2.0" 404 - "-" "Mozilla/5.0 (compatible; Googlebot/2.1; +http://www.google.com/bot.html)"
66.249.77.64 - - [16/Aug/2025:11:09:48 -0300] "GET /ticket/disability172/8z0vw-32597/ HTTP/2.0" 404 - "-" "Mozilla/5.0 (Linux; Android 6.0.1; Nexus 5X Build/MMB29P) AppleWebKit/537.36 (KHTML, like Gecko) Chrome/138.0.7204.183 Mobile Safari/537.36 (compatible; Googlebot/2.1; +http://www.google.com/bot.html)"
66.249.77.64 - - [16/Aug/2025:11:09:48 -0300] "GET /ticket/disability172/8z0vw-32597/ HTTP/2.0" 404 - "-" "Mozilla/5.0 (compatible; Googlebot/2.1; +http://www.google.com/bot.html)"
196.251.114.43 - - [16/Aug/2025:11:10:11 -0300] "GET /.env HTTP/1.1" 404 - "-" "Mozilla/5.0 (Linux; Android 6.0.1; SM-G900H Build/MMB29K) AppleWebKit/537.36 (KHTML, like Gecko) Chrome/52.0.2743.98 Mobile Safari/537.36"
66.249.77.78 - - [16/Aug/2025:11:10:31 -0300] "GET /professional/pioneer169/j2u8y-23998/ HTTP/2.0" 404 - "-" "Mozilla/5.0 (Linux; Android 6.0.1; Nexus 5X Build/MMB29P) AppleWebKit/537.36 (KHTML, like Gecko) Chrome/138.0.7204.183 Mobile Safari/537.36 (compatible; Googlebot/2.1; +http://www.google.com/bot.html)"
4.227.36.72 - - [16/Aug/2025:11:10:40 -0300] "GET /robots.txt HTTP/2.0" 200 454 "-" "Mozilla/5.0 AppleWebKit/537.36 (KHTML, like Gecko; compatible; GPTBot/1.2; +https://openai.com/gptbot)"
20.171.207.179 - - [16/Aug/2025:11:10:41 -0300] "GET / HTTP/2.0" 200 - "-" "Mozilla/5.0 AppleWebKit/537.36 (KHTML, like Gecko; compatible; GPTBot/1.2; +https://openai.com/gptbot)"
4.227.36.62 - - [16/Aug/2025:11:11:41 -0300] "GET /robots.txt HTTP/2.0" 200 26 "-" "Mozilla/5.0 AppleWebKit/537.36 (KHTML, like Gecko; compatible; GPTBot/1.2; +https://openai.com/gptbot)"
66.249.77.64 - - [16/Aug/2025:11:12:32 -0300] "GET /everywhere/east3/j0lbz-37908/ HTTP/2.0" 404 - "-" "Mozilla/5.0 (Linux; Android 6.0.1; Nexus 5X Build/MMB29P) AppleWebKit/537.36 (KHTML, like Gecko) Chrome/138.0.7204.183 Mobile Safari/537.36 (compatible; Googlebot/2.1; +http://www.google.com/bot.html)"
66.249.77.78 - - [16/Aug/2025:11:12:40 -0300] "GET /offense/pocket21/r48sk-16536/ HTTP/2.0" 404 - "-" "Mozilla/5.0 (Linux; Android 6.0.1; Nexus 5X Build/MMB29P) AppleWebKit/537.36 (KHTML, like Gecko) Chrome/138.0.7204.183 Mobile Safari/537.36 (compatible; Googlebot/2.1; +http://www.google.com/bot.html)"
66.249.77.64 - - [16/Aug/2025:11:12:40 -0300] "GET /offense/pocket21/r48sk-16536/ HTTP/2.0" 404 - "-" "Mozilla/5.0 (compatible; Googlebot/2.1; +http://www.google.com/bot.html)"
66.249.77.78 - - [16/Aug/2025:11:13:32 -0300] "GET /color/announce13/9doeo-7338/ HTTP/2.0" 404 - "-" "Mozilla/5.0 (Linux; Android 6.0.1; Nexus 5X Build/MMB29P) AppleWebKit/537.36 (KHTML, like Gecko) Chrome/138.0.7204.183 Mobile Safari/537.36 (compatible; Googlebot/2.1; +http://www.google.com/bot.html)"
