66.249.77.64 - - [16/Aug/2025:13:50:30 -0300] "GET /biography/intellectual83/d4n7j-39560/ HTTP/2.0" 404 - "-" "Mozilla/5.0 (Linux; Android 6.0.1; Nexus 5X Build/MMB29P) AppleWebKit/537.36 (KHTML, like Gecko) Chrome/138.0.7204.183 Mobile Safari/537.36 (compatible; Googlebot/2.1; +http://www.google.com/bot.html)"
66.249.77.64 - - [16/Aug/2025:13:50:30 -0300] "GET /biography/intellectual83/d4n7j-39560/ HTTP/2.0" 404 - "-" "Mozilla/5.0 (compatible; Googlebot/2.1; +http://www.google.com/bot.html)"
66.249.77.65 - - [16/Aug/2025:13:52:07 -0300] "GET /horse/question131/zio7g-42946/ HTTP/2.0" 404 - "-" "Mozilla/5.0 (Linux; Android 6.0.1; Nexus 5X Build/MMB29P) AppleWebKit/537.36 (KHTML, like Gecko) Chrome/138.0.7204.183 Mobile Safari/537.36 (compatible; Googlebot/2.1; +http://www.google.com/bot.html)"
66.249.77.64 - - [16/Aug/2025:13:54:25 -0300] "GET /age/word118/hyox5-30881/ HTTP/2.0" 404 - "-" "Mozilla/5.0 (Linux; Android 6.0.1; Nexus 5X Build/MMB29P) AppleWebKit/537.36 (KHTML, like Gecko) Chrome/138.0.7204.183 Mobile Safari/537.36 (compatible; Googlebot/2.1; +http://www.google.com/bot.html)"
66.249.77.64 - - [16/Aug/2025:13:54:25 -0300] "GET /age/word118/hyox5-30881/ HTTP/2.0" 404 - "-" "Mozilla/5.0 (compatible; Googlebot/2.1; +http://www.google.com/bot.html)"
66.249.77.64 - - [16/Aug/2025:13:54:42 -0300] "GET /reasonable/overall153/9qbkf-5998/ HTTP/2.0" 404 - "-" "Mozilla/5.0 (compatible; Googlebot/2.1; +http://www.google.com/bot.html)"
66.249.77.64 - - [16/Aug/2025:13:54:43 -0300] "GET /aggression/traveler94/xklf8-31847/ HTTP/2.0" 404 - "-" "Mozilla/5.0 (Linux; Android 6.0.1; Nexus 5X Build/MMB29P) AppleWebKit/537.36 (KHTML, like Gecko) Chrome/138.0.7204.183 Mobile Safari/537.36 (compatible; Googlebot/2.1; +http://www.google.com/bot.html)"
66.249.77.65 - - [16/Aug/2025:13:55:01 -0300] "GET /ego/strengthen19/l0sae-27594/ HTTP/2.0" 404 - "-" "Mozilla/5.0 (Linux; Android 6.0.1; Nexus 5X Build/MMB29P) AppleWebKit/537.36 (KHTML, like Gecko) Chrome/138.0.7204.183 Mobile Safari/537.36 (compatible; Googlebot/2.1; +http://www.google.com/bot.html)"
66.249.77.65 - - [16/Aug/2025:13:56:59 -0300] "GET /appearance/demographic34/lwn4j-21167/ HTTP/2.0" 404 - "-" "Mozilla/5.0 (compatible; Googlebot/2.1; +http://www.google.com/bot.html)"
66.249.77.64 - - [16/Aug/2025:13:56:59 -0300] "GET /appearance/demographic34/lwn4j-21167/ HTTP/2.0" 404 - "-" "Mozilla/5.0 (Linux; Android 6.0.1; Nexus 5X Build/MMB29P) AppleWebKit/537.36 (KHTML, like Gecko) Chrome/138.0.7204.183 Mobile Safari/537.36 (compatible; Googlebot/2.1; +http://www.google.com/bot.html)"
66.249.77.64 - - [16/Aug/2025:13:59:39 -0300] "GET /beauty/homeless50/pynqb-23575/ HTTP/2.0" 404 - "-" "Mozilla/5.0 (compatible; Googlebot/2.1; +http://www.google.com/bot.html)"
208.110.64.178 - - [16/Aug/2025:13:59:45 -0300] "GET /wp-includes/install.php HTTP/1.1" 404 - "https://dimensaocondominios.com.br/wp-includes/install.php" "Mozilla/5.0 (Windows NT 10.0; Win64; x64) AppleWebKit/537.36 (KHTML, like Gecko) Chrome/58.0.3029.110 Safari/537.3"
66.249.77.64 - - [16/Aug/2025:13:59:51 -0300] "GET /contribution/ever57/y04vm-1648/ HTTP/2.0" 404 - "-" "Mozilla/5.0 (Linux; Android 6.0.1; Nexus 5X Build/MMB29P) AppleWebKit/537.36 (KHTML, like Gecko) Chrome/138.0.7204.183 Mobile Safari/537.36 (compatible; Googlebot/2.1; +http://www.google.com/bot.html)"
66.249.77.64 - - [16/Aug/2025:13:59:51 -0300] "GET /contribution/ever57/y04vm-1648/ HTTP/2.0" 404 - "-" "Mozilla/5.0 (compatible; Googlebot/2.1; +http://www.google.com/bot.html)"
216.73.216.112 - - [16/Aug/2025:14:01:07 -0300] "GET /pages.php HTTP/2.0" 404 - "-" "Mozilla/5.0 AppleWebKit/537.36 (KHTML, like Gecko; compatible; ClaudeBot/1.0; +claudebot@anthropic.com)"
66.249.77.78 - - [16/Aug/2025:14:01:40 -0300] "GET /mobile/defend176/9t7aw-6741/ HTTP/2.0" 404 - "-" "Mozilla/5.0 (Linux; Android 6.0.1; Nexus 5X Build/MMB29P) AppleWebKit/537.36 (KHTML, like Gecko) Chrome/138.0.7204.183 Mobile Safari/537.36 (compatible; Googlebot/2.1; +http://www.google.com/bot.html)"
66.249.77.64 - - [16/Aug/2025:14:01:41 -0300] "GET /mobile/defend176/9t7aw-6741/ HTTP/2.0" 404 - "-" "Mozilla/5.0 (compatible; Googlebot/2.1; +http://www.google.com/bot.html)"
66.249.77.64 - - [16/Aug/2025:14:02:08 -0300] "GET /stiff/skin129/36tqt-23378/ HTTP/2.0" 404 - "-" "Mozilla/5.0 (compatible; Googlebot/2.1; +http://www.google.com/bot.html)"
66.249.77.64 - - [16/Aug/2025:14:04:32 -0300] "GET /margin/mistake105/5t361-20076/ HTTP/2.0" 404 - "-" "Mozilla/5.0 (Linux; Android 6.0.1; Nexus 5X Build/MMB29P) AppleWebKit/537.36 (KHTML, like Gecko) Chrome/138.0.7204.183 Mobile Safari/537.36 (compatible; Googlebot/2.1; +http://www.google.com/bot.html)"
66.249.77.78 - - [16/Aug/2025:14:04:33 -0300] "GET /chip/marriage53/333jw-45054/ HTTP/2.0" 404 - "-" "Mozilla/5.0 (Linux; Android 6.0.1; Nexus 5X Build/MMB29P) AppleWebKit/537.36 (KHTML, like Gecko) Chrome/138.0.7204.183 Mobile Safari/537.36 (compatible; Googlebot/2.1; +http://www.google.com/bot.html)"
66.249.77.78 - - [16/Aug/2025:14:04:33 -0300] "GET /chip/marriage53/333jw-45054/ HTTP/2.0" 404 - "-" "Mozilla/5.0 (compatible; Googlebot/2.1; +http://www.google.com/bot.html)"
66.249.77.65 - - [16/Aug/2025:14:05:35 -0300] "GET /owe/particularly77/ururu-36536/ HTTP/2.0" 404 - "-" "Mozilla/5.0 (Linux; Android 6.0.1; Nexus 5X Build/MMB29P) AppleWebKit/537.36 (KHTML, like Gecko) Chrome/138.0.7204.183 Mobile Safari/537.36 (compatible; Googlebot/2.1; +http://www.google.com/bot.html)"
66.249.77.65 - - [16/Aug/2025:14:06:26 -0300] "GET /eligible/everyday44/0sn5s-6787/ HTTP/2.0" 404 - "-" "Mozilla/5.0 (Linux; Android 6.0.1; Nexus 5X Build/MMB29P) AppleWebKit/537.36 (KHTML, like Gecko) Chrome/138.0.7204.183 Mobile Safari/537.36 (compatible; Googlebot/2.1; +http://www.google.com/bot.html)"
66.249.77.65 - - [16/Aug/2025:14:07:05 -0300] "GET /junior/popularity193/6mzz7-21104/ HTTP/2.0" 404 - "-" "Mozilla/5.0 (compatible; Googlebot/2.1; +http://www.google.com/bot.html)"
66.249.77.64 - - [16/Aug/2025:14:08:19 -0300] "GET /than/clue83/1urzb-34066/ HTTP/2.0" 404 - "-" "Mozilla/5.0 (Linux; Android 6.0.1; Nexus 5X Build/MMB29P) AppleWebKit/537.36 (KHTML, like Gecko) Chrome/138.0.7204.183 Mobile Safari/537.36 (compatible; Googlebot/2.1; +http://www.google.com/bot.html)"
66.249.77.78 - - [16/Aug/2025:14:08:32 -0300] "GET /plastic/mechanism28/vd2ig-41069/ HTTP/2.0" 404 - "-" "Mozilla/5.0 (Linux; Android 6.0.1; Nexus 5X Build/MMB29P) AppleWebKit/537.36 (KHTML, like Gecko) Chrome/138.0.7204.183 Mobile Safari/537.36 (compatible; Googlebot/2.1; +http://www.google.com/bot.html)"
216.73.216.112 - - [16/Aug/2025:14:09:10 -0300] "GET / HTTP/2.0" 200 - "-" "Mozilla/5.0 AppleWebKit/537.36 (KHTML, like Gecko; compatible; ClaudeBot/1.0; +claudebot@anthropic.com)"
208.110.64.178 - - [16/Aug/2025:14:10:38 -0300] "GET /wp-includes/install.php HTTP/1.1" 404 - "https://dimensaocondominios.com.br/wp-includes/install.php" "Mozilla/5.0 (Windows NT 10.0; Win64; x64) AppleWebKit/537.36 (KHTML, like Gecko) Chrome/58.0.3029.110 Safari/537.3"
66.249.77.64 - - [16/Aug/2025:14:11:19 -0300] "GET /shopdetail/080048706 HTTP/2.0" 404 - "-" "Mozilla/5.0 (Linux; Android 6.0.1; Nexus 5X Build/MMB29P) AppleWebKit/537.36 (KHTML, like Gecko) Chrome/138.0.7204.183 Mobile Safari/537.36 (compatible; Googlebot/2.1; +http://www.google.com/bot.html)"
66.249.77.78 - - [16/Aug/2025:14:11:20 -0300] "GET /shopdetail/029009013 HTTP/2.0" 404 - "-" "Mozilla/5.0 (Linux; Android 6.0.1; Nexus 5X Build/MMB29P) AppleWebKit/537.36 (KHTML, like Gecko) Chrome/138.0.7204.183 Mobile Safari/537.36 (compatible; Googlebot/2.1; +http://www.google.com/bot.html)"
66.249.77.64 - - [16/Aug/2025:14:12:20 -0300] "GET /message/particular16/9nean-11959/ HTTP/2.0" 404 - "-" "Mozilla/5.0 (Linux; Android 6.0.1; Nexus 5X Build/MMB29P) AppleWebKit/537.36 (KHTML, like Gecko) Chrome/138.0.7204.183 Mobile Safari/537.36 (compatible; Googlebot/2.1; +http://www.google.com/bot.html)"
66.249.77.65 - - [16/Aug/2025:14:16:45 -0300] "GET /swell/tall32/z2ygg-48625/ HTTP/2.0" 404 - "-" "Mozilla/5.0 (compatible; Googlebot/2.1; +http://www.google.com/bot.html)"
216.73.216.112 - - [16/Aug/2025:14:17:10 -0300] "GET / HTTP/2.0" 200 - "-" "Mozilla/5.0 AppleWebKit/537.36 (KHTML, like Gecko; compatible; ClaudeBot/1.0; +claudebot@anthropic.com)"
66.249.69.12 - - [16/Aug/2025:14:17:22 -0300] "GET /pcmypage?callback=/product%2Fdetail%2ytnetshop-4549702213746 HTTP/1.1" 404 - "-" "Mozilla/5.0 (Linux; Android 6.0.1; Nexus 5X Build/MMB29P) AppleWebKit/537.36 (KHTML, like Gecko) Chrome/138.0.7204.183 Mobile Safari/537.36 (compatible; Googlebot/2.1; +http://www.google.com/bot.html)"
66.249.77.64 - - [16/Aug/2025:14:17:40 -0300] "GET /present/plate47/jp8c0-36508/ HTTP/2.0" 404 - "-" "Mozilla/5.0 (compatible; Googlebot/2.1; +http://www.google.com/bot.html)"
66.249.77.78 - - [16/Aug/2025:14:17:40 -0300] "GET /present/plate47/jp8c0-36508/ HTTP/2.0" 404 - "-" "Mozilla/5.0 (Linux; Android 6.0.1; Nexus 5X Build/MMB29P) AppleWebKit/537.36 (KHTML, like Gecko) Chrome/138.0.7204.183 Mobile Safari/537.36 (compatible; Googlebot/2.1; +http://www.google.com/bot.html)"
66.249.77.78 - - [16/Aug/2025:14:17:41 -0300] "GET /poverty/agree166/zikxa-20609/ HTTP/2.0" 404 - "-" "Mozilla/5.0 (Linux; Android 6.0.1; Nexus 5X Build/MMB29P) AppleWebKit/537.36 (KHTML, like Gecko) Chrome/138.0.7204.183 Mobile Safari/537.36 (compatible; Googlebot/2.1; +http://www.google.com/bot.html)"
66.249.77.65 - - [16/Aug/2025:14:18:29 -0300] "GET /pleased/detect61/js9av-25380/ HTTP/2.0" 404 - "-" "Mozilla/5.0 (Linux; Android 6.0.1; Nexus 5X Build/MMB29P) AppleWebKit/537.36 (KHTML, like Gecko) Chrome/138.0.7204.183 Mobile Safari/537.36 (compatible; Googlebot/2.1; +http://www.google.com/bot.html)"
66.249.77.65 - - [16/Aug/2025:14:18:29 -0300] "GET /pleased/detect61/js9av-25380/ HTTP/2.0" 404 - "-" "Mozilla/5.0 (compatible; Googlebot/2.1; +http://www.google.com/bot.html)"
79.124.58.198 - - [16/Aug/2025:14:19:55 -0300] "GET /?XDEBUG_SESSION_START=phpstorm HTTP/1.1" 200 - "-" "Mozilla/5.0 (Windows NT 10.0; Win64; x64) AppleWebKit/537.36 (KHTML, like Gecko) Chrome/78.0.3904.108 Safari/537.36"
66.249.77.64 - - [16/Aug/2025:14:20:19 -0300] "GET /believe/implement123/dl198-31610/ HTTP/2.0" 404 - "-" "Mozilla/5.0 (Linux; Android 6.0.1; Nexus 5X Build/MMB29P) AppleWebKit/537.36 (KHTML, like Gecko) Chrome/138.0.7204.183 Mobile Safari/537.36 (compatible; Googlebot/2.1; +http://www.google.com/bot.html)"
66.249.77.64 - - [16/Aug/2025:14:20:23 -0300] "GET /shopdetail/107027179 HTTP/2.0" 404 - "-" "Mozilla/5.0 (Linux; Android 6.0.1; Nexus 5X Build/MMB29P) AppleWebKit/537.36 (KHTML, like Gecko) Chrome/138.0.7204.183 Mobile Safari/537.36 (compatible; Googlebot/2.1; +http://www.google.com/bot.html)"
66.249.77.78 - - [16/Aug/2025:14:23:09 -0300] "GET /tear/sport63/mzzmg-13300/ HTTP/2.0" 404 - "-" "Mozilla/5.0 (Linux; Android 6.0.1; Nexus 5X Build/MMB29P) AppleWebKit/537.36 (KHTML, like Gecko) Chrome/138.0.7204.183 Mobile Safari/537.36 (compatible; Googlebot/2.1; +http://www.google.com/bot.html)"
66.249.77.64 - - [16/Aug/2025:14:23:09 -0300] "GET /tear/sport63/mzzmg-13300/ HTTP/2.0" 404 - "-" "Mozilla/5.0 (compatible; Googlebot/2.1; +http://www.google.com/bot.html)"
66.249.77.64 - - [16/Aug/2025:14:23:10 -0300] "GET /session/aggression130/0t0ea-31521/ HTTP/2.0" 404 - "-" "Mozilla/5.0 (Linux; Android 6.0.1; Nexus 5X Build/MMB29P) AppleWebKit/537.36 (KHTML, like Gecko) Chrome/138.0.7204.183 Mobile Safari/537.36 (compatible; Googlebot/2.1; +http://www.google.com/bot.html)"
35.201.222.12 - - [16/Aug/2025:14:23:41 -0300] "GET /.git/config HTTP/1.1" 404 - "-" "-"
66.249.77.78 - - [16/Aug/2025:14:24:05 -0300] "GET /texture/partner181/zg8uo-14010/ HTTP/2.0" 404 - "-" "Mozilla/5.0 (compatible; Googlebot/2.1; +http://www.google.com/bot.html)"
66.249.77.64 - - [16/Aug/2025:14:24:05 -0300] "GET /texture/partner181/zg8uo-14010/ HTTP/2.0" 404 - "-" "Mozilla/5.0 (Linux; Android 6.0.1; Nexus 5X Build/MMB29P) AppleWebKit/537.36 (KHTML, like Gecko) Chrome/138.0.7204.183 Mobile Safari/537.36 (compatible; Googlebot/2.1; +http://www.google.com/bot.html)"
66.249.77.78 - - [16/Aug/2025:14:24:22 -0300] "GET /margin/coach81/dn3ml-32400/ HTTP/2.0" 404 - "-" "Mozilla/5.0 (Linux; Android 6.0.1; Nexus 5X Build/MMB29P) AppleWebKit/537.36 (KHTML, like Gecko) Chrome/138.0.7204.183 Mobile Safari/537.36 (compatible; Googlebot/2.1; +http://www.google.com/bot.html)"
66.249.77.78 - - [16/Aug/2025:14:24:25 -0300] "GET /agreement/birth32/o8set-8047/ HTTP/2.0" 404 - "-" "Mozilla/5.0 (Linux; Android 6.0.1; Nexus 5X Build/MMB29P) AppleWebKit/537.36 (KHTML, like Gecko) Chrome/138.0.7204.183 Mobile Safari/537.36 (compatible; Googlebot/2.1; +http://www.google.com/bot.html)"
66.249.77.64 - - [16/Aug/2025:14:26:31 -0300] "GET /shortage/episode185/8d0j2-19466/ HTTP/2.0" 404 - "-" "Mozilla/5.0 (Linux; Android 6.0.1; Nexus 5X Build/MMB29P) AppleWebKit/537.36 (KHTML, like Gecko) Chrome/138.0.7204.183 Mobile Safari/537.36 (compatible; Googlebot/2.1; +http://www.google.com/bot.html)"
66.249.77.65 - - [16/Aug/2025:14:27:35 -0300] "GET /watch/impression158/qvxl8-8257/ HTTP/2.0" 404 - "-" "Mozilla/5.0 (Linux; Android 6.0.1; Nexus 5X Build/MMB29P) AppleWebKit/537.36 (KHTML, like Gecko) Chrome/138.0.7204.183 Mobile Safari/537.36 (compatible; Googlebot/2.1; +http://www.google.com/bot.html)"
66.249.77.64 - - [16/Aug/2025:14:31:31 -0300] "GET /legislature/neighborhood35/otcab-31982/ HTTP/2.0" 404 - "-" "Mozilla/5.0 (compatible; Googlebot/2.1; +http://www.google.com/bot.html)"
66.249.77.78 - - [16/Aug/2025:14:31:31 -0300] "GET /legislature/neighborhood35/otcab-31982/ HTTP/2.0" 404 - "-" "Mozilla/5.0 (Linux; Android 6.0.1; Nexus 5X Build/MMB29P) AppleWebKit/537.36 (KHTML, like Gecko) Chrome/138.0.7204.183 Mobile Safari/537.36 (compatible; Googlebot/2.1; +http://www.google.com/bot.html)"
66.249.77.78 - - [16/Aug/2025:14:31:40 -0300] "GET /grain/bench132/wukoo-18907/ HTTP/2.0" 404 - "-" "Mozilla/5.0 (compatible; Googlebot/2.1; +http://www.google.com/bot.html)"
179.190.116.168 - - [16/Aug/2025:14:31:44 -0300] "GET /legally/accomplishment17/x555e-18726 HTTP/1.1" 404 - "https://dimensaocondominios.com.br/legally/accomplishment17/x555e-18726" "Mozilla/5.0 (Windows NT 10.0; Win64; x64) AppleWebKit/537.36 (KHTML, like Gecko) Chrome/135.0.0.0 Safari/537.36"
66.249.77.78 - - [16/Aug/2025:14:32:16 -0300] "GET /regulator/glimpse197/z0icy-37798/ HTTP/2.0" 404 - "-" "Mozilla/5.0 (Linux; Android 6.0.1; Nexus 5X Build/MMB29P) AppleWebKit/537.36 (KHTML, like Gecko) Chrome/138.0.7204.183 Mobile Safari/537.36 (compatible; Googlebot/2.1; +http://www.google.com/bot.html)"
66.249.77.78 - - [16/Aug/2025:14:32:56 -0300] "GET /milk/carrot52/jbn92-11011/ HTTP/2.0" 404 - "-" "Mozilla/5.0 (compatible; Googlebot/2.1; +http://www.google.com/bot.html)"
66.249.77.64 - - [16/Aug/2025:14:33:35 -0300] "GET /Christian/install17/78ihf-42962/ HTTP/2.0" 404 - "-" "Mozilla/5.0 (Linux; Android 6.0.1; Nexus 5X Build/MMB29P) AppleWebKit/537.36 (KHTML, like Gecko) Chrome/138.0.7204.183 Mobile Safari/537.36 (compatible; Googlebot/2.1; +http://www.google.com/bot.html)"
204.12.252.98 - - [16/Aug/2025:14:34:31 -0300] "GET /wp-includes/install.php HTTP/1.1" 404 - "https://dimensaocondominios.com.br/wp-includes/install.php" "Mozilla/5.0 (Windows NT 10.0; Win64; x64) AppleWebKit/537.36 (KHTML, like Gecko) Chrome/58.0.3029.110 Safari/537.3"
66.249.77.64 - - [16/Aug/2025:14:34:37 -0300] "GET /southeast/liver179/fi1v0-10458/ HTTP/2.0" 404 - "-" "Mozilla/5.0 (Linux; Android 6.0.1; Nexus 5X Build/MMB29P) AppleWebKit/537.36 (KHTML, like Gecko) Chrome/138.0.7204.183 Mobile Safari/537.36 (compatible; Googlebot/2.1; +http://www.google.com/bot.html)"
66.249.77.65 - - [16/Aug/2025:14:36:24 -0300] "GET /shopdetail/093016917 HTTP/2.0" 404 - "-" "Mozilla/5.0 (Linux; Android 6.0.1; Nexus 5X Build/MMB29P) AppleWebKit/537.36 (KHTML, like Gecko) Chrome/138.0.7204.183 Mobile Safari/537.36 (compatible; Googlebot/2.1; +http://www.google.com/bot.html)"
66.249.77.65 - - [16/Aug/2025:14:37:00 -0300] "GET /phase/award186/n79g8-20219/ HTTP/2.0" 404 - "-" "Mozilla/5.0 (compatible; Googlebot/2.1; +http://www.google.com/bot.html)"
66.249.77.65 - - [16/Aug/2025:14:39:26 -0300] "GET /shopdetail/013023175 HTTP/2.0" 404 - "-" "Mozilla/5.0 (Linux; Android 6.0.1; Nexus 5X Build/MMB29P) AppleWebKit/537.36 (KHTML, like Gecko) Chrome/138.0.7204.183 Mobile Safari/537.36 (compatible; Googlebot/2.1; +http://www.google.com/bot.html)"
66.249.77.64 - - [16/Aug/2025:14:39:51 -0300] "GET /loss/personality1/fgssv-35142/ HTTP/2.0" 404 - "-" "Mozilla/5.0 (Linux; Android 6.0.1; Nexus 5X Build/MMB29P) AppleWebKit/537.36 (KHTML, like Gecko) Chrome/138.0.7204.183 Mobile Safari/537.36 (compatible; Googlebot/2.1; +http://www.google.com/bot.html)"
216.73.216.112 - - [16/Aug/2025:14:43:59 -0300] "GET /robots.txt HTTP/2.0" 200 454 "-" "Mozilla/5.0 AppleWebKit/537.36 (KHTML, like Gecko; compatible; ClaudeBot/1.0; +claudebot@anthropic.com)"
216.73.216.112 - - [16/Aug/2025:14:43:59 -0300] "GET / HTTP/2.0" 200 - "-" "Mozilla/5.0 AppleWebKit/537.36 (KHTML, like Gecko; compatible; ClaudeBot/1.0; +claudebot@anthropic.com)"
66.249.77.78 - - [16/Aug/2025:14:44:26 -0300] "GET /white/diabetes110/tiiih-43501/ HTTP/2.0" 404 - "-" "Mozilla/5.0 (Linux; Android 6.0.1; Nexus 5X Build/MMB29P) AppleWebKit/537.36 (KHTML, like Gecko) Chrome/138.0.7204.183 Mobile Safari/537.36 (compatible; Googlebot/2.1; +http://www.google.com/bot.html)"
66.249.77.64 - - [16/Aug/2025:14:44:51 -0300] "GET /shopdetail/081025581 HTTP/2.0" 404 - "-" "Mozilla/5.0 (Linux; Android 6.0.1; Nexus 5X Build/MMB29P) AppleWebKit/537.36 (KHTML, like Gecko) Chrome/138.0.7204.183 Mobile Safari/537.36 (compatible; Googlebot/2.1; +http://www.google.com/bot.html)"
66.249.77.78 - - [16/Aug/2025:14:45:01 -0300] "GET /farmer/issue78/26xtx-24431/ HTTP/2.0" 404 - "-" "Mozilla/5.0 (Linux; Android 6.0.1; Nexus 5X Build/MMB29P) AppleWebKit/537.36 (KHTML, like Gecko) Chrome/138.0.7204.183 Mobile Safari/537.36 (compatible; Googlebot/2.1; +http://www.google.com/bot.html)"
66.249.77.78 - - [16/Aug/2025:14:45:29 -0300] "GET /bold/group28/tc0ms-35523/ HTTP/2.0" 404 - "-" "Mozilla/5.0 (Linux; Android 6.0.1; Nexus 5X Build/MMB29P) AppleWebKit/537.36 (KHTML, like Gecko) Chrome/138.0.7204.183 Mobile Safari/537.36 (compatible; Googlebot/2.1; +http://www.google.com/bot.html)"
66.249.77.64 - - [16/Aug/2025:14:47:52 -0300] "GET /plan/generate41/t02jh-34676/ HTTP/2.0" 404 - "-" "Mozilla/5.0 (compatible; Googlebot/2.1; +http://www.google.com/bot.html)"
216.73.216.112 - - [16/Aug/2025:14:48:47 -0300] "GET /pages.php HTTP/2.0" 404 - "-" "Mozilla/5.0 AppleWebKit/537.36 (KHTML, like Gecko; compatible; ClaudeBot/1.0; +claudebot@anthropic.com)"
66.249.77.78 - - [16/Aug/2025:14:50:04 -0300] "GET /year/baby47/z5aag-36768/ HTTP/2.0" 404 - "-" "Mozilla/5.0 (compatible; Googlebot/2.1; +http://www.google.com/bot.html)"
177.87.33.154 - - [16/Aug/2025:14:50:46 -0300] "GET /rather/scientist83/6eqjm-26484 HTTP/1.1" 404 - "https://dimensaocondominios.com.br/rather/scientist83/6eqjm-26484" "Mozilla/5.0 (Windows NT 10.0; Win64; x64) AppleWebKit/537.36 (KHTML, like Gecko) Chrome/135.0.0.0 Safari/537.36"
66.249.77.64 - - [16/Aug/2025:14:50:59 -0300] "GET /western/modify34/75fuz-30899/ HTTP/2.0" 404 - "-" "Mozilla/5.0 (compatible; Googlebot/2.1; +http://www.google.com/bot.html)"
66.249.77.64 - - [16/Aug/2025:14:51:46 -0300] "GET /developmental/camp120/fbx36-28839/ HTTP/2.0" 404 - "-" "Mozilla/5.0 (compatible; Googlebot/2.1; +http://www.google.com/bot.html)"
66.249.69.12 - - [16/Aug/2025:14:51:51 -0300] "GET /pcmypage?callback=product%2Fdetail%2Fkambutsuya-4970077128623-6 HTTP/1.1" 404 - "-" "Mozilla/5.0 (Linux; Android 6.0.1; Nexus 5X Build/MMB29P) AppleWebKit/537.36 (KHTML, like Gecko) Chrome/138.0.7204.183 Mobile Safari/537.36 (compatible; Googlebot/2.1; +http://www.google.com/bot.html)"
66.249.77.78 - - [16/Aug/2025:14:52:42 -0300] "GET /feature/akihabara_main/index.html HTTP/2.0" 404 - "-" "Mozilla/5.0 (compatible; Googlebot/2.1; +http://www.google.com/bot.html)"
66.249.77.65 - - [16/Aug/2025:14:53:20 -0300] "GET /incentive/pleasant17/omuye-4660/ HTTP/2.0" 404 - "-" "Mozilla/5.0 (compatible; Googlebot/2.1; +http://www.google.com/bot.html)"
66.249.77.65 - - [16/Aug/2025:14:54:00 -0300] "GET /reasonable/excited92/2y1qc-36535/ HTTP/2.0" 404 - "-" "Mozilla/5.0 (compatible; Googlebot/2.1; +http://www.google.com/bot.html)"
66.249.77.78 - - [16/Aug/2025:14:54:16 -0300] "GET /activity/few163/nxqcm-232/ HTTP/2.0" 404 - "-" "Mozilla/5.0 (compatible; Googlebot/2.1; +http://www.google.com/bot.html)"
66.249.77.78 - - [16/Aug/2025:14:54:34 -0300] "GET /my/warmth154/bgdmt-48617/ HTTP/2.0" 404 - "-" "Mozilla/5.0 (Linux; Android 6.0.1; Nexus 5X Build/MMB29P) AppleWebKit/537.36 (KHTML, like Gecko) Chrome/138.0.7204.183 Mobile Safari/537.36 (compatible; Googlebot/2.1; +http://www.google.com/bot.html)"
66.249.77.78 - - [16/Aug/2025:14:54:34 -0300] "GET /my/warmth154/bgdmt-48617/ HTTP/2.0" 404 - "-" "Mozilla/5.0 (compatible; Googlebot/2.1; +http://www.google.com/bot.html)"
208.110.64.178 - - [16/Aug/2025:14:56:22 -0300] "GET /wp-includes/install.php HTTP/1.1" 404 - "https://dimensaocondominios.com.br/wp-includes/install.php" "Mozilla/5.0 (Windows NT 10.0; Win64; x64) AppleWebKit/537.36 (KHTML, like Gecko) Chrome/58.0.3029.110 Safari/537.3"
101.251.238.167 - - [16/Aug/2025:14:56:53 -0300] "GET / HTTP/1.0" 404 - "-" "-"
101.251.238.167 - - [16/Aug/2025:14:56:53 -0300] "GET / HTTP/1.0" 404 - "-" "-"
66.249.77.78 - - [16/Aug/2025:14:57:44 -0300] "GET /legislative/telephone74/3rjkn-8667/ HTTP/2.0" 404 - "-" "Mozilla/5.0 (Linux; Android 6.0.1; Nexus 5X Build/MMB29P) AppleWebKit/537.36 (KHTML, like Gecko) Chrome/138.0.7204.183 Mobile Safari/537.36 (compatible; Googlebot/2.1; +http://www.google.com/bot.html)"
66.249.77.78 - - [16/Aug/2025:14:58:54 -0300] "GET /beef/glance15/j2kxy-26170/ HTTP/2.0" 404 - "-" "Mozilla/5.0 (compatible; Googlebot/2.1; +http://www.google.com/bot.html)"
66.249.77.64 - - [16/Aug/2025:15:00:17 -0300] "GET /initially/pick26/m1bis-9665/ HTTP/2.0" 404 - "-" "Mozilla/5.0 (Linux; Android 6.0.1; Nexus 5X Build/MMB29P) AppleWebKit/537.36 (KHTML, like Gecko) Chrome/138.0.7204.183 Mobile Safari/537.36 (compatible; Googlebot/2.1; +http://www.google.com/bot.html)"
66.249.77.78 - - [16/Aug/2025:15:00:51 -0300] "GET /shopdetail/035031523 HTTP/2.0" 404 - "-" "Mozilla/5.0 (Linux; Android 6.0.1; Nexus 5X Build/MMB29P) AppleWebKit/537.36 (KHTML, like Gecko) Chrome/138.0.7204.183 Mobile Safari/537.36 (compatible; Googlebot/2.1; +http://www.google.com/bot.html)"
66.249.77.78 - - [16/Aug/2025:15:00:56 -0300] "GET /death/trust147/jfnjt-35066/ HTTP/2.0" 404 - "-" "Mozilla/5.0 (Linux; Android 6.0.1; Nexus 5X Build/MMB29P) AppleWebKit/537.36 (KHTML, like Gecko) Chrome/138.0.7204.183 Mobile Safari/537.36 (compatible; Googlebot/2.1; +http://www.google.com/bot.html)"
66.249.77.65 - - [16/Aug/2025:15:02:59 -0300] "GET /mother/territory117/2gtvr-33146/ HTTP/2.0" 404 - "-" "Mozilla/5.0 (compatible; Googlebot/2.1; +http://www.google.com/bot.html)"
66.249.77.64 - - [16/Aug/2025:15:04:00 -0300] "GET /bell/serious190/gxbkf-46445/ HTTP/2.0" 404 - "-" "Mozilla/5.0 (Linux; Android 6.0.1; Nexus 5X Build/MMB29P) AppleWebKit/537.36 (KHTML, like Gecko) Chrome/138.0.7204.183 Mobile Safari/537.36 (compatible; Googlebot/2.1; +http://www.google.com/bot.html)"
216.73.216.112 - - [16/Aug/2025:15:04:09 -0300] "GET / HTTP/2.0" 200 - "-" "Mozilla/5.0 AppleWebKit/537.36 (KHTML, like Gecko; compatible; ClaudeBot/1.0; +claudebot@anthropic.com)"
66.249.77.78 - - [16/Aug/2025:15:05:35 -0300] "GET /scratch/proposed146/4o17d-1139/ HTTP/2.0" 404 - "-" "Mozilla/5.0 (compatible; Googlebot/2.1; +http://www.google.com/bot.html)"
66.249.77.64 - - [16/Aug/2025:15:05:43 -0300] "GET /celebrity/tackle142/fcn0j-36643/ HTTP/2.0" 404 - "-" "Mozilla/5.0 (compatible; Googlebot/2.1; +http://www.google.com/bot.html)"
66.249.77.65 - - [16/Aug/2025:15:09:22 -0300] "GET /reserve/whose34/cgvc9-20871/ HTTP/2.0" 404 - "-" "Mozilla/5.0 (Linux; Android 6.0.1; Nexus 5X Build/MMB29P) AppleWebKit/537.36 (KHTML, like Gecko) Chrome/138.0.7204.183 Mobile Safari/537.36 (compatible; Googlebot/2.1; +http://www.google.com/bot.html)"
66.249.77.64 - - [16/Aug/2025:15:09:23 -0300] "GET /reserve/whose34/cgvc9-20871/ HTTP/2.0" 404 - "-" "Mozilla/5.0 (compatible; Googlebot/2.1; +http://www.google.com/bot.html)"
66.249.77.78 - - [16/Aug/2025:15:09:44 -0300] "GET /protect/breathe5/aml3t-44452/ HTTP/2.0" 404 - "-" "Mozilla/5.0 (Linux; Android 6.0.1; Nexus 5X Build/MMB29P) AppleWebKit/537.36 (KHTML, like Gecko) Chrome/138.0.7204.183 Mobile Safari/537.36 (compatible; Googlebot/2.1; +http://www.google.com/bot.html)"
66.249.77.64 - - [16/Aug/2025:15:09:45 -0300] "GET /protect/breathe5/aml3t-44452/ HTTP/2.0" 404 - "-" "Mozilla/5.0 (compatible; Googlebot/2.1; +http://www.google.com/bot.html)"
189.84.59.245 - - [16/Aug/2025:15:10:46 -0300] "GET /membership/response6/6h4tf-23121 HTTP/1.1" 404 - "https://dimensaocondominios.com.br/membership/response6/6h4tf-23121" "Mozilla/5.0 (X11; Linux x86_64) AppleWebKit/537.36 (KHTML, like Gecko) Chrome/114.0.0.0 Safari/537.36"
177.142.11.118 - - [16/Aug/2025:15:11:06 -0300] "GET /draw/secure16/wqi5i-15327 HTTP/1.1" 404 - "https://dimensaocondominios.com.br/draw/secure16/wqi5i-15327" "Mozilla/5.0 (Windows NT 10.0; Win64; x64) AppleWebKit/537.36 (KHTML, like Gecko) Chrome/135.0.0.0 Safari/537.36"
66.249.77.65 - - [16/Aug/2025:15:13:30 -0300] "GET /patron/endorse186/3t5n4-37805/ HTTP/2.0" 404 - "-" "Mozilla/5.0 (compatible; Googlebot/2.1; +http://www.google.com/bot.html)"
66.249.77.78 - - [16/Aug/2025:15:14:57 -0300] "GET /minimal/era25/iz19d-41642/ HTTP/2.0" 404 - "-" "Mozilla/5.0 (compatible; Googlebot/2.1; +http://www.google.com/bot.html)"
66.249.77.64 - - [16/Aug/2025:15:15:30 -0300] "GET /fleet/widely134/uwsgc-22489/ HTTP/2.0" 404 - "-" "Mozilla/5.0 (Linux; Android 6.0.1; Nexus 5X Build/MMB29P) AppleWebKit/537.36 (KHTML, like Gecko) Chrome/138.0.7204.183 Mobile Safari/537.36 (compatible; Googlebot/2.1; +http://www.google.com/bot.html)"
66.249.77.78 - - [16/Aug/2025:15:15:48 -0300] "GET /regarding/arrest30/ryh2s-30631/ HTTP/2.0" 404 - "-" "Mozilla/5.0 (Linux; Android 6.0.1; Nexus 5X Build/MMB29P) AppleWebKit/537.36 (KHTML, like Gecko) Chrome/138.0.7204.183 Mobile Safari/537.36 (compatible; Googlebot/2.1; +http://www.google.com/bot.html)"
104.210.140.142 - - [16/Aug/2025:15:17:23 -0300] "GET /robots.txt HTTP/2.0" 200 454 "-" "Mozilla/5.0 (Macintosh; Intel Mac OS X 10_15_7) AppleWebKit/537.36 (KHTML, like Gecko) Chrome/131.0.0.0 Safari/537.36; compatible; OAI-SearchBot/1.0; +https://openai.com/searchbot"
66.249.77.78 - - [16/Aug/2025:15:19:06 -0300] "GET /dissolve/plead49/3j8yx-40398/ HTTP/2.0" 404 - "-" "Mozilla/5.0 (Linux; Android 6.0.1; Nexus 5X Build/MMB29P) AppleWebKit/537.36 (KHTML, like Gecko) Chrome/138.0.7204.183 Mobile Safari/537.36 (compatible; Googlebot/2.1; +http://www.google.com/bot.html)"
66.249.77.64 - - [16/Aug/2025:15:19:07 -0300] "GET /sir/operate92/u6qc3-42485/ HTTP/2.0" 404 - "-" "Mozilla/5.0 (Linux; Android 6.0.1; Nexus 5X Build/MMB29P) AppleWebKit/537.36 (KHTML, like Gecko) Chrome/138.0.7204.183 Mobile Safari/537.36 (compatible; Googlebot/2.1; +http://www.google.com/bot.html)"
66.249.77.78 - - [16/Aug/2025:15:19:13 -0300] "GET /suffering/questionnaire72/ddsei-47203/ HTTP/2.0" 404 - "-" "Mozilla/5.0 (Linux; Android 6.0.1; Nexus 5X Build/MMB29P) AppleWebKit/537.36 (KHTML, like Gecko) Chrome/138.0.7204.183 Mobile Safari/537.36 (compatible; Googlebot/2.1; +http://www.google.com/bot.html)"
216.73.216.112 - - [16/Aug/2025:15:19:15 -0300] "GET / HTTP/2.0" 200 - "-" "Mozilla/5.0 AppleWebKit/537.36 (KHTML, like Gecko; compatible; ClaudeBot/1.0; +claudebot@anthropic.com)"
66.249.77.78 - - [16/Aug/2025:15:20:21 -0300] "GET /roughly/medical118/n6faf-5977/ HTTP/2.0" 404 - "-" "Mozilla/5.0 (Linux; Android 6.0.1; Nexus 5X Build/MMB29P) AppleWebKit/537.36 (KHTML, like Gecko) Chrome/138.0.7204.183 Mobile Safari/537.36 (compatible; Googlebot/2.1; +http://www.google.com/bot.html)"
66.249.77.78 - - [16/Aug/2025:15:20:26 -0300] "GET /civic/drama28/slwnh-21533/ HTTP/2.0" 404 - "-" "Mozilla/5.0 (Linux; Android 6.0.1; Nexus 5X Build/MMB29P) AppleWebKit/537.36 (KHTML, like Gecko) Chrome/138.0.7204.183 Mobile Safari/537.36 (compatible; Googlebot/2.1; +http://www.google.com/bot.html)"
66.249.77.78 - - [16/Aug/2025:15:20:50 -0300] "GET /pcmypage?callback=/product%2Fdetail%2Asahiprocureace-569-6801 HTTP/2.0" 404 - "-" "Mozilla/5.0 (Linux; Android 6.0.1; Nexus 5X Build/MMB29P) AppleWebKit/537.36 (KHTML, like Gecko) Chrome/138.0.7204.183 Mobile Safari/537.36 (compatible; Googlebot/2.1; +http://www.google.com/bot.html)"
66.249.77.78 - - [16/Aug/2025:15:21:34 -0300] "GET /evening/four8/86fyi-12905/ HTTP/2.0" 404 - "-" "Mozilla/5.0 (compatible; Googlebot/2.1; +http://www.google.com/bot.html)"
66.249.77.78 - - [16/Aug/2025:15:22:25 -0300] "GET /forget/that187/ey29v-15406/ HTTP/2.0" 404 - "-" "Mozilla/5.0 (Linux; Android 6.0.1; Nexus 5X Build/MMB29P) AppleWebKit/537.36 (KHTML, like Gecko) Chrome/138.0.7204.183 Mobile Safari/537.36 (compatible; Googlebot/2.1; +http://www.google.com/bot.html)"
204.12.252.98 - - [16/Aug/2025:15:24:13 -0300] "GET /wp-includes/install.php HTTP/1.1" 404 - "https://dimensaocondominios.com.br/wp-includes/install.php" "Mozilla/5.0 (Windows NT 10.0; Win64; x64) AppleWebKit/537.36 (KHTML, like Gecko) Chrome/58.0.3029.110 Safari/537.3"
66.249.77.78 - - [16/Aug/2025:15:24:54 -0300] "GET /almost/margin175/pjgn5-32994/ HTTP/2.0" 404 - "-" "Mozilla/5.0 (Linux; Android 6.0.1; Nexus 5X Build/MMB29P) AppleWebKit/537.36 (KHTML, like Gecko) Chrome/138.0.7204.183 Mobile Safari/537.36 (compatible; Googlebot/2.1; +http://www.google.com/bot.html)"
66.249.77.64 - - [16/Aug/2025:15:25:50 -0300] "GET /ill/miss3/dha14-21818/ HTTP/2.0" 404 - "-" "Mozilla/5.0 (Linux; Android 6.0.1; Nexus 5X Build/MMB29P) AppleWebKit/537.36 (KHTML, like Gecko) Chrome/138.0.7204.183 Mobile Safari/537.36 (compatible; Googlebot/2.1; +http://www.google.com/bot.html)"
66.249.77.64 - - [16/Aug/2025:15:26:10 -0300] "GET /survival/ridiculous115/pmrp0-12056/ HTTP/2.0" 404 - "-" "Mozilla/5.0 (Linux; Android 6.0.1; Nexus 5X Build/MMB29P) AppleWebKit/537.36 (KHTML, like Gecko) Chrome/138.0.7204.183 Mobile Safari/537.36 (compatible; Googlebot/2.1; +http://www.google.com/bot.html)"
66.249.77.64 - - [16/Aug/2025:15:26:27 -0300] "GET /revolution/black38/2jq1q-17793/ HTTP/2.0" 404 - "-" "Mozilla/5.0 (compatible; Googlebot/2.1; +http://www.google.com/bot.html)"
66.249.77.78 - - [16/Aug/2025:15:26:35 -0300] "GET /discourse/visual57/z3hft-24112/ HTTP/2.0" 404 - "-" "Mozilla/5.0 (compatible; Googlebot/2.1; +http://www.google.com/bot.html)"
66.249.77.78 - - [16/Aug/2025:15:26:35 -0300] "GET /discourse/visual57/z3hft-24112/ HTTP/2.0" 404 - "-" "Mozilla/5.0 (Linux; Android 6.0.1; Nexus 5X Build/MMB29P) AppleWebKit/537.36 (KHTML, like Gecko) Chrome/138.0.7204.183 Mobile Safari/537.36 (compatible; Googlebot/2.1; +http://www.google.com/bot.html)"
66.249.77.78 - - [16/Aug/2025:15:26:53 -0300] "GET /improvement/lack78/3edur-26811/ HTTP/2.0" 404 - "-" "Mozilla/5.0 (compatible; Googlebot/2.1; +http://www.google.com/bot.html)"
66.249.77.78 - - [16/Aug/2025:15:31:50 -0300] "GET /booth/companion55/pznty-40628/ HTTP/2.0" 404 - "-" "Mozilla/5.0 (Linux; Android 6.0.1; Nexus 5X Build/MMB29P) AppleWebKit/537.36 (KHTML, like Gecko) Chrome/138.0.7204.183 Mobile Safari/537.36 (compatible; Googlebot/2.1; +http://www.google.com/bot.html)"
66.249.77.78 - - [16/Aug/2025:15:32:52 -0300] "GET /frequent/number135/oo6oo-31228/ HTTP/2.0" 404 - "-" "Mozilla/5.0 (compatible; Googlebot/2.1; +http://www.google.com/bot.html)"
66.249.77.78 - - [16/Aug/2025:15:32:52 -0300] "GET /frequent/number135/oo6oo-31228/ HTTP/2.0" 404 - "-" "Mozilla/5.0 (Linux; Android 6.0.1; Nexus 5X Build/MMB29P) AppleWebKit/537.36 (KHTML, like Gecko) Chrome/138.0.7204.183 Mobile Safari/537.36 (compatible; Googlebot/2.1; +http://www.google.com/bot.html)"
66.249.66.65 - - [16/Aug/2025:15:33:15 -0300] "GET /working/ballot55/nkoa5-49254/ HTTP/2.0" 404 - "-" "Mozilla/5.0 (Linux; Android 6.0.1; Nexus 5X Build/MMB29P) AppleWebKit/537.36 (KHTML, like Gecko) Chrome/138.0.7204.183 Mobile Safari/537.36 (compatible; Googlebot/2.1; +http://www.google.com/bot.html)"
66.249.77.78 - - [16/Aug/2025:15:33:15 -0300] "GET /working/ballot55/nkoa5-49254/ HTTP/2.0" 404 - "-" "Mozilla/5.0 (compatible; Googlebot/2.1; +http://www.google.com/bot.html)"
66.249.77.64 - - [16/Aug/2025:15:33:50 -0300] "GET /zhHant/product/surugaya/kougland2-ts_4328060?campaign_uid=f64d716db5e979ed2f947dbaf4296895b951ae7f HTTP/2.0" 404 - "-" "Mozilla/5.0 (Linux; Android 6.0.1; Nexus 5X Build/MMB29P) AppleWebKit/537.36 (KHTML, like Gecko) Chrome/138.0.7204.183 Mobile Safari/537.36 (compatible; Googlebot/2.1; +http://www.google.com/bot.html)"
66.249.77.64 - - [16/Aug/2025:15:34:25 -0300] "GET /useful/communication193/fj7a4-34144/ HTTP/2.0" 404 - "-" "Mozilla/5.0 (Linux; Android 6.0.1; Nexus 5X Build/MMB29P) AppleWebKit/537.36 (KHTML, like Gecko) Chrome/138.0.7204.183 Mobile Safari/537.36 (compatible; Googlebot/2.1; +http://www.google.com/bot.html)"
43.130.111.40 - - [16/Aug/2025:15:34:46 -0300] "GET / HTTP/1.0" 404 - "-" "-"
66.249.77.64 - - [16/Aug/2025:15:36:07 -0300] "GET /capacity/cooperate37/v3gw6-39472/ HTTP/2.0" 404 - "-" "Mozilla/5.0 (compatible; Googlebot/2.1; +http://www.google.com/bot.html)"
66.249.77.64 - - [16/Aug/2025:15:36:07 -0300] "GET /capacity/cooperate37/v3gw6-39472/ HTTP/2.0" 404 - "-" "Mozilla/5.0 (Linux; Android 6.0.1; Nexus 5X Build/MMB29P) AppleWebKit/537.36 (KHTML, like Gecko) Chrome/138.0.7204.183 Mobile Safari/537.36 (compatible; Googlebot/2.1; +http://www.google.com/bot.html)"
66.249.77.78 - - [16/Aug/2025:15:36:39 -0300] "GET /nt/boss190/s53sh-231/ HTTP/2.0" 404 - "-" "Mozilla/5.0 (Linux; Android 6.0.1; Nexus 5X Build/MMB29P) AppleWebKit/537.36 (KHTML, like Gecko) Chrome/138.0.7204.183 Mobile Safari/537.36 (compatible; Googlebot/2.1; +http://www.google.com/bot.html)"
66.249.77.65 - - [16/Aug/2025:15:37:21 -0300] "GET /combine/drift72/ert69-13521/ HTTP/2.0" 404 - "-" "Mozilla/5.0 (compatible; Googlebot/2.1; +http://www.google.com/bot.html)"
20.169.105.90 - - [16/Aug/2025:15:39:26 -0300] "GET /autodiscover/autodiscover.json?@zdi/Powershell HTTP/1.1" 404 - "-" "Mozilla/5.0 zgrab/0.x"
66.249.77.78 - - [16/Aug/2025:15:39:48 -0300] "GET /current/mechanical155/xw82q-39868/ HTTP/2.0" 404 - "-" "Mozilla/5.0 (Linux; Android 6.0.1; Nexus 5X Build/MMB29P) AppleWebKit/537.36 (KHTML, like Gecko) Chrome/138.0.7204.183 Mobile Safari/537.36 (compatible; Googlebot/2.1; +http://www.google.com/bot.html)"
66.249.77.78 - - [16/Aug/2025:15:39:58 -0300] "GET /per/neat184/1xu83-42977/ HTTP/2.0" 404 - "-" "Mozilla/5.0 (Linux; Android 6.0.1; Nexus 5X Build/MMB29P) AppleWebKit/537.36 (KHTML, like Gecko) Chrome/138.0.7204.183 Mobile Safari/537.36 (compatible; Googlebot/2.1; +http://www.google.com/bot.html)"
66.249.77.78 - - [16/Aug/2025:15:39:58 -0300] "GET /per/neat184/1xu83-42977/ HTTP/2.0" 404 - "-" "Mozilla/5.0 (compatible; Googlebot/2.1; +http://www.google.com/bot.html)"
196.251.83.214 - - [16/Aug/2025:15:42:41 -0300] "GET /.env HTTP/1.1" 404 - "-" "Mozilla/5.0 (Macintosh; Intel Mac OS X 10_14_5) AppleWebKit/537.36 (KHTML, like Gecko) Chrome/69.0.3497.81 Safari/537.36"
66.249.77.65 - - [16/Aug/2025:15:43:08 -0300] "GET /wake/slightly166/fls8r-13511/ HTTP/2.0" 404 - "-" "Mozilla/5.0 (compatible; Googlebot/2.1; +http://www.google.com/bot.html)"
66.249.77.65 - - [16/Aug/2025:15:43:09 -0300] "GET /wake/slightly166/fls8r-13511/ HTTP/2.0" 404 - "-" "Mozilla/5.0 (Linux; Android 6.0.1; Nexus 5X Build/MMB29P) AppleWebKit/537.36 (KHTML, like Gecko) Chrome/138.0.7204.183 Mobile Safari/537.36 (compatible; Googlebot/2.1; +http://www.google.com/bot.html)"
66.249.77.64 - - [16/Aug/2025:15:44:46 -0300] "GET /to/entry117/471d2-31044/ HTTP/2.0" 404 - "-" "Mozilla/5.0 (compatible; Googlebot/2.1; +http://www.google.com/bot.html)"
66.249.77.78 - - [16/Aug/2025:15:44:50 -0300] "GET /shopdetail/085025633 HTTP/2.0" 404 - "-" "Mozilla/5.0 (Linux; Android 6.0.1; Nexus 5X Build/MMB29P) AppleWebKit/537.36 (KHTML, like Gecko) Chrome/138.0.7204.183 Mobile Safari/537.36 (compatible; Googlebot/2.1; +http://www.google.com/bot.html)"
66.249.77.78 - - [16/Aug/2025:15:46:14 -0300] "GET /roll/franchise89/d9tuu-6286/ HTTP/2.0" 404 - "-" "Mozilla/5.0 (compatible; Googlebot/2.1; +http://www.google.com/bot.html)"
66.249.77.64 - - [16/Aug/2025:15:46:40 -0300] "GET /statistical/provoke87/whmx3-47096/ HTTP/2.0" 404 - "-" "Mozilla/5.0 (Linux; Android 6.0.1; Nexus 5X Build/MMB29P) AppleWebKit/537.36 (KHTML, like Gecko) Chrome/138.0.7204.183 Mobile Safari/537.36 (compatible; Googlebot/2.1; +http://www.google.com/bot.html)"
66.249.77.65 - - [16/Aug/2025:15:47:32 -0300] "GET /silence/dance116/6qtlz-39761/ HTTP/2.0" 404 - "-" "Mozilla/5.0 (Linux; Android 6.0.1; Nexus 5X Build/MMB29P) AppleWebKit/537.36 (KHTML, like Gecko) Chrome/138.0.7204.183 Mobile Safari/537.36 (compatible; Googlebot/2.1; +http://www.google.com/bot.html)"
208.110.64.178 - - [16/Aug/2025:15:48:12 -0300] "GET /wp-includes/install.php HTTP/1.1" 404 - "https://dimensaocondominios.com.br/wp-includes/install.php" "Mozilla/5.0 (Windows NT 10.0; Win64; x64) AppleWebKit/537.36 (KHTML, like Gecko) Chrome/58.0.3029.110 Safari/537.3"
66.249.77.65 - - [16/Aug/2025:15:50:50 -0300] "GET /odd/resign112/6ige7-11645/ HTTP/2.0" 404 - "-" "Mozilla/5.0 (Linux; Android 6.0.1; Nexus 5X Build/MMB29P) AppleWebKit/537.36 (KHTML, like Gecko) Chrome/138.0.7204.183 Mobile Safari/537.36 (compatible; Googlebot/2.1; +http://www.google.com/bot.html)"
66.249.77.64 - - [16/Aug/2025:15:50:57 -0300] "GET /chief/ability189/90xct-24256/ HTTP/2.0" 404 - "-" "Mozilla/5.0 (compatible; Googlebot/2.1; +http://www.google.com/bot.html)"
66.249.77.78 - - [16/Aug/2025:15:51:49 -0300] "GET /stage/reasonable51/5nu2w-44324/ HTTP/2.0" 404 - "-" "Mozilla/5.0 (compatible; Googlebot/2.1; +http://www.google.com/bot.html)"
66.249.77.78 - - [16/Aug/2025:15:52:55 -0300] "GET /government/border13/0gb4j-36332/ HTTP/2.0" 404 - "-" "Mozilla/5.0 (compatible; Googlebot/2.1; +http://www.google.com/bot.html)"
216.73.216.112 - - [16/Aug/2025:15:53:26 -0300] "GET /robots.txt HTTP/2.0" 200 454 "-" "Mozilla/5.0 AppleWebKit/537.36 (KHTML, like Gecko; compatible; ClaudeBot/1.0; +claudebot@anthropic.com)"
216.73.216.112 - - [16/Aug/2025:15:53:26 -0300] "GET / HTTP/2.0" 200 - "-" "Mozilla/5.0 AppleWebKit/537.36 (KHTML, like Gecko; compatible; ClaudeBot/1.0; +claudebot@anthropic.com)"
216.73.216.112 - - [16/Aug/2025:15:53:27 -0300] "GET /pages.php HTTP/2.0" 404 - "-" "Mozilla/5.0 AppleWebKit/537.36 (KHTML, like Gecko; compatible; ClaudeBot/1.0; +claudebot@anthropic.com)"
66.249.77.65 - - [16/Aug/2025:15:56:58 -0300] "GET /sweat/limb54/8vhf5-32079/ HTTP/2.0" 404 - "-" "Mozilla/5.0 (compatible; Googlebot/2.1; +http://www.google.com/bot.html)"
66.249.77.64 - - [16/Aug/2025:15:57:45 -0300] "GET /volume/function1/ugqry-12364/ HTTP/2.0" 404 - "-" "Mozilla/5.0 (Linux; Android 6.0.1; Nexus 5X Build/MMB29P) AppleWebKit/537.36 (KHTML, like Gecko) Chrome/138.0.7204.183 Mobile Safari/537.36 (compatible; Googlebot/2.1; +http://www.google.com/bot.html)"
66.249.77.65 - - [16/Aug/2025:15:59:48 -0300] "GET /shuttle/anticipate135/evjo0-15196/ HTTP/2.0" 404 - "-" "Mozilla/5.0 (compatible; Googlebot/2.1; +http://www.google.com/bot.html)"
66.249.77.65 - - [16/Aug/2025:16:00:03 -0300] "GET /come/irony26/7riz1-33495/ HTTP/2.0" 404 - "-" "Mozilla/5.0 (Linux; Android 6.0.1; Nexus 5X Build/MMB29P) AppleWebKit/537.36 (KHTML, like Gecko) Chrome/138.0.7204.183 Mobile Safari/537.36 (compatible; Googlebot/2.1; +http://www.google.com/bot.html)"
66.249.77.78 - - [16/Aug/2025:16:01:51 -0300] "GET /approval/grave180/242q1-43523/ HTTP/2.0" 404 - "-" "Mozilla/5.0 (compatible; Googlebot/2.1; +http://www.google.com/bot.html)"
66.249.77.78 - - [16/Aug/2025:16:02:50 -0300] "GET /shopdetail/200015950 HTTP/2.0" 404 - "-" "Mozilla/5.0 (Linux; Android 6.0.1; Nexus 5X Build/MMB29P) AppleWebKit/537.36 (KHTML, like Gecko) Chrome/138.0.7204.183 Mobile Safari/537.36 (compatible; Googlebot/2.1; +http://www.google.com/bot.html)"
66.249.77.78 - - [16/Aug/2025:16:06:51 -0300] "GET /win/canvas168/mom8c-43921/ HTTP/2.0" 404 - "-" "Mozilla/5.0 (Linux; Android 6.0.1; Nexus 5X Build/MMB29P) AppleWebKit/537.36 (KHTML, like Gecko) Chrome/138.0.7204.183 Mobile Safari/537.36 (compatible; Googlebot/2.1; +http://www.google.com/bot.html)"
66.249.77.65 - - [16/Aug/2025:16:07:31 -0300] "GET /bush/document126/e19pa-27841/ HTTP/2.0" 404 - "-" "Mozilla/5.0 (compatible; Googlebot/2.1; +http://www.google.com/bot.html)"
66.249.77.65 - - [16/Aug/2025:16:07:31 -0300] "GET /bush/document126/e19pa-27841/ HTTP/2.0" 404 - "-" "Mozilla/5.0 (Linux; Android 6.0.1; Nexus 5X Build/MMB29P) AppleWebKit/537.36 (KHTML, like Gecko) Chrome/138.0.7204.183 Mobile Safari/537.36 (compatible; Googlebot/2.1; +http://www.google.com/bot.html)"
216.73.216.112 - - [16/Aug/2025:16:07:41 -0300] "GET / HTTP/2.0" 200 - "-" "Mozilla/5.0 AppleWebKit/537.36 (KHTML, like Gecko; compatible; ClaudeBot/1.0; +claudebot@anthropic.com)"
66.249.77.65 - - [16/Aug/2025:16:09:14 -0300] "GET /meter/jar123/eq6t0-6202/ HTTP/2.0" 404 - "-" "Mozilla/5.0 (Linux; Android 6.0.1; Nexus 5X Build/MMB29P) AppleWebKit/537.36 (KHTML, like Gecko) Chrome/138.0.7204.183 Mobile Safari/537.36 (compatible; Googlebot/2.1; +http://www.google.com/bot.html)"
79.124.58.198 - - [16/Aug/2025:16:09:25 -0300] "GET /actuator/gateway/routes HTTP/1.1" 404 - "-" "Mozilla/5.0 (Windows NT 10.0; Win64; x64) AppleWebKit/537.36 (KHTML, like Gecko) Chrome/78.0.3904.108 Safari/537.36"
66.249.77.78 - - [16/Aug/2025:16:09:38 -0300] "GET /clinical/hill147/ysqem-5916/ HTTP/2.0" 404 - "-" "Mozilla/5.0 (Linux; Android 6.0.1; Nexus 5X Build/MMB29P) AppleWebKit/537.36 (KHTML, like Gecko) Chrome/138.0.7204.183 Mobile Safari/537.36 (compatible; Googlebot/2.1; +http://www.google.com/bot.html)"
66.249.77.78 - - [16/Aug/2025:16:09:39 -0300] "GET /clinical/hill147/ysqem-5916/ HTTP/2.0" 404 - "-" "Mozilla/5.0 (compatible; Googlebot/2.1; +http://www.google.com/bot.html)"
66.249.77.78 - - [16/Aug/2025:16:09:39 -0300] "GET /complicated/money125/80snx-25526/ HTTP/2.0" 404 - "-" "Mozilla/5.0 (Linux; Android 6.0.1; Nexus 5X Build/MMB29P) AppleWebKit/537.36 (KHTML, like Gecko) Chrome/138.0.7204.183 Mobile Safari/537.36 (compatible; Googlebot/2.1; +http://www.google.com/bot.html)"
66.249.77.78 - - [16/Aug/2025:16:09:39 -0300] "GET /impress/verdict57/r3ewk-9808/ HTTP/2.0" 404 - "-" "Mozilla/5.0 (Linux; Android 6.0.1; Nexus 5X Build/MMB29P) AppleWebKit/537.36 (KHTML, like Gecko) Chrome/138.0.7204.183 Mobile Safari/537.36 (compatible; Googlebot/2.1; +http://www.google.com/bot.html)"
66.249.77.64 - - [16/Aug/2025:16:09:40 -0300] "GET /impress/verdict57/r3ewk-9808/ HTTP/2.0" 404 - "-" "Mozilla/5.0 (compatible; Googlebot/2.1; +http://www.google.com/bot.html)"
66.249.77.64 - - [16/Aug/2025:16:11:14 -0300] "GET /grandparent/mushroom68/mbegs-16329/ HTTP/2.0" 404 - "-" "Mozilla/5.0 (Linux; Android 6.0.1; Nexus 5X Build/MMB29P) AppleWebKit/537.36 (KHTML, like Gecko) Chrome/138.0.7204.183 Mobile Safari/537.36 (compatible; Googlebot/2.1; +http://www.google.com/bot.html)"
66.249.77.78 - - [16/Aug/2025:16:11:37 -0300] "GET /Dutch/diagnose143/bz7k1-48654/ HTTP/2.0" 404 - "-" "Mozilla/5.0 (Linux; Android 6.0.1; Nexus 5X Build/MMB29P) AppleWebKit/537.36 (KHTML, like Gecko) Chrome/138.0.7204.183 Mobile Safari/537.36 (compatible; Googlebot/2.1; +http://www.google.com/bot.html)"
66.249.77.65 - - [16/Aug/2025:16:12:21 -0300] "GET /reflection/small6/atl8a-46897/ HTTP/2.0" 404 - "-" "Mozilla/5.0 (compatible; Googlebot/2.1; +http://www.google.com/bot.html)"
66.249.77.64 - - [16/Aug/2025:16:13:17 -0300] "GET /tolerance/qualify32/m06kk-28019/ HTTP/2.0" 404 - "-" "Mozilla/5.0 (Linux; Android 6.0.1; Nexus 5X Build/MMB29P) AppleWebKit/537.36 (KHTML, like Gecko) Chrome/138.0.7204.183 Mobile Safari/537.36 (compatible; Googlebot/2.1; +http://www.google.com/bot.html)"
66.249.77.64 - - [16/Aug/2025:16:16:08 -0300] "GET /male/some35/a1c7c-12212/ HTTP/2.0" 404 - "-" "Mozilla/5.0 (Linux; Android 6.0.1; Nexus 5X Build/MMB29P) AppleWebKit/537.36 (KHTML, like Gecko) Chrome/138.0.7204.183 Mobile Safari/537.36 (compatible; Googlebot/2.1; +http://www.google.com/bot.html)"
66.249.77.64 - - [16/Aug/2025:16:17:45 -0300] "GET /too/all192/z93w1-36299/ HTTP/2.0" 404 - "-" "Mozilla/5.0 (Linux; Android 6.0.1; Nexus 5X Build/MMB29P) AppleWebKit/537.36 (KHTML, like Gecko) Chrome/138.0.7204.183 Mobile Safari/537.36 (compatible; Googlebot/2.1; +http://www.google.com/bot.html)"
66.249.77.65 - - [16/Aug/2025:16:18:00 -0300] "GET /bell/east122/8r0su-2939/ HTTP/2.0" 404 - "-" "Mozilla/5.0 (compatible; Googlebot/2.1; +http://www.google.com/bot.html)"
66.249.77.64 - - [16/Aug/2025:16:18:01 -0300] "GET /bell/east122/8r0su-2939/ HTTP/2.0" 404 - "-" "Mozilla/5.0 (Linux; Android 6.0.1; Nexus 5X Build/MMB29P) AppleWebKit/537.36 (KHTML, like Gecko) Chrome/138.0.7204.183 Mobile Safari/537.36 (compatible; Googlebot/2.1; +http://www.google.com/bot.html)"
66.249.77.64 - - [16/Aug/2025:16:18:18 -0300] "GET /interpretation/tightly126/rtzz4-21261/ HTTP/2.0" 404 - "-" "Mozilla/5.0 (Linux; Android 6.0.1; Nexus 5X Build/MMB29P) AppleWebKit/537.36 (KHTML, like Gecko) Chrome/138.0.7204.183 Mobile Safari/537.36 (compatible; Googlebot/2.1; +http://www.google.com/bot.html)"
66.249.77.78 - - [16/Aug/2025:16:18:30 -0300] "GET /German/cease180/jqrj6-8013/ HTTP/2.0" 404 - "-" "Mozilla/5.0 (compatible; Googlebot/2.1; +http://www.google.com/bot.html)"
51.222.253.17 - - [16/Aug/2025:16:19:21 -0300] "GET / HTTP/2.0" 200 - "-" "Mozilla/5.0 (compatible; AhrefsBot/7.0; +http://ahrefs.com/robot/)"
208.110.64.178 - - [16/Aug/2025:16:20:48 -0300] "GET /wp-includes/install.php HTTP/1.1" 404 - "https://dimensaocondominios.com.br/wp-includes/install.php" "Mozilla/5.0 (Windows NT 10.0; Win64; x64) AppleWebKit/537.36 (KHTML, like Gecko) Chrome/58.0.3029.110 Safari/537.3"
14.170.162.51 - - [16/Aug/2025:16:21:40 -0300] "GET /amazing/loyal111/do903-15984 HTTP/1.1" 404 - "https://dimensaocondominios.com.br/amazing/loyal111/do903-15984" "Mozilla/5.0 (X11; Linux x86_64) AppleWebKit/537.36 (KHTML, like Gecko) Chrome/114.0.0.0 Safari/537.36"
66.249.77.78 - - [16/Aug/2025:16:22:54 -0300] "GET /foundation/impulse190/2cweo-12949/ HTTP/2.0" 404 - "-" "Mozilla/5.0 (compatible; Googlebot/2.1; +http://www.google.com/bot.html)"
66.249.77.64 - - [16/Aug/2025:16:22:56 -0300] "GET /bury/whatever153/i1q96-47958/ HTTP/2.0" 404 - "-" "Mozilla/5.0 (Linux; Android 6.0.1; Nexus 5X Build/MMB29P) AppleWebKit/537.36 (KHTML, like Gecko) Chrome/138.0.7204.183 Mobile Safari/537.36 (compatible; Googlebot/2.1; +http://www.google.com/bot.html)"
66.249.77.78 - - [16/Aug/2025:16:25:08 -0300] "GET /overall/strength122/wz6om-19741/ HTTP/2.0" 404 - "-" "Mozilla/5.0 (Linux; Android 6.0.1; Nexus 5X Build/MMB29P) AppleWebKit/537.36 (KHTML, like Gecko) Chrome/138.0.7204.183 Mobile Safari/537.36 (compatible; Googlebot/2.1; +http://www.google.com/bot.html)"
66.249.77.78 - - [16/Aug/2025:16:25:39 -0300] "GET /shopdetail/121014805 HTTP/2.0" 404 - "-" "Mozilla/5.0 (Linux; Android 6.0.1; Nexus 5X Build/MMB29P) AppleWebKit/537.36 (KHTML, like Gecko) Chrome/138.0.7204.183 Mobile Safari/537.36 (compatible; Googlebot/2.1; +http://www.google.com/bot.html)"
66.249.77.78 - - [16/Aug/2025:16:25:41 -0300] "GET /boring/request65/4kj1k-76/ HTTP/2.0" 404 - "-" "Mozilla/5.0 (Linux; Android 6.0.1; Nexus 5X Build/MMB29P) AppleWebKit/537.36 (KHTML, like Gecko) Chrome/138.0.7204.183 Mobile Safari/537.36 (compatible; Googlebot/2.1; +http://www.google.com/bot.html)"
66.249.77.78 - - [16/Aug/2025:16:29:56 -0300] "GET /motivation/since89/exxt0-40994/ HTTP/2.0" 404 - "-" "Mozilla/5.0 (compatible; Googlebot/2.1; +http://www.google.com/bot.html)"
66.249.77.64 - - [16/Aug/2025:16:29:57 -0300] "GET /motivation/since89/exxt0-40994/ HTTP/2.0" 404 - "-" "Mozilla/5.0 (Linux; Android 6.0.1; Nexus 5X Build/MMB29P) AppleWebKit/537.36 (KHTML, like Gecko) Chrome/138.0.7204.183 Mobile Safari/537.36 (compatible; Googlebot/2.1; +http://www.google.com/bot.html)"
66.249.77.65 - - [16/Aug/2025:16:31:06 -0300] "GET /shrimp/American100/j7nxy-49133/ HTTP/2.0" 404 - "-" "Mozilla/5.0 (Linux; Android 6.0.1; Nexus 5X Build/MMB29P) AppleWebKit/537.36 (KHTML, like Gecko) Chrome/138.0.7204.183 Mobile Safari/537.36 (compatible; Googlebot/2.1; +http://www.google.com/bot.html)"
216.73.216.112 - - [16/Aug/2025:16:32:16 -0300] "GET / HTTP/2.0" 200 - "-" "Mozilla/5.0 AppleWebKit/537.36 (KHTML, like Gecko; compatible; ClaudeBot/1.0; +claudebot@anthropic.com)"
66.249.77.65 - - [16/Aug/2025:16:32:41 -0300] "GET /shopdetail/171046809 HTTP/2.0" 404 - "-" "Mozilla/5.0 (Linux; Android 6.0.1; Nexus 5X Build/MMB29P) AppleWebKit/537.36 (KHTML, like Gecko) Chrome/138.0.7204.183 Mobile Safari/537.36 (compatible; Googlebot/2.1; +http://www.google.com/bot.html)"
66.249.77.64 - - [16/Aug/2025:16:36:01 -0300] "GET /help/missionary76/1ficn-20765/ HTTP/2.0" 404 - "-" "Mozilla/5.0 (compatible; Googlebot/2.1; +http://www.google.com/bot.html)"
66.249.77.78 - - [16/Aug/2025:16:36:01 -0300] "GET /help/missionary76/1ficn-20765/ HTTP/2.0" 404 - "-" "Mozilla/5.0 (Linux; Android 6.0.1; Nexus 5X Build/MMB29P) AppleWebKit/537.36 (KHTML, like Gecko) Chrome/138.0.7204.183 Mobile Safari/537.36 (compatible; Googlebot/2.1; +http://www.google.com/bot.html)"
66.249.77.64 - - [16/Aug/2025:16:36:27 -0300] "GET /sport/supportive59/coyv9-44962/ HTTP/2.0" 404 - "-" "Mozilla/5.0 (Linux; Android 6.0.1; Nexus 5X Build/MMB29P) AppleWebKit/537.36 (KHTML, like Gecko) Chrome/138.0.7204.183 Mobile Safari/537.36 (compatible; Googlebot/2.1; +http://www.google.com/bot.html)"
66.249.77.65 - - [16/Aug/2025:16:40:21 -0300] "GET /embarrassed/opinion149/bqsg3-13252/ HTTP/2.0" 404 - "-" "Mozilla/5.0 (Linux; Android 6.0.1; Nexus 5X Build/MMB29P) AppleWebKit/537.36 (KHTML, like Gecko) Chrome/138.0.7204.183 Mobile Safari/537.36 (compatible; Googlebot/2.1; +http://www.google.com/bot.html)"
