68.178.197.218 - - [16/Aug/2025:08:12:10 -0300] "GET /api.zip HTTP/1.1" 200 - "-" "Mozilla/5.0 (Windows NT 10.0; Win64; x64) AppleWebKit/537.36 (KHTML, like Gecko) Chrome/123.0.0.0 Safari/537.36"
68.178.197.218 - - [16/Aug/2025:08:12:10 -0300] "GET /shared.zip HTTP/1.1" 200 - "-" "Mozilla/5.0 (Windows NT 10.0; Win64; x64) AppleWebKit/537.36 (KHTML, like Gecko) Chrome/123.0.0.0 Safari/537.36"
68.178.197.218 - - [16/Aug/2025:08:12:10 -0300] "GET /www.ziphtdocs.zip HTTP/1.1" 200 - "-" "Mozilla/5.0 (Windows NT 10.0; Win64; x64) AppleWebKit/537.36 (KHTML, like Gecko) Chrome/123.0.0.0 Safari/537.36"
68.178.197.218 - - [16/Aug/2025:08:12:14 -0300] "GET /test_backup.zip HTTP/1.1" 200 - "-" "Mozilla/5.0 (Windows NT 10.0; Win64; x64) AppleWebKit/537.36 (KHTML, like Gecko) Chrome/123.0.0.0 Safari/537.36"
68.178.197.218 - - [16/Aug/2025:08:12:14 -0300] "GET /snapshot.zip HTTP/1.1" 200 - "-" "Mozilla/5.0 (Windows NT 10.0; Win64; x64) AppleWebKit/537.36 (KHTML, like Gecko) Chrome/123.0.0.0 Safari/537.36"
68.178.197.218 - - [16/Aug/2025:08:12:13 -0300] "GET /creds.zip HTTP/1.1" 200 - "-" "Mozilla/5.0 (Windows NT 10.0; Win64; x64) AppleWebKit/537.36 (KHTML, like Gecko) Chrome/123.0.0.0 Safari/537.36"
68.178.197.218 - - [16/Aug/2025:08:12:14 -0300] "GET /vendor.zip HTTP/1.1" 200 - "-" "Mozilla/5.0 (Windows NT 10.0; Win64; x64) AppleWebKit/537.36 (KHTML, like Gecko) Chrome/123.0.0.0 Safari/537.36"
68.178.197.218 - - [16/Aug/2025:08:12:14 -0300] "GET /backups.zip HTTP/1.1" 200 - "-" "Mozilla/5.0 (Windows NT 10.0; Win64; x64) AppleWebKit/537.36 (KHTML, like Gecko) Chrome/123.0.0.0 Safari/537.36"
68.178.197.218 - - [16/Aug/2025:08:12:14 -0300] "GET /backup.zip HTTP/1.1" 200 - "-" "Mozilla/5.0 (Windows NT 10.0; Win64; x64) AppleWebKit/537.36 (KHTML, like Gecko) Chrome/123.0.0.0 Safari/537.36"
68.178.197.218 - - [16/Aug/2025:08:12:14 -0300] "GET /old_archive.zip HTTP/1.1" 200 - "-" "Mozilla/5.0 (Windows NT 10.0; Win64; x64) AppleWebKit/537.36 (KHTML, like Gecko) Chrome/123.0.0.0 Safari/537.36"
68.178.197.218 - - [16/Aug/2025:08:12:14 -0300] "GET /db_backup.zip HTTP/1.1" 200 - "-" "Mozilla/5.0 (Windows NT 10.0; Win64; x64) AppleWebKit/537.36 (KHTML, like Gecko) Chrome/123.0.0.0 Safari/537.36"
68.178.197.218 - - [16/Aug/2025:08:12:14 -0300] "GET /backup_final.zip HTTP/1.1" 200 - "-" "Mozilla/5.0 (Windows NT 10.0; Win64; x64) AppleWebKit/537.36 (KHTML, like Gecko) Chrome/123.0.0.0 Safari/537.36"
68.178.197.218 - - [16/Aug/2025:08:12:17 -0300] "GET /prestashop.zip HTTP/1.1" 200 - "-" "Mozilla/5.0 (Windows NT 10.0; Win64; x64) AppleWebKit/537.36 (KHTML, like Gecko) Chrome/123.0.0.0 Safari/537.36"
68.178.197.218 - - [16/Aug/2025:08:12:15 -0300] "GET /plugin.zip HTTP/1.1" 200 - "-" "Mozilla/5.0 (Windows NT 10.0; Win64; x64) AppleWebKit/537.36 (KHTML, like Gecko) Chrome/123.0.0.0 Safari/537.36"
68.178.197.218 - - [16/Aug/2025:08:12:23 -0300] "GET /redis.zip HTTP/1.1" 200 - "-" "Mozilla/5.0 (Windows NT 10.0; Win64; x64) AppleWebKit/537.36 (KHTML, like Gecko) Chrome/123.0.0.0 Safari/537.36"
68.178.197.218 - - [16/Aug/2025:08:12:14 -0300] "GET /archive.zip HTTP/1.1" 200 - "-" "Mozilla/5.0 (Windows NT 10.0; Win64; x64) AppleWebKit/537.36 (KHTML, like Gecko) Chrome/123.0.0.0 Safari/537.36"
68.178.197.218 - - [16/Aug/2025:08:12:21 -0300] "GET /websites.zip HTTP/1.1" 200 - "-" "Mozilla/5.0 (Windows NT 10.0; Win64; x64) AppleWebKit/537.36 (KHTML, like Gecko) Chrome/123.0.0.0 Safari/537.36"
68.178.197.218 - - [16/Aug/2025:08:12:15 -0300] "GET /node_modules.zip HTTP/1.1" 200 - "-" "Mozilla/5.0 (Windows NT 10.0; Win64; x64) AppleWebKit/537.36 (KHTML, like Gecko) Chrome/123.0.0.0 Safari/537.36"
68.178.197.218 - - [16/Aug/2025:08:12:22 -0300] "GET /pgdump.zip HTTP/1.1" 200 - "-" "Mozilla/5.0 (Windows NT 10.0; Win64; x64) AppleWebKit/537.36 (KHTML, like Gecko) Chrome/123.0.0.0 Safari/537.36"
68.178.197.218 - - [16/Aug/2025:08:12:23 -0300] "GET /pgsql.zip HTTP/1.1" 200 - "-" "Mozilla/5.0 (Windows NT 10.0; Win64; x64) AppleWebKit/537.36 (KHTML, like Gecko) Chrome/123.0.0.0 Safari/537.36"
68.178.197.218 - - [16/Aug/2025:08:12:23 -0300] "GET /mysqldump.zip HTTP/1.1" 200 - "-" "Mozilla/5.0 (Windows NT 10.0; Win64; x64) AppleWebKit/537.36 (KHTML, like Gecko) Chrome/123.0.0.0 Safari/537.36"
68.178.197.218 - - [16/Aug/2025:08:12:23 -0300] "GET /archived.zip HTTP/1.1" 200 - "-" "Mozilla/5.0 (Windows NT 10.0; Win64; x64) AppleWebKit/537.36 (KHTML, like Gecko) Chrome/123.0.0.0 Safari/537.36"
68.178.197.218 - - [16/Aug/2025:08:12:23 -0300] "GET /debug.zip HTTP/1.1" 200 - "-" "Mozilla/5.0 (Windows NT 10.0; Win64; x64) AppleWebKit/537.36 (KHTML, like Gecko) Chrome/123.0.0.0 Safari/537.36"
68.178.197.218 - - [16/Aug/2025:08:12:23 -0300] "GET /init_backup.zip HTTP/1.1" 200 - "-" "Mozilla/5.0 (Windows NT 10.0; Win64; x64) AppleWebKit/537.36 (KHTML, like Gecko) Chrome/123.0.0.0 Safari/537.36"
68.178.197.218 - - [16/Aug/2025:08:12:17 -0300] "GET /deps.zip HTTP/1.1" 200 - "-" "Mozilla/5.0 (Windows NT 10.0; Win64; x64) AppleWebKit/537.36 (KHTML, like Gecko) Chrome/123.0.0.0 Safari/537.36"
68.178.197.218 - - [16/Aug/2025:08:12:20 -0300] "GET /test_data.zip HTTP/1.1" 200 - "-" "Mozilla/5.0 (Windows NT 10.0; Win64; x64) AppleWebKit/537.36 (KHTML, like Gecko) Chrome/123.0.0.0 Safari/537.36"
68.178.197.218 - - [16/Aug/2025:08:12:23 -0300] "GET /secure.zip HTTP/1.1" 200 - "-" "Mozilla/5.0 (Windows NT 10.0; Win64; x64) AppleWebKit/537.36 (KHTML, like Gecko) Chrome/123.0.0.0 Safari/537.36"
68.178.197.218 - - [16/Aug/2025:08:12:14 -0300] "GET /sqlite.zip HTTP/1.1" 200 - "-" "Mozilla/5.0 (Windows NT 10.0; Win64; x64) AppleWebKit/537.36 (KHTML, like Gecko) Chrome/123.0.0.0 Safari/537.36"
68.178.197.218 - - [16/Aug/2025:08:12:14 -0300] "GET /bak.zip HTTP/1.1" 200 - "-" "Mozilla/5.0 (Windows NT 10.0; Win64; x64) AppleWebKit/537.36 (KHTML, like Gecko) Chrome/123.0.0.0 Safari/537.36"
68.178.197.218 - - [16/Aug/2025:08:12:14 -0300] "GET /prod_backup.zip HTTP/1.1" 200 - "-" "Mozilla/5.0 (Windows NT 10.0; Win64; x64) AppleWebKit/537.36 (KHTML, like Gecko) Chrome/123.0.0.0 Safari/537.36"
68.178.197.218 - - [16/Aug/2025:08:12:14 -0300] "GET /bin.zip HTTP/1.1" 200 - "-" "Mozilla/5.0 (Windows NT 10.0; Win64; x64) AppleWebKit/537.36 (KHTML, like Gecko) Chrome/123.0.0.0 Safari/537.36"
68.178.197.218 - - [16/Aug/2025:08:12:14 -0300] "GET /log.zip HTTP/1.1" 200 - "-" "Mozilla/5.0 (Windows NT 10.0; Win64; x64) AppleWebKit/537.36 (KHTML, like Gecko) Chrome/123.0.0.0 Safari/537.36"
68.178.197.218 - - [16/Aug/2025:08:12:21 -0300] "GET /backup3.zip HTTP/1.1" 200 - "-" "Mozilla/5.0 (Windows NT 10.0; Win64; x64) AppleWebKit/537.36 (KHTML, like Gecko) Chrome/123.0.0.0 Safari/537.36"
68.178.197.218 - - [16/Aug/2025:08:12:15 -0300] "GET /apis.zip HTTP/1.1" 200 - "-" "Mozilla/5.0 (Windows NT 10.0; Win64; x64) AppleWebKit/537.36 (KHTML, like Gecko) Chrome/123.0.0.0 Safari/537.36"
68.178.197.218 - - [16/Aug/2025:08:12:25 -0300] "GET /project_source.zip HTTP/1.1" 200 - "-" "Mozilla/5.0 (Windows NT 10.0; Win64; x64) AppleWebKit/537.36 (KHTML, like Gecko) Chrome/123.0.0.0 Safari/537.36"
68.178.197.218 - - [16/Aug/2025:08:12:23 -0300] "GET /Lain-lain HTTP/1.1" 200 - "-" "Mozilla/5.0 (Windows NT 10.0; Win64; x64) AppleWebKit/537.36 (KHTML, like Gecko) Chrome/123.0.0.0 Safari/537.36"
68.178.197.218 - - [16/Aug/2025:08:12:23 -0300] "GET /apikeys_backup.zip HTTP/1.1" 200 - "-" "Mozilla/5.0 (Windows NT 10.0; Win64; x64) AppleWebKit/537.36 (KHTML, like Gecko) Chrome/123.0.0.0 Safari/537.36"
68.178.197.218 - - [16/Aug/2025:08:12:23 -0300] "GET /output.zip HTTP/1.1" 200 - "-" "Mozilla/5.0 (Windows NT 10.0; Win64; x64) AppleWebKit/537.36 (KHTML, like Gecko) Chrome/123.0.0.0 Safari/537.36"
68.178.197.218 - - [16/Aug/2025:08:12:23 -0300] "GET /www.zippublic.zip HTTP/1.1" 200 - "-" "Mozilla/5.0 (Windows NT 10.0; Win64; x64) AppleWebKit/537.36 (KHTML, like Gecko) Chrome/123.0.0.0 Safari/537.36"
68.178.197.218 - - [16/Aug/2025:08:12:23 -0300] "GET /package.zip HTTP/1.1" 200 - "-" "Mozilla/5.0 (Windows NT 10.0; Win64; x64) AppleWebKit/537.36 (KHTML, like Gecko) Chrome/123.0.0.0 Safari/537.36"
68.178.197.218 - - [16/Aug/2025:08:12:23 -0300] "GET /data.zip HTTP/1.1" 200 - "-" "Mozilla/5.0 (Windows NT 10.0; Win64; x64) AppleWebKit/537.36 (KHTML, like Gecko) Chrome/123.0.0.0 Safari/537.36"
68.178.197.218 - - [16/Aug/2025:08:12:23 -0300] "GET /source_code.zip HTTP/1.1" 200 - "-" "Mozilla/5.0 (Windows NT 10.0; Win64; x64) AppleWebKit/537.36 (KHTML, like Gecko) Chrome/123.0.0.0 Safari/537.36"
68.178.197.218 - - [16/Aug/2025:08:12:18 -0300] "GET /virtualenv.zip HTTP/1.1" 200 - "-" "Mozilla/5.0 (Windows NT 10.0; Win64; x64) AppleWebKit/537.36 (KHTML, like Gecko) Chrome/123.0.0.0 Safari/537.36"
68.178.197.218 - - [16/Aug/2025:08:12:14 -0300] "GET /temp.zip HTTP/1.1" 200 - "-" "Mozilla/5.0 (Windows NT 10.0; Win64; x64) AppleWebKit/537.36 (KHTML, like Gecko) Chrome/123.0.0.0 Safari/537.36"
68.178.197.218 - - [16/Aug/2025:08:12:23 -0300] "GET /system_config.zip HTTP/1.1" 200 - "-" "Mozilla/5.0 (Windows NT 10.0; Win64; x64) AppleWebKit/537.36 (KHTML, like Gecko) Chrome/123.0.0.0 Safari/537.36"
68.178.197.218 - - [16/Aug/2025:08:12:25 -0300] "GET /vault.zip HTTP/1.1" 200 - "-" "Mozilla/5.0 (Windows NT 10.0; Win64; x64) AppleWebKit/537.36 (KHTML, like Gecko) Chrome/123.0.0.0 Safari/537.36"
68.178.197.218 - - [16/Aug/2025:08:12:18 -0300] "GET /vue_site.zip HTTP/1.1" 200 - "-" "Mozilla/5.0 (Windows NT 10.0; Win64; x64) AppleWebKit/537.36 (KHTML, like Gecko) Chrome/123.0.0.0 Safari/537.36"
68.178.197.218 - - [16/Aug/2025:08:12:21 -0300] "GET /old_backup.zip HTTP/1.1" 200 - "-" "Mozilla/5.0 (Windows NT 10.0; Win64; x64) AppleWebKit/537.36 (KHTML, like Gecko) Chrome/123.0.0.0 Safari/537.36"
68.178.197.218 - - [16/Aug/2025:08:12:25 -0300] "GET /private_data.zip HTTP/1.1" 200 - "-" "Mozilla/5.0 (Windows NT 10.0; Win64; x64) AppleWebKit/537.36 (KHTML, like Gecko) Chrome/123.0.0.0 Safari/537.36"
68.178.197.218 - - [16/Aug/2025:08:12:25 -0300] "GET /build_beta.zip HTTP/1.1" 200 - "-" "Mozilla/5.0 (Windows NT 10.0; Win64; x64) AppleWebKit/537.36 (KHTML, like Gecko) Chrome/123.0.0.0 Safari/537.36"
68.178.197.218 - - [16/Aug/2025:08:12:22 -0300] "GET /rdb.zip HTTP/1.1" 200 - "-" "Mozilla/5.0 (Windows NT 10.0; Win64; x64) AppleWebKit/537.36 (KHTML, like Gecko) Chrome/123.0.0.0 Safari/537.36"
68.178.197.218 - - [16/Aug/2025:08:12:23 -0300] "GET /site_data.zip HTTP/1.1" 200 - "-" "Mozilla/5.0 (Windows NT 10.0; Win64; x64) AppleWebKit/537.36 (KHTML, like Gecko) Chrome/123.0.0.0 Safari/537.36"
68.178.197.218 - - [16/Aug/2025:08:12:23 -0300] "GET /auth_backup.zip HTTP/1.1" 200 - "-" "Mozilla/5.0 (Windows NT 10.0; Win64; x64) AppleWebKit/537.36 (KHTML, like Gecko) Chrome/123.0.0.0 Safari/537.36"
68.178.197.218 - - [16/Aug/2025:08:12:23 -0300] "GET /dev.zip HTTP/1.1" 200 - "-" "Mozilla/5.0 (Windows NT 10.0; Win64; x64) AppleWebKit/537.36 (KHTML, like Gecko) Chrome/123.0.0.0 Safari/537.36"
68.178.197.218 - - [16/Aug/2025:08:12:23 -0300] "GET /configuration_backup.zip HTTP/1.1" 200 - "-" "Mozilla/5.0 (Windows NT 10.0; Win64; x64) AppleWebKit/537.36 (KHTML, like Gecko) Chrome/123.0.0.0 Safari/537.36"
68.178.197.218 - - [16/Aug/2025:08:12:23 -0300] "GET /config_backup.zip HTTP/1.1" 200 - "-" "Mozilla/5.0 (Windows NT 10.0; Win64; x64) AppleWebKit/537.36 (KHTML, like Gecko) Chrome/123.0.0.0 Safari/537.36"
68.178.197.218 - - [16/Aug/2025:08:12:23 -0300] "GET /settings_backup.zip HTTP/1.1" 200 - "-" "Mozilla/5.0 (Windows NT 10.0; Win64; x64) AppleWebKit/537.36 (KHTML, like Gecko) Chrome/123.0.0.0 Safari/537.36"
68.178.197.218 - - [16/Aug/2025:08:12:23 -0300] "GET /password_backup.zip HTTP/1.1" 200 - "-" "Mozilla/5.0 (Windows NT 10.0; Win64; x64) AppleWebKit/537.36 (KHTML, like Gecko) Chrome/123.0.0.0 Safari/537.36"
68.178.197.218 - - [16/Aug/2025:08:12:23 -0300] "GET /.env.zip HTTP/1.1" 200 - "-" "Mozilla/5.0 (Windows NT 10.0; Win64; x64) AppleWebKit/537.36 (KHTML, like Gecko) Chrome/123.0.0.0 Safari/537.36"
68.178.197.218 - - [16/Aug/2025:08:12:23 -0300] "GET /secrets_backup.zip HTTP/1.1" 200 - "-" "Mozilla/5.0 (Windows NT 10.0; Win64; x64) AppleWebKit/537.36 (KHTML, like Gecko) Chrome/123.0.0.0 Safari/537.36"
68.178.197.218 - - [16/Aug/2025:08:12:23 -0300] "GET /mailer.zip HTTP/1.1" 200 - "-" "Mozilla/5.0 (Windows NT 10.0; Win64; x64) AppleWebKit/537.36 (KHTML, like Gecko) Chrome/123.0.0.0 Safari/537.36"
68.178.197.218 - - [16/Aug/2025:08:12:17 -0300] "GET /react_site.zip HTTP/1.1" 200 - "-" "Mozilla/5.0 (Windows NT 10.0; Win64; x64) AppleWebKit/537.36 (KHTML, like Gecko) Chrome/123.0.0.0 Safari/537.36"
68.178.197.218 - - [16/Aug/2025:08:12:23 -0300] "GET /uploads.zip HTTP/1.1" 200 - "-" "Mozilla/5.0 (Windows NT 10.0; Win64; x64) AppleWebKit/537.36 (KHTML, like Gecko) Chrome/123.0.0.0 Safari/537.36"
68.178.197.218 - - [16/Aug/2025:08:12:23 -0300] "GET /vendor_backup.zip HTTP/1.1" 200 - "-" "Mozilla/5.0 (Windows NT 10.0; Win64; x64) AppleWebKit/537.36 (KHTML, like Gecko) Chrome/123.0.0.0 Safari/537.36"
68.178.197.218 - - [16/Aug/2025:08:12:10 -0300] "GET /passwords.zip HTTP/1.1" 200 - "-" "Mozilla/5.0 (Windows NT 10.0; Win64; x64) AppleWebKit/537.36 (KHTML, like Gecko) Chrome/123.0.0.0 Safari/537.36"
68.178.197.218 - - [16/Aug/2025:08:12:13 -0300] "GET /sql.zip HTTP/1.1" 200 - "-" "Mozilla/5.0 (Windows NT 10.0; Win64; x64) AppleWebKit/537.36 (KHTML, like Gecko) Chrome/123.0.0.0 Safari/537.36"
68.178.197.218 - - [16/Aug/2025:08:12:13 -0300] "GET /conf.zipconf.zip HTTP/1.1" 200 - "-" "Mozilla/5.0 (Windows NT 10.0; Win64; x64) AppleWebKit/537.36 (KHTML, like Gecko) Chrome/123.0.0.0 Safari/537.36"
68.178.197.218 - - [16/Aug/2025:08:12:24 -0300] "GET /mongodb.zip HTTP/1.1" 200 - "-" "Mozilla/5.0 (Windows NT 10.0; Win64; x64) AppleWebKit/537.36 (KHTML, like Gecko) Chrome/123.0.0.0 Safari/537.36"
68.178.197.218 - - [16/Aug/2025:08:12:21 -0300] "GET /dependencies.zip HTTP/1.1" 200 - "-" "Mozilla/5.0 (Windows NT 10.0; Win64; x64) AppleWebKit/537.36 (KHTML, like Gecko) Chrome/123.0.0.0 Safari/537.36"
68.178.197.218 - - [16/Aug/2025:08:12:13 -0300] "GET /dev_backup.zip HTTP/1.1" 200 - "-" "Mozilla/5.0 (Windows NT 10.0; Win64; x64) AppleWebKit/537.36 (KHTML, like Gecko) Chrome/123.0.0.0 Safari/537.36"
68.178.197.218 - - [16/Aug/2025:08:12:13 -0300] "GET /backup_1.zip HTTP/1.1" 200 - "-" "Mozilla/5.0 (Windows NT 10.0; Win64; x64) AppleWebKit/537.36 (KHTML, like Gecko) Chrome/123.0.0.0 Safari/537.36"
68.178.197.218 - - [16/Aug/2025:08:12:21 -0300] "GET /backend_framework.zip HTTP/1.1" 200 - "-" "Mozilla/5.0 (Windows NT 10.0; Win64; x64) AppleWebKit/537.36 (KHTML, like Gecko) Chrome/123.0.0.0 Safari/537.36"
68.178.197.218 - - [16/Aug/2025:08:12:13 -0300] "GET /mysql.zip HTTP/1.1" 200 - "-" "Mozilla/5.0 (Windows NT 10.0; Win64; x64) AppleWebKit/537.36 (KHTML, like Gecko) Chrome/123.0.0.0 Safari/537.36"
68.178.197.218 - - [16/Aug/2025:08:12:10 -0300] "GET /cloud.zip HTTP/1.1" 200 - "-" "Mozilla/5.0 (Windows NT 10.0; Win64; x64) AppleWebKit/537.36 (KHTML, like Gecko) Chrome/123.0.0.0 Safari/537.36"
68.178.197.218 - - [16/Aug/2025:08:12:10 -0300] "GET /lib.zip HTTP/1.1" 200 - "-" "Mozilla/5.0 (Windows NT 10.0; Win64; x64) AppleWebKit/537.36 (KHTML, like Gecko) Chrome/123.0.0.0 Safari/537.36"
68.178.197.218 - - [16/Aug/2025:08:12:26 -0300] "GET /build_v1.zip HTTP/1.1" 200 - "-" "Mozilla/5.0 (Windows NT 10.0; Win64; x64) AppleWebKit/537.36 (KHTML, like Gecko) Chrome/123.0.0.0 Safari/537.36"
68.178.197.218 - - [16/Aug/2025:08:12:26 -0300] "GET /postgres.zip HTTP/1.1" 200 - "-" "Mozilla/5.0 (Windows NT 10.0; Win64; x64) AppleWebKit/537.36 (KHTML, like Gecko) Chrome/123.0.0.0 Safari/537.36"
68.178.197.218 - - [16/Aug/2025:08:12:26 -0300] "GET /app_src.zip HTTP/1.1" 200 - "-" "Mozilla/5.0 (Windows NT 10.0; Win64; x64) AppleWebKit/537.36 (KHTML, like Gecko) Chrome/123.0.0.0 Safari/537.36"
68.178.197.218 - - [16/Aug/2025:08:12:25 -0300] "GET /build_v2.zip HTTP/1.1" 200 - "-" "Mozilla/5.0 (Windows NT 10.0; Win64; x64) AppleWebKit/537.36 (KHTML, like Gecko) Chrome/123.0.0.0 Safari/537.36"
52.167.144.161 - - [16/Aug/2025:08:24:32 -0300] "GET /products/bloodstain1015586?id=400 HTTP/1.1" 200 13 "-" "Mozilla/5.0 AppleWebKit/537.36 (KHTML, like Gecko; compatible; bingbot/2.0; +http://www.bing.com/bingbot.htm) Chrome/116.0.1938.76 Safari/537.36"
128.199.161.154 - - [16/Aug/2025:08:39:16 -0300] "GET /wp-login.php HTTP/1.1" 200 - "-" "Mozilla/5.0 (Windows NT 10.0; Win64; x64) AppleWebKit/537.36 (KHTML, like Gecko) Chrome/79.0.3945.88 Safari/537.36"
114.119.159.8 - - [16/Aug/2025:08:47:17 -0300] "GET /admin/media/js/footer.inc.js HTTP/1.1" 200 1225 "http://libertysa.com.br/admin/media/js/?C=N%3BO%3DD" "Mozilla/5.0 (Linux; Android 7.0;) AppleWebKit/537.36 (KHTML, like Gecko) Mobile Safari/537.36 (compatible; PetalBot;+https://webmaster.petalsearch.com/site/petalbot)"
114.119.155.235 - - [16/Aug/2025:08:47:48 -0300] "GET /includes/sidebar_right.php HTTP/1.1" 403 10390 "http://libertysa.com.br/includes/" "Mozilla/5.0 (Linux; Android 7.0;) AppleWebKit/537.36 (KHTML, like Gecko) Mobile Safari/537.36 (compatible; PetalBot;+https://webmaster.petalsearch.com/site/petalbot)"
114.119.152.69 - - [16/Aug/2025:08:48:53 -0300] "GET /admin/media/css/plugins/social-buttons.css HTTP/1.1" 200 12941 "http://libertysa.com.br/admin/media/css/plugins/?C=M%3BO%3DA" "Mozilla/5.0 (Linux; Android 7.0;) AppleWebKit/537.36 (KHTML, like Gecko) Mobile Safari/537.36 (compatible; PetalBot;+https://webmaster.petalsearch.com/site/petalbot)"
114.119.157.237 - - [16/Aug/2025:08:50:17 -0300] "GET /admin/media/css/plugins/metisMenu/metisMenu.min.css HTTP/1.1" 200 586 "http://libertysa.com.br/admin/media/css/plugins/metisMenu/?C=D%3BO%3DA" "Mozilla/5.0 (Linux; Android 7.0;) AppleWebKit/537.36 (KHTML, like Gecko) Mobile Safari/537.36 (compatible; PetalBot;+https://webmaster.petalsearch.com/site/petalbot)"
114.119.133.108 - - [16/Aug/2025:08:51:40 -0300] "GET / HTTP/1.1" 200 - "-" "Mozilla/5.0 (Linux; Android 7.0;) AppleWebKit/537.36 (KHTML, like Gecko) Mobile Safari/537.36 (compatible; PetalBot;+https://webmaster.petalsearch.com/site/petalbot)"
66.249.69.71 - - [16/Aug/2025:09:08:17 -0300] "GET /admin/uploads/noticias/interna0114-12-2017_17-13-05.jpg HTTP/1.1" 200 94514 "-" "Googlebot-Image/1.0"
85.208.96.199 - - [16/Aug/2025:09:09:53 -0300] "GET /robots.txt HTTP/1.1" 200 384 "-" "Mozilla/5.0 (compatible; SemrushBot/7~bl; +http://www.semrush.com/bot.html)"
185.191.171.16 - - [16/Aug/2025:09:09:53 -0300] "GET /admin/media/froala/examples/custom_buttons.html HTTP/1.1" 200 5055 "-" "Mozilla/5.0 (compatible; SemrushBot/7~bl; +http://www.semrush.com/bot.html)"
114.119.153.188 - - [16/Aug/2025:09:42:05 -0300] "GET /admin/media/ckeditor/plugins/pastefromword/filter/default.js HTTP/1.1" 200 14407 "http://libertysa.com.br/admin/media/ckeditor/plugins/pastefromword/filter/?C=M%3BO%3DA" "Mozilla/5.0 (Linux; Android 7.0;) AppleWebKit/537.36 (KHTML, like Gecko) Mobile Safari/537.36 (compatible; PetalBot;+https://webmaster.petalsearch.com/site/petalbot)"
104.28.243.190 - - [16/Aug/2025:09:54:06 -0300] "POST /wp-login.php HTTP/1.1" 200 - "http://libertysa.com.br/wp-admin/" "Mozilla/5.0 (Windows NT 10.0; Win64; x64) AppleWebKit/537.36 (KHTML, like Gecko) Chrome/90.0.4430.85 Safari/537.36"
104.28.243.190 - - [16/Aug/2025:09:54:06 -0300] "GET /wp-admin/ HTTP/1.1" 200 606 "https://www.google.com" "Mozilla/5.0 (Windows NT 10.0; Win64; x64) AppleWebKit/537.36 (KHTML, like Gecko) Chrome/90.0.4430.85 Safari/537.36"
143.198.200.162 - - [16/Aug/2025:09:55:47 -0300] "GET /wp-login.php HTTP/1.1" 200 - "-" "Mozilla/5.0 (X11; Linux x86_64) AppleWebKit/537.36 (KHTML, like Gecko) Chrome/134.0.0.0 Safari/537.36"
89.47.113.38 - - [16/Aug/2025:10:09:54 -0300] "GET /wp-includes/js/jquery/jquery.js HTTP/1.1" 200 - "-" "Mozilla/5.0 (Macintosh; Intel Mac OS X 10_10_1) AppleWebKit/537.36 (KHTML, like Gecko) Chrome/39.0.2171.95 Safari/537.36"
66.249.69.71 - - [16/Aug/2025:10:25:26 -0300] "GET /admin/uploads/corpo_destaque/conservacao13-12-2017_12-30-29_thumb.png HTTP/1.1" 200 19763 "-" "Googlebot-Image/1.0"
114.119.136.184 - - [16/Aug/2025:11:02:49 -0300] "GET /?p=noticia/14 HTTP/1.1" 200 - "-" "Mozilla/5.0 (Linux; Android 7.0;) AppleWebKit/537.36 (KHTML, like Gecko) Mobile Safari/537.36 (compatible; PetalBot;+https://webmaster.petalsearch.com/site/petalbot)"
66.249.69.69 - - [16/Aug/2025:11:16:52 -0300] "GET /admin/uploads/noticias/186308374-250x37519-03-2018_16-30-42_thumb.jpg HTTP/1.1" 200 21088 "-" "Googlebot-Image/1.0"
114.119.155.210 - - [16/Aug/2025:11:18:48 -0300] "GET /admin/media/ckeditor/plugins/a11yhelp/dialogs/lang/ja.js HTTP/1.1" 200 5066 "http://libertysa.com.br/admin/media/ckeditor/plugins/a11yhelp/dialogs/lang/?C=S%3BO%3DA" "Mozilla/5.0 (Linux; Android 7.0;) AppleWebKit/537.36 (KHTML, like Gecko) Mobile Safari/537.36 (compatible; PetalBot;+https://webmaster.petalsearch.com/site/petalbot)"
114.119.155.210 - - [16/Aug/2025:11:20:10 -0300] "GET /admin/media/ckeditor/plugins/a11yhelp/dialogs/lang/bg.js HTTP/1.1" 200 3972 "http://libertysa.com.br/admin/media/ckeditor/plugins/a11yhelp/dialogs/lang/?C=S%3BO%3DA" "Mozilla/5.0 (Linux; Android 7.0;) AppleWebKit/537.36 (KHTML, like Gecko) Mobile Safari/537.36 (compatible; PetalBot;+https://webmaster.petalsearch.com/site/petalbot)"
193.56.20.247 - - [16/Aug/2025:11:34:18 -0300] "POST /xmlrpc.php HTTP/1.1" 403 10358 "-" "Mozilla/5.0 (Macintosh; Intel Mac OS X 10_14_1) AppleWebKit/532.38 (KHTML, like Gecko111) Chrome/97.9 Safari/532.51"
140.235.0.87 - - [16/Aug/2025:11:34:18 -0300] "POST /xmlrpc.php HTTP/1.1" 403 10358 "-" "Mozilla/5.0 (Macintosh; Intel Mac OS X 10_14_5) AppleWebKit/535.35 (KHTML, like Gecko111) Chrome/99.6 Safari/535.53"
194.180.233.168 - - [16/Aug/2025:11:34:18 -0300] "POST /xmlrpc.php HTTP/1.1" 403 10358 "-" "Mozilla/5.0 (Macintosh; Intel Mac OS X 10_14_6) AppleWebKit/531.34 (KHTML, like Gecko111) Chrome/92.8 Safari/538.59"
66.249.69.71 - - [16/Aug/2025:11:47:17 -0300] "GET /admin/media/ckeditor/plugins/pagebreak/images/pagebreak.gif HTTP/1.1" 200 99 "-" "Googlebot-Image/1.0"
101.251.238.167 - - [16/Aug/2025:11:52:49 -0300] "GET / HTTP/1.1" 200 - "-" "Mozilla/5.0 (Windows NT 10.0; Win64; x64) AppleWebKit/537.36 (KHTML, like Gecko) Chrome/114.0.0.0 Safari/537.36"
101.251.238.167 - - [16/Aug/2025:11:52:53 -0300] "GET / HTTP/1.1" 200 - "-" "-"
101.251.238.167 - - [16/Aug/2025:11:52:57 -0300] "GET /v1/models HTTP/1.1" 200 - "-" "Mozilla/5.0 (Windows NT 10.0; Win64; x64) AppleWebKit/537.36 (KHTML, like Gecko) Chrome/114.0.0.0 Safari/537.36"
101.251.238.167 - - [16/Aug/2025:11:53:00 -0300] "GET /favicon.ico HTTP/1.1" 200 1716 "-" "Mozilla/5.0 (Windows NT 10.0; Win64; x64) AppleWebKit/537.36 (KHTML, like Gecko) Chrome/114.0.0.0 Safari/537.36"
66.249.69.69 - - [16/Aug/2025:11:58:24 -0300] "GET /admin/media/img/br.png HTTP/1.1" 200 593 "-" "Googlebot-Image/1.0"
66.249.69.69 - - [16/Aug/2025:12:26:05 -0300] "GET /admin/uploads/banners/aniversrio-paulnia28-02-2020_10-20-07_thumb.jpg HTTP/1.1" 200 17617 "-" "Googlebot-Image/1.0"
4.227.36.15 - - [16/Aug/2025:12:36:36 -0300] "GET /robots.txt HTTP/1.1" 200 384 "-" "Mozilla/5.0 AppleWebKit/537.36 (KHTML, like Gecko; compatible; GPTBot/1.2; +https://openai.com/gptbot)"
20.171.207.23 - - [16/Aug/2025:12:36:47 -0300] "GET /includes/ HTTP/1.1" 200 606 "-" "Mozilla/5.0 AppleWebKit/537.36 (KHTML, like Gecko; compatible; GPTBot/1.2; +https://openai.com/gptbot)"
20.171.207.23 - - [16/Aug/2025:12:36:48 -0300] "GET /?p=noticia%2F21 HTTP/1.1" 200 - "-" "Mozilla/5.0 AppleWebKit/537.36 (KHTML, like Gecko; compatible; GPTBot/1.2; +https://openai.com/gptbot)"
20.171.207.23 - - [16/Aug/2025:12:36:49 -0300] "GET /?p=noticia%2F19 HTTP/1.1" 200 - "-" "Mozilla/5.0 AppleWebKit/537.36 (KHTML, like Gecko; compatible; GPTBot/1.2; +https://openai.com/gptbot)"
20.171.207.23 - - [16/Aug/2025:12:36:58 -0300] "GET / HTTP/1.1" 200 - "-" "Mozilla/5.0 AppleWebKit/537.36 (KHTML, like Gecko; compatible; GPTBot/1.2; +https://openai.com/gptbot)"
43.132.214.228 - - [16/Aug/2025:12:38:42 -0300] "GET / HTTP/1.1" 200 - "-" "Mozilla/5.0 (iPhone; CPU iPhone OS 13_2_3 like Mac OS X) AppleWebKit/605.1.15 (KHTML, like Gecko) Version/13.0.3 Mobile/15E148 Safari/604.1"
114.119.153.188 - - [16/Aug/2025:12:51:43 -0300] "GET /admin/media/zrssfeed/jquery.vticker.js HTTP/1.1" 200 1716 "http://libertysa.com.br/admin/media/zrssfeed/?C=S%3BO%3DA" "Mozilla/5.0 (Linux; Android 7.0;) AppleWebKit/537.36 (KHTML, like Gecko) Mobile Safari/537.36 (compatible; PetalBot;+https://webmaster.petalsearch.com/site/petalbot)"
66.249.69.71 - - [16/Aug/2025:12:53:47 -0300] "GET /admin/uploads/noticias/cal-3023-400x26702-04-2018_20-31-34_thumb.jpg HTTP/1.1" 200 8323 "-" "Googlebot-Image/1.0"
114.119.133.12 - - [16/Aug/2025:13:10:35 -0300] "GET /admin/media/Highcharts-4.1.9/examples/area-negative/index.htm HTTP/1.1" 200 1159 "http://libertysa.com.br/admin/media/Highcharts-4.1.9/index.htm" "Mozilla/5.0 (Linux; Android 7.0;) AppleWebKit/537.36 (KHTML, like Gecko) Mobile Safari/537.36 (compatible; PetalBot;+https://webmaster.petalsearch.com/site/petalbot)"
66.249.69.69 - - [16/Aug/2025:13:21:29 -0300] "GET /admin/uploads/noticias/117-01-2018-19-23-3807-02-2018_13-09-22_thumb.jpg HTTP/1.1" 200 14592 "-" "Googlebot-Image/1.0"
114.119.155.58 - - [16/Aug/2025:13:34:46 -0300] "GET /admin/media/intro.js-1.1.1/introjs.css HTTP/1.1" 200 9342 "http://libertysa.com.br/admin/media/intro.js-1.1.1/" "Mozilla/5.0 (Linux; Android 7.0;) AppleWebKit/537.36 (KHTML, like Gecko) Mobile Safari/537.36 (compatible; PetalBot;+https://webmaster.petalsearch.com/site/petalbot)"
198.235.24.60 - - [16/Aug/2025:13:35:17 -0300] "GET / HTTP/1.1" 200 - "-" "-"
66.249.69.70 - - [16/Aug/2025:13:35:19 -0300] "GET /media/images/servicos/administracao.png HTTP/1.1" 200 19809 "-" "Googlebot-Image/1.0"
40.77.167.123 - - [16/Aug/2025:13:43:43 -0300] "GET /products/bluey2180013?id=869 HTTP/1.1" 200 13 "-" "Mozilla/5.0 AppleWebKit/537.36 (KHTML, like Gecko; compatible; bingbot/2.0; +http://www.bing.com/bingbot.htm) Chrome/116.0.1938.76 Safari/537.36"
66.249.69.71 - - [16/Aug/2025:13:45:43 -0300] "GET /admin/uploads/noticias/517-01-2018-19-59-1507-02-2018_13-03-54.jpg HTTP/1.1" 200 62182 "-" "Googlebot-Image/1.0"
66.249.69.71 - - [16/Aug/2025:13:46:34 -0300] "GET /admin/uploads/ckeditor/vigilancia5a3123f084957.png HTTP/1.1" 200 18795 "-" "Googlebot-Image/1.0"
185.191.171.19 - - [16/Aug/2025:13:47:44 -0300] "GET /robots.txt HTTP/1.1" 200 384 "-" "Mozilla/5.0 (compatible; SemrushBot/7~bl; +http://www.semrush.com/bot.html)"
85.208.96.196 - - [16/Aug/2025:13:47:44 -0300] "GET /admin/media/froala/examples/language.html HTTP/1.1" 200 3360 "-" "Mozilla/5.0 (compatible; SemrushBot/7~bl; +http://www.semrush.com/bot.html)"
114.119.157.237 - - [16/Aug/2025:13:50:12 -0300] "GET /admin/media/Highcharts-4.1.9/api/highcharts.html HTTP/1.1" 200 5043 "http://libertysa.com.br/admin/media/Highcharts-4.1.9/api/highcharts.html" "Mozilla/5.0 (Linux; Android 7.0;) AppleWebKit/537.36 (KHTML, like Gecko) Mobile Safari/537.36 (compatible; PetalBot;+https://webmaster.petalsearch.com/site/petalbot)"
66.249.69.71 - - [16/Aug/2025:13:51:21 -0300] "GET /admin/uploads/noticias/1352103-04-2018_20-46-50_thumb.jpg HTTP/1.1" 200 13708 "-" "Googlebot-Image/1.0"
20.171.207.23 - - [16/Aug/2025:13:56:24 -0300] "GET /espace/?C=S%3BO%3DA HTTP/1.1" 200 783 "-" "Mozilla/5.0 AppleWebKit/537.36 (KHTML, like Gecko; compatible; GPTBot/1.2; +https://openai.com/gptbot)"
20.171.207.23 - - [16/Aug/2025:13:56:36 -0300] "GET /espace/verification/ HTTP/1.1" 200 807 "-" "Mozilla/5.0 AppleWebKit/537.36 (KHTML, like Gecko; compatible; GPTBot/1.2; +https://openai.com/gptbot)"
20.171.207.23 - - [16/Aug/2025:13:56:37 -0300] "GET /espace/?C=M%3BO%3DA HTTP/1.1" 200 783 "-" "Mozilla/5.0 AppleWebKit/537.36 (KHTML, like Gecko; compatible; GPTBot/1.2; +https://openai.com/gptbot)"
20.171.207.23 - - [16/Aug/2025:13:56:38 -0300] "GET /espace/?C=D%3BO%3DA HTTP/1.1" 200 783 "-" "Mozilla/5.0 AppleWebKit/537.36 (KHTML, like Gecko; compatible; GPTBot/1.2; +https://openai.com/gptbot)"
20.171.207.23 - - [16/Aug/2025:13:56:39 -0300] "GET /espace/?C=N%3BO%3DD HTTP/1.1" 200 783 "-" "Mozilla/5.0 AppleWebKit/537.36 (KHTML, like Gecko; compatible; GPTBot/1.2; +https://openai.com/gptbot)"
20.171.207.23 - - [16/Aug/2025:13:56:41 -0300] "GET /espace/ HTTP/1.1" 200 783 "-" "Mozilla/5.0 AppleWebKit/537.36 (KHTML, like Gecko; compatible; GPTBot/1.2; +https://openai.com/gptbot)"
20.171.207.23 - - [16/Aug/2025:13:56:43 -0300] "GET /espace/verification/snd/ HTTP/1.1" 200 828 "-" "Mozilla/5.0 AppleWebKit/537.36 (KHTML, like Gecko; compatible; GPTBot/1.2; +https://openai.com/gptbot)"
20.171.207.23 - - [16/Aug/2025:13:56:55 -0300] "GET /espace/verification/snd/cet/ HTTP/1.1" 200 668 "-" "Mozilla/5.0 AppleWebKit/537.36 (KHTML, like Gecko; compatible; GPTBot/1.2; +https://openai.com/gptbot)"
40.77.167.30 - - [16/Aug/2025:14:01:11 -0300] "GET /products/codeclination75203?id=124 HTTP/1.1" 200 13 "-" "Mozilla/5.0 AppleWebKit/537.36 (KHTML, like Gecko; compatible; bingbot/2.0; +http://www.bing.com/bingbot.htm) Chrome/116.0.1938.76 Safari/537.36"
114.119.159.8 - - [16/Aug/2025:14:05:28 -0300] "GET /admin/media/ckeditor/plugins/flash/dialogs/flash.js HTTP/1.1" 200 10151 "http://libertysa.com.br/admin/media/ckeditor/plugins/flash/dialogs/?C=N%3BO%3DD" "Mozilla/5.0 (Linux; Android 7.0;) AppleWebKit/537.36 (KHTML, like Gecko) Mobile Safari/537.36 (compatible; PetalBot;+https://webmaster.petalsearch.com/site/petalbot)"
114.119.159.8 - - [16/Aug/2025:14:06:51 -0300] "GET /admin/media/jQuery-Mask-Plugin/jquery.mask.js HTTP/1.1" 200 15705 "http://libertysa.com.br/admin/media/jQuery-Mask-Plugin/?C=D%3BO%3DA" "Mozilla/5.0 (Linux; Android 7.0;) AppleWebKit/537.36 (KHTML, like Gecko) Mobile Safari/537.36 (compatible; PetalBot;+https://webmaster.petalsearch.com/site/petalbot)"
49.51.195.195 - - [16/Aug/2025:14:16:18 -0300] "GET / HTTP/1.1" 200 - "-" "Mozilla/5.0 (iPhone; CPU iPhone OS 13_2_3 like Mac OS X) AppleWebKit/605.1.15 (KHTML, like Gecko) Version/13.0.3 Mobile/15E148 Safari/604.1"
114.119.157.237 - - [16/Aug/2025:14:25:36 -0300] "GET /admin/media/zrssfeed/example_images.html HTTP/1.1" 200 1419 "http://libertysa.com.br/admin/media/zrssfeed/?C=S%3BO%3DA" "Mozilla/5.0 (Linux; Android 7.0;) AppleWebKit/537.36 (KHTML, like Gecko) Mobile Safari/537.36 (compatible; PetalBot;+https://webmaster.petalsearch.com/site/petalbot)"
114.119.146.185 - - [16/Aug/2025:14:27:08 -0300] "GET /admin/media/Jcrop/demos/tutorial4.html HTTP/1.1" 200 6189 "http://libertysa.com.br/admin/media/Jcrop/index.html" "Mozilla/5.0 (Linux; Android 7.0;) AppleWebKit/537.36 (KHTML, like Gecko) Mobile Safari/537.36 (compatible; PetalBot;+https://webmaster.petalsearch.com/site/petalbot)"
66.249.69.71 - - [16/Aug/2025:14:31:34 -0300] "GET /admin/media/ckeditor/plugins/showblocks/images/block_h3.png HTTP/1.1" 200 123 "-" "Googlebot-Image/1.0"
114.119.133.12 - - [16/Aug/2025:15:02:37 -0300] "GET /?p=noticia/25 HTTP/1.1" 200 - "-" "Mozilla/5.0 (Linux; Android 7.0;) AppleWebKit/537.36 (KHTML, like Gecko) Mobile Safari/537.36 (compatible; PetalBot;+https://webmaster.petalsearch.com/site/petalbot)"
114.119.146.185 - - [16/Aug/2025:15:08:51 -0300] "GET /?p=servicos/portaria-e-controle-de-acesso HTTP/1.1" 200 - "http://libertysa.com.br?p=noticia%2F20" "Mozilla/5.0 (Linux; Android 7.0;) AppleWebKit/537.36 (KHTML, like Gecko) Mobile Safari/537.36 (compatible; PetalBot;+https://webmaster.petalsearch.com/site/petalbot)"
66.249.69.70 - - [16/Aug/2025:15:27:49 -0300] "GET /admin/img/svg/arrow_right.svg HTTP/1.1" 200 214 "-" "Googlebot-Image/1.0"
168.61.188.40 - - [16/Aug/2025:15:36:53 -0300] "HEAD / HTTP/1.1" 200 - "-" "Mozilla/5.0 (X11; Linux x86_64) AppleWebKit/537.36 (KHTML, like Gecko) Chrome/96.0.4664.45 Safari/537.36"
168.61.188.40 - - [16/Aug/2025:15:41:06 -0300] "HEAD /wordpress HTTP/1.1" 200 - "-" "Mozilla/5.0 (X11; Linux x86_64) AppleWebKit/537.36 (KHTML, like Gecko) Chrome/96.0.4664.45 Safari/537.36"
168.61.188.40 - - [16/Aug/2025:15:44:15 -0300] "HEAD /Wordpress HTTP/1.1" 200 - "-" "Mozilla/5.0 (X11; Linux x86_64) AppleWebKit/537.36 (KHTML, like Gecko) Chrome/96.0.4664.45 Safari/537.36"
168.61.188.40 - - [16/Aug/2025:15:46:28 -0300] "HEAD /WORDPRESS HTTP/1.1" 200 - "-" "Mozilla/5.0 (X11; Linux x86_64) AppleWebKit/537.36 (KHTML, like Gecko) Chrome/96.0.4664.45 Safari/537.36"
168.61.188.40 - - [16/Aug/2025:15:47:12 -0300] "HEAD /WordPress HTTP/1.1" 200 - "-" "Mozilla/5.0 (X11; Linux x86_64) AppleWebKit/537.36 (KHTML, like Gecko) Chrome/96.0.4664.45 Safari/537.36"
168.61.188.40 - - [16/Aug/2025:15:49:21 -0300] "HEAD /wp HTTP/1.1" 200 - "-" "Mozilla/5.0 (X11; Linux x86_64) AppleWebKit/537.36 (KHTML, like Gecko) Chrome/96.0.4664.45 Safari/537.36"
168.61.188.40 - - [16/Aug/2025:15:51:12 -0300] "HEAD /Wp HTTP/1.1" 200 - "-" "Mozilla/5.0 (X11; Linux x86_64) AppleWebKit/537.36 (KHTML, like Gecko) Chrome/96.0.4664.45 Safari/537.36"
168.61.188.40 - - [16/Aug/2025:15:52:27 -0300] "HEAD /WP HTTP/1.1" 200 - "-" "Mozilla/5.0 (X11; Linux x86_64) AppleWebKit/537.36 (KHTML, like Gecko) Chrome/96.0.4664.45 Safari/537.36"
114.119.159.8 - - [16/Aug/2025:15:54:10 -0300] "GET /media/images/noticias/Thumbs.db HTTP/1.1" 200 50688 "http://libertysa.com.br/media/images/noticias/?C=M%3BO%3DA" "Mozilla/5.0 (Linux; Android 7.0;) AppleWebKit/537.36 (KHTML, like Gecko) Mobile Safari/537.36 (compatible; PetalBot;+https://webmaster.petalsearch.com/site/petalbot)"
168.61.188.40 - - [16/Aug/2025:15:55:30 -0300] "HEAD /old HTTP/1.1" 200 - "-" "Mozilla/5.0 (X11; Linux x86_64) AppleWebKit/537.36 (KHTML, like Gecko) Chrome/96.0.4664.45 Safari/537.36"
114.119.152.69 - - [16/Aug/2025:15:55:44 -0300] "GET /admin/modules/paginas/JS.js HTTP/1.1" 200 10023 "http://libertysa.com.br/admin/modules/paginas/?C=N%3BO%3DD" "Mozilla/5.0 (Linux; Android 7.0;) AppleWebKit/537.36 (KHTML, like Gecko) Mobile Safari/537.36 (compatible; PetalBot;+https://webmaster.petalsearch.com/site/petalbot)"
124.248.184.195 - - [16/Aug/2025:15:56:53 -0300] "POST /wp-login.php/wp-login.php HTTP/1.1" 200 - "-" "python-requests/2.32.4"
168.61.188.40 - - [16/Aug/2025:15:56:58 -0300] "HEAD /Old HTTP/1.1" 200 - "-" "Mozilla/5.0 (X11; Linux x86_64) AppleWebKit/537.36 (KHTML, like Gecko) Chrome/96.0.4664.45 Safari/537.36"
114.119.155.58 - - [16/Aug/2025:15:57:17 -0300] "GET /admin/modules/noticias/CadFormJS.js HTTP/1.1" 200 11823 "http://libertysa.com.br/admin/modules/noticias/?C=N%3BO%3DD" "Mozilla/5.0 (Linux; Android 7.0;) AppleWebKit/537.36 (KHTML, like Gecko) Mobile Safari/537.36 (compatible; PetalBot;+https://webmaster.petalsearch.com/site/petalbot)"
168.61.188.40 - - [16/Aug/2025:15:58:06 -0300] "HEAD /OLD HTTP/1.1" 200 - "-" "Mozilla/5.0 (X11; Linux x86_64) AppleWebKit/537.36 (KHTML, like Gecko) Chrome/96.0.4664.45 Safari/537.36"
114.119.159.8 - - [16/Aug/2025:15:58:50 -0300] "GET /admin/media/js/plugins/flot/jquery.flot.js HTTP/1.1" 200 106797 "http://libertysa.com.br/admin/media/js/plugins/flot/?C=N%3BO%3DD" "Mozilla/5.0 (Linux; Android 7.0;) AppleWebKit/537.36 (KHTML, like Gecko) Mobile Safari/537.36 (compatible; PetalBot;+https://webmaster.petalsearch.com/site/petalbot)"
114.119.151.126 - - [16/Aug/2025:16:00:24 -0300] "GET /admin/media/ckeditor/plugins/clipboard/dialogs/paste.js HTTP/1.1" 200 3963 "http://libertysa.com.br/admin/media/ckeditor/plugins/clipboard/dialogs/?C=S%3BO%3DA" "Mozilla/5.0 (Linux; Android 7.0;) AppleWebKit/537.36 (KHTML, like Gecko) Mobile Safari/537.36 (compatible; PetalBot;+https://webmaster.petalsearch.com/site/petalbot)"
168.61.188.40 - - [16/Aug/2025:16:00:40 -0300] "HEAD /oldsite HTTP/1.1" 200 - "-" "Mozilla/5.0 (X11; Linux x86_64) AppleWebKit/537.36 (KHTML, like Gecko) Chrome/96.0.4664.45 Safari/537.36"
114.119.155.58 - - [16/Aug/2025:16:01:57 -0300] "GET /admin/media/ckeditor/plugins/a11yhelp/dialogs/lang/en.js HTTP/1.1" 200 3971 "http://libertysa.com.br/admin/media/ckeditor/plugins/a11yhelp/dialogs/lang/?C=S%3BO%3DA" "Mozilla/5.0 (Linux; Android 7.0;) AppleWebKit/537.36 (KHTML, like Gecko) Mobile Safari/537.36 (compatible; PetalBot;+https://webmaster.petalsearch.com/site/petalbot)"
168.61.188.40 - - [16/Aug/2025:16:02:14 -0300] "HEAD /new HTTP/1.1" 200 - "-" "Mozilla/5.0 (X11; Linux x86_64) AppleWebKit/537.36 (KHTML, like Gecko) Chrome/96.0.4664.45 Safari/537.36"
168.61.188.40 - - [16/Aug/2025:16:03:22 -0300] "HEAD /New HTTP/1.1" 200 - "-" "Mozilla/5.0 (X11; Linux x86_64) AppleWebKit/537.36 (KHTML, like Gecko) Chrome/96.0.4664.45 Safari/537.36"
114.119.152.69 - - [16/Aug/2025:16:03:31 -0300] "GET /admin/media/Highcharts-4.1.9/api/css/ref.css HTTP/1.1" 200 7808 "http://libertysa.com.br/admin/media/Highcharts-4.1.9/api/css/?C=S%3BO%3DA" "Mozilla/5.0 (Linux; Android 7.0;) AppleWebKit/537.36 (KHTML, like Gecko) Mobile Safari/537.36 (compatible; PetalBot;+https://webmaster.petalsearch.com/site/petalbot)"
168.61.188.40 - - [16/Aug/2025:16:06:24 -0300] "HEAD /NEW HTTP/1.1" 200 - "-" "Mozilla/5.0 (X11; Linux x86_64) AppleWebKit/537.36 (KHTML, like Gecko) Chrome/96.0.4664.45 Safari/537.36"
168.61.188.40 - - [16/Aug/2025:16:08:10 -0300] "HEAD /wp-old HTTP/1.1" 200 - "-" "Mozilla/5.0 (X11; Linux x86_64) AppleWebKit/537.36 (KHTML, like Gecko) Chrome/96.0.4664.45 Safari/537.36"
168.61.188.40 - - [16/Aug/2025:16:08:41 -0300] "HEAD /2022 HTTP/1.1" 200 - "-" "Mozilla/5.0 (X11; Linux x86_64) AppleWebKit/537.36 (KHTML, like Gecko) Chrome/96.0.4664.45 Safari/537.36"
168.61.188.40 - - [16/Aug/2025:16:11:33 -0300] "HEAD /2023 HTTP/1.1" 200 - "-" "Mozilla/5.0 (X11; Linux x86_64) AppleWebKit/537.36 (KHTML, like Gecko) Chrome/96.0.4664.45 Safari/537.36"
168.61.188.40 - - [16/Aug/2025:16:13:10 -0300] "HEAD /2024 HTTP/1.1" 200 - "-" "Mozilla/5.0 (X11; Linux x86_64) AppleWebKit/537.36 (KHTML, like Gecko) Chrome/96.0.4664.45 Safari/537.36"
168.61.188.40 - - [16/Aug/2025:16:15:23 -0300] "HEAD /2017 HTTP/1.1" 200 - "-" "Mozilla/5.0 (X11; Linux x86_64) AppleWebKit/537.36 (KHTML, like Gecko) Chrome/96.0.4664.45 Safari/537.36"
168.61.188.40 - - [16/Aug/2025:16:16:47 -0300] "HEAD /2020 HTTP/1.1" 200 - "-" "Mozilla/5.0 (X11; Linux x86_64) AppleWebKit/537.36 (KHTML, like Gecko) Chrome/96.0.4664.45 Safari/537.36"
114.119.157.237 - - [16/Aug/2025:16:17:36 -0300] "GET /admin/media/zrssfeed/example_titlelimit.html HTTP/1.1" 200 1592 "http://libertysa.com.br/admin/media/zrssfeed/?C=S%3BO%3DA" "Mozilla/5.0 (Linux; Android 7.0;) AppleWebKit/537.36 (KHTML, like Gecko) Mobile Safari/537.36 (compatible; PetalBot;+https://webmaster.petalsearch.com/site/petalbot)"
168.61.188.40 - - [16/Aug/2025:16:17:45 -0300] "HEAD /2019 HTTP/1.1" 200 - "-" "Mozilla/5.0 (X11; Linux x86_64) AppleWebKit/537.36 (KHTML, like Gecko) Chrome/96.0.4664.45 Safari/537.36"
114.119.155.235 - - [16/Aug/2025:16:19:08 -0300] "GET /admin/media/Highcharts-4.1.9/examples/area-basic/index.htm HTTP/1.1" 200 3170 "http://libertysa.com.br/admin/media/Highcharts-4.1.9/index.htm" "Mozilla/5.0 (Linux; Android 7.0;) AppleWebKit/537.36 (KHTML, like Gecko) Mobile Safari/537.36 (compatible; PetalBot;+https://webmaster.petalsearch.com/site/petalbot)"
66.249.69.70 - - [16/Aug/2025:16:19:15 -0300] "GET /admin/uploads/corpo_destaque/interna0114-12-2017_11-54-51_thumb.jpg HTTP/1.1" 200 13193 "-" "Googlebot-Image/1.0"
168.61.188.40 - - [16/Aug/2025:16:19:53 -0300] "HEAD /2018 HTTP/1.1" 200 - "-" "Mozilla/5.0 (X11; Linux x86_64) AppleWebKit/537.36 (KHTML, like Gecko) Chrome/96.0.4664.45 Safari/537.36"
168.61.188.40 - - [16/Aug/2025:16:21:29 -0300] "HEAD /backup HTTP/1.1" 200 - "-" "Mozilla/5.0 (X11; Linux x86_64) AppleWebKit/537.36 (KHTML, like Gecko) Chrome/96.0.4664.45 Safari/537.36"
114.119.155.235 - - [16/Aug/2025:16:22:30 -0300] "GET /?p=noticia/14 HTTP/1.1" 200 - "http://libertysa.com.br?p=noticia%2F13" "Mozilla/5.0 (Linux; Android 7.0;) AppleWebKit/537.36 (KHTML, like Gecko) Mobile Safari/537.36 (compatible; PetalBot;+https://webmaster.petalsearch.com/site/petalbot)"
168.61.188.40 - - [16/Aug/2025:16:23:35 -0300] "HEAD /test HTTP/1.1" 200 - "-" "Mozilla/5.0 (X11; Linux x86_64) AppleWebKit/537.36 (KHTML, like Gecko) Chrome/96.0.4664.45 Safari/537.36"
114.119.136.184 - - [16/Aug/2025:16:24:01 -0300] "GET /?p=noticia/13 HTTP/1.1" 200 - "http://libertysa.com.br?p=noticia%2F14" "Mozilla/5.0 (Linux; Android 7.0;) AppleWebKit/537.36 (KHTML, like Gecko) Mobile Safari/537.36 (compatible; PetalBot;+https://webmaster.petalsearch.com/site/petalbot)"
168.61.188.40 - - [16/Aug/2025:16:25:26 -0300] "HEAD /Test HTTP/1.1" 200 - "-" "Mozilla/5.0 (X11; Linux x86_64) AppleWebKit/537.36 (KHTML, like Gecko) Chrome/96.0.4664.45 Safari/537.36"
168.61.188.40 - - [16/Aug/2025:16:26:30 -0300] "HEAD /TEST HTTP/1.1" 200 - "-" "Mozilla/5.0 (X11; Linux x86_64) AppleWebKit/537.36 (KHTML, like Gecko) Chrome/96.0.4664.45 Safari/537.36"
168.61.188.40 - - [16/Aug/2025:16:28:18 -0300] "HEAD /demo HTTP/1.1" 200 - "-" "Mozilla/5.0 (X11; Linux x86_64) AppleWebKit/537.36 (KHTML, like Gecko) Chrome/96.0.4664.45 Safari/537.36"
168.61.188.40 - - [16/Aug/2025:16:30:18 -0300] "HEAD /bc HTTP/1.1" 200 - "-" "Mozilla/5.0 (X11; Linux x86_64) AppleWebKit/537.36 (KHTML, like Gecko) Chrome/96.0.4664.45 Safari/537.36"
168.61.188.40 - - [16/Aug/2025:16:32:00 -0300] "HEAD /www HTTP/1.1" 200 - "-" "Mozilla/5.0 (X11; Linux x86_64) AppleWebKit/537.36 (KHTML, like Gecko) Chrome/96.0.4664.45 Safari/537.36"
168.61.188.40 - - [16/Aug/2025:16:33:52 -0300] "HEAD /WWW HTTP/1.1" 200 - "-" "Mozilla/5.0 (X11; Linux x86_64) AppleWebKit/537.36 (KHTML, like Gecko) Chrome/96.0.4664.45 Safari/537.36"
168.61.188.40 - - [16/Aug/2025:16:36:32 -0300] "HEAD /Www HTTP/1.1" 200 - "-" "Mozilla/5.0 (X11; Linux x86_64) AppleWebKit/537.36 (KHTML, like Gecko) Chrome/96.0.4664.45 Safari/537.36"
168.61.188.40 - - [16/Aug/2025:16:37:37 -0300] "HEAD /2021 HTTP/1.1" 200 - "-" "Mozilla/5.0 (X11; Linux x86_64) AppleWebKit/537.36 (KHTML, like Gecko) Chrome/96.0.4664.45 Safari/537.36"
168.61.188.40 - - [16/Aug/2025:16:39:34 -0300] "HEAD /main HTTP/1.1" 200 - "-" "Mozilla/5.0 (X11; Linux x86_64) AppleWebKit/537.36 (KHTML, like Gecko) Chrome/96.0.4664.45 Safari/537.36"
168.61.188.40 - - [16/Aug/2025:16:40:32 -0300] "HEAD /old-site HTTP/1.1" 200 - "-" "Mozilla/5.0 (X11; Linux x86_64) AppleWebKit/537.36 (KHTML, like Gecko) Chrome/96.0.4664.45 Safari/537.36"
168.61.188.40 - - [16/Aug/2025:16:42:22 -0300] "HEAD /bk HTTP/1.1" 200 - "-" "Mozilla/5.0 (X11; Linux x86_64) AppleWebKit/537.36 (KHTML, like Gecko) Chrome/96.0.4664.45 Safari/537.36"
114.119.155.210 - - [16/Aug/2025:16:43:47 -0300] "GET /media/js/bootstrap.min.js HTTP/1.1" 200 46653 "http://libertysa.com.br/media/js/?C=D%3BO%3DA" "Mozilla/5.0 (Linux; Android 7.0;) AppleWebKit/537.36 (KHTML, like Gecko) Mobile Safari/537.36 (compatible; PetalBot;+https://webmaster.petalsearch.com/site/petalbot)"
66.249.69.70 - - [16/Aug/2025:16:44:58 -0300] "GET /admin/uploads/corpo_destaque/monitoramento13-12-2017_12-43-34.png HTTP/1.1" 200 19634 "-" "Googlebot-Image/1.0"
168.61.188.40 - - [16/Aug/2025:16:45:08 -0300] "HEAD /Backup HTTP/1.1" 200 - "-" "Mozilla/5.0 (X11; Linux x86_64) AppleWebKit/537.36 (KHTML, like Gecko) Chrome/96.0.4664.45 Safari/537.36"
114.119.159.8 - - [16/Aug/2025:16:45:19 -0300] "GET /admin/js/jquery-2.2.3.js HTTP/1.1" 200 258648 "http://libertysa.com.br/admin/js/?C=S%3BO%3DA" "Mozilla/5.0 (Linux; Android 7.0;) AppleWebKit/537.36 (KHTML, like Gecko) Mobile Safari/537.36 (compatible; PetalBot;+https://webmaster.petalsearch.com/site/petalbot)"
168.61.188.40 - - [16/Aug/2025:16:46:12 -0300] "HEAD /BACKUP HTTP/1.1" 200 - "-" "Mozilla/5.0 (X11; Linux x86_64) AppleWebKit/537.36 (KHTML, like Gecko) Chrome/96.0.4664.45 Safari/537.36"
168.61.188.40 - - [16/Aug/2025:16:48:01 -0300] "HEAD /SHOP HTTP/1.1" 200 - "-" "Mozilla/5.0 (X11; Linux x86_64) AppleWebKit/537.36 (KHTML, like Gecko) Chrome/96.0.4664.45 Safari/537.36"
168.61.188.40 - - [16/Aug/2025:16:50:40 -0300] "HEAD /Shop HTTP/1.1" 200 - "-" "Mozilla/5.0 (X11; Linux x86_64) AppleWebKit/537.36 (KHTML, like Gecko) Chrome/96.0.4664.45 Safari/537.36"
168.61.188.40 - - [16/Aug/2025:16:51:03 -0300] "HEAD /shop HTTP/1.1" 200 - "-" "Mozilla/5.0 (X11; Linux x86_64) AppleWebKit/537.36 (KHTML, like Gecko) Chrome/96.0.4664.45 Safari/537.36"
168.61.188.40 - - [16/Aug/2025:16:53:54 -0300] "HEAD /bak HTTP/1.1" 200 - "-" "Mozilla/5.0 (X11; Linux x86_64) AppleWebKit/537.36 (KHTML, like Gecko) Chrome/96.0.4664.45 Safari/537.36"
168.61.188.40 - - [16/Aug/2025:16:54:32 -0300] "HEAD /sitio HTTP/1.1" 200 - "-" "Mozilla/5.0 (X11; Linux x86_64) AppleWebKit/537.36 (KHTML, like Gecko) Chrome/96.0.4664.45 Safari/537.36"
168.61.188.40 - - [16/Aug/2025:16:57:06 -0300] "HEAD /bac HTTP/1.1" 200 - "-" "Mozilla/5.0 (X11; Linux x86_64) AppleWebKit/537.36 (KHTML, like Gecko) Chrome/96.0.4664.45 Safari/537.36"
66.249.69.71 - - [16/Aug/2025:16:57:49 -0300] "GET /admin/uploads/noticias/186308374-250x37519-03-2018_16-30-42.jpg HTTP/1.1" 200 45947 "-" "Googlebot-Image/1.0"
114.119.159.8 - - [16/Aug/2025:16:58:02 -0300] "GET /admin/modules/usuarios/JS.js HTTP/1.1" 200 11533 "http://libertysa.com.br/admin/modules/usuarios/" "Mozilla/5.0 (Linux; Android 7.0;) AppleWebKit/537.36 (KHTML, like Gecko) Mobile Safari/537.36 (compatible; PetalBot;+https://webmaster.petalsearch.com/site/petalbot)"
168.61.188.40 - - [16/Aug/2025:16:58:42 -0300] "HEAD /sito HTTP/1.1" 200 - "-" "Mozilla/5.0 (X11; Linux x86_64) AppleWebKit/537.36 (KHTML, like Gecko) Chrome/96.0.4664.45 Safari/537.36"
114.119.152.69 - - [16/Aug/2025:16:59:36 -0300] "GET /admin/media/js/reorder.js HTTP/1.1" 200 716 "http://libertysa.com.br/admin/media/js/?C=N%3BO%3DD" "Mozilla/5.0 (Linux; Android 7.0;) AppleWebKit/537.36 (KHTML, like Gecko) Mobile Safari/537.36 (compatible; PetalBot;+https://webmaster.petalsearch.com/site/petalbot)"
168.61.188.40 - - [16/Aug/2025:17:01:03 -0300] "HEAD /site HTTP/1.1" 200 - "-" "Mozilla/5.0 (X11; Linux x86_64) AppleWebKit/537.36 (KHTML, like Gecko) Chrome/96.0.4664.45 Safari/537.36"
168.61.188.40 - - [16/Aug/2025:17:02:00 -0300] "HEAD /Site HTTP/1.1" 200 - "-" "Mozilla/5.0 (X11; Linux x86_64) AppleWebKit/537.36 (KHTML, like Gecko) Chrome/96.0.4664.45 Safari/537.36"
168.61.188.40 - - [16/Aug/2025:17:04:36 -0300] "HEAD /SITE HTTP/1.1" 200 - "-" "Mozilla/5.0 (X11; Linux x86_64) AppleWebKit/537.36 (KHTML, like Gecko) Chrome/96.0.4664.45 Safari/537.36"
168.61.188.40 - - [16/Aug/2025:17:06:00 -0300] "HEAD /blog HTTP/1.1" 200 - "-" "Mozilla/5.0 (X11; Linux x86_64) AppleWebKit/537.36 (KHTML, like Gecko) Chrome/96.0.4664.45 Safari/537.36"
168.61.188.40 - - [16/Aug/2025:17:06:57 -0300] "HEAD /BLOG HTTP/1.1" 200 - "-" "Mozilla/5.0 (X11; Linux x86_64) AppleWebKit/537.36 (KHTML, like Gecko) Chrome/96.0.4664.45 Safari/537.36"
168.61.188.40 - - [16/Aug/2025:17:09:14 -0300] "HEAD /Blog HTTP/1.1" 200 - "-" "Mozilla/5.0 (X11; Linux x86_64) AppleWebKit/537.36 (KHTML, like Gecko) Chrome/96.0.4664.45 Safari/537.36"
66.249.69.71 - - [16/Aug/2025:17:10:41 -0300] "GET /admin/uploads/banners/banner0112-12-2017-14-14-20-thumb15-03-2018_18-15-08_thumb.jpg HTTP/1.1" 200 16235 "-" "Googlebot-Image/1.0"
114.119.155.58 - - [16/Aug/2025:17:30:35 -0300] "GET /admin/media/jQuery-Mask-Plugin/component.json HTTP/1.1" 200 266 "http://libertysa.com.br/admin/media/jQuery-Mask-Plugin/?C=D%3BO%3DA" "Mozilla/5.0 (Linux; Android 7.0;) AppleWebKit/537.36 (KHTML, like Gecko) Mobile Safari/537.36 (compatible; PetalBot;+https://webmaster.petalsearch.com/site/petalbot)"
43.153.194.7 - - [16/Aug/2025:17:33:20 -0300] "GET / HTTP/1.1" 200 - "-" "Go-http-client/1.1"
43.153.194.7 - - [16/Aug/2025:17:33:21 -0300] "GET //doiconvs.php HTTP/1.1" 403 10364 "-" "Go-http-client/1.1"
43.153.194.7 - - [16/Aug/2025:17:33:21 -0300] "GET //moddofuns.php HTTP/1.1" 403 10366 "-" "Go-http-client/1.1"
43.153.194.7 - - [16/Aug/2025:17:33:21 -0300] "GET //inputs.php HTTP/1.1" 403 10360 "-" "Go-http-client/1.1"
43.153.194.7 - - [16/Aug/2025:17:33:21 -0300] "GET //memberfuns.php HTTP/1.1" 403 10368 "-" "Go-http-client/1.1"
43.153.194.7 - - [16/Aug/2025:17:33:22 -0300] "GET //gdftps.php HTTP/1.1" 403 10360 "-" "Go-http-client/1.1"
66.249.69.70 - - [16/Aug/2025:17:36:23 -0300] "GET /admin/media/ckeditor/plugins/showblocks/images/block_h2.png HTTP/1.1" 200 127 "-" "Googlebot-Image/1.0"