%PDF- %PDF-
Direktori : /home/dimen328/access-logs/ |
Current File : /home/dimen328/access-logs/dimensaoservicos.dimensaogrupo.com.br-ssl_log |
20.171.207.193 - - [15/Aug/2025:05:57:22 -0300] "GET /ef61ba/?path=%2F%2Fsys%2Fbus%2Fusb%2Fdrivers%2Fusb%2Fusb1%2Fdriver%2Fusb1%2F1-0%3A1.0%2Fsubsystem%2Fdrivers%2Fusb%2Fusb1%2F1-1%2Fsubsystem%2Fdevices%2F1-1%2F1-1%3A1.0%2F0003%3A0627%3A0001.0001%2Fdriver%2F0003%3A0627%3A0001.0001%2Fsubsystem%2Fdrivers%2Fhid-generic%2F0003%3A0627%3A0001.0001%2Fsubsystem%2Fdevices%2F0003%3A0627%3A0001.0001%2Fhidraw%2Fhidraw0%2Fdevice%2Fhidraw%2Fhidraw0%2Fsubsystem HTTP/2.0" 200 8957 "-" "Mozilla/5.0 AppleWebKit/537.36 (KHTML, like Gecko; compatible; GPTBot/1.2; +https://openai.com/gptbot)"
20.171.207.242 - - [15/Aug/2025:05:57:22 -0300] "GET /ef61ba/?filesrc=%2Fhome%2Fdimen328%2Fmail%2F.diretor%40dimensaoservicos_com_br%2Fdovecot.index.log&path=%2Fhome%2Fdimen328%2Fmail%2F.diretor%40dimensaoservicos_com_br HTTP/2.0" 200 2007 "-" "Mozilla/5.0 AppleWebKit/537.36 (KHTML, like Gecko; compatible; GPTBot/1.2; +https://openai.com/gptbot)"
20.171.207.193 - - [15/Aug/2025:05:57:24 -0300] "GET /ef61ba/?path=%2F%2Fsys%2Fbus%2Fusb%2Fdrivers%2Fusb%2Fusb1%2Fdriver%2Fusb1%2F1-0%3A1.0%2Fsubsystem%2Fdrivers%2Fusb%2Fusb1%2F1-1%2Fsubsystem%2Fdevices%2F1-1%2F1-1%3A1.0%2F0003%3A0627%3A0001.0001%2Fsubsystem%2Fdrivers%2Fhid-generic%2F0003%3A0627%3A0001.0001%2Fdriver%2F0003%3A0627%3A0001.0001%2Fsubsystem%2Fdevices%2F0003%3A0627%3A0001.0001%2Fhidraw%2Fhidraw0%2Fdevice%2Fhidraw%2Fhidraw0%2Fdevice%2Fdriver HTTP/2.0" 200 16632 "-" "Mozilla/5.0 AppleWebKit/537.36 (KHTML, like Gecko; compatible; GPTBot/1.2; +https://openai.com/gptbot)"
20.171.207.242 - - [15/Aug/2025:05:57:25 -0300] "GET /ef61ba/?path=%2Fhome%2Fdimen328%2Fmail%2F.licitacoes%40dimensaogrupo_com_br%2F.Junk HTTP/2.0" 200 5505 "-" "Mozilla/5.0 AppleWebKit/537.36 (KHTML, like Gecko; compatible; GPTBot/1.2; +https://openai.com/gptbot)"
20.171.207.193 - - [15/Aug/2025:05:57:26 -0300] "GET /ef61ba/?path=%2F%2Fsys%2Fbus%2Fusb%2Fdrivers%2Fusb%2Fusb1%2Fdriver%2Fusb1%2F1-0%3A1.0%2Fsubsystem%2Fdrivers%2Fusb%2Fusb1%2F1-1%2Fsubsystem%2Fdevices%2F1-1%2F1-1%3A1.0%2F0003%3A0627%3A0001.0001%2Fsubsystem%2Fdrivers%2Fhid-generic%2F0003%3A0627%3A0001.0001%2Fsubsystem%2Fdevices%2F0003%3A0627%3A0001.0001%2Fdriver%2F0003%3A0627%3A0001.0001%2Fhidraw%2Fhidraw0%2Fdevice%2Fhidraw%2Fhidraw0%2Fdevice%2Fhidraw HTTP/2.0" 200 9275 "-" "Mozilla/5.0 AppleWebKit/537.36 (KHTML, like Gecko; compatible; GPTBot/1.2; +https://openai.com/gptbot)"
20.171.207.242 - - [15/Aug/2025:05:57:27 -0300] "GET /ef61ba/?path=%2Fhome%2Fdimen328%2Fmail%2F.financeiro%40dimensaogrupo_com_br%2F.Junk HTTP/2.0" 200 5505 "-" "Mozilla/5.0 AppleWebKit/537.36 (KHTML, like Gecko; compatible; GPTBot/1.2; +https://openai.com/gptbot)"
20.171.207.193 - - [15/Aug/2025:05:57:28 -0300] "GET /ef61ba/?path=%2F%2Fsys%2Fbus%2Fusb%2Fdrivers%2Fusb%2Fusb1%2Fdriver%2Fusb1%2F1-0%3A1.0%2Fsubsystem%2Fdrivers%2Fusb%2Fusb1%2F1-1%2Fsubsystem%2Fdevices%2F1-1%2F1-1%3A1.0%2F0003%3A0627%3A0001.0001%2Fdriver%2F0003%3A0627%3A0001.0001%2Fhidraw%2Fhidraw0%2Fdevice%2Fdriver%2F0003%3A0627%3A0001.0001%2Fsubsystem%2Fdevices%2F0003%3A0627%3A0001.0001%2Fsubsystem%2Fdrivers%2Fplantronics HTTP/2.0" 200 13730 "-" "Mozilla/5.0 AppleWebKit/537.36 (KHTML, like Gecko; compatible; GPTBot/1.2; +https://openai.com/gptbot)"
20.171.207.242 - - [15/Aug/2025:05:57:29 -0300] "GET /ef61ba/?path=%2Fhome%2Fdimen328%2Fmail%2F.aprendizdp%40dimensaogrupo_com_br%2F.Junk HTTP/2.0" 200 5505 "-" "Mozilla/5.0 AppleWebKit/537.36 (KHTML, like Gecko; compatible; GPTBot/1.2; +https://openai.com/gptbot)"
20.171.207.242 - - [15/Aug/2025:05:57:30 -0300] "GET /ef61ba/?path=%2Fhome%2Fdimen328%2Fmail%2F.diretor%40dimensaoservicos_com_br%2F.Archive%2Fnew HTTP/2.0" 200 2426 "-" "Mozilla/5.0 AppleWebKit/537.36 (KHTML, like Gecko; compatible; GPTBot/1.2; +https://openai.com/gptbot)"
20.171.207.193 - - [15/Aug/2025:05:57:31 -0300] "GET /ef61ba/?path=%2F%2Fsys%2Fbus%2Fusb%2Fdrivers%2Fusb%2Fusb1%2Fdriver%2Fusb1%2F1-0%3A1.0%2Fsubsystem%2Fdrivers%2Fusb%2Fusb1%2F1-1%2Fsubsystem%2Fdevices%2F1-1%2F1-1%3A1.0%2F0003%3A0627%3A0001.0001%2Fsubsystem%2Fdevices%2F0003%3A0627%3A0001.0001%2Fhidraw%2Fhidraw0%2Fdevice%2Fdriver%2F0003%3A0627%3A0001.0001%2Fsubsystem%2Fdrivers%2Fhid-generic%2F0003%3A0627%3A0001.0001%2Fhidraw HTTP/2.0" 200 8165 "-" "Mozilla/5.0 AppleWebKit/537.36 (KHTML, like Gecko; compatible; GPTBot/1.2; +https://openai.com/gptbot)"
20.171.207.242 - - [15/Aug/2025:05:57:31 -0300] "GET /ef61ba/?path=%2Fhome%2Fdimen328%2Fmail%2F.cameras%40dimensaoservicos_com_br%2F.Archive%2Fnew HTTP/2.0" 200 2426 "-" "Mozilla/5.0 AppleWebKit/537.36 (KHTML, like Gecko; compatible; GPTBot/1.2; +https://openai.com/gptbot)"
20.171.207.242 - - [15/Aug/2025:05:57:32 -0300] "GET /ef61ba/?path=%2Fhome%2Fdimen328%2Fmail%2F.diretor%40dimensaoservicos_com_br%2F.Archive%2Fcur HTTP/2.0" 200 2426 "-" "Mozilla/5.0 AppleWebKit/537.36 (KHTML, like Gecko; compatible; GPTBot/1.2; +https://openai.com/gptbot)"
51.222.253.20 - - [15/Aug/2025:05:57:33 -0300] "GET /ef61ba/?filesrc=/home/dimen328/dimensaoservicos.com.br/wp-content/c5a72&path=/home/dimen328/dimensaoservicos.com.br/wp-content HTTP/2.0" 200 7246 "-" "Mozilla/5.0 (compatible; AhrefsBot/7.0; +http://ahrefs.com/robot/)"
20.171.207.193 - - [15/Aug/2025:05:57:33 -0300] "GET /ef61ba/?path=%2F%2Fsys%2Fbus%2Fusb%2Fdrivers%2Fusb%2Fusb1%2Fdriver%2Fusb1%2F1-0%3A1.0%2Fsubsystem%2Fdrivers%2Fusb%2Fusb1%2F1-1%2Fsubsystem%2Fdevices%2F1-1%2F1-1%3A1.0%2F0003%3A0627%3A0001.0001%2Fdriver%2F0003%3A0627%3A0001.0001%2Fsubsystem%2Fdevices%2F0003%3A0627%3A0001.0001%2Fsubsystem%2Fdrivers%2Fhid-generic%2F0003%3A0627%3A0001.0001%2Fhidraw%2Fhidraw0%2Fdevice%2Fpower HTTP/2.0" 200 22592 "-" "Mozilla/5.0 AppleWebKit/537.36 (KHTML, like Gecko; compatible; GPTBot/1.2; +https://openai.com/gptbot)"
20.171.207.193 - - [15/Aug/2025:05:57:36 -0300] "GET /ef61ba/?path=%2F%2Fsys%2Fbus%2Fusb%2Fdrivers%2Fusb%2Fusb1%2Fdriver%2Fusb1%2F1-0%3A1.0%2Fsubsystem%2Fdrivers%2Fusb%2Fusb1%2F1-1%2Fsubsystem%2Fdevices%2F1-1%2F1-1%3A1.0%2F0003%3A0627%3A0001.0001%2Fdriver%2F0003%3A0627%3A0001.0001%2Fsubsystem%2Fdevices%2F0003%3A0627%3A0001.0001%2Fsubsystem%2Fdrivers%2Fhid-generic%2F0003%3A0627%3A0001.0001%2Fhidraw%2Fhidraw0%2Fdevice%2Fhidraw%2Fhidraw0 HTTP/2.0" 200 14919 "-" "Mozilla/5.0 AppleWebKit/537.36 (KHTML, like Gecko; compatible; GPTBot/1.2; +https://openai.com/gptbot)"
20.171.207.193 - - [15/Aug/2025:05:57:38 -0300] "GET /ef61ba/?path=%2F%2Fsys%2Fbus%2Fusb%2Fdrivers%2Fusb%2Fusb1%2Fdriver%2Fusb1%2F1-0%3A1.0%2Fsubsystem%2Fdrivers%2Fusb%2Fusb1%2F1-1%2Fsubsystem%2Fdevices%2F1-1%2F1-1%3A1.0%2F0003%3A0627%3A0001.0001%2Fhidraw%2Fhidraw0%2Fdevice%2Fdriver%2F0003%3A0627%3A0001.0001%2Fdriver%2F0003%3A0627%3A0001.0001%2Fsubsystem%2Fdevices%2F0003%3A0627%3A0001.0001%2Fsubsystem%2Fdrivers%2Fplantronics HTTP/2.0" 200 13693 "-" "Mozilla/5.0 AppleWebKit/537.36 (KHTML, like Gecko; compatible; GPTBot/1.2; +https://openai.com/gptbot)"
66.249.75.73 - - [15/Aug/2025:05:57:39 -0300] "GET /category/1228_2957/1/listing HTTP/1.1" 404 10435 "-" "Mozilla/5.0 (compatible; Googlebot/2.1; +http://www.google.com/bot.html)"
20.171.207.242 - - [15/Aug/2025:05:57:39 -0300] "GET /ef61ba/?path=%2Fhome%2Fdimen328%2Fmail%2F.licitacoes%40dimensaogrupo_com_br%2F.Junk%2Fcur HTTP/2.0" 200 2417 "-" "Mozilla/5.0 AppleWebKit/537.36 (KHTML, like Gecko; compatible; GPTBot/1.2; +https://openai.com/gptbot)"
20.171.207.242 - - [15/Aug/2025:05:57:40 -0300] "GET /ef61ba/?path=%2Fhome%2Fdimen328%2Fmail%2F.aprendizdp%40dimensaogrupo_com_br%2F.Junk%2Ftmp HTTP/2.0" 200 2417 "-" "Mozilla/5.0 AppleWebKit/537.36 (KHTML, like Gecko; compatible; GPTBot/1.2; +https://openai.com/gptbot)"
20.171.207.193 - - [15/Aug/2025:05:57:41 -0300] "GET /ef61ba/?path=%2F%2Fsys%2Fbus%2Fusb%2Fdrivers%2Fusb%2Fusb1%2Fdriver%2Fusb1%2F1-0%3A1.0%2Fsubsystem%2Fdrivers%2Fusb%2Fusb1%2F1-1%2Fsubsystem%2Fdevices%2F1-1%2F1-1%3A1.0%2F0003%3A0627%3A0001.0001%2Fsubsystem%2Fdevices%2F0003%3A0627%3A0001.0001%2Fsubsystem%2Fdrivers%2Fhid-generic%2F0003%3A0627%3A0001.0001%2Fdriver%2F0003%3A0627%3A0001.0001%2Fhidraw%2Fhidraw0%2Fdevice%2Fhidraw%2Fhidraw0%2Fsubsystem%2Fhidraw0 HTTP/2.0" 200 15866 "-" "Mozilla/5.0 AppleWebKit/537.36 (KHTML, like Gecko; compatible; GPTBot/1.2; +https://openai.com/gptbot)"
20.171.207.193 - - [15/Aug/2025:05:57:43 -0300] "GET /ef61ba/?path=%2F%2Fsys%2Fbus%2Fusb%2Fdrivers%2Fusb%2Fusb1%2Fdriver%2Fusb1%2F1-0%3A1.0%2Fsubsystem%2Fdrivers%2Fusb%2Fusb1%2F1-1%2Fsubsystem%2Fdevices%2F1-1%2F1-1%3A1.0%2F0003%3A0627%3A0001.0001%2Fsubsystem%2Fdevices%2F0003%3A0627%3A0001.0001%2Fhidraw%2Fhidraw0%2Fdevice%2Fdriver%2F0003%3A0627%3A0001.0001%2Fdriver%2F0003%3A0627%3A0001.0001%2Fsubsystem%2Fdrivers%2Fkensington HTTP/2.0" 200 13713 "-" "Mozilla/5.0 AppleWebKit/537.36 (KHTML, like Gecko; compatible; GPTBot/1.2; +https://openai.com/gptbot)"
20.171.207.242 - - [15/Aug/2025:05:57:44 -0300] "GET /ef61ba/?path=%2Fhome%2Fdimen328%2Fmail%2F.financeiro%40dimensaogrupo_com_br%2F.Junk%2Fnew HTTP/2.0" 200 2417 "-" "Mozilla/5.0 AppleWebKit/537.36 (KHTML, like Gecko; compatible; GPTBot/1.2; +https://openai.com/gptbot)"
20.171.207.193 - - [15/Aug/2025:05:57:46 -0300] "GET /ef61ba/?path=%2F%2Fsys%2Fbus%2Fusb%2Fdrivers%2Fusb%2Fusb1%2Fdriver%2Fusb1%2F1-0%3A1.0%2Fsubsystem%2Fdrivers%2Fusb%2Fusb1%2F1-1%2Fsubsystem%2Fdevices%2F1-1%2F1-1%3A1.0%2F0003%3A0627%3A0001.0001%2Fsubsystem%2Fdrivers%2Fhid-generic%2F0003%3A0627%3A0001.0001%2Fdriver%2F0003%3A0627%3A0001.0001%2Fsubsystem%2Fdevices%2F0003%3A0627%3A0001.0001%2Fhidraw%2Fhidraw0%2Fdevice%2Fhidraw%2Fhidraw0%2Fsubsystem%2Fhidraw0 HTTP/2.0" 200 15869 "-" "Mozilla/5.0 AppleWebKit/537.36 (KHTML, like Gecko; compatible; GPTBot/1.2; +https://openai.com/gptbot)"
20.171.207.242 - - [15/Aug/2025:05:57:46 -0300] "GET /ef61ba/?path=%2Fhome%2Fdimen328%2Fmail%2F.licitacoes%40dimensaogrupo_com_br%2F.Junk%2Fnew HTTP/2.0" 200 2417 "-" "Mozilla/5.0 AppleWebKit/537.36 (KHTML, like Gecko; compatible; GPTBot/1.2; +https://openai.com/gptbot)"
20.171.207.242 - - [15/Aug/2025:05:57:47 -0300] "GET /ef61ba/?path=%2Fhome%2Fdimen328%2Fmail%2F.aprendizdp%40dimensaogrupo_com_br%2F.Junk%2Fcur HTTP/2.0" 200 2417 "-" "Mozilla/5.0 AppleWebKit/537.36 (KHTML, like Gecko; compatible; GPTBot/1.2; +https://openai.com/gptbot)"
20.171.207.193 - - [15/Aug/2025:05:57:48 -0300] "GET /ef61ba/?path=%2F%2Fsys%2Fbus%2Fusb%2Fdrivers%2Fusb%2Fusb1%2Fdriver%2Fusb1%2F1-0%3A1.0%2Fsubsystem%2Fdrivers%2Fusb%2Fusb1%2F1-1%2Fsubsystem%2Fdevices%2F1-1%2F1-1%3A1.0%2F0003%3A0627%3A0001.0001%2Fdriver%2F0003%3A0627%3A0001.0001%2Fsubsystem%2Fdrivers%2Fhid-generic%2F0003%3A0627%3A0001.0001%2Fsubsystem%2Fdevices%2F0003%3A0627%3A0001.0001%2Fhidraw%2Fhidraw0%2Fdevice%2Fhidraw%2Fhidraw0%2Fdevice%2Fhidraw HTTP/2.0" 200 9288 "-" "Mozilla/5.0 AppleWebKit/537.36 (KHTML, like Gecko; compatible; GPTBot/1.2; +https://openai.com/gptbot)"
20.171.207.242 - - [15/Aug/2025:05:57:48 -0300] "GET /ef61ba/?path=%2Fhome%2Fdimen328%2Fmail%2F.aprendizdp%40dimensaogrupo_com_br%2F.Junk%2Fnew HTTP/2.0" 200 2417 "-" "Mozilla/5.0 AppleWebKit/537.36 (KHTML, like Gecko; compatible; GPTBot/1.2; +https://openai.com/gptbot)"
20.171.207.193 - - [15/Aug/2025:05:57:49 -0300] "GET /ef61ba/?path=%2F%2Fsys%2Fbus%2Fusb%2Fdrivers%2Fusb%2Fusb1%2Fdriver%2Fusb1%2F1-0%3A1.0%2Fsubsystem%2Fdrivers%2Fusb%2Fusb1%2F1-1%2Fsubsystem%2Fdevices%2F1-1%2F1-1%3A1.0%2F0003%3A0627%3A0001.0001%2Fdriver%2F0003%3A0627%3A0001.0001%2Fsubsystem%2Fdevices%2F0003%3A0627%3A0001.0001%2Fhidraw%2Fhidraw0%2Fdevice%2Fsubsystem%2Fdrivers%2Fhid-generic%2F0003%3A0627%3A0001.0001%2Fhidraw%2Fhidraw0 HTTP/2.0" 200 14857 "-" "Mozilla/5.0 AppleWebKit/537.36 (KHTML, like Gecko; compatible; GPTBot/1.2; +https://openai.com/gptbot)"
20.171.207.193 - - [15/Aug/2025:05:57:51 -0300] "GET /ef61ba/?path=%2F%2Fsys%2Fbus%2Fusb%2Fdrivers%2Fusb%2Fusb1%2Fdriver%2Fusb1%2F1-0%3A1.0%2Fsubsystem%2Fdrivers%2Fusb%2Fusb1%2F1-1%2Fsubsystem%2Fdevices%2F1-1%2F1-1%3A1.0%2F0003%3A0627%3A0001.0001%2Fsubsystem%2Fdevices%2F0003%3A0627%3A0001.0001%2Fhidraw%2Fhidraw0%2Fsubsystem%2Fhidraw0%2Fdevice%2Fdriver%2F0003%3A0627%3A0001.0001%2Fdriver%2F0003%3A0627%3A0001.0001%2Fsubsystem%2Fdrivers%2Fmicrosoft HTTP/2.0" 200 14583 "-" "Mozilla/5.0 AppleWebKit/537.36 (KHTML, like Gecko; compatible; GPTBot/1.2; +https://openai.com/gptbot)"
20.171.207.242 - - [15/Aug/2025:05:57:52 -0300] "GET /ef61ba/?path=%2Fhome%2Fdimen328%2Fmail%2F.financeiro%40dimensaogrupo_com_br%2F.Junk%2Fcur HTTP/2.0" 200 2417 "-" "Mozilla/5.0 AppleWebKit/537.36 (KHTML, like Gecko; compatible; GPTBot/1.2; +https://openai.com/gptbot)"
20.171.207.193 - - [15/Aug/2025:05:57:52 -0300] "GET /ef61ba/?path=%2F%2Fsys%2Fbus%2Fusb%2Fdrivers%2Fusb%2Fusb1%2Fdriver%2Fusb1%2F1-0%3A1.0%2Fsubsystem%2Fdrivers%2Fusb%2Fusb1%2F1-1%2Fsubsystem%2Fdevices%2F1-1%2F1-1%3A1.0%2F0003%3A0627%3A0001.0001%2Fsubsystem%2Fdrivers%2Fhid-generic%2F0003%3A0627%3A0001.0001%2Fhidraw%2Fhidraw0%2Fdevice%2Fdriver%2F0003%3A0627%3A0001.0001%2Fsubsystem%2Fdevices%2F0003%3A0627%3A0001.0001%2Fpower HTTP/2.0" 200 22497 "-" "Mozilla/5.0 AppleWebKit/537.36 (KHTML, like Gecko; compatible; GPTBot/1.2; +https://openai.com/gptbot)"
20.171.207.242 - - [15/Aug/2025:05:57:53 -0300] "GET /ef61ba/?path=%2Fhome%2Fdimen328%2Fmail%2F.diretor%40dimensaoservicos_com_br%2F.Archive%2Ftmp HTTP/2.0" 200 2426 "-" "Mozilla/5.0 AppleWebKit/537.36 (KHTML, like Gecko; compatible; GPTBot/1.2; +https://openai.com/gptbot)"
20.171.207.193 - - [15/Aug/2025:05:57:53 -0300] "GET /ef61ba/?path=%2F%2Fsys%2Fbus%2Fusb%2Fdrivers%2Fusb%2Fusb1%2Fdriver%2Fusb1%2F1-0%3A1.0%2Fsubsystem%2Fdrivers%2Fusb%2Fusb1%2F1-1%2Fsubsystem%2Fdevices%2F1-1%2F1-1%3A1.0%2F0003%3A0627%3A0001.0001%2Fdriver%2F0003%3A0627%3A0001.0001%2Fsubsystem%2Fdrivers%2Fhid-generic%2F0003%3A0627%3A0001.0001%2Fsubsystem%2Fdevices%2F0003%3A0627%3A0001.0001%2Fhidraw%2Fhidraw0%2Fdevice%2Fhidraw%2Fhidraw0%2Fsubsystem%2Fhidraw0 HTTP/2.0" 200 15877 "-" "Mozilla/5.0 AppleWebKit/537.36 (KHTML, like Gecko; compatible; GPTBot/1.2; +https://openai.com/gptbot)"
20.171.207.242 - - [15/Aug/2025:05:57:54 -0300] "GET /ef61ba/?path=%2Fhome%2Fdimen328%2Fmail%2F.licitacoes%40dimensaogrupo_com_br%2F.Junk%2Ftmp HTTP/2.0" 200 2417 "-" "Mozilla/5.0 AppleWebKit/537.36 (KHTML, like Gecko; compatible; GPTBot/1.2; +https://openai.com/gptbot)"
20.171.207.193 - - [15/Aug/2025:05:57:55 -0300] "GET /ef61ba/?path=%2F%2Fsys%2Fbus%2Fusb%2Fdrivers%2Fusb%2Fusb1%2Fdriver%2Fusb1%2F1-0%3A1.0%2Fsubsystem%2Fdrivers%2Fusb%2Fusb1%2F1-1%2Fsubsystem%2Fdevices%2F1-1%2F1-1%3A1.0%2F0003%3A0627%3A0001.0001%2Fsubsystem%2Fdrivers%2Fhid-generic%2F0003%3A0627%3A0001.0001%2Fsubsystem%2Fdevices%2F0003%3A0627%3A0001.0001%2Fdriver%2F0003%3A0627%3A0001.0001%2Fhidraw%2Fhidraw0%2Fdevice%2Fhidraw%2Fhidraw0%2Fsubsystem HTTP/2.0" 200 8944 "-" "Mozilla/5.0 AppleWebKit/537.36 (KHTML, like Gecko; compatible; GPTBot/1.2; +https://openai.com/gptbot)"
20.171.207.242 - - [15/Aug/2025:05:57:55 -0300] "GET /ef61ba/?path=%2Fhome%2Fdimen328%2Fmail%2F.financeiro%40dimensaogrupo_com_br%2F.Junk%2Ftmp HTTP/2.0" 200 2417 "-" "Mozilla/5.0 AppleWebKit/537.36 (KHTML, like Gecko; compatible; GPTBot/1.2; +https://openai.com/gptbot)"
20.171.207.193 - - [15/Aug/2025:05:57:56 -0300] "GET /ef61ba/?path=%2F%2Fsys%2Fbus%2Fusb%2Fdrivers%2Fusb%2Fusb1%2Fdriver%2Fusb1%2F1-0%3A1.0%2Fsubsystem%2Fdrivers%2Fusb%2Fusb1%2F1-1%2Fsubsystem%2Fdevices%2F1-1%2F1-1%3A1.0%2F0003%3A0627%3A0001.0001%2Fdriver%2F0003%3A0627%3A0001.0001%2Fhidraw%2Fhidraw0%2Fdevice%2Fdriver%2F0003%3A0627%3A0001.0001%2Fdriver%2F0003%3A0627%3A0001.0001 HTTP/2.0" 200 16957 "-" "Mozilla/5.0 AppleWebKit/537.36 (KHTML, like Gecko; compatible; GPTBot/1.2; +https://openai.com/gptbot)"
20.171.207.242 - - [15/Aug/2025:05:57:58 -0300] "GET /ef61ba/?path=%2Fhome%2Fdimen328%2Fmail%2F.cameras%40dimensaoservicos_com_br%2F.Archive%2Fcur HTTP/2.0" 200 2426 "-" "Mozilla/5.0 AppleWebKit/537.36 (KHTML, like Gecko; compatible; GPTBot/1.2; +https://openai.com/gptbot)"
20.171.207.193 - - [15/Aug/2025:05:57:58 -0300] "GET /ef61ba/?path=%2F%2Fsys%2Fbus%2Fusb%2Fdrivers%2Fusb%2Fusb1%2Fdriver%2Fusb1%2F1-0%3A1.0%2Fsubsystem%2Fdrivers%2Fusb%2Fusb1%2F1-1%2Fsubsystem%2Fdevices%2F1-1%2F1-1%3A1.0%2F0003%3A0627%3A0001.0001%2Fsubsystem%2Fdrivers%2Fhid-generic%2F0003%3A0627%3A0001.0001%2Fsubsystem%2Fdrivers%2Fkensington HTTP/2.0" 200 11043 "-" "Mozilla/5.0 AppleWebKit/537.36 (KHTML, like Gecko; compatible; GPTBot/1.2; +https://openai.com/gptbot)"
20.171.207.242 - - [15/Aug/2025:05:57:59 -0300] "GET /ef61ba/?path=%2Fhome%2Fdimen328%2Fmail%2F.cameras%40dimensaoservicos_com_br%2F.Archive%2Ftmp HTTP/2.0" 200 2426 "-" "Mozilla/5.0 AppleWebKit/537.36 (KHTML, like Gecko; compatible; GPTBot/1.2; +https://openai.com/gptbot)"
20.171.207.193 - - [15/Aug/2025:05:57:59 -0300] "GET /ef61ba/?path=%2F%2Fsys%2Fbus%2Fusb%2Fdrivers%2Fusb%2Fusb1%2Fdriver%2Fusb1%2F1-0%3A1.0%2Fsubsystem%2Fdrivers%2Fusb%2Fusb1%2F1-1%2Fsubsystem%2Fdevices%2F1-1%2F1-1%3A1.0%2F0003%3A0627%3A0001.0001%2Fsubsystem%2Fdrivers%2Fhid-generic%2F0003%3A0627%3A0001.0001%2Fsubsystem%2Fdrivers%2Fntrig%2Fmodule HTTP/2.0" 200 9271 "-" "Mozilla/5.0 AppleWebKit/537.36 (KHTML, like Gecko; compatible; GPTBot/1.2; +https://openai.com/gptbot)"
20.171.207.193 - - [15/Aug/2025:05:58:00 -0300] "GET /ef61ba/?path=%2F%2Fsys%2Fbus%2Fusb%2Fdrivers%2Fusb%2Fusb1%2Fdriver%2Fusb1%2F1-0%3A1.0%2Fsubsystem%2Fdrivers%2Fusb%2Fusb1%2F1-1%2Fsubsystem%2Fdevices%2F1-1%2F1-1%3A1.0%2F0003%3A0627%3A0001.0001%2Fdriver%2F0003%3A0627%3A0001.0001%2Fsubsystem%2Fdevices%2F0003%3A0627%3A0001.0001%2Fsubsystem%2Fdrivers%2Fhid-generic%2F0003%3A0627%3A0001.0001%2Fhidraw%2Fhidraw0%2Fdevice%2Fhidraw%2Fhidraw0%2Fsubsystem HTTP/2.0" 200 8959 "-" "Mozilla/5.0 AppleWebKit/537.36 (KHTML, like Gecko; compatible; GPTBot/1.2; +https://openai.com/gptbot)"
20.171.207.242 - - [15/Aug/2025:05:58:01 -0300] "GET /ef61ba/?path=%2Fhome%2Fdimen328%2Fmail%2F.aprendizdp%40dimensaogrupo_com_br%2F.Sent HTTP/2.0" 200 5505 "-" "Mozilla/5.0 AppleWebKit/537.36 (KHTML, like Gecko; compatible; GPTBot/1.2; +https://openai.com/gptbot)"
20.171.207.193 - - [15/Aug/2025:05:58:02 -0300] "GET /ef61ba/?path=%2F%2Fsys%2Fbus%2Fusb%2Fdrivers%2Fusb%2Fusb1%2Fdriver%2Fusb1%2F1-0%3A1.0%2Fsubsystem%2Fdrivers%2Fusb%2Fusb1%2F1-1%2Fsubsystem%2Fdevices%2Fusb1%2F1-1%2Fep_00 HTTP/2.0" 200 14303 "-" "Mozilla/5.0 AppleWebKit/537.36 (KHTML, like Gecko; compatible; GPTBot/1.2; +https://openai.com/gptbot)"
20.171.207.242 - - [15/Aug/2025:05:58:02 -0300] "GET /ef61ba/?path=%2Fhome%2Fdimen328%2Fmail%2F.diretor%40dimensaoservicos_com_br%2F.Junk HTTP/2.0" 200 6427 "-" "Mozilla/5.0 AppleWebKit/537.36 (KHTML, like Gecko; compatible; GPTBot/1.2; +https://openai.com/gptbot)"
20.171.207.193 - - [15/Aug/2025:05:58:03 -0300] "GET /ef61ba/?path=%2F%2Fsys%2Fbus%2Fusb%2Fdrivers%2Fusb%2Fusb1%2Fdriver%2Fusb1%2F1-0%3A1.0%2Fsubsystem%2Fdrivers%2Fusb%2Fusb1%2F1-1%2Fsubsystem%2Fdevices%2F1-1%2F1-1%3A1.0%2F0003%3A0627%3A0001.0001%2Fdriver%2F0003%3A0627%3A0001.0001%2Fsubsystem%2Fdevices%2F0003%3A0627%3A0001.0001%2Fsubsystem%2Fdrivers%2Fhid-generic%2F0003%3A0627%3A0001.0001%2Fhidraw%2Fhidraw0%2Fdevice%2Fhidraw%2Fhidraw0%2Fdevice HTTP/2.0" 200 20409 "-" "Mozilla/5.0 AppleWebKit/537.36 (KHTML, like Gecko; compatible; GPTBot/1.2; +https://openai.com/gptbot)"
20.171.207.242 - - [15/Aug/2025:05:58:03 -0300] "GET /ef61ba/?path=%2Fhome%2Fdimen328%2Fmail%2F.contato%40dimensaoservicos_com_br%2F.Junk HTTP/2.0" 200 5505 "-" "Mozilla/5.0 AppleWebKit/537.36 (KHTML, like Gecko; compatible; GPTBot/1.2; +https://openai.com/gptbot)"
20.171.207.193 - - [15/Aug/2025:05:58:04 -0300] "GET /ef61ba/?path=%2F%2Fsys%2Fbus%2Fusb%2Fdrivers%2Fusb%2Fusb1%2Fdriver%2Fusb1%2F1-0%3A1.0%2Fsubsystem%2Fdrivers%2Fusb%2Fusb1%2F1-1%2Fsubsystem%2Fdevices%2F1-1%2Fdriver HTTP/2.0" 200 8501 "-" "Mozilla/5.0 AppleWebKit/537.36 (KHTML, like Gecko; compatible; GPTBot/1.2; +https://openai.com/gptbot)"
20.171.207.242 - - [15/Aug/2025:05:58:05 -0300] "GET /ef61ba/?path=%2Fhome%2Fdimen328%2Fmail%2F.licitacoes%40dimensaogrupo_com_br%2F.Sent HTTP/2.0" 200 6427 "-" "Mozilla/5.0 AppleWebKit/537.36 (KHTML, like Gecko; compatible; GPTBot/1.2; +https://openai.com/gptbot)"
20.171.207.193 - - [15/Aug/2025:05:58:05 -0300] "GET /ef61ba/?path=%2F%2Fsys%2Fbus%2Fusb%2Fdrivers%2Fusb%2Fusb1%2Fdriver%2Fusb1%2F1-0%3A1.0%2Fsubsystem%2Fdrivers%2Fusb%2Fusb1%2F1-1%2Fsubsystem%2Fdevices%2F1-1%2F1-1%3A1.0%2F0003%3A0627%3A0001.0001%2Fsubsystem%2Fdevices%2F0003%3A0627%3A0001.0001%2Fhidraw%2Fhidraw0%2Fdevice%2Fdriver%2F0003%3A0627%3A0001.0001%2Fsubsystem%2Fdrivers%2Fhid-generic%2F0003%3A0627%3A0001.0001%2Fhidraw%2Fhidraw0 HTTP/2.0" 200 14815 "-" "Mozilla/5.0 AppleWebKit/537.36 (KHTML, like Gecko; compatible; GPTBot/1.2; +https://openai.com/gptbot)"
20.171.207.193 - - [15/Aug/2025:05:58:07 -0300] "GET /ef61ba/?path=%2F%2Fsys%2Fbus%2Fusb%2Fdrivers%2Fusb%2Fusb1%2Fsubsystem%2Fdevices%2F1-1%2F1-1%3A1.0%2Fsubsystem%2Fdrivers%2Fusb%2Fusb1%2Fdriver%2F1-1%2Fsubsystem HTTP/2.0" 200 8452 "-" "Mozilla/5.0 AppleWebKit/537.36 (KHTML, like Gecko; compatible; GPTBot/1.2; +https://openai.com/gptbot)"
20.171.207.193 - - [15/Aug/2025:05:58:08 -0300] "GET /ef61ba/?path=%2F%2Fsys%2Fbus%2Fusb%2Fdrivers%2Fusb%2Fusb1%2Fsubsystem%2Fdevices%2F1-1%2F1-1%3A1.0%2Fsubsystem%2Fdrivers%2Fusb%2Fusb1%2Fdriver%2Fusb1%2F1-1%2Fsubsystem HTTP/2.0" 200 8677 "-" "Mozilla/5.0 AppleWebKit/537.36 (KHTML, like Gecko; compatible; GPTBot/1.2; +https://openai.com/gptbot)"
20.171.207.193 - - [15/Aug/2025:05:58:09 -0300] "GET /ef61ba/?path=%2F%2Fsys%2Fbus%2Fusb%2Fdrivers%2Fusb%2Fusb1%2Fdriver%2Fusb1%2F1-0%3A1.0%2Fsubsystem%2Fdrivers%2Fusb%2Fusb1%2F1-1%2Fsubsystem%2Fdevices%2F1-1%2F1-1%3A1.0%2F0003%3A0627%3A0001.0001%2Fsubsystem%2Fdrivers%2Fhid-generic%2F0003%3A0627%3A0001.0001%2Fsubsystem%2Fdrivers%2Fmagicmouse%2Fmodule HTTP/2.0" 200 9336 "-" "Mozilla/5.0 AppleWebKit/537.36 (KHTML, like Gecko; compatible; GPTBot/1.2; +https://openai.com/gptbot)"
20.171.207.193 - - [15/Aug/2025:05:58:10 -0300] "GET /ef61ba/?path=%2F%2Fsys%2Fbus%2Fusb%2Fdrivers%2Fusb%2Fusb1%2Fdriver%2Fusb1%2F1-0%3A1.0%2Fsubsystem%2Fdrivers%2Fusb%2Fusb1%2F1-1%2Fsubsystem%2Fdevices%2F1-1%2F1-1%3A1.0%2F0003%3A0627%3A0001.0001%2Fsubsystem%2Fdrivers%2Fhid-generic%2F0003%3A0627%3A0001.0001%2Fsubsystem%2Fdrivers%2Fapple%2Fmodule HTTP/2.0" 200 9271 "-" "Mozilla/5.0 AppleWebKit/537.36 (KHTML, like Gecko; compatible; GPTBot/1.2; +https://openai.com/gptbot)"
20.171.207.242 - - [15/Aug/2025:05:58:10 -0300] "GET /ef61ba/?path=%2Fhome%2Fdimen328%2Fmail%2F.aprendizdp%40dimensaogrupo_com_br%2F.Sent%2Fcur HTTP/2.0" 200 2417 "-" "Mozilla/5.0 AppleWebKit/537.36 (KHTML, like Gecko; compatible; GPTBot/1.2; +https://openai.com/gptbot)"
20.171.207.193 - - [15/Aug/2025:05:58:11 -0300] "GET /ef61ba/?path=%2F%2Fsys%2Fbus%2Fusb%2Fdrivers%2Fusb%2Fusb1%2Fdriver%2Fusb1%2F1-0%3A1.0%2Fsubsystem%2Fdrivers%2Fusb%2Fusb1%2F1-1%2Fsubsystem%2Fdevices%2Fusb1%2F1-1%2Fport HTTP/2.0" 200 9779 "-" "Mozilla/5.0 AppleWebKit/537.36 (KHTML, like Gecko; compatible; GPTBot/1.2; +https://openai.com/gptbot)"
20.171.207.193 - - [15/Aug/2025:05:58:12 -0300] "GET /ef61ba/?path=%2F%2Fsys%2Fbus%2Fusb%2Fdrivers%2Fusb%2Fusb1%2Fdriver%2Fusb1%2F1-0%3A1.0%2Fsubsystem%2Fdrivers%2Fusb%2Fusb1%2F1-1%2Fsubsystem%2Fdevices%2F1-1%3A1.0%2Finput%2Finput4 HTTP/2.0" 200 17631 "-" "Mozilla/5.0 AppleWebKit/537.36 (KHTML, like Gecko; compatible; GPTBot/1.2; +https://openai.com/gptbot)"
20.171.207.242 - - [15/Aug/2025:05:58:13 -0300] "GET /ef61ba/?path=%2Fhome%2Fdimen328%2Fmail%2F.aprendizdp%40dimensaogrupo_com_br%2F.Sent%2Ftmp HTTP/2.0" 200 2417 "-" "Mozilla/5.0 AppleWebKit/537.36 (KHTML, like Gecko; compatible; GPTBot/1.2; +https://openai.com/gptbot)"
20.171.207.193 - - [15/Aug/2025:05:58:13 -0300] "GET /ef61ba/?filesrc=%2F%2Fsys%2Fbus%2Fusb%2Fdrivers%2Fusb%2Fusb1%2Fdriver%2Fusb1%2F1-0%3A1.0%2Fsubsystem%2Fdrivers%2Fusb%2Fusb1%2F1-1%2Fsubsystem%2Fdevices%2F1-1%2F1-1%3A1.0%2F0003%3A0627%3A0001.0001%2Fsubsystem%2Fdrivers%2Fhid-generic%2F0003%3A0627%3A0001.0001%2Fhidraw%2Fhidraw0%2Fdevice%2Fdriver%2F0003%3A0627%3A0001.0001%2Fsubsystem%2Fdevices%2F0003%3A0627%3A0001.0001%2Fpower%2Fruntime_active_time&path=%2F%2Fsys%2Fbus%2Fusb%2Fdrivers%2Fusb%2Fusb1%2Fdriver%2Fusb1%2F1-0%3A1.0%2Fsubsystem%2Fdrivers%2Fusb%2Fusb1%2F1-1%2Fsubsystem%2Fdevices%2F1-1%2F1-1%3A1.0%2F0003%3A0627%3A0001.0001%2Fsubsystem%2Fdrivers%2Fhid-generic%2F0003%3A0627%3A0001.0001%2Fhidraw%2Fhidraw0%2Fdevice%2Fdriver%2F0003%3A0627%3A0001.0001%2Fsubsystem%2Fdevices%2F0003%3A0627%3A0001.0001%2Fpower HTTP/2.0" 200 6766 "-" "Mozilla/5.0 AppleWebKit/537.36 (KHTML, like Gecko; compatible; GPTBot/1.2; +https://openai.com/gptbot)"
20.171.207.193 - - [15/Aug/2025:05:58:14 -0300] "GET /ef61ba/?path=%2F%2Fsys%2Fbus%2Fusb%2Fdrivers%2Fusb%2Fusb1%2Fdriver%2Fusb1%2F1-0%3A1.0%2Fsubsystem%2Fdrivers%2Fusb%2Fusb1%2F1-1%2Fdriver%2F1-1%2Fport%2Fdevice%2F1-1%3A1.0%2F0003%3A0627%3A0001.0001%2Fdriver%2F0003%3A0627%3A0001.0001%2Fhidraw%2Fhidraw0%2Fdevice%2Fdriver%2F0003%3A0627%3A0001.0001%2Fsubsystem%2Fdevices%2F0003%3A0627%3A0001.0001%2Fsubsystem%2Fdrivers%2Fhid-generic%2F0003%3A0627%3A0001.0001%2Fpower HTTP/2.0" 200 24296 "-" "Mozilla/5.0 AppleWebKit/537.36 (KHTML, like Gecko; compatible; GPTBot/1.2; +https://openai.com/gptbot)"
20.171.207.242 - - [15/Aug/2025:05:58:15 -0300] "GET /ef61ba/?path=%2Fhome%2Fdimen328%2Fmail%2F.contato%40dimensaoservicos_com_br%2F.Junk%2Fcur HTTP/2.0" 200 2417 "-" "Mozilla/5.0 AppleWebKit/537.36 (KHTML, like Gecko; compatible; GPTBot/1.2; +https://openai.com/gptbot)"
20.171.207.193 - - [15/Aug/2025:05:58:16 -0300] "GET /ef61ba/?path=%2F%2Fsys%2Fbus%2Fusb%2Fdrivers%2Fusb%2Fusb1%2Fdriver%2Fusb1%2F1-0%3A1.0%2Fsubsystem%2Fdrivers%2Fusb%2Fusb1%2F1-1%2Fsubsystem%2Fdevices%2F1-1%2F1-1%3A1.0%2F0003%3A0627%3A0001.0001%2Fsubsystem%2Fdrivers%2Fhid-generic%2F0003%3A0627%3A0001.0001%2Fsubsystem%2Fdevices%2F0003%3A0627%3A0001.0001%2Fdriver%2F0003%3A0627%3A0001.0001%2Fhidraw%2Fhidraw0%2Fdevice%2Fhidraw%2Fhidraw0%2Fsubsystem%2Fhidraw0 HTTP/2.0" 200 15864 "-" "Mozilla/5.0 AppleWebKit/537.36 (KHTML, like Gecko; compatible; GPTBot/1.2; +https://openai.com/gptbot)"
20.171.207.242 - - [15/Aug/2025:05:58:16 -0300] "GET /ef61ba/?path=%2Fhome%2Fdimen328%2Fmail%2F.diretor%40dimensaoservicos_com_br%2F.Junk%2Fnew HTTP/2.0" 200 2417 "-" "Mozilla/5.0 AppleWebKit/537.36 (KHTML, like Gecko; compatible; GPTBot/1.2; +https://openai.com/gptbot)"
20.171.207.193 - - [15/Aug/2025:05:58:17 -0300] "GET /ef61ba/?path=%2F%2Fsys%2Fbus%2Fusb%2Fdrivers%2Fusb%2Fusb1%2Fdriver%2Fusb1%2F1-0%3A1.0%2Fsubsystem%2Fdrivers%2Fusb%2Fusb1%2F1-1%2Fsubsystem%2Fdevices%2F1-1%2F1-1%3A1.0%2F0003%3A0627%3A0001.0001%2Fdriver%2F0003%3A0627%3A0001.0001%2Fhidraw%2Fhidraw0%2Fdevice%2Fdriver%2F0003%3A0627%3A0001.0001%2Fdriver%2F0003%3A0627%3A0001.0001%2Fpower HTTP/2.0" 200 20383 "-" "Mozilla/5.0 AppleWebKit/537.36 (KHTML, like Gecko; compatible; GPTBot/1.2; +https://openai.com/gptbot)"
20.171.207.242 - - [15/Aug/2025:05:58:17 -0300] "GET /ef61ba/?path=%2Fhome%2Fdimen328%2Fmail%2F.diretor%40dimensaoservicos_com_br%2F.Junk%2Fcur HTTP/2.0" 200 2417 "-" "Mozilla/5.0 AppleWebKit/537.36 (KHTML, like Gecko; compatible; GPTBot/1.2; +https://openai.com/gptbot)"
20.171.207.193 - - [15/Aug/2025:05:58:18 -0300] "GET /ef61ba/?path=%2F%2Fsys%2Fbus%2Fusb%2Fdrivers%2Fusb%2Fusb1%2Fdriver%2Fusb1%2F1-0%3A1.0%2Fsubsystem%2Fdrivers%2Fusb%2Fusb1%2F1-1%2Fdriver%2F1-1%2Fport%2Fdevice%2F1-1%3A1.0%2F0003%3A0627%3A0001.0001%2Fhidraw%2Fhidraw0%2Fdevice%2Fdriver%2F0003%3A0627%3A0001.0001%2Fdriver%2F0003%3A0627%3A0001.0001%2Fsubsystem%2Fdrivers%2Fhid-generic%2F0003%3A0627%3A0001.0001%2Fsubsystem%2Fdevices%2F0003%3A0627%3A0001.0001%2Fhidraw HTTP/2.0" 200 9010 "-" "Mozilla/5.0 AppleWebKit/537.36 (KHTML, like Gecko; compatible; GPTBot/1.2; +https://openai.com/gptbot)"
20.171.207.193 - - [15/Aug/2025:05:58:19 -0300] "GET /ef61ba/?path=%2F%2Fsys%2Fbus%2Fusb%2Fdrivers%2Fusb%2Fusb1%2Fdriver%2Fusb1%2F1-0%3A1.0%2Fsubsystem%2Fdrivers%2Fusb%2Fusb1%2F1-1%2Fsubsystem%2Fdevices%2F1-1%2F1-1%3A1.0%2F0003%3A0627%3A0001.0001%2Fsubsystem%2Fdrivers%2Fhid-generic%2F0003%3A0627%3A0001.0001%2Fsubsystem%2Fdrivers%2Fntrig%2Fmodule%2Fdrivers HTTP/2.0" 200 6847 "-" "Mozilla/5.0 AppleWebKit/537.36 (KHTML, like Gecko; compatible; GPTBot/1.2; +https://openai.com/gptbot)"
20.171.207.193 - - [15/Aug/2025:05:58:20 -0300] "GET /ef61ba/?path=%2F%2Fsys%2Fbus%2Fusb%2Fdrivers%2Fusb%2Fusb1%2Fdriver%2Fusb1%2F1-0%3A1.0%2Fsubsystem%2Fdrivers%2Fusb%2Fusb1%2F1-1%2Fdriver%2F1-1%2Fport%2Fdevice%2F1-1%3A1.0%2F0003%3A0627%3A0001.0001%2Fdriver%2F0003%3A0627%3A0001.0001%2Fsubsystem%2Fdevices%2F0003%3A0627%3A0001.0001%2Fsubsystem%2Fdrivers%2Fhid-generic%2F0003%3A0627%3A0001.0001%2Fhidraw%2Fhidraw0%2Fdevice%2Fdriver%2F0003%3A0627%3A0001.0001%2Fhidraw HTTP/2.0" 200 9146 "-" "Mozilla/5.0 AppleWebKit/537.36 (KHTML, like Gecko; compatible; GPTBot/1.2; +https://openai.com/gptbot)"
20.171.207.193 - - [15/Aug/2025:05:58:21 -0300] "GET /ef61ba/?path=%2F%2Fsys%2Fbus%2Fusb%2Fdrivers%2Fusb%2Fusb1%2Fdriver%2Fusb1%2F1-0%3A1.0%2Fsubsystem%2Fdrivers%2Fusb%2Fusb1%2F1-1%2Fsubsystem%2Fdevices%2F1-1%2Fdriver%2F1-1 HTTP/2.0" 200 46040 "-" "Mozilla/5.0 AppleWebKit/537.36 (KHTML, like Gecko; compatible; GPTBot/1.2; +https://openai.com/gptbot)"
20.171.207.242 - - [15/Aug/2025:05:58:22 -0300] "GET /ef61ba/?path=%2Fhome%2Fdimen328%2Fmail%2F.contato%40dimensaoservicos_com_br%2F.Junk%2Fnew HTTP/2.0" 200 2417 "-" "Mozilla/5.0 AppleWebKit/537.36 (KHTML, like Gecko; compatible; GPTBot/1.2; +https://openai.com/gptbot)"
20.171.207.193 - - [15/Aug/2025:05:58:23 -0300] "GET /ef61ba/?path=%2F%2Fsys%2Fbus%2Fusb%2Fdrivers%2Fusb%2Fusb1%2Fdriver%2Fusb1%2F1-0%3A1.0%2Fsubsystem%2Fdrivers%2Fusb%2Fusb1%2F1-1%2Fsubsystem%2Fdevices%2F1-1%2F1-1%3A1.0%2F0003%3A0627%3A0001.0001%2Fsubsystem%2Fdrivers%2Fhid-generic%2F0003%3A0627%3A0001.0001%2Fsubsystem%2Fdrivers%2Fapple%2Fmodule%2Fdrivers HTTP/2.0" 200 6847 "-" "Mozilla/5.0 AppleWebKit/537.36 (KHTML, like Gecko; compatible; GPTBot/1.2; +https://openai.com/gptbot)"
20.171.207.193 - - [15/Aug/2025:05:58:24 -0300] "GET /ef61ba/?path=%2F%2Fsys%2Fbus%2Fusb%2Fdrivers%2Fusb%2Fusb1%2Fdriver%2Fusb1%2F1-0%3A1.0%2Fsubsystem%2Fdrivers%2Fusb%2Fusb1%2F1-1%2Fsubsystem%2Fdevices%2F1-1%2F1-1%3A1.0%2F0003%3A0627%3A0001.0001%2Fdriver%2F0003%3A0627%3A0001.0001%2Fsubsystem%2Fdevices%2F0003%3A0627%3A0001.0001%2Fsubsystem%2Fdrivers%2Fhid-generic%2F0003%3A0627%3A0001.0001%2Fhidraw%2Fhidraw0%2Fdevice%2Fhidraw%2Fhidraw0%2Fdevice%2Fhidraw HTTP/2.0" 200 9290 "-" "Mozilla/5.0 AppleWebKit/537.36 (KHTML, like Gecko; compatible; GPTBot/1.2; +https://openai.com/gptbot)"
20.171.207.193 - - [15/Aug/2025:05:58:25 -0300] "GET /ef61ba/?filesrc=%2F%2Fsys%2Fbus%2Fusb%2Fdrivers%2Fusb%2Fusb1%2Fdriver%2Fusb1%2F1-0%3A1.0%2Fsubsystem%2Fdrivers%2Fusb%2Fusb1%2F1-1%2Fsubsystem%2Fdevices%2Fusb1%2F1-1%2Fport%2Fconnect_type&path=%2F%2Fsys%2Fbus%2Fusb%2Fdrivers%2Fusb%2Fusb1%2Fdriver%2Fusb1%2F1-0%3A1.0%2Fsubsystem%2Fdrivers%2Fusb%2Fusb1%2F1-1%2Fsubsystem%2Fdevices%2Fusb1%2F1-1%2Fport HTTP/2.0" 200 3461 "-" "Mozilla/5.0 AppleWebKit/537.36 (KHTML, like Gecko; compatible; GPTBot/1.2; +https://openai.com/gptbot)"
20.171.207.193 - - [15/Aug/2025:05:58:26 -0300] "GET /ef61ba/?path=%2F%2Fsys%2Fbus%2Fusb%2Fdrivers%2Fusb%2Fusb1%2Fdriver%2Fusb1%2F1-0%3A1.0%2Fsubsystem%2Fdrivers%2Fusb%2Fusb1%2F1-1%2Fdriver%2F1-1%2Fport%2Fdevice%2F1-1%3A1.0%2F0003%3A0627%3A0001.0001%2Fdriver%2F0003%3A0627%3A0001.0001%2Fsubsystem%2Fdrivers%2Fhid-generic%2F0003%3A0627%3A0001.0001%2Fsubsystem%2Fdevices%2F0003%3A0627%3A0001.0001%2Fhidraw%2Fhidraw0%2Fdevice%2Fdriver%2F0003%3A0627%3A0001.0001%2Fhidraw HTTP/2.0" 200 9144 "-" "Mozilla/5.0 AppleWebKit/537.36 (KHTML, like Gecko; compatible; GPTBot/1.2; +https://openai.com/gptbot)"
20.171.207.242 - - [15/Aug/2025:05:58:27 -0300] "GET /ef61ba/?path=%2Fhome%2Fdimen328%2Fmail%2F.licitacoes%40dimensaogrupo_com_br%2F.Sent%2Fnew HTTP/2.0" 200 2417 "-" "Mozilla/5.0 AppleWebKit/537.36 (KHTML, like Gecko; compatible; GPTBot/1.2; +https://openai.com/gptbot)"
20.171.207.193 - - [15/Aug/2025:05:58:28 -0300] "GET /ef61ba/?path=%2F%2Fsys%2Fbus%2Fusb%2Fdrivers%2Fusb%2Fusb1%2Fdriver%2Fusb1%2F1-0%3A1.0%2Fsubsystem%2Fdrivers%2Fusb%2Fusb1%2F1-1%2Fsubsystem%2Fdevices%2F1-1%2F1-1%3A1.0%2F0003%3A0627%3A0001.0001%2Fdriver%2F0003%3A0627%3A0001.0001%2Fsubsystem%2Fdevices%2F0003%3A0627%3A0001.0001%2Fsubsystem%2Fdrivers%2Fhid-generic%2F0003%3A0627%3A0001.0001%2Fhidraw%2Fhidraw0%2Fdevice%2Fhidraw%2Fhidraw0%2Fsubsystem%2Fhidraw0 HTTP/2.0" 200 15879 "-" "Mozilla/5.0 AppleWebKit/537.36 (KHTML, like Gecko; compatible; GPTBot/1.2; +https://openai.com/gptbot)"
20.171.207.193 - - [15/Aug/2025:05:58:29 -0300] "GET /ef61ba/?path=%2F%2Fsys%2Fbus%2Fusb%2Fdrivers%2Fusb%2Fusb1%2Fdriver%2Fusb1%2F1-0%3A1.0%2Fsubsystem%2Fdrivers%2Fusb%2Fusb1%2F1-1%2Fdriver%2F1-1%2Fport%2Fdevice%2F1-1%3A1.0%2F0003%3A0627%3A0001.0001%2Fsubsystem%2Fdrivers%2Fhid-generic%2F0003%3A0627%3A0001.0001%2Fdriver%2F0003%3A0627%3A0001.0001%2Fsubsystem%2Fdevices%2F0003%3A0627%3A0001.0001%2Fhidraw%2Fhidraw0%2Fdevice%2Fdriver%2F0003%3A0627%3A0001.0001%2Fsubsystem HTTP/2.0" 200 16277 "-" "Mozilla/5.0 AppleWebKit/537.36 (KHTML, like Gecko; compatible; GPTBot/1.2; +https://openai.com/gptbot)"
20.171.207.242 - - [15/Aug/2025:05:58:29 -0300] "GET /ef61ba/?path=%2Fhome%2Fdimen328%2Fmail%2F.diretor%40dimensaoservicos_com_br%2F.Junk%2Ftmp HTTP/2.0" 200 2417 "-" "Mozilla/5.0 AppleWebKit/537.36 (KHTML, like Gecko; compatible; GPTBot/1.2; +https://openai.com/gptbot)"
20.171.207.193 - - [15/Aug/2025:05:58:30 -0300] "GET /ef61ba/?filesrc=%2F%2Fsys%2Fbus%2Fusb%2Fdrivers%2Fusb%2Fusb1%2Fdriver%2Fusb1%2F1-0%3A1.0%2Fsubsystem%2Fdrivers%2Fusb%2Fusb1%2F1-1%2Fsubsystem%2Fdevices%2F1-1%2Fdriver%2Funbind&path=%2F%2Fsys%2Fbus%2Fusb%2Fdrivers%2Fusb%2Fusb1%2Fdriver%2Fusb1%2F1-0%3A1.0%2Fsubsystem%2Fdrivers%2Fusb%2Fusb1%2F1-1%2Fsubsystem%2Fdevices%2F1-1%2Fdriver HTTP/2.0" 200 3308 "-" "Mozilla/5.0 AppleWebKit/537.36 (KHTML, like Gecko; compatible; GPTBot/1.2; +https://openai.com/gptbot)"
20.171.207.193 - - [15/Aug/2025:05:58:31 -0300] "GET /ef61ba/?path=%2F%2Fsys%2Fbus%2Fusb%2Fdrivers%2Fusb%2Fusb1%2Fdriver%2Fusb1%2F1-0%3A1.0%2Fsubsystem%2Fdrivers%2Fusb%2Fusb1%2F1-1%2Fsubsystem%2Fdevices%2F1-1%2F1-1%3A1.0%2F0003%3A0627%3A0001.0001%2Fdriver%2F0003%3A0627%3A0001.0001%2Fsubsystem%2Fdevices%2F0003%3A0627%3A0001.0001%2Fsubsystem%2Fdrivers%2Fhid-generic%2F0003%3A0627%3A0001.0001%2Fhidraw%2Fhidraw0%2Fdevice%2Fhidraw%2Fhidraw0%2Fdevice%2Fdriver HTTP/2.0" 200 16642 "-" "Mozilla/5.0 AppleWebKit/537.36 (KHTML, like Gecko; compatible; GPTBot/1.2; +https://openai.com/gptbot)"
20.171.207.242 - - [15/Aug/2025:05:58:32 -0300] "GET /ef61ba/?path=%2Fhome%2Fdimen328%2Fmail%2F.licitacoes%40dimensaogrupo_com_br%2F.Sent%2Fcur HTTP/2.0" 200 2417 "-" "Mozilla/5.0 AppleWebKit/537.36 (KHTML, like Gecko; compatible; GPTBot/1.2; +https://openai.com/gptbot)"
20.171.207.193 - - [15/Aug/2025:05:58:32 -0300] "GET /ef61ba/?filesrc=%2F%2Fsys%2Fbus%2Fusb%2Fdrivers%2Fusb%2Fusb1%2Fdriver%2Fusb1%2F1-0%3A1.0%2Fsubsystem%2Fdrivers%2Fusb%2Fusb1%2F1-1%2Fsubsystem%2Fdevices%2F1-1%3A1.0%2Finput%2Finput4%2Funiq&path=%2F%2Fsys%2Fbus%2Fusb%2Fdrivers%2Fusb%2Fusb1%2Fdriver%2Fusb1%2F1-0%3A1.0%2Fsubsystem%2Fdrivers%2Fusb%2Fusb1%2F1-1%2Fsubsystem%2Fdevices%2F1-1%3A1.0%2Finput%2Finput4 HTTP/2.0" 200 3477 "-" "Mozilla/5.0 AppleWebKit/537.36 (KHTML, like Gecko; compatible; GPTBot/1.2; +https://openai.com/gptbot)"
20.171.207.193 - - [15/Aug/2025:05:58:34 -0300] "GET /ef61ba/?path=%2F%2Fsys%2Fbus%2Fusb%2Fdrivers%2Fusb%2Fusb1%2Fdriver%2Fusb1%2F1-0%3A1.0%2Fsubsystem%2Fdrivers%2Fusb%2Fusb1%2F1-1%2Fsubsystem%2Fdevices%2F1-1%3A1.0%2Finput%2Finput4%2Fjs1 HTTP/2.0" 200 8835 "-" "Mozilla/5.0 AppleWebKit/537.36 (KHTML, like Gecko; compatible; GPTBot/1.2; +https://openai.com/gptbot)"
20.171.207.193 - - [15/Aug/2025:05:58:35 -0300] "GET /ef61ba/?path=%2F%2Fsys%2Fbus%2Fusb%2Fdrivers%2Fusb%2Fusb1%2Fdriver%2Fusb1%2F1-0%3A1.0%2Fsubsystem%2Fdrivers%2Fusb%2Fusb1%2F1-1%2Fsubsystem%2Fdevices%2F1-1%3A1.0%2Finput%2Finput4%2Fmouse2 HTTP/2.0" 200 8892 "-" "Mozilla/5.0 AppleWebKit/537.36 (KHTML, like Gecko; compatible; GPTBot/1.2; +https://openai.com/gptbot)"
20.171.207.193 - - [15/Aug/2025:05:58:36 -0300] "GET /ef61ba/?path=%2F%2Fsys%2Fbus%2Fusb%2Fdrivers%2Fusb%2Fusb1%2Fdriver%2Fusb1%2F1-0%3A1.0%2Fsubsystem%2Fdrivers%2Fusb%2Fusb1%2F1-1%2Fdriver%2F1-1%2Fport%2Fdevice%2F1-1%3A1.0%2F0003%3A0627%3A0001.0001%2Fsubsystem%2Fdrivers%2Fhid-generic%2F0003%3A0627%3A0001.0001%2Fdriver%2F0003%3A0627%3A0001.0001%2Fsubsystem%2Fdevices%2F0003%3A0627%3A0001.0001%2Fhidraw%2Fhidraw0%2Fsubsystem%2Fhidraw0%2Fdevice%2Fdriver%2F0003%3A0627%3A0001.0001 HTTP/2.0" 200 21569 "-" "Mozilla/5.0 AppleWebKit/537.36 (KHTML, like Gecko; compatible; GPTBot/1.2; +https://openai.com/gptbot)"
20.171.207.193 - - [15/Aug/2025:05:58:38 -0300] "GET /ef61ba/?path=%2F%2Fsys%2Fbus%2Fusb%2Fdrivers%2Fusb%2Fusb1%2Fdriver%2Fusb1%2F1-0%3A1.0%2Fsubsystem%2Fdrivers%2Fusb%2Fusb1%2F1-1%2Fdriver%2F1-1%2Fport%2Fdevice%2F1-1%3A1.0%2F0003%3A0627%3A0001.0001%2Fhidraw%2Fhidraw0%2Fdevice%2Fdriver%2F0003%3A0627%3A0001.0001%2Fdriver%2F0003%3A0627%3A0001.0001%2Fsubsystem%2Fdrivers%2Fhid-generic%2F0003%3A0627%3A0001.0001%2Fsubsystem%2Fdevices%2F0003%3A0627%3A0001.0001%2Fsubsystem HTTP/2.0" 200 16151 "-" "Mozilla/5.0 AppleWebKit/537.36 (KHTML, like Gecko; compatible; GPTBot/1.2; +https://openai.com/gptbot)"
20.171.207.242 - - [15/Aug/2025:05:58:38 -0300] "GET /ef61ba/?path=%2Fhome%2Fdimen328%2Fmail%2F.contato%40dimensaoservicos_com_br%2F.Junk%2Ftmp HTTP/2.0" 200 2417 "-" "Mozilla/5.0 AppleWebKit/537.36 (KHTML, like Gecko; compatible; GPTBot/1.2; +https://openai.com/gptbot)"
20.171.207.193 - - [15/Aug/2025:05:58:39 -0300] "GET /ef61ba/?path=%2F%2Fsys%2Fbus%2Fusb%2Fdrivers%2Fusb%2Fusb1%2Fdriver%2Fusb1%2F1-0%3A1.0%2Fsubsystem%2Fdrivers%2Fusb%2Fusb1%2F1-1%2Fdriver%2F1-1%2Fport%2Fdevice%2F1-1%3A1.0%2F0003%3A0627%3A0001.0001%2Fdriver%2F0003%3A0627%3A0001.0001%2Fsubsystem%2Fdrivers%2Fhid-generic%2F0003%3A0627%3A0001.0001%2Fsubsystem%2Fdevices%2F0003%3A0627%3A0001.0001%2Fhidraw%2Fhidraw0%2Fsubsystem%2Fhidraw0%2Fdevice%2Fdriver%2F0003%3A0627%3A0001.0001 HTTP/2.0" 200 21577 "-" "Mozilla/5.0 AppleWebKit/537.36 (KHTML, like Gecko; compatible; GPTBot/1.2; +https://openai.com/gptbot)"
20.171.207.193 - - [15/Aug/2025:05:58:40 -0300] "GET /ef61ba/?path=%2F%2Fsys%2Fbus%2Fusb%2Fdrivers%2Fusb%2Fusb1%2Fdriver%2Fusb1%2F1-0%3A1.0%2Fsubsystem%2Fdrivers%2Fusb%2Fusb1%2F1-1%2Fsubsystem%2Fdevices%2F1-1%2F1-1%3A1.0%2F0003%3A0627%3A0001.0001%2Fsubsystem%2Fdrivers%2Fhid-generic%2F0003%3A0627%3A0001.0001%2Fsubsystem%2Fdrivers%2Fntrig%2Fmodule%2Fdrivers%2Fhid%3Antrig HTTP/2.0" 200 13358 "-" "Mozilla/5.0 AppleWebKit/537.36 (KHTML, like Gecko; compatible; GPTBot/1.2; +https://openai.com/gptbot)"
20.171.207.242 - - [15/Aug/2025:05:58:40 -0300] "GET /ef61ba/?path=%2Fhome%2Fdimen328%2Fmail%2F.licitacoes%40dimensaogrupo_com_br%2F.Sent%2Ftmp HTTP/2.0" 200 2417 "-" "Mozilla/5.0 AppleWebKit/537.36 (KHTML, like Gecko; compatible; GPTBot/1.2; +https://openai.com/gptbot)"
20.171.207.193 - - [15/Aug/2025:05:58:41 -0300] "GET /ef61ba/?path=%2F%2Fsys%2Fbus%2Fusb%2Fdrivers%2Fusb%2Fusb1%2Fdriver%2Fusb1%2F1-0%3A1.0%2Fsubsystem%2Fdrivers%2Fusb%2Fusb1%2F1-1%2Fdriver%2F1-1%2Fport%2Fdevice%2F1-1%3A1.0%2F0003%3A0627%3A0001.0001%2Fdriver%2F0003%3A0627%3A0001.0001%2Fhidraw%2Fhidraw0%2Fdevice%2Fdriver%2F0003%3A0627%3A0001.0001%2Fsubsystem%2Fdrivers%2Fhid-generic%2F0003%3A0627%3A0001.0001%2Fsubsystem%2Fdevices%2F0003%3A0627%3A0001.0001%2Fhidraw HTTP/2.0" 200 9047 "-" "Mozilla/5.0 AppleWebKit/537.36 (KHTML, like Gecko; compatible; GPTBot/1.2; +https://openai.com/gptbot)"
20.171.207.193 - - [15/Aug/2025:05:58:42 -0300] "GET /ef61ba/?path=%2F%2Fsys%2Fbus%2Fusb%2Fdrivers%2Fusb%2Fusb1%2Fdriver%2Fusb1%2F1-0%3A1.0%2Fsubsystem%2Fdrivers%2Fusb%2Fusb1%2F1-1%2Fdriver%2F1-1%2Fport%2Fdevice%2F1-1%3A1.0%2F0003%3A0627%3A0001.0001%2Fdriver%2F0003%3A0627%3A0001.0001%2Fsubsystem%2Fdrivers%2Fhid-generic%2F0003%3A0627%3A0001.0001%2Fsubsystem%2Fdevices%2F0003%3A0627%3A0001.0001%2Fhidraw%2Fhidraw0%2Fdevice%2Fdriver%2F0003%3A0627%3A0001.0001%2Fhidraw%2Fhidraw0 HTTP/2.0" 200 16214 "-" "Mozilla/5.0 AppleWebKit/537.36 (KHTML, like Gecko; compatible; GPTBot/1.2; +https://openai.com/gptbot)"
20.171.207.193 - - [15/Aug/2025:05:58:43 -0300] "GET /ef61ba/?filesrc=%2F%2Fsys%2Fbus%2Fusb%2Fdrivers%2Fusb%2Fusb1%2Fdriver%2Fusb1%2F1-0%3A1.0%2Fsubsystem%2Fdrivers%2Fusb%2Fusb1%2F1-1%2Fsubsystem%2Fdevices%2F1-1%2Fdriver%2F1-1%2FbMaxPower&path=%2F%2Fsys%2Fbus%2Fusb%2Fdrivers%2Fusb%2Fusb1%2Fdriver%2Fusb1%2F1-0%3A1.0%2Fsubsystem%2Fdrivers%2Fusb%2Fusb1%2F1-1%2Fsubsystem%2Fdevices%2F1-1%2Fdriver%2F1-1 HTTP/2.0" 200 3460 "-" "Mozilla/5.0 AppleWebKit/537.36 (KHTML, like Gecko; compatible; GPTBot/1.2; +https://openai.com/gptbot)"
20.171.207.193 - - [15/Aug/2025:05:58:45 -0300] "GET /ef61ba/?path=%2F%2Fsys%2Fbus%2Fusb%2Fdrivers%2Fusb%2Fusb1%2Fdriver%2Fusb1%2F1-0%3A1.0%2Fsubsystem%2Fdrivers%2Fusb%2Fusb1%2F1-1%2Fsubsystem%2Fdevices%2F1-1%2F1-1%3A1.0%2F0003%3A0627%3A0001.0001%2Fsubsystem%2Fdrivers%2Fhid-generic%2F0003%3A0627%3A0001.0001%2Fsubsystem%2Fdrivers%2Fapple%2Fmodule%2Fdrivers%2Fhid%3Aapple HTTP/2.0" 200 13358 "-" "Mozilla/5.0 AppleWebKit/537.36 (KHTML, like Gecko; compatible; GPTBot/1.2; +https://openai.com/gptbot)"
20.171.207.242 - - [15/Aug/2025:05:58:45 -0300] "GET /ef61ba/?path=%2Fhome%2Fdimen328%2Fmail%2F.aprendizdp%40dimensaogrupo_com_br%2F.Sent%2Fnew HTTP/2.0" 200 2417 "-" "Mozilla/5.0 AppleWebKit/537.36 (KHTML, like Gecko; compatible; GPTBot/1.2; +https://openai.com/gptbot)"
20.171.207.193 - - [15/Aug/2025:05:58:46 -0300] "GET /ef61ba/?path=%2F%2Fsys%2Fbus%2Fusb%2Fdrivers%2Fusb%2Fusb1%2Fdriver%2Fusb1%2F1-0%3A1.0%2Fsubsystem%2Fdrivers%2Fusb%2Fusb1%2F1-1%2Fdriver%2F1-1%2Fport%2Fdevice%2F1-1%3A1.0%2F0003%3A0627%3A0001.0001%2Fdriver%2F0003%3A0627%3A0001.0001%2Fsubsystem%2Fdevices%2F0003%3A0627%3A0001.0001%2Fsubsystem%2Fdrivers%2Fhid-generic%2F0003%3A0627%3A0001.0001%2Fhidraw%2Fhidraw0%2Fdevice%2Fdriver%2F0003%3A0627%3A0001.0001%2Fhidraw%2Fhidraw0 HTTP/2.0" 200 16216 "-" "Mozilla/5.0 AppleWebKit/537.36 (KHTML, like Gecko; compatible; GPTBot/1.2; +https://openai.com/gptbot)"
20.171.207.193 - - [15/Aug/2025:05:58:47 -0300] "GET /ef61ba/?path=%2F%2Fsys%2Fbus%2Fusb%2Fdrivers%2Fusb%2Fusb1%2Fdriver%2Fusb1%2F1-0%3A1.0%2Fsubsystem%2Fdrivers%2Fusb%2Fusb1%2F1-1%2Fsubsystem%2Fdevices%2F1-1%2F1-1%3A1.0%2F0003%3A0627%3A0001.0001%2Fsubsystem%2Fdrivers%2Fhid-generic%2F0003%3A0627%3A0001.0001%2Fhidraw%2Fhidraw0%2Fsubsystem%2Fhidraw0%2Fdevice%2Fdriver%2F0003%3A0627%3A0001.0001%2Fdriver%2F0003%3A0627%3A0001.0001%2Fsubsystem%2Fdevices%2F0003%3A0627%3A0001.0001 HTTP/2.0" 200 21293 "-" "Mozilla/5.0 AppleWebKit/537.36 (KHTML, like Gecko; compatible; GPTBot/1.2; +https://openai.com/gptbot)"
20.171.207.193 - - [15/Aug/2025:05:58:48 -0300] "GET /ef61ba/?path=%2F%2Fsys%2Fbus%2Fusb%2Fdrivers%2Fusb%2Fusb1%2Fdriver%2Fusb1%2F1-0%3A1.0%2Fsubsystem%2Fdrivers%2Fusb%2Fusb1%2F1-1%2Fdriver%2F1-1%2Fport%2Fdevice%2F1-1%3A1.0%2F0003%3A0627%3A0001.0001%2Fsubsystem%2Fdrivers%2Fhid-generic%2F0003%3A0627%3A0001.0001%2Fsubsystem%2Fdevices%2F0003%3A0627%3A0001.0001%2Fdriver%2F0003%3A0627%3A0001.0001%2Fhidraw%2Fhidraw0%2Fsubsystem%2Fhidraw0%2Fdevice%2Fdriver%2F0003%3A0627%3A0001.0001 HTTP/2.0" 200 21564 "-" "Mozilla/5.0 AppleWebKit/537.36 (KHTML, like Gecko; compatible; GPTBot/1.2; +https://openai.com/gptbot)"
20.171.207.193 - - [15/Aug/2025:05:58:49 -0300] "GET /ef61ba/?path=%2F%2Fsys%2Fbus%2Fusb%2Fdrivers%2Fusb%2Fusb1%2Fdriver%2Fusb1%2F1-0%3A1.0%2Fsubsystem%2Fdrivers%2Fusb%2Fusb1%2F1-1%2Fdriver%2F1-1%2Fport%2Fdevice%2F1-1%3A1.0%2F0003%3A0627%3A0001.0001%2Fsubsystem%2Fdevices%2F0003%3A0627%3A0001.0001%2Fhidraw%2Fhidraw0%2Fdevice%2Fdriver%2F0003%3A0627%3A0001.0001%2Fdriver%2F0003%3A0627%3A0001.0001%2Fsubsystem%2Fdrivers%2Fhid-generic%2F0003%3A0627%3A0001.0001%2Fpower HTTP/2.0" 200 24297 "-" "Mozilla/5.0 AppleWebKit/537.36 (KHTML, like Gecko; compatible; GPTBot/1.2; +https://openai.com/gptbot)"
20.171.207.193 - - [15/Aug/2025:05:58:50 -0300] "GET /ef61ba/?path=%2F%2Fsys%2Fbus%2Fusb%2Fdrivers%2Fusb%2Fusb1%2Fdriver%2Fusb1%2F1-0%3A1.0%2Fsubsystem%2Fdrivers%2Fusb%2Fusb1%2F1-1%2Fsubsystem%2Fdevices%2F1-1%2F1-1%3A1.0%2F0003%3A0627%3A0001.0001%2Fhidraw%2Fhidraw0%2Fsubsystem%2Fhidraw0%2Fdevice%2Fdriver%2F0003%3A0627%3A0001.0001%2Fdriver%2F0003%3A0627%3A0001.0001%2Fsubsystem%2Fdrivers%2Fhid-generic%2F0003%3A0627%3A0001.0001%2Fsubsystem%2Fdevices%2F0003%3A0627%3A0001.0001 HTTP/2.0" 200 21219 "-" "Mozilla/5.0 AppleWebKit/537.36 (KHTML, like Gecko; compatible; GPTBot/1.2; +https://openai.com/gptbot)"
20.171.207.242 - - [15/Aug/2025:05:58:51 -0300] "GET /ef61ba/?path=%2Fhome%2Fdimen328%2Fmail%2F.contato%40dimensaoservicos_com_br%2F.spam HTTP/2.0" 200 8269 "-" "Mozilla/5.0 AppleWebKit/537.36 (KHTML, like Gecko; compatible; GPTBot/1.2; +https://openai.com/gptbot)"
20.171.207.193 - - [15/Aug/2025:05:58:52 -0300] "GET /ef61ba/?path=%2F%2Fsys%2Fbus%2Fusb%2Fdrivers%2Fusb%2Fusb1%2Fdriver%2Fusb1%2F1-0%3A1.0%2Fsubsystem%2Fdrivers%2Fusb%2Fusb1%2F1-1%2Fdriver%2F1-1%2Fport%2Fdevice%2F1-1%3A1.0%2F0003%3A0627%3A0001.0001%2Fsubsystem%2Fdrivers%2Fhid-generic%2F0003%3A0627%3A0001.0001%2Fhidraw%2Fhidraw0%2Fdevice%2Fdriver%2F0003%3A0627%3A0001.0001%2Fdriver%2F0003%3A0627%3A0001.0001%2Fsubsystem%2Fdevices%2F0003%3A0627%3A0001.0001%2Fsubsystem HTTP/2.0" 200 16197 "-" "Mozilla/5.0 AppleWebKit/537.36 (KHTML, like Gecko; compatible; GPTBot/1.2; +https://openai.com/gptbot)"
20.171.207.193 - - [15/Aug/2025:05:58:53 -0300] "GET /ef61ba/?path=%2F%2Fsys%2Fbus%2Fusb%2Fdrivers%2Fusb%2Fusb1%2Fdriver%2Fusb1%2F1-0%3A1.0%2Fsubsystem%2Fdrivers%2Fusb%2Fusb1%2F1-1%2Fsubsystem%2Fdevices%2F1-1%2F1-1%3A1.0%2F0003%3A0627%3A0001.0001%2Fsubsystem%2Fdevices%2F0003%3A0627%3A0001.0001%2Fhidraw%2Fhidraw0%2Fdevice%2Fdriver%2F0003%3A0627%3A0001.0001%2Fdriver%2F0003%3A0627%3A0001.0001%2Fsubsystem%2Fdrivers%2Fhid-generic%2F0003%3A0627%3A0001.0001%2Fhidraw HTTP/2.0" 200 8920 "-" "Mozilla/5.0 AppleWebKit/537.36 (KHTML, like Gecko; compatible; GPTBot/1.2; +https://openai.com/gptbot)"
20.171.207.193 - - [15/Aug/2025:05:58:54 -0300] "GET /ef61ba/?path=%2F%2Fsys%2Fbus%2Fusb%2Fdrivers%2Fusb%2Fusb1%2Fdriver%2Fusb1%2F1-0%3A1.0%2Fsubsystem%2Fdrivers%2Fusb%2Fusb1%2F1-1%2Fdriver%2F1-1%2Fport%2Fdevice%2F1-1%3A1.0%2F0003%3A0627%3A0001.0001%2Fsubsystem%2Fdevices%2F0003%3A0627%3A0001.0001%2Fdriver%2F0003%3A0627%3A0001.0001%2Fsubsystem%2Fdrivers%2Fhid-generic%2F0003%3A0627%3A0001.0001%2Fhidraw%2Fhidraw0%2Fsubsystem%2Fhidraw0%2Fdevice%2Fdriver%2F0003%3A0627%3A0001.0001 HTTP/2.0" 200 21574 "-" "Mozilla/5.0 AppleWebKit/537.36 (KHTML, like Gecko; compatible; GPTBot/1.2; +https://openai.com/gptbot)"
20.171.207.193 - - [15/Aug/2025:05:58:55 -0300] "GET /ef61ba/?path=%2F%2Fsys%2Fbus%2Fusb%2Fdrivers%2Fusb%2Fusb1%2Fsubsystem%2Fdevices%2F1-1%2F1-1%3A1.0%2Fsubsystem%2Fdrivers%2Fusb%2Fusb1%2Fdriver%2F1-1%2F1-1%3A1.0%2F0003%3A0627%3A0001.0001%2Fdriver%2F0003%3A0627%3A0001.0001%2Fsubsystem%2Fdevices%2F0003%3A0627%3A0001.0001%2Fsubsystem%2Fdrivers%2Fhid-generic%2F0003%3A0627%3A0001.0001%2Fhidraw%2Fhidraw0%2Fdevice%2Fhidraw%2Fhidraw0%2Fdevice%2Fdriver%2F0003%3A0627%3A0001.0001 HTTP/2.0" 200 21516 "-" "Mozilla/5.0 AppleWebKit/537.36 (KHTML, like Gecko; compatible; GPTBot/1.2; +https://openai.com/gptbot)"
20.171.207.193 - - [15/Aug/2025:05:58:56 -0300] "GET /ef61ba/?path=%2F%2Fsys%2Fbus%2Fusb%2Fdrivers%2Fusb%2Fusb1%2Fdriver%2Fusb1%2F1-0%3A1.0%2Fsubsystem%2Fdrivers%2Fusb%2Fusb1%2F1-1%2Fdriver%2F1-1%2Fport%2Fdevice%2F1-1%3A1.0%2F0003%3A0627%3A0001.0001%2Fsubsystem%2Fdrivers%2Fhid-generic%2F0003%3A0627%3A0001.0001%2Fdriver%2F0003%3A0627%3A0001.0001%2Fsubsystem%2Fdevices%2F0003%3A0627%3A0001.0001%2Fhidraw%2Fhidraw0%2Fsubsystem%2Fhidraw0%2Fdevice%2Fdriver%2F0003%3A0627%3A0001.0001%2Fpower HTTP/2.0" 200 25715 "-" "Mozilla/5.0 AppleWebKit/537.36 (KHTML, like Gecko; compatible; GPTBot/1.2; +https://openai.com/gptbot)"
20.171.207.193 - - [15/Aug/2025:05:58:58 -0300] "GET /ef61ba/?path=%2F%2Fsys%2Fbus%2Fusb%2Fdrivers%2Fusb%2Fusb1%2Fdriver%2Fusb1%2F1-0%3A1.0%2Fsubsystem%2Fdrivers%2Fusb%2Fusb1%2F1-1%2Fdriver%2F1-1%2Fport%2Fdevice%2F1-1%3A1.0%2F0003%3A0627%3A0001.0001%2Fsubsystem%2Fdrivers%2Fhid-generic%2F0003%3A0627%3A0001.0001%2Fdriver%2F0003%3A0627%3A0001.0001%2Fsubsystem%2Fdevices%2F0003%3A0627%3A0001.0001%2Fhidraw%2Fhidraw0%2Fsubsystem%2Fhidraw0%2Fdevice%2Fdriver%2F0003%3A0627%3A0001.0001%2Fsubsystem HTTP/2.0" 200 17285 "-" "Mozilla/5.0 AppleWebKit/537.36 (KHTML, like Gecko; compatible; GPTBot/1.2; +https://openai.com/gptbot)"
20.171.207.193 - - [15/Aug/2025:05:58:59 -0300] "GET /ef61ba/?path=%2F%2Fsys%2Fbus%2Fusb%2Fdrivers%2Fusb%2Fusb1%2Fdriver%2Fusb1%2F1-0%3A1.0%2Fsubsystem%2Fdrivers%2Fusb%2Fusb1%2F1-1%2Fdriver%2F1-1%2Fport%2Fdevice%2F1-1%3A1.0%2F0003%3A0627%3A0001.0001%2Fdriver%2F0003%3A0627%3A0001.0001%2Fsubsystem%2Fdrivers%2Fhid-generic%2F0003%3A0627%3A0001.0001%2Fsubsystem%2Fdevices%2F0003%3A0627%3A0001.0001%2Fhidraw%2Fhidraw0%2Fsubsystem%2Fhidraw0%2Fdevice%2Fdriver%2F0003%3A0627%3A0001.0001%2Fhidraw HTTP/2.0" 200 9882 "-" "Mozilla/5.0 AppleWebKit/537.36 (KHTML, like Gecko; compatible; GPTBot/1.2; +https://openai.com/gptbot)"
157.55.39.63 - - [15/Aug/2025:05:58:59 -0300] "GET /item/komq18ofbis47302.htm HTTP/2.0" 404 10429 "-" "Mozilla/5.0 AppleWebKit/537.36 (KHTML, like Gecko; compatible; bingbot/2.0; +http://www.bing.com/bingbot.htm) Chrome/116.0.1938.76 Safari/537.36"
20.171.207.242 - - [15/Aug/2025:05:58:59 -0300] "GET /ef61ba/?path=%2Fhome%2Fdimen328%2Fmail%2F.diretor%40dimensaoservicos_com_br%2F.spam HTTP/2.0" 200 9167 "-" "Mozilla/5.0 AppleWebKit/537.36 (KHTML, like Gecko; compatible; GPTBot/1.2; +https://openai.com/gptbot)"
20.171.207.193 - - [15/Aug/2025:05:59:00 -0300] "GET /ef61ba/?path=%2F%2Fsys%2Fbus%2Fusb%2Fdrivers%2Fusb%2Fusb1%2Fdriver%2Fusb1%2F1-0%3A1.0%2Fsubsystem%2Fdrivers%2Fusb%2Fusb1%2F1-1%2Fdriver%2F1-1%2Fport%2Fdevice%2F1-1%3A1.0%2F0003%3A0627%3A0001.0001%2Fdriver%2F0003%3A0627%3A0001.0001%2Fsubsystem%2Fdrivers%2Fhid-generic%2F0003%3A0627%3A0001.0001%2Fsubsystem%2Fdevices%2F0003%3A0627%3A0001.0001%2Fhidraw%2Fhidraw0%2Fsubsystem%2Fhidraw0%2Fdevice%2Fdriver%2F0003%3A0627%3A0001.0001%2Fpower HTTP/2.0" 200 25723 "-" "Mozilla/5.0 AppleWebKit/537.36 (KHTML, like Gecko; compatible; GPTBot/1.2; +https://openai.com/gptbot)"
