217.113.194.220 - - [14/Aug/2025:22:21:08 -0300] "GET /media/images/?C=N;O=D HTTP/1.1" 200 2585 "-" "Mozilla/5.0 (compatible; Barkrowler/0.9; +https://babbar.tech/crawler)"
217.113.194.246 - - [14/Aug/2025:22:21:15 -0300] "GET /admin/media/img/ HTTP/1.1" 200 2046 "-" "Mozilla/5.0 (compatible; Barkrowler/0.9; +https://babbar.tech/crawler)"
217.113.194.86 - - [14/Aug/2025:22:21:38 -0300] "GET /media/images/?C=S;O=A HTTP/1.1" 200 2585 "-" "Mozilla/5.0 (compatible; Barkrowler/0.9; +https://babbar.tech/crawler)"
217.113.194.220 - - [14/Aug/2025:22:21:46 -0300] "GET /media/css/?C=D;O=A HTTP/1.1" 200 2429 "-" "Mozilla/5.0 (compatible; Barkrowler/0.9; +https://babbar.tech/crawler)"
217.113.194.82 - - [14/Aug/2025:22:22:08 -0300] "GET /media/images/noticias/ HTTP/1.1" 200 1574 "-" "Mozilla/5.0 (compatible; Barkrowler/0.9; +https://babbar.tech/crawler)"
217.113.194.219 - - [14/Aug/2025:22:22:15 -0300] "GET /media/images/?C=N;O=D HTTP/1.1" 200 2585 "-" "Mozilla/5.0 (compatible; Barkrowler/0.9; +https://babbar.tech/crawler)"
217.113.194.88 - - [14/Aug/2025:22:22:38 -0300] "GET /media/js/?C=N;O=D HTTP/1.1" 200 2787 "-" "Mozilla/5.0 (compatible; Barkrowler/0.9; +https://babbar.tech/crawler)"
217.113.194.83 - - [14/Aug/2025:22:22:45 -0300] "GET /media/images/?C=S;O=A HTTP/1.1" 200 2585 "-" "Mozilla/5.0 (compatible; Barkrowler/0.9; +https://babbar.tech/crawler)"
217.113.194.86 - - [14/Aug/2025:22:23:08 -0300] "GET /media/js/?C=M;O=A HTTP/1.1" 200 2787 "-" "Mozilla/5.0 (compatible; Barkrowler/0.9; +https://babbar.tech/crawler)"
217.113.194.90 - - [14/Aug/2025:22:23:15 -0300] "GET /media/fonts/?C=M;O=A HTTP/1.1" 200 2693 "-" "Mozilla/5.0 (compatible; Barkrowler/0.9; +https://babbar.tech/crawler)"
217.113.194.85 - - [14/Aug/2025:22:23:38 -0300] "GET /media/fonts/?C=M;O=A HTTP/1.1" 200 2693 "-" "Mozilla/5.0 (compatible; Barkrowler/0.9; +https://babbar.tech/crawler)"
217.113.194.86 - - [14/Aug/2025:22:23:45 -0300] "GET /media/fonts/?C=S;O=A HTTP/1.1" 200 2693 "-" "Mozilla/5.0 (compatible; Barkrowler/0.9; +https://babbar.tech/crawler)"
85.208.96.205 - - [14/Aug/2025:22:24:07 -0300] "GET /admin/media/Highcharts-4.1.9/exporting-server/java/highcharts-export/highcharts-export-web/target/highcharts-export-web.war HTTP/1.1" 200 13347182 "-" "Mozilla/5.0 (compatible; SemrushBot/7~bl; +http://www.semrush.com/bot.html)"
217.113.194.90 - - [14/Aug/2025:22:24:09 -0300] "GET /media/fonts/?C=D;O=A HTTP/1.1" 200 2693 "-" "Mozilla/5.0 (compatible; Barkrowler/0.9; +https://babbar.tech/crawler)"
217.113.194.91 - - [14/Aug/2025:22:24:16 -0300] "GET /media/?C=S;O=D HTTP/1.1" 200 1292 "-" "Mozilla/5.0 (compatible; Barkrowler/0.9; +https://babbar.tech/crawler)"
217.113.194.220 - - [14/Aug/2025:22:24:37 -0300] "GET /admin/uploads/produtos/ HTTP/1.1" 200 648 "-" "Mozilla/5.0 (compatible; Barkrowler/0.9; +https://babbar.tech/crawler)"
217.113.194.82 - - [14/Aug/2025:22:24:44 -0300] "GET /admin/uploads/perfil/ HTTP/1.1" 200 827 "-" "Mozilla/5.0 (compatible; Barkrowler/0.9; +https://babbar.tech/crawler)"
217.113.194.219 - - [14/Aug/2025:22:25:07 -0300] "GET /admin/uploads/popup/ HTTP/1.1" 200 1048 "-" "Mozilla/5.0 (compatible; Barkrowler/0.9; +https://babbar.tech/crawler)"
217.113.194.85 - - [14/Aug/2025:22:25:13 -0300] "GET /admin/uploads/popup/ HTTP/1.1" 200 1048 "-" "Mozilla/5.0 (compatible; Barkrowler/0.9; +https://babbar.tech/crawler)"
217.113.194.90 - - [14/Aug/2025:22:25:36 -0300] "GET /admin/uploads/?C=N;O=D HTTP/1.1" 200 2573 "-" "Mozilla/5.0 (compatible; Barkrowler/0.9; +https://babbar.tech/crawler)"
114.119.155.235 - - [14/Aug/2025:22:25:39 -0300] "GET /admin/modules/sem_acesso/ HTTP/1.1" 200 2111 "http://libertysa.com.br/admin/modules/?C=N%3BO%3DD" "Mozilla/5.0 (Linux; Android 7.0;) AppleWebKit/537.36 (KHTML, like Gecko) Mobile Safari/537.36 (compatible; PetalBot;+https://webmaster.petalsearch.com/site/petalbot)"
217.113.194.82 - - [14/Aug/2025:22:25:45 -0300] "GET /admin/uploads/?C=N;O=D HTTP/1.1" 200 2573 "-" "Mozilla/5.0 (compatible; Barkrowler/0.9; +https://babbar.tech/crawler)"
217.113.194.88 - - [14/Aug/2025:22:26:10 -0300] "GET /admin/modules/usuarios/ HTTP/1.1" 200 1362 "-" "Mozilla/5.0 (compatible; Barkrowler/0.9; +https://babbar.tech/crawler)"
217.113.194.88 - - [14/Aug/2025:22:26:18 -0300] "GET /admin/modules/galerias/ HTTP/1.1" 200 1364 "-" "Mozilla/5.0 (compatible; Barkrowler/0.9; +https://babbar.tech/crawler)"
217.113.194.90 - - [14/Aug/2025:22:26:43 -0300] "GET /admin/modules/grupos/ HTTP/1.1" 200 1359 "-" "Mozilla/5.0 (compatible; Barkrowler/0.9; +https://babbar.tech/crawler)"
217.113.194.89 - - [14/Aug/2025:22:26:51 -0300] "GET /admin/modules/popup/ HTTP/1.1" 200 996 "-" "Mozilla/5.0 (compatible; Barkrowler/0.9; +https://babbar.tech/crawler)"
114.119.153.188 - - [14/Aug/2025:22:27:00 -0300] "GET /admin/modules/rodape/EditFormJS.js HTTP/1.1" 200 3992 "http://libertysa.com.br/admin/modules/rodape/?C=D%3BO%3DA" "Mozilla/5.0 (Linux; Android 7.0;) AppleWebKit/537.36 (KHTML, like Gecko) Mobile Safari/537.36 (compatible; PetalBot;+https://webmaster.petalsearch.com/site/petalbot)"
217.113.194.88 - - [14/Aug/2025:22:27:16 -0300] "GET /admin/modules/dados/ HTTP/1.1" 200 1549 "-" "Mozilla/5.0 (compatible; Barkrowler/0.9; +https://babbar.tech/crawler)"
217.113.194.89 - - [14/Aug/2025:22:27:25 -0300] "GET /admin/modules/grupos/ HTTP/1.1" 200 1359 "-" "Mozilla/5.0 (compatible; Barkrowler/0.9; +https://babbar.tech/crawler)"
217.113.194.82 - - [14/Aug/2025:22:27:49 -0300] "GET /admin/modules/paginas/ HTTP/1.1" 200 1545 "-" "Mozilla/5.0 (compatible; Barkrowler/0.9; +https://babbar.tech/crawler)"
217.113.194.87 - - [14/Aug/2025:22:27:56 -0300] "GET /admin/modules/noticias/ HTTP/1.1" 200 1370 "-" "Mozilla/5.0 (compatible; Barkrowler/0.9; +https://babbar.tech/crawler)"
217.113.194.89 - - [14/Aug/2025:22:28:23 -0300] "GET /admin/modules/newsletter/ HTTP/1.1" 200 1005 "-" "Mozilla/5.0 (compatible; Barkrowler/0.9; +https://babbar.tech/crawler)"
114.119.155.210 - - [14/Aug/2025:22:28:28 -0300] "GET /admin/media/font-awesome-4.1.0/fonts/fontawesome-webfont.eot HTTP/1.1" 200 56006 "http://libertysa.com.br/admin/media/font-awesome-4.1.0/fonts/?C=S%3BO%3DA" "Mozilla/5.0 (Linux; Android 7.0;) AppleWebKit/537.36 (KHTML, like Gecko) Mobile Safari/537.36 (compatible; PetalBot;+https://webmaster.petalsearch.com/site/petalbot)"
217.113.194.91 - - [14/Aug/2025:22:28:31 -0300] "GET /admin/modules/email/ HTTP/1.1" 200 642 "-" "Mozilla/5.0 (compatible; Barkrowler/0.9; +https://babbar.tech/crawler)"
217.113.194.220 - - [14/Aug/2025:22:28:55 -0300] "GET /admin/modules/?C=N;O=D HTTP/1.1" 200 6504 "-" "Mozilla/5.0 (compatible; Barkrowler/0.9; +https://babbar.tech/crawler)"
217.113.194.82 - - [14/Aug/2025:22:29:02 -0300] "GET /admin/modules/?C=N;O=D HTTP/1.1" 200 6504 "-" "Mozilla/5.0 (compatible; Barkrowler/0.9; +https://babbar.tech/crawler)"
217.113.194.219 - - [14/Aug/2025:22:29:26 -0300] "GET /admin/img/?C=D;O=A HTTP/1.1" 200 1499 "-" "Mozilla/5.0 (compatible; Barkrowler/0.9; +https://babbar.tech/crawler)"
217.113.194.85 - - [14/Aug/2025:22:29:33 -0300] "GET /admin/nav/?C=M;O=A HTTP/1.1" 200 787 "-" "Mozilla/5.0 (compatible; Barkrowler/0.9; +https://babbar.tech/crawler)"
114.119.153.188 - - [14/Aug/2025:22:29:47 -0300] "GET /admin/font/roboto/Roboto-Bold.eot HTTP/1.1" 200 20966 "http://libertysa.com.br/admin/font/roboto/?C=M%3BO%3DA" "Mozilla/5.0 (Linux; Android 7.0;) AppleWebKit/537.36 (KHTML, like Gecko) Mobile Safari/537.36 (compatible; PetalBot;+https://webmaster.petalsearch.com/site/petalbot)"
217.113.194.85 - - [14/Aug/2025:22:29:56 -0300] "GET /admin/img/svg/ HTTP/1.1" 200 991 "-" "Mozilla/5.0 (compatible; Barkrowler/0.9; +https://babbar.tech/crawler)"
217.113.194.87 - - [14/Aug/2025:22:30:04 -0300] "GET /media/css/?C=N;O=D HTTP/1.1" 200 2429 "-" "Mozilla/5.0 (compatible; Barkrowler/0.9; +https://babbar.tech/crawler)"
154.54.249.201 - - [14/Aug/2025:22:30:28 -0300] "GET /admin/media/less/ HTTP/1.1" 200 1178 "-" "Mozilla/5.0 (compatible; Barkrowler/0.9; +https://babbar.tech/crawler)"
217.113.194.88 - - [14/Aug/2025:22:30:36 -0300] "GET /media/images/icones/ HTTP/1.1" 200 2609 "-" "Mozilla/5.0 (compatible; Barkrowler/0.9; +https://babbar.tech/crawler)"
217.113.194.89 - - [14/Aug/2025:22:31:00 -0300] "GET /admin/nav/?C=D;O=A HTTP/1.1" 200 787 "-" "Mozilla/5.0 (compatible; Barkrowler/0.9; +https://babbar.tech/crawler)"
217.113.194.82 - - [14/Aug/2025:22:31:07 -0300] "GET /paginas/?C=S;O=A HTTP/1.1" 200 782 "-" "Mozilla/5.0 (compatible; Barkrowler/0.9; +https://babbar.tech/crawler)"
217.113.194.91 - - [14/Aug/2025:22:31:31 -0300] "GET /paginas/?C=D;O=A HTTP/1.1" 200 782 "-" "Mozilla/5.0 (compatible; Barkrowler/0.9; +https://babbar.tech/crawler)"
217.113.194.220 - - [14/Aug/2025:22:31:40 -0300] "GET /paginas/?C=M;O=A HTTP/1.1" 200 782 "-" "Mozilla/5.0 (compatible; Barkrowler/0.9; +https://babbar.tech/crawler)"
217.113.194.88 - - [14/Aug/2025:22:32:06 -0300] "GET /admin/includes/?C=D;O=D HTTP/1.1" 200 976 "-" "Mozilla/5.0 (compatible; Barkrowler/0.9; +https://babbar.tech/crawler)"
114.119.155.235 - - [14/Aug/2025:22:32:13 -0300] "GET /?p=servicos/assessoria-juridica HTTP/1.1" 200 - "http://libertysa.com.br/" "Mozilla/5.0 (Linux; Android 7.0;) AppleWebKit/537.36 (KHTML, like Gecko) Mobile Safari/537.36 (compatible; PetalBot;+https://webmaster.petalsearch.com/site/petalbot)"
217.113.194.87 - - [14/Aug/2025:22:32:15 -0300] "GET /admin/includes/?C=M;O=D HTTP/1.1" 200 976 "-" "Mozilla/5.0 (compatible; Barkrowler/0.9; +https://babbar.tech/crawler)"
217.113.194.87 - - [14/Aug/2025:22:32:39 -0300] "GET /admin/includes/?C=M;O=D HTTP/1.1" 200 976 "-" "Mozilla/5.0 (compatible; Barkrowler/0.9; +https://babbar.tech/crawler)"
217.113.194.219 - - [14/Aug/2025:22:32:47 -0300] "GET /admin/includes/?C=S;O=D HTTP/1.1" 200 976 "-" "Mozilla/5.0 (compatible; Barkrowler/0.9; +https://babbar.tech/crawler)"
217.113.194.91 - - [14/Aug/2025:22:33:10 -0300] "GET /admin/index.php_old HTTP/1.1" 200 3413 "-" "Mozilla/5.0 (compatible; Barkrowler/0.9; +https://babbar.tech/crawler)"
217.113.194.88 - - [14/Aug/2025:22:33:17 -0300] "GET /admin/includes/?C=N;O=D HTTP/1.1" 200 976 "-" "Mozilla/5.0 (compatible; Barkrowler/0.9; +https://babbar.tech/crawler)"
217.113.194.85 - - [14/Aug/2025:22:33:39 -0300] "GET /admin/uploads/videos/?C=N;O=D HTTP/1.1" 200 644 "-" "Mozilla/5.0 (compatible; Barkrowler/0.9; +https://babbar.tech/crawler)"
217.113.194.82 - - [14/Aug/2025:22:33:46 -0300] "GET /admin/index.php_old HTTP/1.1" 200 3413 "-" "Mozilla/5.0 (compatible; Barkrowler/0.9; +https://babbar.tech/crawler)"
154.54.249.201 - - [14/Aug/2025:22:34:10 -0300] "GET /admin/uploads/?C=N;O=A HTTP/1.1" 200 2573 "-" "Mozilla/5.0 (compatible; Barkrowler/0.9; +https://babbar.tech/crawler)"
217.113.194.87 - - [14/Aug/2025:22:34:17 -0300] "GET /admin/uploads/curriculos/ HTTP/1.1" 200 652 "-" "Mozilla/5.0 (compatible; Barkrowler/0.9; +https://babbar.tech/crawler)"
217.113.194.84 - - [14/Aug/2025:22:34:40 -0300] "GET /admin/uploads/?C=S;O=D HTTP/1.1" 200 2573 "-" "Mozilla/5.0 (compatible; Barkrowler/0.9; +https://babbar.tech/crawler)"
217.113.194.86 - - [14/Aug/2025:22:34:47 -0300] "GET /admin/uploads/videos/?C=M;O=A HTTP/1.1" 200 644 "-" "Mozilla/5.0 (compatible; Barkrowler/0.9; +https://babbar.tech/crawler)"
217.113.194.89 - - [14/Aug/2025:22:35:10 -0300] "GET /admin/imagens/?C=N;O=D HTTP/1.1" 200 1347 "-" "Mozilla/5.0 (compatible; Barkrowler/0.9; +https://babbar.tech/crawler)"
217.113.194.88 - - [14/Aug/2025:22:35:18 -0300] "GET /admin/uploads/videos/?C=S;O=A HTTP/1.1" 200 644 "-" "Mozilla/5.0 (compatible; Barkrowler/0.9; +https://babbar.tech/crawler)"
185.191.171.11 - - [14/Aug/2025:22:35:20 -0300] "GET /admin/media/froala/examples/direction_inline_mode.html HTTP/1.1" 200 3311 "-" "Mozilla/5.0 (compatible; SemrushBot/7~bl; +http://www.semrush.com/bot.html)"
217.113.194.219 - - [14/Aug/2025:22:35:45 -0300] "GET /admin/font/?C=D;O=D HTTP/1.1" 200 791 "-" "Mozilla/5.0 (compatible; Barkrowler/0.9; +https://babbar.tech/crawler)"
217.113.194.246 - - [14/Aug/2025:22:35:53 -0300] "GET /admin/uploads/videos/?C=D;O=A HTTP/1.1" 200 644 "-" "Mozilla/5.0 (compatible; Barkrowler/0.9; +https://babbar.tech/crawler)"
217.113.194.82 - - [14/Aug/2025:22:36:19 -0300] "GET /admin/font/roboto/ HTTP/1.1" 200 4334 "-" "Mozilla/5.0 (compatible; Barkrowler/0.9; +https://babbar.tech/crawler)"
217.113.194.86 - - [14/Aug/2025:22:36:27 -0300] "GET /admin/uploads/videos/?C=N;O=D HTTP/1.1" 200 644 "-" "Mozilla/5.0 (compatible; Barkrowler/0.9; +https://babbar.tech/crawler)"
217.113.194.84 - - [14/Aug/2025:22:36:50 -0300] "GET /admin/font/?C=M;O=A HTTP/1.1" 200 791 "-" "Mozilla/5.0 (compatible; Barkrowler/0.9; +https://babbar.tech/crawler)"
217.113.194.83 - - [14/Aug/2025:22:36:58 -0300] "GET /admin/uploads/?C=N;O=A HTTP/1.1" 200 2573 "-" "Mozilla/5.0 (compatible; Barkrowler/0.9; +https://babbar.tech/crawler)"
217.113.194.82 - - [14/Aug/2025:22:37:24 -0300] "GET /admin/js/?C=S;O=D HTTP/1.1" 200 3717 "-" "Mozilla/5.0 (compatible; Barkrowler/0.9; +https://babbar.tech/crawler)"
217.113.194.246 - - [14/Aug/2025:22:37:32 -0300] "GET /admin/uploads/?C=S;O=D HTTP/1.1" 200 2573 "-" "Mozilla/5.0 (compatible; Barkrowler/0.9; +https://babbar.tech/crawler)"
217.113.194.84 - - [14/Aug/2025:22:37:58 -0300] "GET /admin/modules/categorias/ HTTP/1.1" 200 1186 "-" "Mozilla/5.0 (compatible; Barkrowler/0.9; +https://babbar.tech/crawler)"
217.113.194.220 - - [14/Aug/2025:22:38:07 -0300] "GET /admin/font/?C=D;O=A HTTP/1.1" 200 791 "-" "Mozilla/5.0 (compatible; Barkrowler/0.9; +https://babbar.tech/crawler)"
217.113.194.86 - - [14/Aug/2025:22:38:33 -0300] "GET /admin/modules/formularios/ HTTP/1.1" 200 654 "-" "Mozilla/5.0 (compatible; Barkrowler/0.9; +https://babbar.tech/crawler)"
217.113.194.89 - - [14/Aug/2025:22:38:41 -0300] "GET /admin/font/?C=M;O=D HTTP/1.1" 200 791 "-" "Mozilla/5.0 (compatible; Barkrowler/0.9; +https://babbar.tech/crawler)"
217.113.194.84 - - [14/Aug/2025:22:39:07 -0300] "GET /admin/modules/?C=N;O=A HTTP/1.1" 200 6504 "-" "Mozilla/5.0 (compatible; Barkrowler/0.9; +https://babbar.tech/crawler)"
217.113.194.220 - - [14/Aug/2025:22:39:15 -0300] "GET /admin/font/?C=S;O=A HTTP/1.1" 200 791 "-" "Mozilla/5.0 (compatible; Barkrowler/0.9; +https://babbar.tech/crawler)"
217.113.194.246 - - [14/Aug/2025:22:39:41 -0300] "GET /admin/modules/comentarios/ HTTP/1.1" 200 1006 "-" "Mozilla/5.0 (compatible; Barkrowler/0.9; +https://babbar.tech/crawler)"
217.113.194.88 - - [14/Aug/2025:22:39:49 -0300] "GET /admin/js/?C=N;O=A HTTP/1.1" 200 3717 "-" "Mozilla/5.0 (compatible; Barkrowler/0.9; +https://babbar.tech/crawler)"
217.113.194.82 - - [14/Aug/2025:22:40:13 -0300] "GET /admin/modules/parceiros/ HTTP/1.1" 200 1184 "-" "Mozilla/5.0 (compatible; Barkrowler/0.9; +https://babbar.tech/crawler)"
217.113.194.89 - - [14/Aug/2025:22:40:20 -0300] "GET /admin/js/?C=M;O=D HTTP/1.1" 200 3717 "-" "Mozilla/5.0 (compatible; Barkrowler/0.9; +https://babbar.tech/crawler)"
217.113.194.91 - - [14/Aug/2025:22:40:46 -0300] "GET /admin/img/?C=N;O=A HTTP/1.1" 200 1499 "-" "Mozilla/5.0 (compatible; Barkrowler/0.9; +https://babbar.tech/crawler)"
217.113.194.85 - - [14/Aug/2025:22:40:54 -0300] "GET /admin/modules/contato/ HTTP/1.1" 200 646 "-" "Mozilla/5.0 (compatible; Barkrowler/0.9; +https://babbar.tech/crawler)"
154.54.249.201 - - [14/Aug/2025:22:41:17 -0300] "GET /admin/media/js/plugins/ HTTP/1.1" 200 1354 "-" "Mozilla/5.0 (compatible; Barkrowler/0.9; +https://babbar.tech/crawler)"
217.113.194.90 - - [14/Aug/2025:22:41:24 -0300] "GET /admin/modules/?C=S;O=D HTTP/1.1" 200 6504 "-" "Mozilla/5.0 (compatible; Barkrowler/0.9; +https://babbar.tech/crawler)"
217.113.194.90 - - [14/Aug/2025:22:41:47 -0300] "GET /admin/media/css/plugins/ HTTP/1.1" 200 1569 "-" "Mozilla/5.0 (compatible; Barkrowler/0.9; +https://babbar.tech/crawler)"
217.113.194.246 - - [14/Aug/2025:22:41:55 -0300] "GET /admin/img/overlays/ HTTP/1.1" 200 2202 "-" "Mozilla/5.0 (compatible; Barkrowler/0.9; +https://babbar.tech/crawler)"
217.113.194.86 - - [14/Aug/2025:22:42:19 -0300] "GET /admin/configuration/?C=D;O=A HTTP/1.1" 200 634 "-" "Mozilla/5.0 (compatible; Barkrowler/0.9; +https://babbar.tech/crawler)"
154.54.249.201 - - [14/Aug/2025:22:42:27 -0300] "GET /admin/img/?C=N;O=A HTTP/1.1" 200 1499 "-" "Mozilla/5.0 (compatible; Barkrowler/0.9; +https://babbar.tech/crawler)"
217.113.194.219 - - [14/Aug/2025:22:42:52 -0300] "GET /admin/configuration/?C=M;O=A HTTP/1.1" 200 634 "-" "Mozilla/5.0 (compatible; Barkrowler/0.9; +https://babbar.tech/crawler)"
217.113.194.86 - - [14/Aug/2025:22:43:01 -0300] "GET /admin/media/Jcrop/ HTTP/1.1" 304 - "-" "Mozilla/5.0 (compatible; Barkrowler/0.9; +https://babbar.tech/crawler)"
85.208.96.212 - - [14/Aug/2025:22:43:26 -0300] "GET /admin/media/ckeditor/ HTTP/1.1" 200 2770 "-" "Mozilla/5.0 (compatible; SemrushBot/7~bl; +http://www.semrush.com/bot.html)"
154.54.249.201 - - [14/Aug/2025:22:43:28 -0300] "GET /admin/css/?C=N;O=A HTTP/1.1" 200 2247 "-" "Mozilla/5.0 (compatible; Barkrowler/0.9; +https://babbar.tech/crawler)"
217.113.194.89 - - [14/Aug/2025:22:43:36 -0300] "GET /admin/media/js/?C=M;O=A HTTP/1.1" 200 3700 "-" "Mozilla/5.0 (compatible; Barkrowler/0.9; +https://babbar.tech/crawler)"
217.113.194.90 - - [14/Aug/2025:22:43:59 -0300] "GET /admin/nav/?C=N;O=A HTTP/1.1" 200 787 "-" "Mozilla/5.0 (compatible; Barkrowler/0.9; +https://babbar.tech/crawler)"
217.113.194.85 - - [14/Aug/2025:22:44:07 -0300] "GET /admin/media/js/?C=S;O=A HTTP/1.1" 200 3700 "-" "Mozilla/5.0 (compatible; Barkrowler/0.9; +https://babbar.tech/crawler)"
217.113.194.84 - - [14/Aug/2025:22:44:34 -0300] "GET /media/css/?C=N;O=A HTTP/1.1" 200 2429 "-" "Mozilla/5.0 (compatible; Barkrowler/0.9; +https://babbar.tech/crawler)"
217.113.194.89 - - [14/Aug/2025:22:44:44 -0300] "GET /admin/media/css/plugins/ HTTP/1.1" 200 1569 "-" "Mozilla/5.0 (compatible; Barkrowler/0.9; +https://babbar.tech/crawler)"
217.113.194.89 - - [14/Aug/2025:22:45:10 -0300] "GET /media/css/?C=M;O=D HTTP/1.1" 200 2429 "-" "Mozilla/5.0 (compatible; Barkrowler/0.9; +https://babbar.tech/crawler)"
217.113.194.82 - - [14/Aug/2025:22:45:18 -0300] "GET /admin/nav/?C=N;O=A HTTP/1.1" 200 787 "-" "Mozilla/5.0 (compatible; Barkrowler/0.9; +https://babbar.tech/crawler)"
114.119.155.210 - - [14/Aug/2025:22:45:31 -0300] "GET /admin/media/jQuery-Mask-Plugin/deploy.rb HTTP/1.1" 200 2574 "http://libertysa.com.br/admin/media/jQuery-Mask-Plugin/?C=D%3BO%3DA" "Mozilla/5.0 (Linux; Android 7.0;) AppleWebKit/537.36 (KHTML, like Gecko) Mobile Safari/537.36 (compatible; PetalBot;+https://webmaster.petalsearch.com/site/petalbot)"
217.113.194.87 - - [14/Aug/2025:22:45:41 -0300] "GET /media/js/?C=S;O=D HTTP/1.1" 200 2787 "-" "Mozilla/5.0 (compatible; Barkrowler/0.9; +https://babbar.tech/crawler)"
217.113.194.246 - - [14/Aug/2025:22:45:49 -0300] "GET /media/css/?C=N;O=A HTTP/1.1" 200 2429 "-" "Mozilla/5.0 (compatible; Barkrowler/0.9; +https://babbar.tech/crawler)"
217.113.194.220 - - [14/Aug/2025:22:46:14 -0300] "GET /paginas/?C=N;O=D HTTP/1.1" 200 782 "-" "Mozilla/5.0 (compatible; Barkrowler/0.9; +https://babbar.tech/crawler)"
217.113.194.87 - - [14/Aug/2025:22:46:22 -0300] "GET /media/css/?C=M;O=D HTTP/1.1" 200 2429 "-" "Mozilla/5.0 (compatible; Barkrowler/0.9; +https://babbar.tech/crawler)"
217.113.194.220 - - [14/Aug/2025:22:46:52 -0300] "GET /admin/uploads/popup/?C=N;O=D HTTP/1.1" 200 1048 "-" "Mozilla/5.0 (compatible; Barkrowler/0.9; +https://babbar.tech/crawler)"
114.119.152.69 - - [14/Aug/2025:22:46:53 -0300] "GET /admin/media/ckeditor/plugins/a11yhelp/dialogs/lang/ug.js HTTP/1.1" 200 6910 "http://libertysa.com.br/admin/media/ckeditor/plugins/a11yhelp/dialogs/lang/?C=S%3BO%3DA" "Mozilla/5.0 (Linux; Android 7.0;) AppleWebKit/537.36 (KHTML, like Gecko) Mobile Safari/537.36 (compatible; PetalBot;+https://webmaster.petalsearch.com/site/petalbot)"
217.113.194.219 - - [14/Aug/2025:22:47:00 -0300] "GET /media/css/?C=S;O=D HTTP/1.1" 200 2429 "-" "Mozilla/5.0 (compatible; Barkrowler/0.9; +https://babbar.tech/crawler)"
217.113.194.89 - - [14/Aug/2025:22:47:26 -0300] "GET /admin/uploads/banners/?C=N;O=D HTTP/1.1" 200 4062 "-" "Mozilla/5.0 (compatible; Barkrowler/0.9; +https://babbar.tech/crawler)"
217.113.194.87 - - [14/Aug/2025:22:47:33 -0300] "GET /media/images/?C=N;O=A HTTP/1.1" 200 2585 "-" "Mozilla/5.0 (compatible; Barkrowler/0.9; +https://babbar.tech/crawler)"
217.113.194.82 - - [14/Aug/2025:22:47:57 -0300] "GET /admin/uploads/ckeditor/ HTTP/1.1" 200 2727 "-" "Mozilla/5.0 (compatible; Barkrowler/0.9; +https://babbar.tech/crawler)"
217.113.194.246 - - [14/Aug/2025:22:48:05 -0300] "GET /paginas/?C=N;O=D HTTP/1.1" 200 782 "-" "Mozilla/5.0 (compatible; Barkrowler/0.9; +https://babbar.tech/crawler)"
217.113.194.91 - - [14/Aug/2025:22:48:29 -0300] "GET /admin/modules/seo/?C=S;O=A HTTP/1.1" 200 1172 "-" "Mozilla/5.0 (compatible; Barkrowler/0.9; +https://babbar.tech/crawler)"
217.113.194.89 - - [14/Aug/2025:22:48:38 -0300] "GET /paginas/especiais/ HTTP/1.1" 200 632 "-" "Mozilla/5.0 (compatible; Barkrowler/0.9; +https://babbar.tech/crawler)"
217.113.194.88 - - [14/Aug/2025:22:49:04 -0300] "GET /admin/modules/seo/?C=N;O=D HTTP/1.1" 200 1172 "-" "Mozilla/5.0 (compatible; Barkrowler/0.9; +https://babbar.tech/crawler)"
217.113.194.91 - - [14/Aug/2025:22:49:12 -0300] "GET /admin/uploads/banners/?C=S;O=A HTTP/1.1" 200 4062 "-" "Mozilla/5.0 (compatible; Barkrowler/0.9; +https://babbar.tech/crawler)"
217.113.194.83 - - [14/Aug/2025:22:49:37 -0300] "GET /admin/modules/popup/?C=N;O=D HTTP/1.1" 200 996 "-" "Mozilla/5.0 (compatible; Barkrowler/0.9; +https://babbar.tech/crawler)"
217.113.194.246 - - [14/Aug/2025:22:49:45 -0300] "GET /admin/uploads/banners/?C=D;O=A HTTP/1.1" 200 4062 "-" "Mozilla/5.0 (compatible; Barkrowler/0.9; +https://babbar.tech/crawler)"
217.113.194.90 - - [14/Aug/2025:22:50:13 -0300] "GET /admin/modules/popup/?C=S;O=A HTTP/1.1" 200 996 "-" "Mozilla/5.0 (compatible; Barkrowler/0.9; +https://babbar.tech/crawler)"
217.113.194.85 - - [14/Aug/2025:22:50:22 -0300] "GET /admin/uploads/banners/?C=N;O=D HTTP/1.1" 200 4062 "-" "Mozilla/5.0 (compatible; Barkrowler/0.9; +https://babbar.tech/crawler)"
217.113.194.88 - - [14/Aug/2025:22:50:48 -0300] "GET /admin/modules/grupos/?C=M;O=A HTTP/1.1" 200 1359 "-" "Mozilla/5.0 (compatible; Barkrowler/0.9; +https://babbar.tech/crawler)"
217.113.194.90 - - [14/Aug/2025:22:50:57 -0300] "GET /admin/uploads/ckeditor/ HTTP/1.1" 200 2727 "-" "Mozilla/5.0 (compatible; Barkrowler/0.9; +https://babbar.tech/crawler)"
217.113.194.90 - - [14/Aug/2025:22:51:22 -0300] "GET /admin/modules/dados/?C=D;O=A HTTP/1.1" 200 1549 "-" "Mozilla/5.0 (compatible; Barkrowler/0.9; +https://babbar.tech/crawler)"
217.113.194.82 - - [14/Aug/2025:22:51:30 -0300] "GET /admin/imagens/?C=N;O=A HTTP/1.1" 200 1347 "-" "Mozilla/5.0 (compatible; Barkrowler/0.9; +https://babbar.tech/crawler)"
217.113.194.246 - - [14/Aug/2025:22:51:57 -0300] "GET /admin/modules/banners/?C=N;O=D HTTP/1.1" 200 1180 "-" "Mozilla/5.0 (compatible; Barkrowler/0.9; +https://babbar.tech/crawler)"
154.54.249.201 - - [14/Aug/2025:22:52:06 -0300] "GET /admin/modules/seo/?C=M;O=A HTTP/1.1" 200 1172 "-" "Mozilla/5.0 (compatible; Barkrowler/0.9; +https://babbar.tech/crawler)"
217.113.194.246 - - [14/Aug/2025:22:52:32 -0300] "GET /admin/img/?C=M;O=D HTTP/1.1" 200 1499 "-" "Mozilla/5.0 (compatible; Barkrowler/0.9; +https://babbar.tech/crawler)"
217.113.194.89 - - [14/Aug/2025:22:52:40 -0300] "GET /admin/modules/seo/?C=D;O=A HTTP/1.1" 200 1172 "-" "Mozilla/5.0 (compatible; Barkrowler/0.9; +https://babbar.tech/crawler)"
217.113.194.86 - - [14/Aug/2025:22:53:07 -0300] "GET /admin/img/?C=S;O=D HTTP/1.1" 200 1499 "-" "Mozilla/5.0 (compatible; Barkrowler/0.9; +https://babbar.tech/crawler)"
217.113.194.86 - - [14/Aug/2025:22:53:15 -0300] "GET /admin/modules/seo/?C=S;O=A HTTP/1.1" 200 1172 "-" "Mozilla/5.0 (compatible; Barkrowler/0.9; +https://babbar.tech/crawler)"
217.113.194.88 - - [14/Aug/2025:22:53:41 -0300] "GET /admin/media/fonts/?C=M;O=A HTTP/1.1" 200 1449 "-" "Mozilla/5.0 (compatible; Barkrowler/0.9; +https://babbar.tech/crawler)"
217.113.194.89 - - [14/Aug/2025:22:53:50 -0300] "GET /admin/modules/dados/?C=D;O=A HTTP/1.1" 200 1549 "-" "Mozilla/5.0 (compatible; Barkrowler/0.9; +https://babbar.tech/crawler)"
217.113.194.82 - - [14/Aug/2025:22:54:17 -0300] "GET /admin/media/fonts/?C=D;O=A HTTP/1.1" 200 1449 "-" "Mozilla/5.0 (compatible; Barkrowler/0.9; +https://babbar.tech/crawler)"
217.113.194.91 - - [14/Aug/2025:22:54:26 -0300] "GET /admin/modules/dados/?C=N;O=D HTTP/1.1" 200 1549 "-" "Mozilla/5.0 (compatible; Barkrowler/0.9; +https://babbar.tech/crawler)"
217.113.194.82 - - [14/Aug/2025:22:54:51 -0300] "GET /admin/media/fonts/?C=S;O=A HTTP/1.1" 200 1449 "-" "Mozilla/5.0 (compatible; Barkrowler/0.9; +https://babbar.tech/crawler)"
217.113.194.246 - - [14/Aug/2025:22:54:59 -0300] "GET /admin/modules/banners/?C=S;O=A HTTP/1.1" 200 1180 "-" "Mozilla/5.0 (compatible; Barkrowler/0.9; +https://babbar.tech/crawler)"
217.113.194.220 - - [14/Aug/2025:22:55:25 -0300] "GET /admin/media/ckeditor/ HTTP/1.1" 200 2770 "-" "Mozilla/5.0 (compatible; Barkrowler/0.9; +https://babbar.tech/crawler)"
217.113.194.83 - - [14/Aug/2025:22:55:34 -0300] "GET /admin/modules/banners/?C=M;O=A HTTP/1.1" 200 1180 "-" "Mozilla/5.0 (compatible; Barkrowler/0.9; +https://babbar.tech/crawler)"
217.113.194.86 - - [14/Aug/2025:22:56:00 -0300] "GET /admin/media/css/?C=M;O=A HTTP/1.1" 200 2635 "-" "Mozilla/5.0 (compatible; Barkrowler/0.9; +https://babbar.tech/crawler)"
217.113.194.83 - - [14/Aug/2025:22:56:08 -0300] "GET /admin/modules/banners/?C=N;O=D HTTP/1.1" 200 1180 "-" "Mozilla/5.0 (compatible; Barkrowler/0.9; +https://babbar.tech/crawler)"
217.113.194.83 - - [14/Aug/2025:22:56:31 -0300] "GET /admin/media/img/?C=M;O=A HTTP/1.1" 200 2046 "-" "Mozilla/5.0 (compatible; Barkrowler/0.9; +https://babbar.tech/crawler)"
154.54.249.201 - - [14/Aug/2025:22:56:40 -0300] "GET /admin/img/svg/?C=D;O=A HTTP/1.1" 200 991 "-" "Mozilla/5.0 (compatible; Barkrowler/0.9; +https://babbar.tech/crawler)"
172.203.162.115 - - [14/Aug/2025:22:57:01 -0300] "GET /wp-admin/css/ HTTP/1.1" 200 - "binance.com" "Mozilla/5.0 (Windows NT 10.0; Win64; x64) AppleWebKit/537.36 (KHTML, like Gecko) Chrome/90.0.4430.85 Safari/537.36"
217.113.194.85 - - [14/Aug/2025:22:57:05 -0300] "GET /admin/css/?C=M;O=D HTTP/1.1" 200 2247 "-" "Mozilla/5.0 (compatible; Barkrowler/0.9; +https://babbar.tech/crawler)"
217.113.194.85 - - [14/Aug/2025:22:57:13 -0300] "GET /admin/img/svg/?C=S;O=A HTTP/1.1" 200 991 "-" "Mozilla/5.0 (compatible; Barkrowler/0.9; +https://babbar.tech/crawler)"
217.113.194.84 - - [14/Aug/2025:22:57:39 -0300] "GET /media/images/noticias/?C=D;O=D HTTP/1.1" 200 1574 "-" "Mozilla/5.0 (compatible; Barkrowler/0.9; +https://babbar.tech/crawler)"
217.113.194.86 - - [14/Aug/2025:22:57:47 -0300] "GET /admin/media/css/?C=M;O=A HTTP/1.1" 200 2635 "-" "Mozilla/5.0 (compatible; Barkrowler/0.9; +https://babbar.tech/crawler)"
217.113.194.84 - - [14/Aug/2025:22:58:12 -0300] "GET /media/images/noticias/?C=N;O=A HTTP/1.1" 200 1574 "-" "Mozilla/5.0 (compatible; Barkrowler/0.9; +https://babbar.tech/crawler)"
217.113.194.85 - - [14/Aug/2025:22:58:19 -0300] "GET /admin/media/css/?C=N;O=D HTTP/1.1" 200 2635 "-" "Mozilla/5.0 (compatible; Barkrowler/0.9; +https://babbar.tech/crawler)"
217.113.194.89 - - [14/Aug/2025:22:58:43 -0300] "GET /admin/includes/topo.inc HTTP/1.1" 200 8603 "-" "Mozilla/5.0 (compatible; Barkrowler/0.9; +https://babbar.tech/crawler)"
217.113.194.220 - - [14/Aug/2025:22:58:51 -0300] "GET /admin/media/img/?C=D;O=A HTTP/1.1" 200 2046 "-" "Mozilla/5.0 (compatible; Barkrowler/0.9; +https://babbar.tech/crawler)"
217.113.194.220 - - [14/Aug/2025:22:59:17 -0300] "GET /admin/includes/menu.inc HTTP/1.1" 200 2563 "-" "Mozilla/5.0 (compatible; Barkrowler/0.9; +https://babbar.tech/crawler)"
85.208.96.197 - - [14/Aug/2025:22:59:18 -0300] "GET /admin/media/intro.js-1.1.1/example/programmatic/index.html HTTP/1.1" 200 3990 "-" "Mozilla/5.0 (compatible; SemrushBot/7~bl; +http://www.semrush.com/bot.html)"
217.113.194.82 - - [14/Aug/2025:22:59:26 -0300] "GET /admin/media/img/?C=S;O=A HTTP/1.1" 200 2046 "-" "Mozilla/5.0 (compatible; Barkrowler/0.9; +https://babbar.tech/crawler)"
154.54.249.201 - - [14/Aug/2025:22:59:51 -0300] "GET /admin/uploads/produtos/?C=M;O=A HTTP/1.1" 200 648 "-" "Mozilla/5.0 (compatible; Barkrowler/0.9; +https://babbar.tech/crawler)"
154.54.249.201 - - [14/Aug/2025:22:59:59 -0300] "GET /admin/media/img/?C=N;O=D HTTP/1.1" 200 2046 "-" "Mozilla/5.0 (compatible; Barkrowler/0.9; +https://babbar.tech/crawler)"
154.54.249.201 - - [14/Aug/2025:23:00:28 -0300] "GET /admin/uploads/produtos/?C=N;O=A HTTP/1.1" 200 648 "-" "Mozilla/5.0 (compatible; Barkrowler/0.9; +https://babbar.tech/crawler)"
185.191.171.15 - - [14/Aug/2025:23:00:31 -0300] "GET / HTTP/1.1" 200 - "-" "Mozilla/5.0 (compatible; SemrushBot/7~bl; +http://www.semrush.com/bot.html)"
217.113.194.88 - - [14/Aug/2025:23:00:37 -0300] "GET /admin/css/?C=S;O=D HTTP/1.1" 200 2247 "-" "Mozilla/5.0 (compatible; Barkrowler/0.9; +https://babbar.tech/crawler)"
217.113.194.83 - - [14/Aug/2025:23:01:04 -0300] "GET /admin/uploads/produtos/?C=D;O=A HTTP/1.1" 200 648 "-" "Mozilla/5.0 (compatible; Barkrowler/0.9; +https://babbar.tech/crawler)"
217.113.194.88 - - [14/Aug/2025:23:01:13 -0300] "GET /media/images/noticias/?C=D;O=D HTTP/1.1" 200 1574 "-" "Mozilla/5.0 (compatible; Barkrowler/0.9; +https://babbar.tech/crawler)"
217.113.194.90 - - [14/Aug/2025:23:01:38 -0300] "GET /admin/uploads/perfil/?C=M;O=A HTTP/1.1" 200 827 "-" "Mozilla/5.0 (compatible; Barkrowler/0.9; +https://babbar.tech/crawler)"
217.113.194.86 - - [14/Aug/2025:23:01:46 -0300] "GET /media/images/noticias/?C=S;O=D HTTP/1.1" 200 1574 "-" "Mozilla/5.0 (compatible; Barkrowler/0.9; +https://babbar.tech/crawler)"
217.113.194.83 - - [14/Aug/2025:23:02:09 -0300] "GET /admin/uploads/perfil/?C=D;O=A HTTP/1.1" 200 827 "-" "Mozilla/5.0 (compatible; Barkrowler/0.9; +https://babbar.tech/crawler)"
217.113.194.84 - - [14/Aug/2025:23:02:17 -0300] "GET /media/images/noticias/?C=N;O=A HTTP/1.1" 200 1574 "-" "Mozilla/5.0 (compatible; Barkrowler/0.9; +https://babbar.tech/crawler)"
217.113.194.219 - - [14/Aug/2025:23:02:41 -0300] "GET /admin/uploads/perfil/?C=S;O=D HTTP/1.1" 200 827 "-" "Mozilla/5.0 (compatible; Barkrowler/0.9; +https://babbar.tech/crawler)"
217.113.194.83 - - [14/Aug/2025:23:02:49 -0300] "GET /admin/includes/topo.inc HTTP/1.1" 200 8603 "-" "Mozilla/5.0 (compatible; Barkrowler/0.9; +https://babbar.tech/crawler)"
217.113.194.82 - - [14/Aug/2025:23:03:15 -0300] "GET /admin/uploads/perfil/?C=N;O=A HTTP/1.1" 200 827 "-" "Mozilla/5.0 (compatible; Barkrowler/0.9; +https://babbar.tech/crawler)"
85.208.96.210 - - [14/Aug/2025:23:03:16 -0300] "GET /admin/media/ HTTP/1.1" 200 3671 "-" "Mozilla/5.0 (compatible; SemrushBot/7~bl; +http://www.semrush.com/bot.html)"
217.113.194.88 - - [14/Aug/2025:23:03:23 -0300] "GET /admin/includes/menu.inc HTTP/1.1" 200 2563 "-" "Mozilla/5.0 (compatible; Barkrowler/0.9; +https://babbar.tech/crawler)"
217.113.194.90 - - [14/Aug/2025:23:03:48 -0300] "GET /admin/uploads/videos/?C=N;O=A HTTP/1.1" 200 644 "-" "Mozilla/5.0 (compatible; Barkrowler/0.9; +https://babbar.tech/crawler)"
217.113.194.90 - - [14/Aug/2025:23:03:56 -0300] "GET /admin/uploads/produtos/?C=M;O=A HTTP/1.1" 200 648 "-" "Mozilla/5.0 (compatible; Barkrowler/0.9; +https://babbar.tech/crawler)"
217.113.194.246 - - [14/Aug/2025:23:04:21 -0300] "GET /admin/uploads/noticias/?C=N;O=D HTTP/1.1" 200 11072 "-" "Mozilla/5.0 (compatible; Barkrowler/0.9; +https://babbar.tech/crawler)"
217.113.194.83 - - [14/Aug/2025:23:04:30 -0300] "GET /admin/uploads/produtos/?C=N;O=D HTTP/1.1" 200 648 "-" "Mozilla/5.0 (compatible; Barkrowler/0.9; +https://babbar.tech/crawler)"
217.113.194.85 - - [14/Aug/2025:23:04:59 -0300] "GET /admin/uploads/noticias/?C=D;O=D HTTP/1.1" 200 11072 "-" "Mozilla/5.0 (compatible; Barkrowler/0.9; +https://babbar.tech/crawler)"
217.113.194.246 - - [14/Aug/2025:23:05:09 -0300] "GET /admin/uploads/produtos/?C=N;O=A HTTP/1.1" 200 648 "-" "Mozilla/5.0 (compatible; Barkrowler/0.9; +https://babbar.tech/crawler)"
217.113.194.89 - - [14/Aug/2025:23:05:34 -0300] "GET /admin/uploads/noticias/?C=M;O=A HTTP/1.1" 200 11072 "-" "Mozilla/5.0 (compatible; Barkrowler/0.9; +https://babbar.tech/crawler)"
217.113.194.87 - - [14/Aug/2025:23:05:44 -0300] "GET /admin/uploads/curriculos/?C=S;O=A HTTP/1.1" 200 652 "-" "Mozilla/5.0 (compatible; Barkrowler/0.9; +https://babbar.tech/crawler)"
217.113.194.87 - - [14/Aug/2025:23:06:10 -0300] "GET /admin/uploads/banners/?C=N;O=A HTTP/1.1" 200 4062 "-" "Mozilla/5.0 (compatible; Barkrowler/0.9; +https://babbar.tech/crawler)"
217.113.194.87 - - [14/Aug/2025:23:06:18 -0300] "GET /admin/uploads/curriculos/?C=N;O=D HTTP/1.1" 200 652 "-" "Mozilla/5.0 (compatible; Barkrowler/0.9; +https://babbar.tech/crawler)"
217.113.194.88 - - [14/Aug/2025:23:06:43 -0300] "GET /admin/modules/categorias/?C=S;O=A HTTP/1.1" 200 1186 "-" "Mozilla/5.0 (compatible; Barkrowler/0.9; +https://babbar.tech/crawler)"
217.113.194.86 - - [14/Aug/2025:23:06:51 -0300] "GET /admin/uploads/perfil/?C=S;O=D HTTP/1.1" 200 827 "-" "Mozilla/5.0 (compatible; Barkrowler/0.9; +https://babbar.tech/crawler)"
217.113.194.91 - - [14/Aug/2025:23:07:16 -0300] "GET /admin/modules/depoimentos/ HTTP/1.1" 200 1188 "-" "Mozilla/5.0 (compatible; Barkrowler/0.9; +https://babbar.tech/crawler)"
217.113.194.90 - - [14/Aug/2025:23:07:24 -0300] "GET /admin/uploads/perfil/?C=N;O=A HTTP/1.1" 200 827 "-" "Mozilla/5.0 (compatible; Barkrowler/0.9; +https://babbar.tech/crawler)"
217.113.194.82 - - [14/Aug/2025:23:07:49 -0300] "GET /admin/modules/produtos/?C=S;O=A HTTP/1.1" 200 1364 "-" "Mozilla/5.0 (compatible; Barkrowler/0.9; +https://babbar.tech/crawler)"
217.113.194.87 - - [14/Aug/2025:23:07:58 -0300] "GET /admin/uploads/noticias/?C=N;O=D HTTP/1.1" 200 11072 "-" "Mozilla/5.0 (compatible; Barkrowler/0.9; +https://babbar.tech/crawler)"
185.191.171.7 - - [14/Aug/2025:23:08:04 -0300] "GET /admin/media/font-awesome-4.1.0/ HTTP/1.1" 200 1354 "-" "Mozilla/5.0 (compatible; SemrushBot/7~bl; +http://www.semrush.com/bot.html)"
217.113.194.86 - - [14/Aug/2025:23:08:23 -0300] "GET /admin/modules/produtos/?C=N;O=A HTTP/1.1" 200 1364 "-" "Mozilla/5.0 (compatible; Barkrowler/0.9; +https://babbar.tech/crawler)"
154.54.249.201 - - [14/Aug/2025:23:08:32 -0300] "GET /admin/uploads/noticias/?C=N;O=A HTTP/1.1" 200 11072 "-" "Mozilla/5.0 (compatible; Barkrowler/0.9; +https://babbar.tech/crawler)"
217.113.194.91 - - [14/Aug/2025:23:08:57 -0300] "GET /admin/modules/produtos/?C=D;O=A HTTP/1.1" 200 1364 "-" "Mozilla/5.0 (compatible; Barkrowler/0.9; +https://babbar.tech/crawler)"
217.113.194.89 - - [14/Aug/2025:23:09:05 -0300] "GET /admin/uploads/noticias/?C=M;O=D HTTP/1.1" 200 11072 "-" "Mozilla/5.0 (compatible; Barkrowler/0.9; +https://babbar.tech/crawler)"
217.113.194.83 - - [14/Aug/2025:23:09:29 -0300] "GET /admin/modules/login/?C=D;O=D HTTP/1.1" 200 815 "-" "Mozilla/5.0 (compatible; Barkrowler/0.9; +https://babbar.tech/crawler)"
217.113.194.87 - - [14/Aug/2025:23:09:37 -0300] "GET /admin/uploads/noticias/?C=M;O=A HTTP/1.1" 200 11072 "-" "Mozilla/5.0 (compatible; Barkrowler/0.9; +https://babbar.tech/crawler)"
217.113.194.89 - - [14/Aug/2025:23:10:02 -0300] "GET /admin/modules/login/?C=M;O=D HTTP/1.1" 200 815 "-" "Mozilla/5.0 (compatible; Barkrowler/0.9; +https://babbar.tech/crawler)"
154.54.249.201 - - [14/Aug/2025:23:10:10 -0300] "GET /admin/uploads/noticias/?C=S;O=D HTTP/1.1" 200 11072 "-" "Mozilla/5.0 (compatible; Barkrowler/0.9; +https://babbar.tech/crawler)"
217.113.194.220 - - [14/Aug/2025:23:10:40 -0300] "GET /admin/modules/usuarios/?C=M;O=D HTTP/1.1" 200 1362 "-" "Mozilla/5.0 (compatible; Barkrowler/0.9; +https://babbar.tech/crawler)"
154.54.249.201 - - [14/Aug/2025:23:10:49 -0300] "GET /admin/modules/categorias/?C=S;O=A HTTP/1.1" 200 1186 "-" "Mozilla/5.0 (compatible; Barkrowler/0.9; +https://babbar.tech/crawler)"
114.119.155.210 - - [14/Aug/2025:23:10:59 -0300] "GET /admin/media/js/plugins/flot/jquery.flot.resize.js HTTP/1.1" 200 2503 "http://libertysa.com.br/admin/media/js/plugins/flot/?C=N%3BO%3DD" "Mozilla/5.0 (Linux; Android 7.0;) AppleWebKit/537.36 (KHTML, like Gecko) Mobile Safari/537.36 (compatible; PetalBot;+https://webmaster.petalsearch.com/site/petalbot)"
217.113.194.82 - - [14/Aug/2025:23:11:15 -0300] "GET /admin/modules/usuarios/?C=S;O=D HTTP/1.1" 200 1362 "-" "Mozilla/5.0 (compatible; Barkrowler/0.9; +https://babbar.tech/crawler)"
217.113.194.246 - - [14/Aug/2025:23:11:22 -0300] "GET /admin/modules/categorias/?C=D;O=A HTTP/1.1" 200 1186 "-" "Mozilla/5.0 (compatible; Barkrowler/0.9; +https://babbar.tech/crawler)"
217.113.194.220 - - [14/Aug/2025:23:11:50 -0300] "GET /admin/modules/usuarios/?C=N;O=A HTTP/1.1" 200 1362 "-" "Mozilla/5.0 (compatible; Barkrowler/0.9; +https://babbar.tech/crawler)"
217.113.194.83 - - [14/Aug/2025:23:12:00 -0300] "GET /admin/modules/depoimentos/ HTTP/1.1" 200 1188 "-" "Mozilla/5.0 (compatible; Barkrowler/0.9; +https://babbar.tech/crawler)"
114.119.133.12 - - [14/Aug/2025:23:12:23 -0300] "GET /admin/media/js/loginHandler.js HTTP/1.1" 200 892 "http://libertysa.com.br/admin/media/js/?C=N%3BO%3DD" "Mozilla/5.0 (Linux; Android 7.0;) AppleWebKit/537.36 (KHTML, like Gecko) Mobile Safari/537.36 (compatible; PetalBot;+https://webmaster.petalsearch.com/site/petalbot)"
217.113.194.83 - - [14/Aug/2025:23:12:26 -0300] "GET /admin/modules/seo/?C=N;O=A HTTP/1.1" 200 1172 "-" "Mozilla/5.0 (compatible; Barkrowler/0.9; +https://babbar.tech/crawler)"
217.113.194.89 - - [14/Aug/2025:23:12:34 -0300] "GET /admin/modules/produtos/?C=D;O=D HTTP/1.1" 200 1364 "-" "Mozilla/5.0 (compatible; Barkrowler/0.9; +https://babbar.tech/crawler)"
154.54.249.201 - - [14/Aug/2025:23:13:00 -0300] "GET /admin/modules/seo/?C=M;O=D HTTP/1.1" 200 1172 "-" "Mozilla/5.0 (compatible; Barkrowler/0.9; +https://babbar.tech/crawler)"
66.249.69.69 - - [14/Aug/2025:23:13:02 -0300] "GET /admin/uploads/noticias/417-01-2018-19-16-5407-02-2018_13-04-14_thumb.jpg HTTP/1.1" 200 6501 "-" "Googlebot-Image/1.0"
217.113.194.86 - - [14/Aug/2025:23:13:08 -0300] "GET /admin/modules/login/?C=D;O=D HTTP/1.1" 200 815 "-" "Mozilla/5.0 (compatible; Barkrowler/0.9; +https://babbar.tech/crawler)"
217.113.194.82 - - [14/Aug/2025:23:13:34 -0300] "GET /admin/modules/menus_site/ HTTP/1.1" 200 1186 "-" "Mozilla/5.0 (compatible; Barkrowler/0.9; +https://babbar.tech/crawler)"
217.113.194.220 - - [14/Aug/2025:23:13:43 -0300] "GET /admin/modules/login/?C=S;O=D HTTP/1.1" 200 815 "-" "Mozilla/5.0 (compatible; Barkrowler/0.9; +https://babbar.tech/crawler)"
217.113.194.91 - - [14/Aug/2025:23:14:08 -0300] "GET /admin/modules/videos/?C=M;O=D HTTP/1.1" 200 1178 "-" "Mozilla/5.0 (compatible; Barkrowler/0.9; +https://babbar.tech/crawler)"
217.113.194.89 - - [14/Aug/2025:23:14:17 -0300] "GET /admin/modules/usuarios/?C=D;O=A HTTP/1.1" 200 1362 "-" "Mozilla/5.0 (compatible; Barkrowler/0.9; +https://babbar.tech/crawler)"
217.113.194.82 - - [14/Aug/2025:23:14:41 -0300] "GET /admin/modules/noticias/?C=N;O=A HTTP/1.1" 200 1370 "-" "Mozilla/5.0 (compatible; Barkrowler/0.9; +https://babbar.tech/crawler)"
217.113.194.246 - - [14/Aug/2025:23:14:51 -0300] "GET /admin/modules/usuarios/?C=D;O=D HTTP/1.1" 200 1362 "-" "Mozilla/5.0 (compatible; Barkrowler/0.9; +https://babbar.tech/crawler)"
217.113.194.83 - - [14/Aug/2025:23:15:17 -0300] "GET /admin/modules/noticias/?C=M;O=D HTTP/1.1" 200 1370 "-" "Mozilla/5.0 (compatible; Barkrowler/0.9; +https://babbar.tech/crawler)"
217.113.194.91 - - [14/Aug/2025:23:15:26 -0300] "GET /admin/modules/usuarios/?C=M;O=A HTTP/1.1" 200 1362 "-" "Mozilla/5.0 (compatible; Barkrowler/0.9; +https://babbar.tech/crawler)"
217.113.194.91 - - [14/Aug/2025:23:15:52 -0300] "GET /admin/modules/paginas/?C=N;O=D HTTP/1.1" 200 1545 "-" "Mozilla/5.0 (compatible; Barkrowler/0.9; +https://babbar.tech/crawler)"
217.113.194.87 - - [14/Aug/2025:23:16:00 -0300] "GET /admin/modules/usuarios/?C=M;O=D HTTP/1.1" 200 1362 "-" "Mozilla/5.0 (compatible; Barkrowler/0.9; +https://babbar.tech/crawler)"
217.113.194.84 - - [14/Aug/2025:23:16:24 -0300] "GET /admin/modules/paginas/?C=D;O=D HTTP/1.1" 200 1545 "-" "Mozilla/5.0 (compatible; Barkrowler/0.9; +https://babbar.tech/crawler)"
217.113.194.85 - - [14/Aug/2025:23:16:33 -0300] "GET /admin/modules/usuarios/?C=S;O=A HTTP/1.1" 200 1362 "-" "Mozilla/5.0 (compatible; Barkrowler/0.9; +https://babbar.tech/crawler)"
217.113.194.91 - - [14/Aug/2025:23:16:58 -0300] "GET /admin/modules/newsletter/?C=S;O=A HTTP/1.1" 200 1005 "-" "Mozilla/5.0 (compatible; Barkrowler/0.9; +https://babbar.tech/crawler)"
217.113.194.246 - - [14/Aug/2025:23:17:06 -0300] "GET /admin/modules/usuarios/?C=S;O=D HTTP/1.1" 200 1362 "-" "Mozilla/5.0 (compatible; Barkrowler/0.9; +https://babbar.tech/crawler)"
217.113.194.219 - - [14/Aug/2025:23:17:33 -0300] "GET /admin/modules/newsletter/?C=N;O=D HTTP/1.1" 200 1005 "-" "Mozilla/5.0 (compatible; Barkrowler/0.9; +https://babbar.tech/crawler)"
154.54.249.201 - - [14/Aug/2025:23:17:41 -0300] "GET /admin/modules/usuarios/?C=N;O=A HTTP/1.1" 200 1362 "-" "Mozilla/5.0 (compatible; Barkrowler/0.9; +https://babbar.tech/crawler)"
217.113.194.90 - - [14/Aug/2025:23:18:06 -0300] "GET /admin/modules/email/?C=D;O=D HTTP/1.1" 200 642 "-" "Mozilla/5.0 (compatible; Barkrowler/0.9; +https://babbar.tech/crawler)"
217.113.194.89 - - [14/Aug/2025:23:18:13 -0300] "GET /admin/modules/usuarios/?C=N;O=D HTTP/1.1" 200 1362 "-" "Mozilla/5.0 (compatible; Barkrowler/0.9; +https://babbar.tech/crawler)"
154.54.249.201 - - [14/Aug/2025:23:18:36 -0300] "GET /admin/img/lightbox/?C=M;O=D HTTP/1.1" 200 1185 "-" "Mozilla/5.0 (compatible; Barkrowler/0.9; +https://babbar.tech/crawler)"
217.113.194.82 - - [14/Aug/2025:23:18:44 -0300] "GET /admin/modules/seo/?C=N;O=A HTTP/1.1" 200 1172 "-" "Mozilla/5.0 (compatible; Barkrowler/0.9; +https://babbar.tech/crawler)"
217.113.194.87 - - [14/Aug/2025:23:19:10 -0300] "GET /admin/img/lightbox/?C=D;O=D HTTP/1.1" 200 1185 "-" "Mozilla/5.0 (compatible; Barkrowler/0.9; +https://babbar.tech/crawler)"
217.113.194.91 - - [14/Aug/2025:23:19:18 -0300] "GET /admin/modules/seo/?C=S;O=D HTTP/1.1" 200 1172 "-" "Mozilla/5.0 (compatible; Barkrowler/0.9; +https://babbar.tech/crawler)"
217.113.194.91 - - [14/Aug/2025:23:19:43 -0300] "GET /admin/img/lightbox/?C=N;O=D HTTP/1.1" 200 1185 "-" "Mozilla/5.0 (compatible; Barkrowler/0.9; +https://babbar.tech/crawler)"
217.113.194.91 - - [14/Aug/2025:23:19:51 -0300] "GET /admin/modules/locais/?C=D;O=A HTTP/1.1" 200 1178 "-" "Mozilla/5.0 (compatible; Barkrowler/0.9; +https://babbar.tech/crawler)"
217.113.194.88 - - [14/Aug/2025:23:20:15 -0300] "GET /admin/img/svg/?C=N;O=D HTTP/1.1" 200 991 "-" "Mozilla/5.0 (compatible; Barkrowler/0.9; +https://babbar.tech/crawler)"
217.113.194.89 - - [14/Aug/2025:23:20:23 -0300] "GET /admin/modules/formularios/?C=D;O=A HTTP/1.1" 200 654 "-" "Mozilla/5.0 (compatible; Barkrowler/0.9; +https://babbar.tech/crawler)"
217.113.194.84 - - [14/Aug/2025:23:20:48 -0300] "GET /admin/media/js/?C=M;O=D HTTP/1.1" 200 3700 "-" "Mozilla/5.0 (compatible; Barkrowler/0.9; +https://babbar.tech/crawler)"
217.113.194.91 - - [14/Aug/2025:23:20:56 -0300] "GET /admin/modules/formularios/?C=S;O=A HTTP/1.1" 200 654 "-" "Mozilla/5.0 (compatible; Barkrowler/0.9; +https://babbar.tech/crawler)"
217.113.194.89 - - [14/Aug/2025:23:21:21 -0300] "GET /admin/media/fonts/?C=N;O=A HTTP/1.1" 200 1449 "-" "Mozilla/5.0 (compatible; Barkrowler/0.9; +https://babbar.tech/crawler)"
217.113.194.87 - - [14/Aug/2025:23:21:28 -0300] "GET /admin/modules/videos/?C=N;O=A HTTP/1.1" 200 1178 "-" "Mozilla/5.0 (compatible; Barkrowler/0.9; +https://babbar.tech/crawler)"
217.113.194.86 - - [14/Aug/2025:23:21:52 -0300] "GET /admin/media/css/?C=N;O=A HTTP/1.1" 200 2635 "-" "Mozilla/5.0 (compatible; Barkrowler/0.9; +https://babbar.tech/crawler)"
217.113.194.89 - - [14/Aug/2025:23:21:59 -0300] "GET /admin/modules/PHPmailer/ HTTP/1.1" 200 1184 "-" "Mozilla/5.0 (compatible; Barkrowler/0.9; +https://babbar.tech/crawler)"
217.113.194.88 - - [14/Aug/2025:23:22:24 -0300] "GET /admin/media/img/?C=N;O=A HTTP/1.1" 200 2046 "-" "Mozilla/5.0 (compatible; Barkrowler/0.9; +https://babbar.tech/crawler)"
217.113.194.86 - - [14/Aug/2025:23:22:32 -0300] "GET /admin/modules/noticias/?C=D;O=A HTTP/1.1" 200 1370 "-" "Mozilla/5.0 (compatible; Barkrowler/0.9; +https://babbar.tech/crawler)"
217.113.194.84 - - [14/Aug/2025:23:22:56 -0300] "GET /admin/media/img/?C=M;O=D HTTP/1.1" 200 2046 "-" "Mozilla/5.0 (compatible; Barkrowler/0.9; +https://babbar.tech/crawler)"
217.113.194.82 - - [14/Aug/2025:23:23:04 -0300] "GET /admin/modules/noticias/?C=M;O=A HTTP/1.1" 200 1370 "-" "Mozilla/5.0 (compatible; Barkrowler/0.9; +https://babbar.tech/crawler)"
217.113.194.89 - - [14/Aug/2025:23:23:29 -0300] "GET /media/images/banners/?C=N;O=A HTTP/1.1" 200 3903 "-" "Mozilla/5.0 (compatible; Barkrowler/0.9; +https://babbar.tech/crawler)"
217.113.194.88 - - [14/Aug/2025:23:23:36 -0300] "GET /admin/modules/noticias/?C=S;O=A HTTP/1.1" 200 1370 "-" "Mozilla/5.0 (compatible; Barkrowler/0.9; +https://babbar.tech/crawler)"
91.224.92.45 - - [14/Aug/2025:23:23:56 -0300] "GET /wp-login.php HTTP/1.1" 200 - "https://wordpress.org/" "Mozilla/5.0 (Macintosh; Intel Mac OS X 13_6_1; rv:118.0) Gecko/20100101 Firefox/118.0"
91.224.92.45 - - [14/Aug/2025:23:23:57 -0300] "GET /wordpress/wp-login.php HTTP/1.1" 200 - "https://www.facebook.com/" "Mozilla/5.0 (Windows NT 11.0; Win64; x64) AppleWebKit/537.36 (KHTML, like Gecko) Chrome/119.0.0.0 Safari/537.36"
91.224.92.45 - - [14/Aug/2025:23:23:57 -0300] "GET /wp-admin/ HTTP/1.1" 200 606 "https://www.facebook.com/" "Mozilla/5.0 (Macintosh; Intel Mac OS X 13_6_1; rv:118.0) Gecko/20100101 Firefox/118.0"
217.113.194.83 - - [14/Aug/2025:23:24:01 -0300] "GET /media/images/banners/?C=S;O=D HTTP/1.1" 200 3903 "-" "Mozilla/5.0 (compatible; Barkrowler/0.9; +https://babbar.tech/crawler)"
217.113.194.83 - - [14/Aug/2025:23:24:09 -0300] "GET /admin/modules/paginas/?C=S;O=D HTTP/1.1" 200 1545 "-" "Mozilla/5.0 (compatible; Barkrowler/0.9; +https://babbar.tech/crawler)"
217.113.194.220 - - [14/Aug/2025:23:24:35 -0300] "GET /media/images/servicos/?C=S;O=A HTTP/1.1" 200 1915 "-" "Mozilla/5.0 (compatible; Barkrowler/0.9; +https://babbar.tech/crawler)"
217.113.194.246 - - [14/Aug/2025:23:24:43 -0300] "GET /admin/modules/paginas/?C=D;O=D HTTP/1.1" 200 1545 "-" "Mozilla/5.0 (compatible; Barkrowler/0.9; +https://babbar.tech/crawler)"
217.113.194.88 - - [14/Aug/2025:23:25:06 -0300] "GET /media/images/servicos/?C=M;O=A HTTP/1.1" 200 1915 "-" "Mozilla/5.0 (compatible; Barkrowler/0.9; +https://babbar.tech/crawler)"
43.153.194.7 - - [14/Aug/2025:23:25:06 -0300] "GET /wp-includes/blocks/post-excerpt/alfa-rex.PHP HTTP/1.1" 200 - "-" "Mozlila/5.0 (Linux; Android 7.0; SM-G892A Bulid/NRD90M; wv) AppleWebKit/537.36 (KHTML, like Gecko) Version/4.0 Chrome/60.0.3112.107 Moblie Safari/537.36"
217.113.194.220 - - [14/Aug/2025:23:25:14 -0300] "GET /admin/modules/newsletter/?C=D;O=A HTTP/1.1" 200 1005 "-" "Mozilla/5.0 (compatible; Barkrowler/0.9; +https://babbar.tech/crawler)"
43.153.194.7 - - [14/Aug/2025:23:25:15 -0300] "GET /wp-includes/blocks/post-excerpt/index.php HTTP/1.1" 200 - "-" "Mozlila/5.0 (Linux; Android 7.0; SM-G892A Bulid/NRD90M; wv) AppleWebKit/537.36 (KHTML, like Gecko) Version/4.0 Chrome/60.0.3112.107 Moblie Safari/537.36"
43.153.194.7 - - [14/Aug/2025:23:25:24 -0300] "GET /wp-content/plugins/index.php HTTP/1.1" 200 - "-" "Mozlila/5.0 (Linux; Android 7.0; SM-G892A Bulid/NRD90M; wv) AppleWebKit/537.36 (KHTML, like Gecko) Version/4.0 Chrome/60.0.3112.107 Moblie Safari/537.36"
43.153.194.7 - - [14/Aug/2025:23:25:28 -0300] "GET /simple.php HTTP/1.1" 403 10358 "-" "Mozlila/5.0 (Linux; Android 7.0; SM-G892A Bulid/NRD90M; wv) AppleWebKit/537.36 (KHTML, like Gecko) Version/4.0 Chrome/60.0.3112.107 Moblie Safari/537.36"
43.153.194.7 - - [14/Aug/2025:23:25:36 -0300] "GET /wp-admin/about.php HTTP/1.1" 200 - "-" "Mozlila/5.0 (Linux; Android 7.0; SM-G892A Bulid/NRD90M; wv) AppleWebKit/537.36 (KHTML, like Gecko) Version/4.0 Chrome/60.0.3112.107 Moblie Safari/537.36"
217.113.194.88 - - [14/Aug/2025:23:25:43 -0300] "GET /media/images/servicos/?C=N;O=D HTTP/1.1" 200 1915 "-" "Mozilla/5.0 (compatible; Barkrowler/0.9; +https://babbar.tech/crawler)"
43.153.194.7 - - [14/Aug/2025:23:25:45 -0300] "GET /wp-content/uploads/index.php HTTP/1.1" 200 - "-" "Mozlila/5.0 (Linux; Android 7.0; SM-G892A Bulid/NRD90M; wv) AppleWebKit/537.36 (KHTML, like Gecko) Version/4.0 Chrome/60.0.3112.107 Moblie Safari/537.36"
217.113.194.86 - - [14/Aug/2025:23:25:51 -0300] "GET /admin/modules/newsletter/?C=N;O=D HTTP/1.1" 200 1005 "-" "Mozilla/5.0 (compatible; Barkrowler/0.9; +https://babbar.tech/crawler)"
43.153.194.7 - - [14/Aug/2025:23:25:52 -0300] "GET /wp-content/plugins/zwso.php HTTP/1.1" 200 - "-" "Mozlila/5.0 (Linux; Android 7.0; SM-G892A Bulid/NRD90M; wv) AppleWebKit/537.36 (KHTML, like Gecko) Version/4.0 Chrome/60.0.3112.107 Moblie Safari/537.36"
43.153.194.7 - - [14/Aug/2025:23:26:00 -0300] "GET /chosen.php?p= HTTP/1.1" 403 10364 "-" "Mozlila/5.0 (Linux; Android 7.0; SM-G892A Bulid/NRD90M; wv) AppleWebKit/537.36 (KHTML, like Gecko) Version/4.0 Chrome/60.0.3112.107 Moblie Safari/537.36"
43.153.194.7 - - [14/Aug/2025:23:26:07 -0300] "GET /goods.php HTTP/1.1" 200 - "-" "Mozlila/5.0 (Linux; Android 7.0; SM-G892A Bulid/NRD90M; wv) AppleWebKit/537.36 (KHTML, like Gecko) Version/4.0 Chrome/60.0.3112.107 Moblie Safari/537.36"
43.153.194.7 - - [14/Aug/2025:23:26:12 -0300] "GET /wp-admin/css/colors/index.php HTTP/1.1" 200 - "-" "Mozlila/5.0 (Linux; Android 7.0; SM-G892A Bulid/NRD90M; wv) AppleWebKit/537.36 (KHTML, like Gecko) Version/4.0 Chrome/60.0.3112.107 Moblie Safari/537.36"
217.113.194.85 - - [14/Aug/2025:23:26:15 -0300] "GET /media/images/icones/?C=D;O=A HTTP/1.1" 200 2609 "-" "Mozilla/5.0 (compatible; Barkrowler/0.9; +https://babbar.tech/crawler)"
217.113.194.83 - - [14/Aug/2025:23:26:24 -0300] "GET /admin/modules/email/?C=N;O=A HTTP/1.1" 200 642 "-" "Mozilla/5.0 (compatible; Barkrowler/0.9; +https://babbar.tech/crawler)"
