93.185.162.8 - - [14/Aug/2025:14:24:09 -0300] "GET /shop/wp-includes/wlwmanifest.xml HTTP/1.1" 200 - "-" "Mozilla/5.0 (Windows NT 10.0; Win64; x64) AppleWebKit/537.36 (KHTML, like Gecko) Chrome/78.0.3904.108 Safari/537.36"
93.185.162.8 - - [14/Aug/2025:14:24:09 -0300] "GET /wp1/wp-includes/wlwmanifest.xml HTTP/1.1" 200 - "-" "Mozilla/5.0 (Windows NT 10.0; Win64; x64) AppleWebKit/537.36 (KHTML, like Gecko) Chrome/78.0.3904.108 Safari/537.36"
93.185.162.8 - - [14/Aug/2025:14:24:09 -0300] "GET /test/wp-includes/wlwmanifest.xml HTTP/1.1" 200 - "-" "Mozilla/5.0 (Windows NT 10.0; Win64; x64) AppleWebKit/537.36 (KHTML, like Gecko) Chrome/78.0.3904.108 Safari/537.36"
93.185.162.8 - - [14/Aug/2025:14:24:10 -0300] "GET /media/wp-includes/wlwmanifest.xml HTTP/1.1" 200 - "-" "Mozilla/5.0 (Windows NT 10.0; Win64; x64) AppleWebKit/537.36 (KHTML, like Gecko) Chrome/78.0.3904.108 Safari/537.36"
93.185.162.8 - - [14/Aug/2025:14:24:10 -0300] "GET /wp2/wp-includes/wlwmanifest.xml HTTP/1.1" 200 - "-" "Mozilla/5.0 (Windows NT 10.0; Win64; x64) AppleWebKit/537.36 (KHTML, like Gecko) Chrome/78.0.3904.108 Safari/537.36"
93.185.162.8 - - [14/Aug/2025:14:24:10 -0300] "GET /site/wp-includes/wlwmanifest.xml HTTP/1.1" 200 - "-" "Mozilla/5.0 (Windows NT 10.0; Win64; x64) AppleWebKit/537.36 (KHTML, like Gecko) Chrome/78.0.3904.108 Safari/537.36"
93.185.162.8 - - [14/Aug/2025:14:24:11 -0300] "GET /cms/wp-includes/wlwmanifest.xml HTTP/1.1" 200 - "-" "Mozilla/5.0 (Windows NT 10.0; Win64; x64) AppleWebKit/537.36 (KHTML, like Gecko) Chrome/78.0.3904.108 Safari/537.36"
93.185.162.8 - - [14/Aug/2025:14:24:11 -0300] "GET /sito/wp-includes/wlwmanifest.xml HTTP/1.1" 200 - "-" "Mozilla/5.0 (Windows NT 10.0; Win64; x64) AppleWebKit/537.36 (KHTML, like Gecko) Chrome/78.0.3904.108 Safari/537.36"
66.249.69.69 - - [14/Aug/2025:14:38:52 -0300] "GET /admin/media/ckeditor/plugins/showblocks/images/block_p.png HTTP/1.1" 200 115 "-" "Googlebot-Image/1.0"
52.167.144.145 - - [14/Aug/2025:14:57:03 -0300] "GET /products/goyazite1060?id=924 HTTP/1.1" 200 13 "-" "Mozilla/5.0 AppleWebKit/537.36 (KHTML, like Gecko; compatible; bingbot/2.0; +http://www.bing.com/bingbot.htm) Chrome/116.0.1938.76 Safari/537.36"
51.68.236.70 - - [14/Aug/2025:15:09:58 -0300] "GET /robots.txt HTTP/1.1" 200 384 "-" "Mozilla/5.0 (compatible; MJ12bot/v2.0.4; http://mj12bot.com/)"
51.68.236.70 - - [14/Aug/2025:15:09:58 -0300] "GET / HTTP/1.1" 200 - "-" "Mozilla/5.0 (compatible; MJ12bot/v2.0.4; http://mj12bot.com/)"
114.119.152.69 - - [14/Aug/2025:15:15:55 -0300] "GET /admin/media/css/plugins/timeline.css HTTP/1.1" 200 3423 "http://libertysa.com.br/admin/media/css/plugins/?C=M%3BO%3DA" "Mozilla/5.0 (Linux; Android 7.0;) AppleWebKit/537.36 (KHTML, like Gecko) Mobile Safari/537.36 (compatible; PetalBot;+https://webmaster.petalsearch.com/site/petalbot)"
114.119.155.58 - - [14/Aug/2025:15:17:17 -0300] "GET /admin/media/ckeditor/plugins/scayt/dialogs/toolbar.css HTTP/1.1" 200 1231 "http://libertysa.com.br/admin/media/ckeditor/plugins/scayt/dialogs/?C=N%3BO%3DD" "Mozilla/5.0 (Linux; Android 7.0;) AppleWebKit/537.36 (KHTML, like Gecko) Mobile Safari/537.36 (compatible; PetalBot;+https://webmaster.petalsearch.com/site/petalbot)"
114.119.157.237 - - [14/Aug/2025:15:18:41 -0300] "GET /admin/media/Highcharts-4.1.9/examples/bar-basic/index.htm HTTP/1.1" 200 2213 "http://libertysa.com.br/admin/media/Highcharts-4.1.9/index.htm" "Mozilla/5.0 (Linux; Android 7.0;) AppleWebKit/537.36 (KHTML, like Gecko) Mobile Safari/537.36 (compatible; PetalBot;+https://webmaster.petalsearch.com/site/petalbot)"
124.248.184.195 - - [14/Aug/2025:15:31:15 -0300] "GET /wp-login.php HTTP/1.1" 200 - "-" "Mozilla/5.0 (Windows NT 10.0; Win64; x64) AppleWebKit/537.36 (KHTML, like Gecko) Chrome/120.0.6099.71 Safari/537.36"
124.248.184.195 - - [14/Aug/2025:15:31:16 -0300] "POST /wp-login.php HTTP/1.1" 200 - "-" "Mozilla/5.0 (Windows NT 10.0; Win64; x64) AppleWebKit/537.36 (KHTML, like Gecko) Chrome/120.0.6099.71 Safari/537.36"
124.248.184.195 - - [14/Aug/2025:15:31:16 -0300] "GET /wp-admin/ HTTP/1.1" 200 606 "-" "Mozilla/5.0 (Windows NT 10.0; Win64; x64) AppleWebKit/537.36 (KHTML, like Gecko) Chrome/120.0.6099.71 Safari/537.36"
145.220.91.19 - - [14/Aug/2025:15:32:56 -0300] "GET / HTTP/1.1" 200 - "-" "Mozilla/5.0 (Macintosh; Intel Mac OS X 10.15; rv:122.0) Gecko/20100101 Firefox/122.0"
114.119.137.232 - - [14/Aug/2025:15:48:57 -0300] "GET /admin/media/js/jquery-1.11.0.js HTTP/1.1" 200 96380 "http://libertysa.com.br/admin/media/js/?C=N%3BO%3DD" "Mozilla/5.0 (Linux; Android 7.0;) AppleWebKit/537.36 (KHTML, like Gecko) Mobile Safari/537.36 (compatible; PetalBot;+https://webmaster.petalsearch.com/site/petalbot)"
114.119.155.54 - - [14/Aug/2025:15:50:18 -0300] "GET /includes/functions.php HTTP/1.1" 403 10382 "http://libertysa.com.br/includes/?C=N%3BO%3DD" "Mozilla/5.0 (Linux; Android 7.0;) AppleWebKit/537.36 (KHTML, like Gecko) Mobile Safari/537.36 (compatible; PetalBot;+https://webmaster.petalsearch.com/site/petalbot)"
114.119.155.210 - - [14/Aug/2025:15:51:40 -0300] "GET /admin/media/intro.js-1.1.1/introjs-rtl.css HTTP/1.1" 200 487 "http://libertysa.com.br/admin/media/intro.js-1.1.1/" "Mozilla/5.0 (Linux; Android 7.0;) AppleWebKit/537.36 (KHTML, like Gecko) Mobile Safari/537.36 (compatible; PetalBot;+https://webmaster.petalsearch.com/site/petalbot)"
114.119.152.69 - - [14/Aug/2025:15:53:04 -0300] "GET /admin/media/ckeditor/styles.js HTTP/1.1" 200 3484 "http://libertysa.com.br/admin/media/ckeditor/?C=D%3BO%3DA" "Mozilla/5.0 (Linux; Android 7.0;) AppleWebKit/537.36 (KHTML, like Gecko) Mobile Safari/537.36 (compatible; PetalBot;+https://webmaster.petalsearch.com/site/petalbot)"
114.119.155.235 - - [14/Aug/2025:15:54:28 -0300] "GET /413.shtml HTTP/1.1" 200 10387 "http://libertysa.com.br/?p=noticia/18" "Mozilla/5.0 (Linux; Android 7.0;) AppleWebKit/537.36 (KHTML, like Gecko) Mobile Safari/537.36 (compatible; PetalBot;+https://webmaster.petalsearch.com/site/petalbot)"
52.167.144.136 - - [14/Aug/2025:15:55:37 -0300] "GET /products/intelligential926331?id=476 HTTP/1.1" 200 13 "-" "Mozilla/5.0 AppleWebKit/537.36 (KHTML, like Gecko; compatible; bingbot/2.0; +http://www.bing.com/bingbot.htm) Chrome/116.0.1938.76 Safari/537.36"
159.242.234.112 - - [14/Aug/2025:16:06:29 -0300] "GET /administrator/index.php HTTP/1.1" 200 - "http://libertysa.com.br" "Mozilla/5.0 (Windows NT 10.0; Win64; x64) AppleWebKit/537.36 (KHTML, like Gecko) Chrome/124.0.0.0 Safari/537.36"
159.242.234.112 - - [14/Aug/2025:16:06:31 -0300] "POST /user/login HTTP/1.1" 200 - "https://libertysa.com.br/user/login" "Mozilla/5.0 (Windows NT 10.0; Win64; x64) AppleWebKit/537.36 (KHTML, like Gecko) Chrome/129.0.0.0 Safari/537.36"
216.81.248.84 - - [14/Aug/2025:16:11:20 -0300] "GET /.git/config HTTP/1.1" 200 - "-" "Mozilla/5.0 (OS/2; Warp 4.5; rv:24.0) Gecko/20100101 Firefox/24.0"
122.154.30.136 - - [14/Aug/2025:16:19:37 -0300] "GET /%7Candregurtovoi%7CM33p2703SapQAwp-login.php HTTP/1.1" 403 10426 "-" "Mozilla/5.0 (Windows NT 10.0; Win64; x64) AppleWebKit/537.36 (KHTML, like Gecko) Chrome/91.0.4472.124 Safari/537.36"
114.119.137.232 - - [14/Aug/2025:16:54:11 -0300] "GET /admin/media/js/jquery-2.1.1.js HTTP/1.1" 200 247351 "http://libertysa.com.br/admin/media/js/?C=N%3BO%3DD" "Mozilla/5.0 (Linux; Android 7.0;) AppleWebKit/537.36 (KHTML, like Gecko) Mobile Safari/537.36 (compatible; PetalBot;+https://webmaster.petalsearch.com/site/petalbot)"
114.119.155.210 - - [14/Aug/2025:16:55:32 -0300] "GET /admin/media/ckeditor/plugins/specialchar/dialogs/lang/hr.js HTTP/1.1" 200 4520 "http://libertysa.com.br/admin/media/ckeditor/plugins/specialchar/dialogs/lang/?C=N%3BO%3DD" "Mozilla/5.0 (Linux; Android 7.0;) AppleWebKit/537.36 (KHTML, like Gecko) Mobile Safari/537.36 (compatible; PetalBot;+https://webmaster.petalsearch.com/site/petalbot)"
114.119.133.108 - - [14/Aug/2025:16:57:00 -0300] "GET /admin/media/Highcharts-4.1.9/examples/treemap-with-levels/index.htm HTTP/1.1" 200 2642 "http://libertysa.com.br/admin/media/Highcharts-4.1.9/index.htm" "Mozilla/5.0 (Linux; Android 7.0;) AppleWebKit/537.36 (KHTML, like Gecko) Mobile Safari/537.36 (compatible; PetalBot;+https://webmaster.petalsearch.com/site/petalbot)"
66.249.69.71 - - [14/Aug/2025:16:58:10 -0300] "GET /admin/uploads/noticias/186308374-250x37519-03-2018_16-30-42.jpg HTTP/1.1" 200 45947 "-" "Googlebot-Image/1.0"
114.119.155.58 - - [14/Aug/2025:16:58:22 -0300] "GET /admin/js/mdb.min.js HTTP/1.1" 200 112434 "http://libertysa.com.br/admin/js/?C=S%3BO%3DA" "Mozilla/5.0 (Linux; Android 7.0;) AppleWebKit/537.36 (KHTML, like Gecko) Mobile Safari/537.36 (compatible; PetalBot;+https://webmaster.petalsearch.com/site/petalbot)"
114.119.157.237 - - [14/Aug/2025:17:05:37 -0300] "GET /?p=servicos/conservacao-patrimonial HTTP/1.1" 200 - "http://libertysa.com.br/" "Mozilla/5.0 (Linux; Android 7.0;) AppleWebKit/537.36 (KHTML, like Gecko) Mobile Safari/537.36 (compatible; PetalBot;+https://webmaster.petalsearch.com/site/petalbot)"
34.63.73.1 - - [14/Aug/2025:17:08:29 -0300] "HEAD /wordpress HTTP/1.1" 200 - "-" "Mozilla/5.0 (Windows NT 10.0; Win64; x64) AppleWebKit/537.36 (KHTML, like Gecko) Chrome/74.0.3729.169 Safari/537.36"
34.63.73.1 - - [14/Aug/2025:17:08:29 -0300] "HEAD / HTTP/1.1" 200 - "-" "Mozilla/5.0 (Windows NT 10.0; Win64; x64) AppleWebKit/537.36 (KHTML, like Gecko) Chrome/74.0.3729.169 Safari/537.36"
34.63.73.1 - - [14/Aug/2025:17:08:29 -0300] "HEAD /wp HTTP/1.1" 200 - "-" "Mozilla/5.0 (Windows NT 10.0; Win64; x64) AppleWebKit/537.36 (KHTML, like Gecko) Chrome/74.0.3729.169 Safari/537.36"
34.63.73.1 - - [14/Aug/2025:17:08:30 -0300] "HEAD /bc HTTP/1.1" 200 - "-" "Mozilla/5.0 (Windows NT 10.0; Win64; x64) AppleWebKit/537.36 (KHTML, like Gecko) Chrome/74.0.3729.169 Safari/537.36"
34.63.73.1 - - [14/Aug/2025:17:08:30 -0300] "HEAD /bk HTTP/1.1" 200 - "-" "Mozilla/5.0 (Windows NT 10.0; Win64; x64) AppleWebKit/537.36 (KHTML, like Gecko) Chrome/74.0.3729.169 Safari/537.36"
34.63.73.1 - - [14/Aug/2025:17:08:30 -0300] "HEAD /backup HTTP/1.1" 200 - "-" "Mozilla/5.0 (Windows NT 10.0; Win64; x64) AppleWebKit/537.36 (KHTML, like Gecko) Chrome/74.0.3729.169 Safari/537.36"
34.63.73.1 - - [14/Aug/2025:17:08:30 -0300] "HEAD /old HTTP/1.1" 200 - "-" "Mozilla/5.0 (Windows NT 10.0; Win64; x64) AppleWebKit/537.36 (KHTML, like Gecko) Chrome/74.0.3729.169 Safari/537.36"
34.63.73.1 - - [14/Aug/2025:17:08:30 -0300] "HEAD /new HTTP/1.1" 200 - "-" "Mozilla/5.0 (Windows NT 10.0; Win64; x64) AppleWebKit/537.36 (KHTML, like Gecko) Chrome/74.0.3729.169 Safari/537.36"
34.63.73.1 - - [14/Aug/2025:17:08:30 -0300] "HEAD /main HTTP/1.1" 200 - "-" "Mozilla/5.0 (Windows NT 10.0; Win64; x64) AppleWebKit/537.36 (KHTML, like Gecko) Chrome/74.0.3729.169 Safari/537.36"
34.63.73.1 - - [14/Aug/2025:17:08:30 -0300] "HEAD /home HTTP/1.1" 200 - "-" "Mozilla/5.0 (Windows NT 10.0; Win64; x64) AppleWebKit/537.36 (KHTML, like Gecko) Chrome/74.0.3729.169 Safari/537.36"
206.189.84.121 - - [14/Aug/2025:17:08:49 -0300] "GET /%7Candregurtovoi%7CM33p2703SapQAwp-login.php HTTP/1.1" 403 10426 "-" "Mozila/5.0"
185.191.171.3 - - [14/Aug/2025:17:09:45 -0300] "GET /robots.txt HTTP/1.1" 200 384 "-" "Mozilla/5.0 (compatible; SemrushBot/7~bl; +http://www.semrush.com/bot.html)"
85.208.96.197 - - [14/Aug/2025:17:09:45 -0300] "GET /admin/media/froala/examples/init_on_image_with_link.html HTTP/1.1" 200 1453 "-" "Mozilla/5.0 (compatible; SemrushBot/7~bl; +http://www.semrush.com/bot.html)"
185.191.171.6 - - [14/Aug/2025:17:14:53 -0300] "GET /admin/media/Highcharts-4.1.9/exporting-server/java/highcharts-export/highcharts-export-web/target/highcharts-export-web.war HTTP/1.1" 200 13347182 "-" "Mozilla/5.0 (compatible; SemrushBot/7~bl; +http://www.semrush.com/bot.html)"
119.28.105.143 - - [14/Aug/2025:17:41:35 -0300] "GET / HTTP/1.1" 200 - "-" "Go-http-client/1.1"
119.28.105.143 - - [14/Aug/2025:17:41:35 -0300] "GET //woh.php HTTP/1.1" 403 10354 "-" "Go-http-client/1.1"
119.28.105.143 - - [14/Aug/2025:17:41:36 -0300] "GET //classwithtostring.php HTTP/1.1" 403 10382 "-" "Go-http-client/1.1"
119.28.105.143 - - [14/Aug/2025:17:41:36 -0300] "GET //simple.php HTTP/1.1" 403 10360 "-" "Go-http-client/1.1"
119.28.105.143 - - [14/Aug/2025:17:41:36 -0300] "GET //zero.php HTTP/1.1" 403 10356 "-" "Go-http-client/1.1"
119.28.105.143 - - [14/Aug/2025:17:41:36 -0300] "GET //wp-content/plugins/include.php HTTP/1.1" 200 - "-" "Go-http-client/1.1"
119.28.105.143 - - [14/Aug/2025:17:41:37 -0300] "GET //phpmailer.lang-sv.php HTTP/1.1" 403 10382 "-" "Go-http-client/1.1"
119.28.105.143 - - [14/Aug/2025:17:41:37 -0300] "GET //wp-content/themes/sketch/404.php HTTP/1.1" 200 - "-" "Go-http-client/1.1"
119.28.105.143 - - [14/Aug/2025:17:41:37 -0300] "GET //wp-admin/css/colors/ectoplasm/load-styles.php HTTP/1.1" 200 - "-" "Go-http-client/1.1"
119.28.105.143 - - [14/Aug/2025:17:41:37 -0300] "GET //wp-content/plugins/wp-help/admin/wp-fclass.php HTTP/1.1" 200 - "-" "Go-http-client/1.1"
119.28.105.143 - - [14/Aug/2025:17:41:38 -0300] "GET //wp-content/plugins/wp-help/index.php HTTP/1.1" 200 - "-" "Go-http-client/1.1"
119.28.105.143 - - [14/Aug/2025:17:41:38 -0300] "GET //cgi-bin/class_api.php HTTP/1.1" 200 - "-" "Go-http-client/1.1"
119.28.105.143 - - [14/Aug/2025:17:41:38 -0300] "GET //wp-admin/images/class.api.php HTTP/1.1" 200 - "-" "Go-http-client/1.1"
119.28.105.143 - - [14/Aug/2025:17:41:38 -0300] "GET //wp-admin/js/widgets/class.api.php HTTP/1.1" 200 - "-" "Go-http-client/1.1"
119.28.105.143 - - [14/Aug/2025:17:41:39 -0300] "GET //.well-known/pki-validation/class_api.php HTTP/1.1" 404 10421 "-" "Go-http-client/1.1"
119.28.105.143 - - [14/Aug/2025:17:41:39 -0300] "GET //class_api.php HTTP/1.1" 403 10366 "-" "Go-http-client/1.1"
119.28.105.143 - - [14/Aug/2025:17:41:39 -0300] "GET //class.api.php HTTP/1.1" 403 10366 "-" "Go-http-client/1.1"
119.28.105.143 - - [14/Aug/2025:17:41:39 -0300] "GET //wp-content/themes/tflow/up.php HTTP/1.1" 200 - "-" "Go-http-client/1.1"
119.28.105.143 - - [14/Aug/2025:17:41:40 -0300] "GET //wp-content/themes/wp-pridmag/up.php HTTP/1.1" 200 - "-" "Go-http-client/1.1"
119.28.105.143 - - [14/Aug/2025:17:41:40 -0300] "GET //.well-known/acme-challenge/atomlib.php HTTP/1.1" 403 10416 "-" "Go-http-client/1.1"
119.28.105.143 - - [14/Aug/2025:17:41:40 -0300] "GET //.well-known/pki-validation/atomlib.php HTTP/1.1" 404 10417 "-" "Go-http-client/1.1"
119.28.105.143 - - [14/Aug/2025:17:41:40 -0300] "GET //images/atomlib.php HTTP/1.1" 200 - "-" "Go-http-client/1.1"
119.28.105.143 - - [14/Aug/2025:17:41:41 -0300] "GET //wp-admin/css/atomlib.php HTTP/1.1" 200 - "-" "Go-http-client/1.1"
119.28.105.143 - - [14/Aug/2025:17:41:41 -0300] "GET //wp-admin/css/colors/blue/atomlib.php HTTP/1.1" 200 - "-" "Go-http-client/1.1"
119.28.105.143 - - [14/Aug/2025:17:41:41 -0300] "GET //wp-admin/includes/atomlib.php HTTP/1.1" 200 - "-" "Go-http-client/1.1"
119.28.105.143 - - [14/Aug/2025:17:41:42 -0300] "GET //wp-admin/maint/atomlib.php HTTP/1.1" 200 - "-" "Go-http-client/1.1"
119.28.105.143 - - [14/Aug/2025:17:41:42 -0300] "GET //wp-content/languages/themes/atomlib.php HTTP/1.1" 200 - "-" "Go-http-client/1.1"
119.28.105.143 - - [14/Aug/2025:17:41:42 -0300] "GET //wp-content/themes/atomlib.php HTTP/1.1" 200 - "-" "Go-http-client/1.1"
119.28.105.143 - - [14/Aug/2025:17:41:42 -0300] "GET //wp-admin/images/moon.php HTTP/1.1" 200 - "-" "Go-http-client/1.1"
119.28.105.143 - - [14/Aug/2025:17:41:43 -0300] "GET //.tmb/moon.php HTTP/1.1" 200 - "-" "Go-http-client/1.1"
119.28.105.143 - - [14/Aug/2025:17:41:43 -0300] "GET //.well-known/acme-challenge/moon.php HTTP/1.1" 403 10410 "-" "Go-http-client/1.1"
119.28.105.143 - - [14/Aug/2025:17:41:43 -0300] "GET //cgi-bin/moon.php HTTP/1.1" 200 - "-" "Go-http-client/1.1"
119.28.105.143 - - [14/Aug/2025:17:41:43 -0300] "GET //wp-admin/user/moon.php HTTP/1.1" 200 - "-" "Go-http-client/1.1"
119.28.105.143 - - [14/Aug/2025:17:41:44 -0300] "GET //wp-content/upgrade/moon.php HTTP/1.1" 200 - "-" "Go-http-client/1.1"
119.28.105.143 - - [14/Aug/2025:17:41:44 -0300] "GET //wp-admin/js/widgets/moon.php HTTP/1.1" 200 - "-" "Go-http-client/1.1"
119.28.105.143 - - [14/Aug/2025:17:41:44 -0300] "GET //wp-admin/maint/moon.php HTTP/1.1" 200 - "-" "Go-http-client/1.1"
119.28.105.143 - - [14/Aug/2025:17:41:45 -0300] "GET //wp-includes/ID3/moon.php HTTP/1.1" 200 - "-" "Go-http-client/1.1"
119.28.105.143 - - [14/Aug/2025:17:41:45 -0300] "GET //wp-includes/certificates/moon.php HTTP/1.1" 200 - "-" "Go-http-client/1.1"
119.28.105.143 - - [14/Aug/2025:17:41:45 -0300] "GET //wp-admin/includes/moon.php HTTP/1.1" 200 - "-" "Go-http-client/1.1"
119.28.105.143 - - [14/Aug/2025:17:41:45 -0300] "GET //wp-includes/IXR/moon.php HTTP/1.1" 200 - "-" "Go-http-client/1.1"
119.28.105.143 - - [14/Aug/2025:17:41:46 -0300] "GET //cjfuns.php HTTP/1.1" 403 10360 "-" "Go-http-client/1.1"
119.28.105.143 - - [14/Aug/2025:17:41:46 -0300] "GET //classfuns.php HTTP/1.1" 403 10366 "-" "Go-http-client/1.1"
119.28.105.143 - - [14/Aug/2025:17:41:46 -0300] "GET //tempfuns.php HTTP/1.1" 403 10364 "-" "Go-http-client/1.1"
119.28.105.143 - - [14/Aug/2025:17:41:46 -0300] "GET //adminfuns.php HTTP/1.1" 403 10366 "-" "Go-http-client/1.1"
119.28.105.143 - - [14/Aug/2025:17:41:47 -0300] "GET //nf_tracking.php HTTP/1.1" 403 10370 "-" "Go-http-client/1.1"
119.28.105.143 - - [14/Aug/2025:17:41:47 -0300] "GET //wp-content/wso.php HTTP/1.1" 200 - "-" "Go-http-client/1.1"
119.28.105.143 - - [14/Aug/2025:17:41:47 -0300] "GET //wp-includes/wso.php HTTP/1.1" 403 10378 "-" "Go-http-client/1.1"
119.28.105.143 - - [14/Aug/2025:17:41:47 -0300] "GET //wso.php HTTP/1.1" 403 10354 "-" "Go-http-client/1.1"
119.28.105.143 - - [14/Aug/2025:17:41:47 -0300] "GET //wp-content/uploads/wp-apxupx.php?apx=upx HTTP/1.1" 200 - "-" "Go-http-client/1.1"
119.28.105.143 - - [14/Aug/2025:17:41:48 -0300] "GET //wp-content/upgrade/class_api.php HTTP/1.1" 200 - "-" "Go-http-client/1.1"
119.28.105.143 - - [14/Aug/2025:17:41:48 -0300] "GET //cgi-bin/sgd.php HTTP/1.1" 200 - "-" "Go-http-client/1.1"
119.28.105.143 - - [14/Aug/2025:17:41:48 -0300] "GET //wp-admin/js/widgets/sgd.php HTTP/1.1" 200 - "-" "Go-http-client/1.1"
119.28.105.143 - - [14/Aug/2025:17:41:49 -0300] "GET //wp-apxupx.php?apx=upx HTTP/1.1" 403 10382 "-" "Go-http-client/1.1"
119.28.105.143 - - [14/Aug/2025:17:41:49 -0300] "GET //wp-includes/IXR/class.api.php HTTP/1.1" 200 - "-" "Go-http-client/1.1"
119.28.105.143 - - [14/Aug/2025:17:41:49 -0300] "GET //wp-content/languages/class_api.php HTTP/1.1" 200 - "-" "Go-http-client/1.1"
119.28.105.143 - - [14/Aug/2025:17:41:49 -0300] "GET //class_api.php HTTP/1.1" 403 10366 "-" "Go-http-client/1.1"
119.28.105.143 - - [14/Aug/2025:17:41:50 -0300] "GET //.well-known/acme-challenge/class_api.php HTTP/1.1" 403 10420 "-" "Go-http-client/1.1"
119.28.105.143 - - [14/Aug/2025:17:41:50 -0300] "GET //.tmb/mariju.php HTTP/1.1" 200 - "-" "Go-http-client/1.1"
119.28.105.143 - - [14/Aug/2025:17:41:50 -0300] "GET //wp-content/languages/themes/class_api.php HTTP/1.1" 200 - "-" "Go-http-client/1.1"
119.28.105.143 - - [14/Aug/2025:17:41:50 -0300] "GET //wp-admin/includes/class_api.php HTTP/1.1" 200 - "-" "Go-http-client/1.1"
119.28.105.143 - - [14/Aug/2025:17:41:51 -0300] "GET //wp-admin/js/widgets/class_api.php HTTP/1.1" 200 - "-" "Go-http-client/1.1"
119.28.105.143 - - [14/Aug/2025:17:41:51 -0300] "GET //wp-admin/network/class_api.php HTTP/1.1" 200 - "-" "Go-http-client/1.1"
119.28.105.143 - - [14/Aug/2025:17:41:51 -0300] "GET //.tmb/class_api.php HTTP/1.1" 200 - "-" "Go-http-client/1.1"
119.28.105.143 - - [14/Aug/2025:17:41:52 -0300] "GET //assets/class_api.php HTTP/1.1" 200 - "-" "Go-http-client/1.1"
119.28.105.143 - - [14/Aug/2025:17:41:52 -0300] "GET //common/css/class_api.php HTTP/1.1" 200 - "-" "Go-http-client/1.1"
119.28.105.143 - - [14/Aug/2025:17:41:52 -0300] "GET //common/img/class_api.php HTTP/1.1" 200 - "-" "Go-http-client/1.1"
119.28.105.143 - - [14/Aug/2025:17:41:52 -0300] "GET //.well-known/acme-challenge/mariju.php HTTP/1.1" 403 10414 "-" "Go-http-client/1.1"
119.28.105.143 - - [14/Aug/2025:17:41:53 -0300] "GET //wp-admin/user/class_api.php HTTP/1.1" 200 - "-" "Go-http-client/1.1"
119.28.105.143 - - [14/Aug/2025:17:41:53 -0300] "GET //wp-includes/rest-api/fields/cache/index.php HTTP/1.1" 200 - "-" "Go-http-client/1.1"
119.28.105.143 - - [14/Aug/2025:17:41:53 -0300] "GET //wp-content/themes/travel/issue.php HTTP/1.1" 200 - "-" "Go-http-client/1.1"
119.28.105.143 - - [14/Aug/2025:17:41:53 -0300] "GET //wp-includes/IXR/class_api.php HTTP/1.1" 200 - "-" "Go-http-client/1.1"
119.28.105.143 - - [14/Aug/2025:17:41:54 -0300] "GET //wp-includes/Requests/class_api.php HTTP/1.1" 200 - "-" "Go-http-client/1.1"
119.28.105.143 - - [14/Aug/2025:17:41:54 -0300] "GET //wp-includes/random_compat/class_api.php HTTP/1.1" 200 - "-" "Go-http-client/1.1"
119.28.105.143 - - [14/Aug/2025:17:41:54 -0300] "GET //wp-content/themes/hello-element/footer.php HTTP/1.1" 200 - "-" "Go-http-client/1.1"
185.191.171.6 - - [14/Aug/2025:17:47:13 -0300] "GET /media/images/ HTTP/1.1" 200 2585 "-" "Mozilla/5.0 (compatible; SemrushBot/7~bl; +http://www.semrush.com/bot.html)"
185.191.171.7 - - [14/Aug/2025:17:51:25 -0300] "GET /admin/includes/ HTTP/1.1" 200 976 "-" "Mozilla/5.0 (compatible; SemrushBot/7~bl; +http://www.semrush.com/bot.html)"
3.239.168.98 - - [14/Aug/2025:17:54:09 -0300] "GET / HTTP/1.1" 200 - "-" "Mozilla/5.0 (Windows NT 10.0; Win64; x64) AppleWebKit/537.36 (KHTML, like Gecko) Chrome/104.0.0.0 Safari/537.36"
114.119.133.12 - - [14/Aug/2025:17:55:40 -0300] "GET /admin/media/zrssfeed/example_media.html HTTP/1.1" 200 1236 "http://libertysa.com.br/admin/media/zrssfeed/?C=S%3BO%3DA" "Mozilla/5.0 (Linux; Android 7.0;) AppleWebKit/537.36 (KHTML, like Gecko) Mobile Safari/537.36 (compatible; PetalBot;+https://webmaster.petalsearch.com/site/petalbot)"
85.208.96.209 - - [14/Aug/2025:18:07:59 -0300] "GET /admin/media/intro.js-1.1.1/example/hello-world/withoutButtons.html HTTP/1.1" 200 3266 "-" "Mozilla/5.0 (compatible; SemrushBot/7~bl; +http://www.semrush.com/bot.html)"
185.191.171.10 - - [14/Aug/2025:18:18:03 -0300] "GET /robots.txt HTTP/1.1" 200 384 "-" "Mozilla/5.0 (compatible; SemrushBot/7~bl; +http://www.semrush.com/bot.html)"
185.191.171.14 - - [14/Aug/2025:18:18:03 -0300] "GET /admin/index.php_old HTTP/1.1" 200 3413 "-" "Mozilla/5.0 (compatible; SemrushBot/7~bl; +http://www.semrush.com/bot.html)"
114.119.133.108 - - [14/Aug/2025:18:19:40 -0300] "GET /admin/media/Highcharts-4.1.9/examples/dynamic-click-to-add/index.htm HTTP/1.1" 200 2329 "http://libertysa.com.br/admin/media/Highcharts-4.1.9/index.htm" "Mozilla/5.0 (Linux; Android 7.0;) AppleWebKit/537.36 (KHTML, like Gecko) Mobile Safari/537.36 (compatible; PetalBot;+https://webmaster.petalsearch.com/site/petalbot)"
141.98.11.10 - - [14/Aug/2025:18:20:17 -0300] "GET /wp-login.php HTTP/1.1" 200 - "-" "Mozilla/5.0 (Windows NT 11.0; Win64; x64; rv:119.0) Gecko/20100101 Firefox/119.0"
185.191.171.2 - - [14/Aug/2025:18:20:39 -0300] "GET /robots.txt HTTP/1.1" 200 384 "-" "Mozilla/5.0 (compatible; SemrushBot/7~bl; +http://www.semrush.com/bot.html)"
185.191.171.9 - - [14/Aug/2025:18:20:39 -0300] "GET /admin/media/froala/examples/simple_ampersand.html HTTP/1.1" 200 3340 "-" "Mozilla/5.0 (compatible; SemrushBot/7~bl; +http://www.semrush.com/bot.html)"
66.249.69.69 - - [14/Aug/2025:18:31:06 -0300] "GET /admin/media/ckeditor/plugins/showblocks/images/block_h6.png HTTP/1.1" 200 123 "-" "Googlebot-Image/1.0"
185.191.171.14 - - [14/Aug/2025:18:32:27 -0300] "GET /admin/img/ HTTP/1.1" 200 1499 "-" "Mozilla/5.0 (compatible; SemrushBot/7~bl; +http://www.semrush.com/bot.html)"
52.167.144.209 - - [14/Aug/2025:18:37:03 -0300] "GET /products/galloper1049380?id=981 HTTP/1.1" 200 13 "-" "Mozilla/5.0 AppleWebKit/537.36 (KHTML, like Gecko; compatible; bingbot/2.0; +http://www.bing.com/bingbot.htm) Chrome/116.0.1938.76 Safari/537.36"
185.191.171.10 - - [14/Aug/2025:18:39:13 -0300] "GET /admin/home.php HTTP/1.1" 403 10408 "-" "Mozilla/5.0 (compatible; SemrushBot/7~bl; +http://www.semrush.com/bot.html)"
52.167.144.169 - - [14/Aug/2025:18:40:47 -0300] "GET /products/azoospermia1444860?id=651 HTTP/1.1" 200 13 "-" "Mozilla/5.0 AppleWebKit/537.36 (KHTML, like Gecko; compatible; bingbot/2.0; +http://www.bing.com/bingbot.htm) Chrome/116.0.1938.76 Safari/537.36"
66.249.69.70 - - [14/Aug/2025:18:59:07 -0300] "GET /admin/uploads/corpo_destaque/vigilancia13-12-2017_12-52-49.png HTTP/1.1" 200 18795 "-" "Googlebot-Image/1.0"
114.119.159.8 - - [14/Aug/2025:19:02:12 -0300] "GET /admin/media/ckeditor/plugins/specialchar/dialogs/lang/vi.js HTTP/1.1" 200 6081 "http://libertysa.com.br/admin/media/ckeditor/plugins/specialchar/dialogs/lang/?C=N%3BO%3DD" "Mozilla/5.0 (Linux; Android 7.0;) AppleWebKit/537.36 (KHTML, like Gecko) Mobile Safari/537.36 (compatible; PetalBot;+https://webmaster.petalsearch.com/site/petalbot)"
114.119.159.8 - - [14/Aug/2025:19:03:35 -0300] "GET /admin/media/ckeditor/plugins/a11yhelp/dialogs/lang/ca.js HTTP/1.1" 200 4564 "http://libertysa.com.br/admin/media/ckeditor/plugins/a11yhelp/dialogs/lang/?C=S%3BO%3DA" "Mozilla/5.0 (Linux; Android 7.0;) AppleWebKit/537.36 (KHTML, like Gecko) Mobile Safari/537.36 (compatible; PetalBot;+https://webmaster.petalsearch.com/site/petalbot)"
114.119.155.235 - - [14/Aug/2025:19:04:58 -0300] "GET /admin/media/Highcharts-4.1.9/examples/columnrange/index.htm HTTP/1.1" 200 2022 "http://libertysa.com.br/admin/media/Highcharts-4.1.9/index.htm" "Mozilla/5.0 (Linux; Android 7.0;) AppleWebKit/537.36 (KHTML, like Gecko) Mobile Safari/537.36 (compatible; PetalBot;+https://webmaster.petalsearch.com/site/petalbot)"
185.191.171.15 - - [14/Aug/2025:19:05:52 -0300] "GET /admin/media/Highcharts-4.1.9/ HTTP/1.1" 200 1889 "-" "Mozilla/5.0 (compatible; SemrushBot/7~bl; +http://www.semrush.com/bot.html)"
5.9.216.19 - - [14/Aug/2025:19:05:53 -0300] "POST /cpanel/@2082/@2083:2083/login/?login_only=1 HTTP/1.1" 200 - "-" "Mozilla/5.0 (Macintosh; Intel Mac OS X 10_15_7) AppleWebKit/537.36 (KHTML, like Gecko) Chrome/109.0.0.0 Safari/537.36"
114.119.151.126 - - [14/Aug/2025:19:06:21 -0300] "GET /admin/font/roboto/Roboto-Medium.woff2 HTTP/1.1" 200 50224 "http://libertysa.com.br/admin/font/roboto/?C=M%3BO%3DA" "Mozilla/5.0 (Linux; Android 7.0;) AppleWebKit/537.36 (KHTML, like Gecko) Mobile Safari/537.36 (compatible; PetalBot;+https://webmaster.petalsearch.com/site/petalbot)"
114.119.155.210 - - [14/Aug/2025:19:07:44 -0300] "GET /admin/PHPMailerNovo/VERSION HTTP/1.1" 200 5 "http://libertysa.com.br/admin/PHPMailerNovo/?C=N%3BO%3DD" "Mozilla/5.0 (Linux; Android 7.0;) AppleWebKit/537.36 (KHTML, like Gecko) Mobile Safari/537.36 (compatible; PetalBot;+https://webmaster.petalsearch.com/site/petalbot)"
85.208.96.210 - - [14/Aug/2025:19:09:58 -0300] "GET /admin/media/intro.js-1.1.1/ HTTP/1.1" 200 2610 "-" "Mozilla/5.0 (compatible; SemrushBot/7~bl; +http://www.semrush.com/bot.html)"
192.178.6.73 - - [14/Aug/2025:19:12:03 -0300] "GET /admin/media/ckeditor/skins/office2013/images/hidpi/refresh.png HTTP/1.1" 200 2320 "-" "Googlebot-Image/1.0"
185.191.171.18 - - [14/Aug/2025:19:16:05 -0300] "GET /admin/media/intro.js-1.1.1/example/hello-world/withoutBullets.html HTTP/1.1" 200 3266 "-" "Mozilla/5.0 (compatible; SemrushBot/7~bl; +http://www.semrush.com/bot.html)"
43.153.113.127 - - [14/Aug/2025:19:18:02 -0300] "GET / HTTP/1.1" 200 - "-" "Mozilla/5.0 (iPhone; CPU iPhone OS 13_2_3 like Mac OS X) AppleWebKit/605.1.15 (KHTML, like Gecko) Version/13.0.3 Mobile/15E148 Safari/604.1"
85.208.96.200 - - [14/Aug/2025:19:20:24 -0300] "GET /robots.txt HTTP/1.1" 200 384 "-" "Mozilla/5.0 (compatible; SemrushBot/7~bl; +http://www.semrush.com/bot.html)"
185.191.171.10 - - [14/Aug/2025:19:20:24 -0300] "GET /admin/uploads/ HTTP/1.1" 200 2573 "-" "Mozilla/5.0 (compatible; SemrushBot/7~bl; +http://www.semrush.com/bot.html)"
66.249.69.70 - - [14/Aug/2025:19:25:03 -0300] "GET /admin/uploads/noticias/217-01-2018-19-16-2807-02-2018_13-09-12.jpg HTTP/1.1" 200 50091 "-" "Googlebot-Image/1.0"
185.191.171.9 - - [14/Aug/2025:19:27:12 -0300] "GET /admin/media/froala/ HTTP/1.1" 200 1684 "-" "Mozilla/5.0 (compatible; SemrushBot/7~bl; +http://www.semrush.com/bot.html)"
40.113.19.56 - - [14/Aug/2025:19:28:29 -0300] "GET /wp-content/plugins/hellopress/wp_filemanager.php HTTP/1.1" 200 - "-" "-"
40.113.19.56 - - [14/Aug/2025:19:28:29 -0300] "GET /themes.php HTTP/1.1" 403 10358 "-" "-"
40.113.19.56 - - [14/Aug/2025:19:28:29 -0300] "GET /403.php HTTP/1.1" 403 10352 "-" "-"
40.113.19.56 - - [14/Aug/2025:19:28:29 -0300] "GET /0x.php HTTP/1.1" 403 10350 "-" "-"
40.113.19.56 - - [14/Aug/2025:19:28:29 -0300] "GET /buy.php HTTP/1.1" 200 - "-" "-"
40.113.19.56 - - [14/Aug/2025:19:28:30 -0300] "GET /css/index.php HTTP/1.1" 200 - "-" "-"
40.113.19.56 - - [14/Aug/2025:19:28:30 -0300] "GET /about.php HTTP/1.1" 200 - "-" "-"
40.113.19.56 - - [14/Aug/2025:19:28:30 -0300] "GET /readme.php HTTP/1.1" 403 10358 "-" "-"
185.191.171.3 - - [14/Aug/2025:19:31:11 -0300] "GET /robots.txt HTTP/1.1" 200 384 "-" "Mozilla/5.0 (compatible; SemrushBot/7~bl; +http://www.semrush.com/bot.html)"
85.208.96.196 - - [14/Aug/2025:19:31:12 -0300] "GET /admin/PHPMailerNovo/ HTTP/1.1" 200 1512 "-" "Mozilla/5.0 (compatible; SemrushBot/7~bl; +http://www.semrush.com/bot.html)"
185.191.171.9 - - [14/Aug/2025:19:36:11 -0300] "GET /admin/uploads/ HTTP/1.1" 200 2573 "-" "Mozilla/5.0 (compatible; SemrushBot/7~bl; +http://www.semrush.com/bot.html)"
66.249.69.70 - - [14/Aug/2025:19:38:03 -0300] "GET /admin/uploads/ckeditor/cal_3023,400x2675ac29343bcaaa.jpg HTTP/1.1" 200 25842 "-" "Googlebot-Image/1.0"
114.119.136.184 - - [14/Aug/2025:19:41:06 -0300] "GET /admin/media/Jcrop/demos/tutorial2.html HTTP/1.1" 200 3238 "http://libertysa.com.br/admin/media/Jcrop/index.html" "Mozilla/5.0 (Linux; Android 7.0;) AppleWebKit/537.36 (KHTML, like Gecko) Mobile Safari/537.36 (compatible; PetalBot;+https://webmaster.petalsearch.com/site/petalbot)"
52.167.144.225 - - [14/Aug/2025:19:41:16 -0300] "GET /admin/media/js/plugins/morris/morris-data.js HTTP/1.1" 200 2532 "-" "Mozilla/5.0 AppleWebKit/537.36 (KHTML, like Gecko; compatible; bingbot/2.0; +http://www.bing.com/bingbot.htm) Chrome/116.0.1938.76 Safari/537.36"
85.208.96.197 - - [14/Aug/2025:19:41:47 -0300] "GET /admin/js/ HTTP/1.1" 200 3717 "-" "Mozilla/5.0 (compatible; SemrushBot/7~bl; +http://www.semrush.com/bot.html)"
185.191.171.19 - - [14/Aug/2025:19:44:04 -0300] "GET /admin/media/css/ HTTP/1.1" 200 2635 "-" "Mozilla/5.0 (compatible; SemrushBot/7~bl; +http://www.semrush.com/bot.html)"
199.45.154.150 - - [14/Aug/2025:19:44:56 -0300] "GET / HTTP/1.1" 200 - "-" "Mozilla/5.0 (compatible; CensysInspect/1.1; +https://about.censys.io/)"
199.45.154.150 - - [14/Aug/2025:19:44:58 -0300] "GET /favicon.ico HTTP/1.1" 200 1716 "-" "Mozilla/5.0 (compatible; CensysInspect/1.1; +https://about.censys.io/)"
199.45.154.150 - - [14/Aug/2025:19:45:18 -0300] "GET /sitemap.xml HTTP/1.1" 200 551470 "-" "Mozilla/5.0 (compatible; CensysInspect/1.1; +https://about.censys.io/)"
185.191.171.19 - - [14/Aug/2025:19:47:49 -0300] "GET / HTTP/1.1" 200 - "-" "Mozilla/5.0 (compatible; SemrushBot/7~bl; +http://www.semrush.com/bot.html)"
114.119.152.69 - - [14/Aug/2025:20:01:57 -0300] "GET /admin/media/ckeditor/plugins/link/dialogs/link.js HTTP/1.1" 200 11124 "http://libertysa.com.br/admin/media/ckeditor/plugins/link/dialogs/?C=M%3BO%3DA" "Mozilla/5.0 (Linux; Android 7.0;) AppleWebKit/537.36 (KHTML, like Gecko) Mobile Safari/537.36 (compatible; PetalBot;+https://webmaster.petalsearch.com/site/petalbot)"
114.119.133.108 - - [14/Aug/2025:20:03:21 -0300] "GET /admin/media/Jcrop/demos/crop.php HTTP/1.1" 403 10402 "http://libertysa.com.br/admin/media/Jcrop/index.html" "Mozilla/5.0 (Linux; Android 7.0;) AppleWebKit/537.36 (KHTML, like Gecko) Mobile Safari/537.36 (compatible; PetalBot;+https://webmaster.petalsearch.com/site/petalbot)"
114.119.155.235 - - [14/Aug/2025:20:04:43 -0300] "GET /401.shtml HTTP/1.1" 200 10366 "http://libertysa.com.br/?p=noticia/18" "Mozilla/5.0 (Linux; Android 7.0;) AppleWebKit/537.36 (KHTML, like Gecko) Mobile Safari/537.36 (compatible; PetalBot;+https://webmaster.petalsearch.com/site/petalbot)"
85.208.96.193 - - [14/Aug/2025:20:18:48 -0300] "GET /media/ HTTP/1.1" 200 1292 "-" "Mozilla/5.0 (compatible; SemrushBot/7~bl; +http://www.semrush.com/bot.html)"
185.191.171.14 - - [14/Aug/2025:20:21:31 -0300] "GET /robots.txt HTTP/1.1" 200 384 "-" "Mozilla/5.0 (compatible; SemrushBot/7~bl; +http://www.semrush.com/bot.html)"
185.191.171.6 - - [14/Aug/2025:20:21:31 -0300] "GET /admin/media/font-awesome-4.1.0/ HTTP/1.1" 200 1354 "-" "Mozilla/5.0 (compatible; SemrushBot/7~bl; +http://www.semrush.com/bot.html)"
66.249.69.69 - - [14/Aug/2025:20:24:12 -0300] "GET /media/images/bg_titulo.jpg HTTP/1.1" 200 56680 "-" "Googlebot-Image/1.0"
66.249.69.70 - - [14/Aug/2025:20:24:12 -0300] "GET /admin/uploads/ckeditor/186308374,250x3755aafe5d393fbf.jpg HTTP/1.1" 200 45947 "-" "Googlebot-Image/1.0"
85.208.96.199 - - [14/Aug/2025:20:25:09 -0300] "GET /admin/nav/ HTTP/1.1" 200 787 "-" "Mozilla/5.0 (compatible; SemrushBot/7~bl; +http://www.semrush.com/bot.html)"
49.51.243.95 - - [14/Aug/2025:20:27:30 -0300] "GET / HTTP/1.1" 200 - "-" "Mozilla/5.0 (iPhone; CPU iPhone OS 13_2_3 like Mac OS X) AppleWebKit/605.1.15 (KHTML, like Gecko) Version/13.0.3 Mobile/15E148 Safari/604.1"
45.147.8.176 - - [14/Aug/2025:20:34:51 -0300] "POST /xmlrpc.php HTTP/1.1" 403 10358 "-" "Mozilla/5.0 (Macintosh; Intel Mac OS X 10_14_1) AppleWebKit/534.37 (KHTML, like Gecko111) Chrome/98.1 Safari/532.56"
140.235.1.149 - - [14/Aug/2025:20:34:51 -0300] "POST /xmlrpc.php HTTP/1.1" 403 10358 "-" "Mozilla/5.0 (Macintosh; Intel Mac OS X 10_14_5) AppleWebKit/534.39 (KHTML, like Gecko111) Chrome/95.3 Safari/535.57"
185.191.171.14 - - [14/Aug/2025:20:39:08 -0300] "GET /admin/configuration/ HTTP/1.1" 200 634 "-" "Mozilla/5.0 (compatible; SemrushBot/7~bl; +http://www.semrush.com/bot.html)"
185.191.171.3 - - [14/Aug/2025:20:44:41 -0300] "GET /admin/media/intro.js-1.1.1/example/programmatic/index.html HTTP/1.1" 200 3990 "-" "Mozilla/5.0 (compatible; SemrushBot/7~bl; +http://www.semrush.com/bot.html)"
85.208.96.211 - - [14/Aug/2025:20:45:09 -0300] "GET /admin/css/ HTTP/1.1" 200 2247 "-" "Mozilla/5.0 (compatible; SemrushBot/7~bl; +http://www.semrush.com/bot.html)"
114.119.155.58 - - [14/Aug/2025:20:48:48 -0300] "GET /admin/modules/redesocial/CadFormJS.js HTTP/1.1" 200 4015 "http://libertysa.com.br/admin/modules/redesocial/?C=M%3BO%3DA" "Mozilla/5.0 (Linux; Android 7.0;) AppleWebKit/537.36 (KHTML, like Gecko) Mobile Safari/537.36 (compatible; PetalBot;+https://webmaster.petalsearch.com/site/petalbot)"
114.119.155.210 - - [14/Aug/2025:20:50:12 -0300] "GET /admin/media/intro.js-1.1.1/themes/introjs-royal.css HTTP/1.1" 200 6242 "http://libertysa.com.br/admin/media/intro.js-1.1.1/themes/" "Mozilla/5.0 (Linux; Android 7.0;) AppleWebKit/537.36 (KHTML, like Gecko) Mobile Safari/537.36 (compatible; PetalBot;+https://webmaster.petalsearch.com/site/petalbot)"
85.208.96.204 - - [14/Aug/2025:20:50:26 -0300] "GET /admin/imagens/ HTTP/1.1" 200 1347 "-" "Mozilla/5.0 (compatible; SemrushBot/7~bl; +http://www.semrush.com/bot.html)"
85.208.96.207 - - [14/Aug/2025:20:51:24 -0300] "GET /admin/css/ HTTP/1.1" 200 2247 "-" "Mozilla/5.0 (compatible; SemrushBot/7~bl; +http://www.semrush.com/bot.html)"
114.119.155.58 - - [14/Aug/2025:20:51:36 -0300] "GET /admin/media/css/plugins/dataTables.bootstrap.css HTTP/1.1" 200 4946 "http://libertysa.com.br/admin/media/css/plugins/?C=M%3BO%3DA" "Mozilla/5.0 (Linux; Android 7.0;) AppleWebKit/537.36 (KHTML, like Gecko) Mobile Safari/537.36 (compatible; PetalBot;+https://webmaster.petalsearch.com/site/petalbot)"
114.119.155.58 - - [14/Aug/2025:20:53:00 -0300] "GET /admin/media/ckeditor/plugins/specialchar/dialogs/lang/da.js HTTP/1.1" 200 3360 "http://libertysa.com.br/admin/media/ckeditor/plugins/specialchar/dialogs/lang/?C=N%3BO%3DD" "Mozilla/5.0 (Linux; Android 7.0;) AppleWebKit/537.36 (KHTML, like Gecko) Mobile Safari/537.36 (compatible; PetalBot;+https://webmaster.petalsearch.com/site/petalbot)"
114.119.155.210 - - [14/Aug/2025:20:54:22 -0300] "GET /admin/js/fancybox.js HTTP/1.1" 200 48706 "http://libertysa.com.br/admin/js/?C=S%3BO%3DA" "Mozilla/5.0 (Linux; Android 7.0;) AppleWebKit/537.36 (KHTML, like Gecko) Mobile Safari/537.36 (compatible; PetalBot;+https://webmaster.petalsearch.com/site/petalbot)"
114.119.155.210 - - [14/Aug/2025:20:55:45 -0300] "GET /admin/font/roboto/Roboto-Regular.eot HTTP/1.1" 200 21320 "http://libertysa.com.br/admin/font/roboto/?C=M%3BO%3DA" "Mozilla/5.0 (Linux; Android 7.0;) AppleWebKit/537.36 (KHTML, like Gecko) Mobile Safari/537.36 (compatible; PetalBot;+https://webmaster.petalsearch.com/site/petalbot)"
85.208.96.193 - - [14/Aug/2025:21:00:57 -0300] "GET /admin/media/intro.js-1.1.1/example/auto-position/index.html HTTP/1.1" 200 4308 "-" "Mozilla/5.0 (compatible; SemrushBot/7~bl; +http://www.semrush.com/bot.html)"
85.208.96.211 - - [14/Aug/2025:21:05:22 -0300] "GET /admin/media/ HTTP/1.1" 200 3671 "-" "Mozilla/5.0 (compatible; SemrushBot/7~bl; +http://www.semrush.com/bot.html)"
185.191.171.10 - - [14/Aug/2025:21:05:43 -0300] "GET /admin/configuration/ HTTP/1.1" 200 634 "-" "Mozilla/5.0 (compatible; SemrushBot/7~bl; +http://www.semrush.com/bot.html)"
66.249.69.70 - - [14/Aug/2025:21:09:12 -0300] "GET /admin/uploads/noticias/assessoria15-12-2017_12-32-38.jpg HTTP/1.1" 200 91634 "-" "Googlebot-Image/1.0"
85.208.96.199 - - [14/Aug/2025:21:10:02 -0300] "GET /admin/media/froala/examples/plain_paste.html HTTP/1.1" 200 3312 "-" "Mozilla/5.0 (compatible; SemrushBot/7~bl; +http://www.semrush.com/bot.html)"
85.208.96.201 - - [14/Aug/2025:21:10:07 -0300] "GET /admin/PHPMailerNovo/ HTTP/1.1" 200 1512 "-" "Mozilla/5.0 (compatible; SemrushBot/7~bl; +http://www.semrush.com/bot.html)"
85.208.96.206 - - [14/Aug/2025:21:11:10 -0300] "GET /admin/media/froala/examples/custom_buttons.html HTTP/1.1" 200 5055 "-" "Mozilla/5.0 (compatible; SemrushBot/7~bl; +http://www.semrush.com/bot.html)"
185.191.171.16 - - [14/Aug/2025:21:14:54 -0300] "GET /admin/media/css/ HTTP/1.1" 200 2635 "-" "Mozilla/5.0 (compatible; SemrushBot/7~bl; +http://www.semrush.com/bot.html)"
45.94.31.162 - - [14/Aug/2025:21:19:45 -0300] "POST /wp-plain.php HTTP/1.1" 403 10362 "www.google.com" "Mozilla/5.0 (Linux; Android 7.0; SM-G892A Bulid/NRD90M; wv) AppleWebKit/537.36 (KHTML, like Gecko) Version/4.0 Chrome/60.0.3112.107 Moblie Safari/537.36"
45.94.31.162 - - [14/Aug/2025:21:19:45 -0300] "GET /daxxilvj.php?Fox=d3wL7 HTTP/1.1" 403 10382 "www.google.com" "Mozilla/5.0 (Linux; Android 7.0; SM-G892A Bulid/NRD90M; wv) AppleWebKit/537.36 (KHTML, like Gecko) Version/4.0 Chrome/60.0.3112.107 Moblie Safari/537.36"
45.94.31.162 - - [14/Aug/2025:21:19:45 -0300] "GET /wp-content/plugins/fix/up.php HTTP/1.1" 200 - "-" "Mozilla/5.0 (Windows NT 10.0; Win64; x64) AppleWebKit/537.36 (KHTML, like Gecko) Chrome/85.0.4183.102 Safari/537.36"
45.94.31.162 - - [14/Aug/2025:21:19:45 -0300] "GET / HTTP/1.1" 200 - "-" "Mozlila/5.0 (Linux; Android 7.0; SM-G892A Bulid/NRD90M; wv) AppleWebKit/537.36 (KHTML, like Gecko) Version/4.0 Chrome/60.0.3112.107 Moblie Safari/537.36"
45.94.31.162 - - [14/Aug/2025:21:19:45 -0300] "GET /wp-content/themes/seotheme/db.php?u HTTP/1.1" 200 301 "www.google.com" "Mozlila/5.0 (Linux; Android 7.0; SM-G892A Bulid/NRD90M; wv) AppleWebKit/537.36 (KHTML, like Gecko) Version/4.0 Chrome/60.0.3112.107 Moblie Safari/537.36"
45.94.31.162 - - [14/Aug/2025:21:19:45 -0300] "POST /ALFA_DATA/alfacgiapi/perl.alfa HTTP/1.1" 200 303 "www.google.com" "Mozlila/5.0 (Linux; Android 7.0; SM-G892A Bulid/NRD90M; wv) AppleWebKit/537.36 (KHTML, like Gecko) Version/4.0 Chrome/60.0.3112.107 Moblie Safari/537.36"
45.94.31.162 - - [14/Aug/2025:21:19:45 -0300] "POST /alfacgiapi/perl.alfa HTTP/1.1" 200 305 "www.google.com" "Mozlila/5.0 (Linux; Android 7.0; SM-G892A Bulid/NRD90M; wv) AppleWebKit/537.36 (KHTML, like Gecko) Version/4.0 Chrome/60.0.3112.107 Moblie Safari/537.36"
114.119.153.188 - - [14/Aug/2025:21:21:47 -0300] "GET /admin/modules/produtos/EditFormJS.js HTTP/1.1" 200 4584 "http://libertysa.com.br/admin/modules/produtos/?C=D%3BO%3DA" "Mozilla/5.0 (Linux; Android 7.0;) AppleWebKit/537.36 (KHTML, like Gecko) Mobile Safari/537.36 (compatible; PetalBot;+https://webmaster.petalsearch.com/site/petalbot)"
114.119.155.210 - - [14/Aug/2025:21:23:09 -0300] "GET /admin/media/jQuery-Mask-Plugin/package.json HTTP/1.1" 200 216 "http://libertysa.com.br/admin/media/jQuery-Mask-Plugin/?C=D%3BO%3DA" "Mozilla/5.0 (Linux; Android 7.0;) AppleWebKit/537.36 (KHTML, like Gecko) Mobile Safari/537.36 (compatible; PetalBot;+https://webmaster.petalsearch.com/site/petalbot)"
66.249.69.70 - - [14/Aug/2025:21:24:49 -0300] "GET /admin/uploads/ckeditor/portaria025a32cb56e40fa.png HTTP/1.1" 200 29359 "-" "Googlebot-Image/1.0"
85.208.96.197 - - [14/Aug/2025:21:42:41 -0300] "GET /admin/media/jQuery-Mask-Plugin/ HTTP/1.1" 200 2829 "-" "Mozilla/5.0 (compatible; SemrushBot/7~bl; +http://www.semrush.com/bot.html)"
66.249.69.70 - - [14/Aug/2025:21:42:45 -0300] "GET /admin/uploads/corpo_destaque/vigilancia13-12-2017_12-52-49_thumb.png HTTP/1.1" 200 21676 "-" "Googlebot-Image/1.0"
114.119.152.69 - - [14/Aug/2025:21:44:46 -0300] "GET /admin/media/ckeditor/plugins/scayt/dialogs/options.js HTTP/1.1" 200 8867 "http://libertysa.com.br/admin/media/ckeditor/plugins/scayt/dialogs/?C=N%3BO%3DD" "Mozilla/5.0 (Linux; Android 7.0;) AppleWebKit/537.36 (KHTML, like Gecko) Mobile Safari/537.36 (compatible; PetalBot;+https://webmaster.petalsearch.com/site/petalbot)"
114.119.159.8 - - [14/Aug/2025:21:46:10 -0300] "GET /admin/media/ckeditor/plugins/a11yhelp/dialogs/lang/sr-latn.js HTTP/1.1" 200 3975 "http://libertysa.com.br/admin/media/ckeditor/plugins/a11yhelp/dialogs/lang/?C=S%3BO%3DA" "Mozilla/5.0 (Linux; Android 7.0;) AppleWebKit/537.36 (KHTML, like Gecko) Mobile Safari/537.36 (compatible; PetalBot;+https://webmaster.petalsearch.com/site/petalbot)"
114.119.153.188 - - [14/Aug/2025:21:59:16 -0300] "GET /admin/media/font-awesome-4.1.0/scss/_rotated-flipped.scss HTTP/1.1" 200 692 "http://libertysa.com.br/admin/media/font-awesome-4.1.0/scss/?C=M%3BO%3DA" "Mozilla/5.0 (Linux; Android 7.0;) AppleWebKit/537.36 (KHTML, like Gecko) Mobile Safari/537.36 (compatible; PetalBot;+https://webmaster.petalsearch.com/site/petalbot)"
114.119.153.188 - - [14/Aug/2025:22:00:39 -0300] "GET /admin/media/froala/js/langs/pl.js HTTP/1.1" 200 3206 "http://libertysa.com.br/admin/media/froala/js/langs/?C=N%3BO%3DD" "Mozilla/5.0 (Linux; Android 7.0;) AppleWebKit/537.36 (KHTML, like Gecko) Mobile Safari/537.36 (compatible; PetalBot;+https://webmaster.petalsearch.com/site/petalbot)"
114.119.146.185 - - [14/Aug/2025:22:02:02 -0300] "GET /?p=noticia/13 HTTP/1.1" 200 - "http://libertysa.com.br/?p=noticia%2F14" "Mozilla/5.0 (Linux; Android 7.0;) AppleWebKit/537.36 (KHTML, like Gecko) Mobile Safari/537.36 (compatible; PetalBot;+https://webmaster.petalsearch.com/site/petalbot)"
185.191.171.1 - - [14/Aug/2025:22:03:20 -0300] "GET /admin/media/intro.js-1.1.1/example/multi-page/index.html HTTP/1.1" 200 3393 "-" "Mozilla/5.0 (compatible; SemrushBot/7~bl; +http://www.semrush.com/bot.html)"
85.208.96.196 - - [14/Aug/2025:22:03:21 -0300] "GET /admin/index.php_old HTTP/1.1" 200 3413 "-" "Mozilla/5.0 (compatible; SemrushBot/7~bl; +http://www.semrush.com/bot.html)"
114.119.157.237 - - [14/Aug/2025:22:03:26 -0300] "GET /admin/media/Highcharts-4.1.9/examples/column-drilldown/index.htm HTTP/1.1" 200 7358 "http://libertysa.com.br/admin/media/Highcharts-4.1.9/index.htm" "Mozilla/5.0 (Linux; Android 7.0;) AppleWebKit/537.36 (KHTML, like Gecko) Mobile Safari/537.36 (compatible; PetalBot;+https://webmaster.petalsearch.com/site/petalbot)"
185.191.171.2 - - [14/Aug/2025:22:04:10 -0300] "GET /admin/media/jQuery-Mask-Plugin/ HTTP/1.1" 200 2829 "-" "Mozilla/5.0 (compatible; SemrushBot/7~bl; +http://www.semrush.com/bot.html)"
185.191.171.13 - - [14/Aug/2025:22:07:31 -0300] "GET /admin/media/froala/examples/customize_button_icons.html HTTP/1.1" 200 3447 "-" "Mozilla/5.0 (compatible; SemrushBot/7~bl; +http://www.semrush.com/bot.html)"
85.208.96.201 - - [14/Aug/2025:22:09:48 -0300] "GET /media/ HTTP/1.1" 200 1292 "-" "Mozilla/5.0 (compatible; SemrushBot/7~bl; +http://www.semrush.com/bot.html)"
34.94.192.157 - - [14/Aug/2025:22:10:36 -0300] "POST /ALFA_DATA/alfacgiapi/perl.alfa HTTP/1.1" 200 - "-" "Mozilla/5.0 (Windows NT 10.0; Win64; x64) AppleWebKit/537.36 (KHTML, like Gecko) Chrome/85.0.4183.102 Safari/537.36"
217.113.194.86 - - [14/Aug/2025:22:12:43 -0300] "GET /robots.txt HTTP/1.1" 200 384 "-" "Mozilla/5.0 (compatible; Barkrowler/0.9; +https://babbar.tech/crawler)"
217.113.194.91 - - [14/Aug/2025:22:12:53 -0300] "GET /robots.txt HTTP/1.1" 200 384 "-" "Mozilla/5.0 (compatible; Barkrowler/0.9; +https://babbar.tech/crawler)"
217.113.194.246 - - [14/Aug/2025:22:13:21 -0300] "GET / HTTP/1.1" 200 - "-" "Mozilla/5.0 (compatible; Barkrowler/0.9; +https://babbar.tech/crawler)"
217.113.194.220 - - [14/Aug/2025:22:13:30 -0300] "GET / HTTP/1.1" 200 - "-" "Mozilla/5.0 (compatible; Barkrowler/0.9; +https://babbar.tech/crawler)"
217.113.194.89 - - [14/Aug/2025:22:13:56 -0300] "GET /admin/img/ HTTP/1.1" 200 1499 "-" "Mozilla/5.0 (compatible; Barkrowler/0.9; +https://babbar.tech/crawler)"
217.113.194.86 - - [14/Aug/2025:22:14:05 -0300] "GET /media/css/ HTTP/1.1" 200 2429 "-" "Mozilla/5.0 (compatible; Barkrowler/0.9; +https://babbar.tech/crawler)"
217.113.194.91 - - [14/Aug/2025:22:14:29 -0300] "GET /admin/css/ HTTP/1.1" 200 2247 "-" "Mozilla/5.0 (compatible; Barkrowler/0.9; +https://babbar.tech/crawler)"
154.54.249.201 - - [14/Aug/2025:22:14:37 -0300] "GET /media/js/ HTTP/1.1" 200 2787 "-" "Mozilla/5.0 (compatible; Barkrowler/0.9; +https://babbar.tech/crawler)"
217.113.194.83 - - [14/Aug/2025:22:15:02 -0300] "GET /media/images/ HTTP/1.1" 200 2585 "-" "Mozilla/5.0 (compatible; Barkrowler/0.9; +https://babbar.tech/crawler)"
217.113.194.246 - - [14/Aug/2025:22:15:11 -0300] "GET /media/?C=D;O=A HTTP/1.1" 200 1292 "-" "Mozilla/5.0 (compatible; Barkrowler/0.9; +https://babbar.tech/crawler)"
217.113.194.91 - - [14/Aug/2025:22:15:40 -0300] "GET /media/js/ HTTP/1.1" 200 2787 "-" "Mozilla/5.0 (compatible; Barkrowler/0.9; +https://babbar.tech/crawler)"
217.113.194.91 - - [14/Aug/2025:22:15:47 -0300] "GET /admin/font/ HTTP/1.1" 200 791 "-" "Mozilla/5.0 (compatible; Barkrowler/0.9; +https://babbar.tech/crawler)"
217.113.194.89 - - [14/Aug/2025:22:16:08 -0300] "GET /media/fonts/ HTTP/1.1" 200 2693 "-" "Mozilla/5.0 (compatible; Barkrowler/0.9; +https://babbar.tech/crawler)"
217.113.194.82 - - [14/Aug/2025:22:16:16 -0300] "GET /admin/uploads/?C=M;O=A HTTP/1.1" 200 2573 "-" "Mozilla/5.0 (compatible; Barkrowler/0.9; +https://babbar.tech/crawler)"
217.113.194.89 - - [14/Aug/2025:22:16:39 -0300] "GET /highmaps HTTP/1.1" 200 - "-" "Mozilla/5.0 (compatible; Barkrowler/0.9; +https://babbar.tech/crawler)"
217.113.194.89 - - [14/Aug/2025:22:16:46 -0300] "GET /admin/js/?C=M;O=A HTTP/1.1" 200 3717 "-" "Mozilla/5.0 (compatible; Barkrowler/0.9; +https://babbar.tech/crawler)"
217.113.194.246 - - [14/Aug/2025:22:17:06 -0300] "GET /highstock HTTP/1.1" 200 - "-" "Mozilla/5.0 (compatible; Barkrowler/0.9; +https://babbar.tech/crawler)"
217.113.194.84 - - [14/Aug/2025:22:17:13 -0300] "GET /admin/js/?C=S;O=A HTTP/1.1" 200 3717 "-" "Mozilla/5.0 (compatible; Barkrowler/0.9; +https://babbar.tech/crawler)"
154.54.249.201 - - [14/Aug/2025:22:17:37 -0300] "GET /admin/?C=N;O=A HTTP/1.1" 200 2884 "-" "Mozilla/5.0 (compatible; Barkrowler/0.9; +https://babbar.tech/crawler)"
217.113.194.84 - - [14/Aug/2025:22:17:44 -0300] "GET /admin/js/?C=D;O=A HTTP/1.1" 200 3717 "-" "Mozilla/5.0 (compatible; Barkrowler/0.9; +https://babbar.tech/crawler)"
217.113.194.91 - - [14/Aug/2025:22:18:08 -0300] "GET /admin/js/?C=M;O=A HTTP/1.1" 200 3717 "-" "Mozilla/5.0 (compatible; Barkrowler/0.9; +https://babbar.tech/crawler)"
217.113.194.88 - - [14/Aug/2025:22:18:14 -0300] "GET /admin/js/?C=N;O=D HTTP/1.1" 200 3717 "-" "Mozilla/5.0 (compatible; Barkrowler/0.9; +https://babbar.tech/crawler)"
217.113.194.85 - - [14/Aug/2025:22:18:37 -0300] "GET /admin/js/?C=D;O=A HTTP/1.1" 200 3717 "-" "Mozilla/5.0 (compatible; Barkrowler/0.9; +https://babbar.tech/crawler)"
217.113.194.85 - - [14/Aug/2025:22:18:44 -0300] "GET /admin/modules/?C=M;O=A HTTP/1.1" 200 6504 "-" "Mozilla/5.0 (compatible; Barkrowler/0.9; +https://babbar.tech/crawler)"
217.113.194.83 - - [14/Aug/2025:22:19:06 -0300] "GET /admin/modules/?C=S;O=A HTTP/1.1" 200 6504 "-" "Mozilla/5.0 (compatible; Barkrowler/0.9; +https://babbar.tech/crawler)"
217.113.194.220 - - [14/Aug/2025:22:19:13 -0300] "GET /admin/modules/?C=D;O=A HTTP/1.1" 200 6504 "-" "Mozilla/5.0 (compatible; Barkrowler/0.9; +https://babbar.tech/crawler)"
217.113.194.86 - - [14/Aug/2025:22:19:36 -0300] "GET /admin/media/js/ HTTP/1.1" 200 3700 "-" "Mozilla/5.0 (compatible; Barkrowler/0.9; +https://babbar.tech/crawler)"
217.113.194.84 - - [14/Aug/2025:22:19:44 -0300] "GET /admin/media/js/ HTTP/1.1" 200 3700 "-" "Mozilla/5.0 (compatible; Barkrowler/0.9; +https://babbar.tech/crawler)"
66.249.69.71 - - [14/Aug/2025:22:19:46 -0300] "GET /media/images/bg_footer.jpg HTTP/1.1" 200 132374 "-" "Googlebot-Image/1.0"
85.208.96.206 - - [14/Aug/2025:22:20:03 -0300] "GET /admin/media/froala/examples/init_on_image_with_link.html HTTP/1.1" 200 1453 "-" "Mozilla/5.0 (compatible; SemrushBot/7~bl; +http://www.semrush.com/bot.html)"
217.113.194.85 - - [14/Aug/2025:22:20:06 -0300] "GET /admin/media/img/ HTTP/1.1" 200 2046 "-" "Mozilla/5.0 (compatible; Barkrowler/0.9; +https://babbar.tech/crawler)"
217.113.194.86 - - [14/Aug/2025:22:20:14 -0300] "GET /admin/media/?C=M;O=A HTTP/1.1" 200 3671 "-" "Mozilla/5.0 (compatible; Barkrowler/0.9; +https://babbar.tech/crawler)"
154.54.249.201 - - [14/Aug/2025:22:20:36 -0300] "GET /admin/?C=M;O=D HTTP/1.1" 200 2884 "-" "Mozilla/5.0 (compatible; Barkrowler/0.9; +https://babbar.tech/crawler)"
217.113.194.90 - - [14/Aug/2025:22:20:44 -0300] "GET /admin/media/css/ HTTP/1.1" 200 2635 "-" "Mozilla/5.0 (compatible; Barkrowler/0.9; +https://babbar.tech/crawler)"
