%PDF- %PDF-
Direktori : /home/dimen328/access-logs/ |
Current File : /home/dimen328/access-logs/libertysa.dimensaogrupo.com.br-ssl_log |
208.100.26.244 - - [14/Aug/2025:05:43:12 -0300] "GET / HTTP/1.1" 200 - "-" "Mozilla/5.0 (X11; Linux x86_64) AppleWebKit/537.36 (KHTML, like Gecko) Ubuntu Chromium/66.0.3359.181 Chrome/66.0.3359.181 Safari/537.36"
66.249.69.65 - - [14/Aug/2025:05:57:49 -0300] "GET /admin/uploads/banners/banner0112-12-2017_14-14-20_thumb.jpg HTTP/1.1" 200 16282 "-" "Googlebot-Image/1.0"
204.12.252.98 - - [14/Aug/2025:05:59:53 -0300] "GET /wp-includes/install.php HTTP/1.1" 200 - "https://libertysa.com.br/wp-includes/install.php" "Mozilla/5.0 (Windows NT 10.0; Win64; x64) AppleWebKit/537.36 (KHTML, like Gecko) Chrome/58.0.3029.110 Safari/537.3"
216.73.216.169 - - [14/Aug/2025:06:09:10 -0300] "GET /robots.txt HTTP/2.0" 200 384 "-" "Mozilla/5.0 AppleWebKit/537.36 (KHTML, like Gecko; compatible; ClaudeBot/1.0; +claudebot@anthropic.com)"
216.73.216.169 - - [14/Aug/2025:06:09:11 -0300] "GET / HTTP/2.0" 200 - "-" "Mozilla/5.0 AppleWebKit/537.36 (KHTML, like Gecko; compatible; ClaudeBot/1.0; +claudebot@anthropic.com)"
66.249.75.69 - - [14/Aug/2025:06:09:29 -0300] "GET /pages.php?pcmypage?callback=/product%2Fdetail%21132617602 HTTP/1.1" 200 561843 "-" "Mozilla/5.0 (Linux; Android 6.0.1; Nexus 5X Build/MMB29P) AppleWebKit/537.36 (KHTML, like Gecko) Chrome/138.0.7204.183 Mobile Safari/537.36 (compatible; Googlebot/2.1; +http://www.google.com/bot.html)"
208.110.64.178 - - [14/Aug/2025:06:10:01 -0300] "GET /wp-includes/install.php HTTP/1.1" 200 - "https://libertysa.com.br/wp-includes/install.php" "Mozilla/5.0 (Windows NT 10.0; Win64; x64) AppleWebKit/537.36 (KHTML, like Gecko) Chrome/58.0.3029.110 Safari/537.3"
66.249.75.70 - - [14/Aug/2025:06:14:11 -0300] "GET /admin/media/ckeditor/skins/office2013/images/hidpi/refresh.png HTTP/1.1" 200 2320 "-" "Googlebot-Image/1.0"
192.178.6.73 - - [14/Aug/2025:06:16:00 -0300] "GET /034000400.htm HTTP/2.0" 200 570993 "-" "Mozilla/5.0 (Linux; Android 6.0.1; Nexus 5X Build/MMB29P) AppleWebKit/537.36 (KHTML, like Gecko) Chrome/138.0.7204.183 Mobile Safari/537.36 (compatible; Googlebot/2.1; +http://www.google.com/bot.html)"
47.82.11.35 - - [14/Aug/2025:06:21:37 -0300] "GET /31ujbt36760.html HTTP/1.1" 200 - "https://libertysa.com.br/31ujbt36760.html" "Mozilla/5.0 (X11; CrOS x86_64 14541.0.0) AppleWebKit/537.36 (KHTML, like Gecko) Chrome/134.0.0.0 Safari/537.36"
114.79.2.45 - - [14/Aug/2025:06:32:33 -0300] "GET /admin/includes/uploader.php HTTP/2.0" 403 10394 "-" "Mozilla/5.0 (Linux; Android 10; K) AppleWebKit/537.36 (KHTML, like Gecko) Chrome/139.0.0.0 Mobile Safari/537.36"
114.79.2.45 - - [14/Aug/2025:06:32:34 -0300] "GET /img-sys/server_misconfigured.png HTTP/2.0" 200 3164 "https://libertysa.com.br/admin/includes/uploader.php" "Mozilla/5.0 (Linux; Android 10; K) AppleWebKit/537.36 (KHTML, like Gecko) Chrome/139.0.0.0 Mobile Safari/537.36"
114.79.2.45 - - [14/Aug/2025:06:32:34 -0300] "GET /img-sys/powered_by_cpanel.svg HTTP/2.0" 200 5617 "https://libertysa.com.br/admin/includes/uploader.php" "Mozilla/5.0 (Linux; Android 10; K) AppleWebKit/537.36 (KHTML, like Gecko) Chrome/139.0.0.0 Mobile Safari/537.36"
114.79.2.45 - - [14/Aug/2025:06:32:34 -0300] "GET /favicon.ico HTTP/2.0" 200 1716 "https://libertysa.com.br/admin/includes/uploader.php" "Mozilla/5.0 (Linux; Android 10; K) AppleWebKit/537.36 (KHTML, like Gecko) Chrome/139.0.0.0 Mobile Safari/537.36"
192.178.6.64 - - [14/Aug/2025:06:32:41 -0300] "GET /014000444.htm HTTP/2.0" 200 559121 "-" "Mozilla/5.0 (Linux; Android 6.0.1; Nexus 5X Build/MMB29P) AppleWebKit/537.36 (KHTML, like Gecko) Chrome/138.0.7204.183 Mobile Safari/537.36 (compatible; Googlebot/2.1; +http://www.google.com/bot.html)"
204.12.208.18 - - [14/Aug/2025:06:35:54 -0300] "GET /wp-includes/install.php HTTP/1.1" 200 - "https://libertysa.com.br/wp-includes/install.php" "Mozilla/5.0 (Macintosh; Intel Mac OS X 10_6_8) AppleWebKit/535.7 (KHTML, like Gecko) Chrome/16.0.912.75 Safari/535.7"
204.12.252.98 - - [14/Aug/2025:06:35:55 -0300] "GET /wp-includes/install.php HTTP/1.1" 200 - "https://libertysa.com.br/wp-includes/install.php" "Mozilla/5.0 (Windows NT 10.0; Win64; x64) AppleWebKit/537.36 (KHTML, like Gecko) Chrome/58.0.3029.110 Safari/537.3"
208.110.64.178 - - [14/Aug/2025:06:41:05 -0300] "GET /wp-includes/install.php HTTP/1.1" 200 - "https://libertysa.com.br/wp-includes/install.php" "Mozilla/5.0 (Windows NT 10.0; Win64; x64) AppleWebKit/537.36 (KHTML, like Gecko) Chrome/58.0.3029.110 Safari/537.3"
192.178.6.73 - - [14/Aug/2025:06:54:16 -0300] "GET /72kxzcj647.html HTTP/2.0" 200 558954 "-" "Mozilla/5.0 (Linux; Android 6.0.1; Nexus 5X Build/MMB29P) AppleWebKit/537.36 (KHTML, like Gecko) Chrome/138.0.7204.183 Mobile Safari/537.36 (compatible; Googlebot/2.1; +http://www.google.com/bot.html)"
34.90.215.190 - - [14/Aug/2025:06:56:23 -0300] "GET / HTTP/1.1" 200 - "-" "Scrapy/2.12.0 (+https://scrapy.org)"
34.90.220.251 - - [14/Aug/2025:06:56:24 -0300] "GET / HTTP/1.1" 200 - "-" "Scrapy/2.12.0 (+https://scrapy.org)"
47.82.11.3 - - [14/Aug/2025:07:00:29 -0300] "GET /19qcw48086.html HTTP/1.1" 200 - "https://libertysa.com.br/19qcw48086.html" "Mozilla/5.0 (Macintosh; Intel Mac OS X 10_15_7) AppleWebKit/537.36 (KHTML, like Gecko) Chrome/135.0.0.0 Safari/537.36"
208.110.64.178 - - [14/Aug/2025:07:11:15 -0300] "GET /wp-includes/install.php HTTP/1.1" 200 - "https://libertysa.com.br/wp-includes/install.php" "Mozilla/5.0 (Windows NT 10.0; Win64; x64) AppleWebKit/537.36 (KHTML, like Gecko) Chrome/58.0.3029.110 Safari/537.3"
216.73.216.169 - - [14/Aug/2025:07:17:53 -0300] "GET /robots.txt HTTP/2.0" 200 384 "-" "Mozilla/5.0 AppleWebKit/537.36 (KHTML, like Gecko; compatible; ClaudeBot/1.0; +claudebot@anthropic.com)"
216.73.216.169 - - [14/Aug/2025:07:17:53 -0300] "GET / HTTP/2.0" 200 - "-" "Mozilla/5.0 AppleWebKit/537.36 (KHTML, like Gecko; compatible; ClaudeBot/1.0; +claudebot@anthropic.com)"
66.249.69.64 - - [14/Aug/2025:07:19:38 -0300] "GET /admin/uploads/banners/capa-slide-site-natal16-12-2019_14-21-43_thumb.jpg HTTP/1.1" 200 8341 "-" "Googlebot-Image/1.0"
208.110.64.178 - - [14/Aug/2025:07:28:17 -0300] "GET /wp-includes/install.php HTTP/1.1" 200 - "https://libertysa.com.br/wp-includes/install.php" "Mozilla/5.0 (Windows NT 10.0; Win64; x64) AppleWebKit/537.36 (KHTML, like Gecko) Chrome/58.0.3029.110 Safari/537.3"
173.249.56.8 - - [14/Aug/2025:07:33:00 -0300] "HEAD / HTTP/1.1" 200 - "-" "Mozilla/5.0 (Windows NT 10.0; Win64; x64; rv:118.0) Gecko/20100101 Firefox/118.0"
173.249.56.8 - - [14/Aug/2025:07:33:00 -0300] "GET /administrator/ HTTP/1.1" 200 303 "https://www.google.com/" "Mozilla/5.0 (X11; Ubuntu; Linux x86_64) AppleWebKit/537.36 (KHTML, like Gecko) Chrome/119.0.0.0 Safari/537.36"
173.249.56.8 - - [14/Aug/2025:07:33:01 -0300] "GET /administrator/index.php HTTP/1.1" 200 301 "https://www.google.com/search?q=joomla" "Mozilla/5.0 (Windows NT 11.0; Win64; x64; rv:118.0) Gecko/20100101 Firefox/118.0"
173.249.56.8 - - [14/Aug/2025:07:33:01 -0300] "GET /administrator/index2.php HTTP/1.1" 200 299 "https://www.google.com/" "Mozilla/5.0 (Macintosh; Intel Mac OS X 10_15_7; rv:118.0) Gecko/20100101 Firefox/118.0"
173.249.56.8 - - [14/Aug/2025:07:33:02 -0300] "GET /admin/ HTTP/1.1" 200 2884 "" "Mozilla/5.0 (Macintosh; Intel Mac OS X 13_6_1) AppleWebKit/537.36 (KHTML, like Gecko) Chrome/119.0.0.0 Safari/537.36"
173.249.56.8 - - [14/Aug/2025:07:33:02 -0300] "GET /joomla/administrator/ HTTP/1.1" 200 - "https://www.joomla.org/" "Mozilla/5.0 (Macintosh; Intel Mac OS X 13_6_1) AppleWebKit/537.36 (KHTML, like Gecko) Chrome/118.0.0.0 Safari/537.36"
173.249.56.8 - - [14/Aug/2025:07:33:02 -0300] "GET /cms/administrator/ HTTP/1.1" 200 - "https://www.facebook.com/" "Mozilla/5.0 (Macintosh; Intel Mac OS X 13_6_1) AppleWebKit/605.1.15 (KHTML, like Gecko) Version/16.6 Safari/605.1.15"
173.249.56.8 - - [14/Aug/2025:07:33:02 -0300] "GET /site/administrator/ HTTP/1.1" 200 - "https://www.joomla.org/" "Mozilla/5.0 (Windows NT 11.0; Win64; x64) AppleWebKit/537.36 (KHTML, like Gecko) Chrome/118.0.0.0 Safari/537.36"
173.249.56.8 - - [14/Aug/2025:07:33:03 -0300] "GET /web/administrator/ HTTP/1.1" 200 299 "https://www.google.com/" "Mozilla/5.0 (X11; Linux x86_64) AppleWebKit/537.36 (KHTML, like Gecko) Chrome/118.0.0.0 Safari/537.36"
173.249.56.8 - - [14/Aug/2025:07:33:03 -0300] "GET /portal/administrator/ HTTP/1.1" 200 - "" "Mozilla/5.0 (Macintosh; Intel Mac OS X 13_6_1) AppleWebKit/537.36 (KHTML, like Gecko) Chrome/118.0.0.0 Safari/537.36"
204.12.208.18 - - [14/Aug/2025:07:33:24 -0300] "GET /wp-includes/install.php HTTP/1.1" 200 - "https://libertysa.com.br/wp-includes/install.php" "Mozilla/5.0 (Macintosh; U; Intel Mac OS X 10_6_3; ja-jp) AppleWebKit/533.16 (KHTML, like Gecko) Version/5.0 Safari/533.16"
216.73.216.169 - - [14/Aug/2025:07:34:33 -0300] "GET / HTTP/2.0" 200 - "-" "Mozilla/5.0 AppleWebKit/537.36 (KHTML, like Gecko; compatible; ClaudeBot/1.0; +claudebot@anthropic.com)"
204.12.252.98 - - [14/Aug/2025:07:34:54 -0300] "GET /wp-includes/install.php HTTP/1.1" 200 - "https://libertysa.com.br/wp-includes/install.php" "Mozilla/5.0 (Windows NT 10.0; Win64; x64) AppleWebKit/537.36 (KHTML, like Gecko) Chrome/58.0.3029.110 Safari/537.3"
206.189.90.106 - - [14/Aug/2025:07:44:01 -0300] "GET /wp-login.php HTTP/1.1" 200 - "-" "Mozilla/5.0 (X11; Linux x86_64) AppleWebKit/537.36 (KHTML, like Gecko) Chrome/134.0.0.0 Safari/537.36"
206.189.90.106 - - [14/Aug/2025:07:44:01 -0300] "POST /wp-login.php HTTP/1.1" 200 - "-" "Mozilla/5.0 (X11; Linux x86_64) AppleWebKit/537.36 (KHTML, like Gecko) Chrome/134.0.0.0 Safari/537.36"
206.189.90.106 - - [14/Aug/2025:07:44:01 -0300] "GET /wp-admin/ HTTP/1.1" 200 606 "-" "Mozilla/5.0 (X11; Linux x86_64) AppleWebKit/537.36 (KHTML, like Gecko) Chrome/134.0.0.0 Safari/537.36"
18.213.70.100 - - [14/Aug/2025:07:46:47 -0300] "GET /robots.txt HTTP/1.1" 200 384 "-" "Mozilla/5.0 AppleWebKit/537.36 (KHTML, like Gecko; compatible; Amazonbot/0.1; +https://developer.amazon.com/support/amazonbot) Chrome/119.0.6045.214 Safari/537.36"
52.45.15.233 - - [14/Aug/2025:07:46:47 -0300] "GET /admin/media/Highcharts-4.1.9/exporting-server/java/highcharts-export/highcharts-export-web/target/tmp/jsp/org/ HTTP/1.1" 200 1089 "-" "Mozilla/5.0 AppleWebKit/537.36 (KHTML, like Gecko; compatible; Amazonbot/0.1; +https://developer.amazon.com/support/amazonbot) Chrome/119.0.6045.214 Safari/537.36"
208.110.64.178 - - [14/Aug/2025:07:59:37 -0300] "GET /wp-includes/install.php HTTP/1.1" 200 - "https://libertysa.com.br/wp-includes/install.php" "Mozilla/5.0 (Windows NT 10.0; Win64; x64) AppleWebKit/537.36 (KHTML, like Gecko) Chrome/58.0.3029.110 Safari/537.3"
204.12.252.98 - - [14/Aug/2025:08:14:24 -0300] "GET /wp-includes/install.php HTTP/1.1" 200 - "https://libertysa.com.br/wp-includes/install.php" "Mozilla/5.0 (Windows NT 10.0; Win64; x64) AppleWebKit/537.36 (KHTML, like Gecko) Chrome/58.0.3029.110 Safari/537.3"
192.178.6.64 - - [14/Aug/2025:08:15:09 -0300] "GET /pages.php?item/u37/526/ HTTP/2.0" 200 565965 "-" "Mozilla/5.0 (Linux; Android 6.0.1; Nexus 5X Build/MMB29P) AppleWebKit/537.36 (KHTML, like Gecko) Chrome/138.0.7204.183 Mobile Safari/537.36 (compatible; Googlebot/2.1; +http://www.google.com/bot.html)"
216.73.216.169 - - [14/Aug/2025:08:25:02 -0300] "GET /robots.txt HTTP/2.0" 200 384 "-" "Mozilla/5.0 AppleWebKit/537.36 (KHTML, like Gecko; compatible; ClaudeBot/1.0; +claudebot@anthropic.com)"
216.73.216.169 - - [14/Aug/2025:08:25:02 -0300] "GET /pages.php HTTP/2.0" 200 - "-" "Mozilla/5.0 AppleWebKit/537.36 (KHTML, like Gecko; compatible; ClaudeBot/1.0; +claudebot@anthropic.com)"
192.178.6.64 - - [14/Aug/2025:08:28:02 -0300] "GET /?_ga=2.199523654.1957302487.1723933754-910335128.1699395111&_bdsid=tbwpnc.n~EKARM.1772283169182.1743319615&_bd_prev_page=https://libertysa.com.br/cart.html?094045450.htm HTTP/2.0" 200 562023 "-" "Mozilla/5.0 (Linux; Android 6.0.1; Nexus 5X Build/MMB29P) AppleWebKit/537.36 (KHTML, like Gecko) Chrome/138.0.7204.183 Mobile Safari/537.36 (compatible; Googlebot/2.1; +http://www.google.com/bot.html)"
204.12.208.18 - - [14/Aug/2025:08:31:21 -0300] "GET /wp-includes/install.php HTTP/1.1" 200 - "https://libertysa.com.br/wp-includes/install.php" "Mozilla/5.0 (Windows NT 5.1) AppleWebKit/534.30 (KHTML, like Gecko) Chrome/12.0.742.122 Safari/534.30 ChromePlus/1.6.3.1"
216.73.216.169 - - [14/Aug/2025:08:33:10 -0300] "GET / HTTP/2.0" 200 - "-" "Mozilla/5.0 AppleWebKit/537.36 (KHTML, like Gecko; compatible; ClaudeBot/1.0; +claudebot@anthropic.com)"
57.141.2.22 - - [14/Aug/2025:08:35:59 -0300] "GET / HTTP/2.0" 200 - "-" "meta-externalagent/1.1 (+https://developers.facebook.com/docs/sharing/webmasters/crawler)"
47.82.11.3 - - [14/Aug/2025:08:40:26 -0300] "GET /033002931.htm HTTP/1.1" 200 - "https://libertysa.com.br/033002931.htm" "Mozilla/5.0 (Windows NT 10.0; Win64; x64) AppleWebKit/537.36 (KHTML, like Gecko) Chrome/135.0.0.0 Safari/537.36"
204.12.252.98 - - [14/Aug/2025:08:44:52 -0300] "GET /wp-includes/install.php HTTP/1.1" 200 - "https://libertysa.com.br/wp-includes/install.php" "Mozilla/5.0 (Windows NT 10.0; Win64; x64) AppleWebKit/537.36 (KHTML, like Gecko) Chrome/58.0.3029.110 Safari/537.3"
66.249.75.69 - - [14/Aug/2025:08:49:41 -0300] "GET /robots.txt HTTP/1.1" 200 384 "-" "Mozilla/5.0 (compatible; Googlebot/2.1; +http://www.google.com/bot.html)"
66.249.75.69 - - [14/Aug/2025:08:49:41 -0300] "GET /pages.php?item/u33/962/ HTTP/1.1" 200 563950 "-" "Mozilla/5.0 (Linux; Android 6.0.1; Nexus 5X Build/MMB29P) AppleWebKit/537.36 (KHTML, like Gecko) Chrome/138.0.7204.183 Mobile Safari/537.36 (compatible; Googlebot/2.1; +http://www.google.com/bot.html)"
66.249.75.69 - - [14/Aug/2025:09:07:38 -0300] "GET /admin/media/ckeditor/plugins/showblocks/images/block_h2.png HTTP/1.1" 200 127 "-" "Googlebot-Image/1.0"
216.73.216.169 - - [14/Aug/2025:09:07:56 -0300] "GET /pages.php HTTP/2.0" 200 - "-" "Mozilla/5.0 AppleWebKit/537.36 (KHTML, like Gecko; compatible; ClaudeBot/1.0; +claudebot@anthropic.com)"
47.82.11.30 - - [14/Aug/2025:09:10:58 -0300] "GET /055007605.htm HTTP/1.1" 200 - "https://libertysa.com.br/055007605.htm" "Mozilla/5.0 (Macintosh; Intel Mac OS X 10_15_7) AppleWebKit/537.36 (KHTML, like Gecko) Chrome/134.0.0.0 Safari/537.36"
216.73.216.169 - - [14/Aug/2025:09:13:24 -0300] "GET / HTTP/2.0" 200 - "-" "Mozilla/5.0 AppleWebKit/537.36 (KHTML, like Gecko; compatible; ClaudeBot/1.0; +claudebot@anthropic.com)"
194.233.70.142 - - [14/Aug/2025:09:19:05 -0300] "GET /wp-login.php HTTP/1.1" 200 - "-" "Mozila/5.0"
208.110.64.178 - - [14/Aug/2025:09:20:15 -0300] "GET /wp-includes/install.php HTTP/1.1" 200 - "https://libertysa.com.br/wp-includes/install.php" "Mozilla/5.0 (Windows NT 10.0; Win64; x64) AppleWebKit/537.36 (KHTML, like Gecko) Chrome/58.0.3029.110 Safari/537.3"
57.141.2.26 - - [14/Aug/2025:09:28:27 -0300] "GET /index.html HTTP/2.0" 200 - "-" "meta-externalagent/1.1 (+https://developers.facebook.com/docs/sharing/webmasters/crawler)"
204.12.208.18 - - [14/Aug/2025:09:29:22 -0300] "GET /wp-includes/install.php HTTP/1.1" 200 - "https://libertysa.com.br/wp-includes/install.php" "Mozilla/4.0 (compatible; MSIE 7.0; Windows NT 5.1; SV1; .NET CLR 1.0.3705; .NET CLR 2.0.50727; .NET CLR 1.1.4322)"
47.82.11.88 - - [14/Aug/2025:09:31:46 -0300] "GET /057045905.htm HTTP/1.1" 200 - "https://libertysa.com.br/057045905.htm" "Mozilla/5.0 (Windows NT 10.0; Win64; x64) AppleWebKit/537.36 (KHTML, like Gecko) Chrome/135.0.0.0 Safari/537.36"
66.249.75.68 - - [14/Aug/2025:09:33:19 -0300] "GET /pages.php?item/u271/35794/ HTTP/1.1" 200 571907 "-" "Mozilla/5.0 (Linux; Android 6.0.1; Nexus 5X Build/MMB29P) AppleWebKit/537.36 (KHTML, like Gecko) Chrome/138.0.7204.183 Mobile Safari/537.36 (compatible; Googlebot/2.1; +http://www.google.com/bot.html)"
192.178.6.65 - - [14/Aug/2025:09:33:20 -0300] "GET /?_ga=2.199523654.1957302487.1723933754-910335128.1699395111&_bdsid=tbwpnc.n~EKARM.1772283169182.1743319615&_bd_prev_page=https://libertysa.com.br/cart.html?092003658.htm HTTP/2.0" 200 567672 "-" "Mozilla/5.0 (Linux; Android 6.0.1; Nexus 5X Build/MMB29P) AppleWebKit/537.36 (KHTML, like Gecko) Chrome/138.0.7204.183 Mobile Safari/537.36 (compatible; Googlebot/2.1; +http://www.google.com/bot.html)"
104.210.140.132 - - [14/Aug/2025:09:39:05 -0300] "GET /robots.txt HTTP/2.0" 200 384 "-" "Mozilla/5.0 (Macintosh; Intel Mac OS X 10_15_7) AppleWebKit/537.36 (KHTML, like Gecko) Chrome/131.0.0.0 Safari/537.36; compatible; OAI-SearchBot/1.0; +https://openai.com/searchbot"
208.110.64.178 - - [14/Aug/2025:09:39:44 -0300] "GET /wp-includes/install.php HTTP/1.1" 200 - "https://libertysa.com.br/wp-includes/install.php" "Mozilla/5.0 (Windows NT 10.0; Win64; x64) AppleWebKit/537.36 (KHTML, like Gecko) Chrome/58.0.3029.110 Safari/537.3"
216.73.216.169 - - [14/Aug/2025:09:49:14 -0300] "GET /robots.txt HTTP/2.0" 200 384 "-" "Mozilla/5.0 AppleWebKit/537.36 (KHTML, like Gecko; compatible; ClaudeBot/1.0; +claudebot@anthropic.com)"
216.73.216.169 - - [14/Aug/2025:09:49:14 -0300] "GET / HTTP/2.0" 200 - "-" "Mozilla/5.0 AppleWebKit/537.36 (KHTML, like Gecko; compatible; ClaudeBot/1.0; +claudebot@anthropic.com)"
204.12.252.98 - - [14/Aug/2025:10:01:01 -0300] "GET /wp-includes/install.php HTTP/1.1" 200 - "https://libertysa.com.br/wp-includes/install.php" "Mozilla/5.0 (Windows NT 10.0; Win64; x64) AppleWebKit/537.36 (KHTML, like Gecko) Chrome/58.0.3029.110 Safari/537.3"
66.249.75.68 - - [14/Aug/2025:10:01:59 -0300] "GET /media/images/banners/banner01.jpg HTTP/1.1" 200 1361130 "-" "Googlebot-Image/1.0"
192.178.6.64 - - [14/Aug/2025:10:13:23 -0300] "GET /?_ga=2.199523654.1957302487.1723933754-910335128.1699395111&_bdsid=tbwpnc.n~EKARM.1772283169182.1743319615&_bd_prev_page=https://libertysa.com.br/cart.html?45zink20854.html HTTP/2.0" 200 570789 "-" "Mozilla/5.0 (Linux; Android 6.0.1; Nexus 5X Build/MMB29P) AppleWebKit/537.36 (KHTML, like Gecko) Chrome/138.0.7204.183 Mobile Safari/537.36 (compatible; Googlebot/2.1; +http://www.google.com/bot.html)"
208.110.64.178 - - [14/Aug/2025:10:17:53 -0300] "GET /wp-includes/install.php HTTP/1.1" 200 - "https://libertysa.com.br/wp-includes/install.php" "Mozilla/5.0 (Windows NT 10.0; Win64; x64) AppleWebKit/537.36 (KHTML, like Gecko) Chrome/58.0.3029.110 Safari/537.3"
156.233.95.109 - - [14/Aug/2025:10:18:17 -0300] "GET /wp-json/wp/v2/users HTTP/1.1" 200 301 "https://www.google.com" "Mozilla/5.0 (X11; Linux x86_64) AppleWebKit/537.36 (KHTML, like Gecko) Chrome/119.0.0.0 Safari/537.36"
156.233.95.109 - - [14/Aug/2025:10:18:18 -0300] "GET /?author=1 HTTP/1.1" 200 301 "https://www.google.com" "Mozilla/5.0 (X11; Linux x86_64) AppleWebKit/537.36 (KHTML, like Gecko) Chrome/119.0.0.0 Safari/537.36"
156.233.95.109 - - [14/Aug/2025:10:18:20 -0300] "POST /xmlrpc.php HTTP/1.1" 403 10360 "-" "Apache-HttpClient/4.5.13 (Java/11.0.28)"
156.233.95.109 - - [14/Aug/2025:10:18:21 -0300] "GET /wp-login.php HTTP/1.1" 200 305 "https://www.google.com" "Mozilla/5.0 (X11; Linux x86_64) AppleWebKit/537.36 (KHTML, like Gecko) Chrome/119.0.0.0 Safari/537.36"
156.233.95.109 - - [14/Aug/2025:10:18:22 -0300] "GET /wp-login.php HTTP/1.1" 200 305 "https://www.google.com" "Mozilla/5.0 (X11; Linux x86_64) AppleWebKit/537.36 (KHTML, like Gecko) Chrome/119.0.0.0 Safari/537.36"
156.233.95.109 - - [14/Aug/2025:10:18:24 -0300] "GET /wp-login.php HTTP/1.1" 200 305 "https://www.google.com" "Mozilla/5.0 (X11; Linux x86_64) AppleWebKit/537.36 (KHTML, like Gecko) Chrome/119.0.0.0 Safari/537.36"
208.110.64.178 - - [14/Aug/2025:10:23:24 -0300] "GET /wp-includes/install.php HTTP/1.1" 200 - "https://libertysa.com.br/wp-includes/install.php" "Mozilla/5.0 (Windows NT 10.0; Win64; x64) AppleWebKit/537.36 (KHTML, like Gecko) Chrome/58.0.3029.110 Safari/537.3"
204.12.208.18 - - [14/Aug/2025:10:25:22 -0300] "GET /wp-includes/install.php HTTP/1.1" 200 - "https://libertysa.com.br/wp-includes/install.php" "Mozilla/5.0 (compatible; MSIE 10.0; Windows NT 6.2; Win64; x64; Trident/6.0)"
54.36.148.172 - - [14/Aug/2025:10:28:49 -0300] "GET /robots.txt HTTP/2.0" 200 384 "-" "Mozilla/5.0 (compatible; AhrefsBot/7.0; +http://ahrefs.com/robot/)"
51.222.253.11 - - [14/Aug/2025:10:28:51 -0300] "GET /?sitemapindex.xml HTTP/2.0" 200 13 "-" "Mozilla/5.0 (compatible; AhrefsBot/7.0; +http://ahrefs.com/robot/)"
208.110.64.178 - - [14/Aug/2025:10:32:33 -0300] "GET /wp-includes/install.php HTTP/1.1" 200 - "https://libertysa.com.br/wp-includes/install.php" "Mozilla/5.0 (Windows NT 10.0; Win64; x64) AppleWebKit/537.36 (KHTML, like Gecko) Chrome/58.0.3029.110 Safari/537.3"
124.248.184.195 - - [14/Aug/2025:10:33:41 -0300] "HEAD /wp-login.php HTTP/1.1" 200 - "-" "python-requests/2.32.4"
216.73.216.169 - - [14/Aug/2025:10:45:02 -0300] "GET / HTTP/2.0" 200 - "-" "Mozilla/5.0 AppleWebKit/537.36 (KHTML, like Gecko; compatible; ClaudeBot/1.0; +claudebot@anthropic.com)"
204.12.252.98 - - [14/Aug/2025:10:47:03 -0300] "GET /wp-includes/install.php HTTP/1.1" 200 - "https://libertysa.com.br/wp-includes/install.php" "Mozilla/5.0 (Windows NT 10.0; Win64; x64) AppleWebKit/537.36 (KHTML, like Gecko) Chrome/58.0.3029.110 Safari/537.3"
192.178.6.73 - - [14/Aug/2025:10:52:44 -0300] "GET /?_ga=2.197027212.1959970208.1720192252-932991798.1699753421&_bdsid=35ifz1.n~STKMI.1762190991274.1781095727&_bd_prev_page=https://libertysa.com.br/goods.do?96czsj158.html HTTP/2.0" 200 560850 "-" "Mozilla/5.0 (Linux; Android 6.0.1; Nexus 5X Build/MMB29P) AppleWebKit/537.36 (KHTML, like Gecko) Chrome/138.0.7204.183 Mobile Safari/537.36 (compatible; Googlebot/2.1; +http://www.google.com/bot.html)"
208.110.64.178 - - [14/Aug/2025:10:54:37 -0300] "GET /wp-includes/install.php HTTP/1.1" 200 - "https://libertysa.com.br/wp-includes/install.php" "Mozilla/5.0 (Windows NT 10.0; Win64; x64) AppleWebKit/537.36 (KHTML, like Gecko) Chrome/58.0.3029.110 Safari/537.3"
204.12.252.98 - - [14/Aug/2025:11:08:04 -0300] "GET /wp-includes/install.php HTTP/1.1" 200 - "https://libertysa.com.br/wp-includes/install.php" "Mozilla/5.0 (Windows NT 10.0; Win64; x64) AppleWebKit/537.36 (KHTML, like Gecko) Chrome/58.0.3029.110 Safari/537.3"
192.178.6.64 - - [14/Aug/2025:11:09:09 -0300] "GET /pages.php?item/u36/761/ HTTP/2.0" 200 556325 "-" "Mozilla/5.0 (Linux; Android 6.0.1; Nexus 5X Build/MMB29P) AppleWebKit/537.36 (KHTML, like Gecko) Chrome/138.0.7204.183 Mobile Safari/537.36 (compatible; Googlebot/2.1; +http://www.google.com/bot.html)"
66.249.75.69 - - [14/Aug/2025:11:09:48 -0300] "GET /pages.php?62jqkz20428.html HTTP/1.1" 200 560522 "-" "Mozilla/5.0 (Linux; Android 6.0.1; Nexus 5X Build/MMB29P) AppleWebKit/537.36 (KHTML, like Gecko) Chrome/138.0.7204.183 Mobile Safari/537.36 (compatible; Googlebot/2.1; +http://www.google.com/bot.html)"
204.12.208.18 - - [14/Aug/2025:11:21:35 -0300] "GET /wp-includes/install.php HTTP/1.1" 200 - "https://libertysa.com.br/wp-includes/install.php" "Mozilla/5.0 (Macintosh; U; Intel Mac OS X 10_6_2; ja-jp) AppleWebKit/531.21.8 (KHTML, like Gecko) Version/4.0.4 Safari/531.21.10"
204.12.252.98 - - [14/Aug/2025:11:26:19 -0300] "GET /wp-includes/install.php HTTP/1.1" 200 - "https://libertysa.com.br/wp-includes/install.php" "Mozilla/5.0 (Windows NT 10.0; Win64; x64) AppleWebKit/537.36 (KHTML, like Gecko) Chrome/58.0.3029.110 Safari/537.3"
208.110.64.178 - - [14/Aug/2025:11:35:16 -0300] "GET /wp-includes/install.php HTTP/1.1" 200 - "https://libertysa.com.br/wp-includes/install.php" "Mozilla/5.0 (Windows NT 10.0; Win64; x64) AppleWebKit/537.36 (KHTML, like Gecko) Chrome/58.0.3029.110 Safari/537.3"
98.82.107.102 - - [14/Aug/2025:11:40:54 -0300] "GET /admin/media/Highcharts-4.1.9/examples/line-time-series/ HTTP/1.1" 200 913 "-" "Mozilla/5.0 AppleWebKit/537.36 (KHTML, like Gecko; compatible; Amazonbot/0.1; +https://developer.amazon.com/support/amazonbot) Chrome/119.0.6045.214 Safari/537.36"
18.208.11.93 - - [14/Aug/2025:11:40:56 -0300] "GET /admin/media/Highcharts-4.1.9/examples/dynamic-click-to-add/ HTTP/1.1" 200 921 "-" "Mozilla/5.0 AppleWebKit/537.36 (KHTML, like Gecko; compatible; Amazonbot/0.1; +https://developer.amazon.com/support/amazonbot) Chrome/119.0.6045.214 Safari/537.36"
54.83.180.239 - - [14/Aug/2025:11:40:59 -0300] "GET /admin/media/Highcharts-4.1.9/api/highcharts.html HTTP/1.1" 200 5043 "-" "Mozilla/5.0 AppleWebKit/537.36 (KHTML, like Gecko; compatible; Amazonbot/0.1; +https://developer.amazon.com/support/amazonbot) Chrome/119.0.6045.214 Safari/537.36"
3.217.171.106 - - [14/Aug/2025:11:41:03 -0300] "GET /admin/media/Highcharts-4.1.9/examples/3d-column-interactive/ HTTP/1.1" 200 923 "-" "Mozilla/5.0 AppleWebKit/537.36 (KHTML, like Gecko; compatible; Amazonbot/0.1; +https://developer.amazon.com/support/amazonbot) Chrome/119.0.6045.214 Safari/537.36"
208.110.64.178 - - [14/Aug/2025:11:49:59 -0300] "GET /wp-includes/install.php HTTP/1.1" 200 - "https://libertysa.com.br/wp-includes/install.php" "Mozilla/5.0 (Windows NT 10.0; Win64; x64) AppleWebKit/537.36 (KHTML, like Gecko) Chrome/58.0.3029.110 Safari/537.3"
216.81.248.84 - - [14/Aug/2025:11:51:22 -0300] "GET /.git/config HTTP/1.1" 200 - "-" "Mozilla/5.0 (X11; U; Linux i686; en-US; rv:1.8.1.16) Gecko/20080716 (Gentoo) Galeon/2.0.6"
216.81.248.84 - - [14/Aug/2025:11:51:23 -0300] "GET /.git/config HTTP/1.1" 200 - "-" "Mozilla/5.0 (Windows NT 6.1; WOW64) AppleWebKit/537.36 (KHTML, like Gecko) Chrome/75.0.3770.100 Safari/537.36"
40.77.167.101 - - [14/Aug/2025:11:53:51 -0300] "GET /robots.txt HTTP/2.0" 200 384 "-" "Mozilla/5.0 AppleWebKit/537.36 (KHTML, like Gecko; compatible; bingbot/2.0; +http://www.bing.com/bingbot.htm) Chrome/116.0.1938.76 Safari/537.36"
40.77.167.72 - - [14/Aug/2025:11:53:56 -0300] "GET /admin/media/js/sb-admin-2.js HTTP/2.0" 200 879 "-" "Mozilla/5.0 AppleWebKit/537.36 (KHTML, like Gecko; compatible; bingbot/2.0; +http://www.bing.com/bingbot.htm) Chrome/116.0.1938.76 Safari/537.36"
204.12.252.98 - - [14/Aug/2025:12:02:05 -0300] "GET /wp-includes/install.php HTTP/1.1" 200 - "https://libertysa.com.br/wp-includes/install.php" "Mozilla/5.0 (Windows NT 10.0; Win64; x64) AppleWebKit/537.36 (KHTML, like Gecko) Chrome/58.0.3029.110 Safari/537.3"
204.12.208.18 - - [14/Aug/2025:12:20:21 -0300] "GET /wp-includes/install.php HTTP/1.1" 200 - "https://libertysa.com.br/wp-includes/install.php" "Mozilla/5.0 (Windows NT 6.1; WOW64; rv:9.0.1) Gecko/20100101 Firefox/9.0.1"
51.222.253.18 - - [14/Aug/2025:12:24:01 -0300] "GET /?sitemapindex.xml HTTP/2.0" 200 13 "-" "Mozilla/5.0 (compatible; AhrefsBot/7.0; +http://ahrefs.com/robot/)"
208.110.64.178 - - [14/Aug/2025:12:24:38 -0300] "GET /wp-includes/install.php HTTP/1.1" 200 - "https://libertysa.com.br/wp-includes/install.php" "Mozilla/5.0 (Windows NT 10.0; Win64; x64) AppleWebKit/537.36 (KHTML, like Gecko) Chrome/58.0.3029.110 Safari/537.3"
40.77.167.241 - - [14/Aug/2025:12:26:25 -0300] "GET /products/cheyney2026021?id=669 HTTP/2.0" 200 13 "-" "Mozilla/5.0 AppleWebKit/537.36 (KHTML, like Gecko; compatible; bingbot/2.0; +http://www.bing.com/bingbot.htm) Chrome/116.0.1938.76 Safari/537.36"
204.12.252.98 - - [14/Aug/2025:12:35:00 -0300] "GET /wp-includes/install.php HTTP/1.1" 200 - "https://libertysa.com.br/wp-includes/install.php" "Mozilla/5.0 (Windows NT 10.0; Win64; x64) AppleWebKit/537.36 (KHTML, like Gecko) Chrome/58.0.3029.110 Safari/537.3"
143.198.194.216 - - [14/Aug/2025:12:39:41 -0300] "POST /wp-login.php/wp-login.php HTTP/1.1" 200 - "-" "Mozilla"
100.29.34.97 - - [14/Aug/2025:12:39:54 -0300] "GET /admin/media/Highcharts-4.1.9/examples/pie-drilldown/index.htm HTTP/1.1" 200 5409 "-" "Mozilla/5.0 AppleWebKit/537.36 (KHTML, like Gecko; compatible; Amazonbot/0.1; +https://developer.amazon.com/support/amazonbot) Chrome/119.0.6045.214 Safari/537.36"
54.80.185.200 - - [14/Aug/2025:12:39:57 -0300] "GET /admin/media/Highcharts-4.1.9/examples/polar-wind-rose/ HTTP/1.1" 200 911 "-" "Mozilla/5.0 AppleWebKit/537.36 (KHTML, like Gecko; compatible; Amazonbot/0.1; +https://developer.amazon.com/support/amazonbot) Chrome/119.0.6045.214 Safari/537.36"
208.110.64.178 - - [14/Aug/2025:13:05:05 -0300] "GET /wp-includes/install.php HTTP/1.1" 200 - "https://libertysa.com.br/wp-includes/install.php" "Mozilla/5.0 (Windows NT 10.0; Win64; x64) AppleWebKit/537.36 (KHTML, like Gecko) Chrome/58.0.3029.110 Safari/537.3"
192.178.6.73 - - [14/Aug/2025:13:05:28 -0300] "GET /pages.php?item/u84/45/ HTTP/2.0" 200 559499 "-" "Mozilla/5.0 (Linux; Android 6.0.1; Nexus 5X Build/MMB29P) AppleWebKit/537.36 (KHTML, like Gecko) Chrome/138.0.7204.183 Mobile Safari/537.36 (compatible; Googlebot/2.1; +http://www.google.com/bot.html)"
208.110.64.178 - - [14/Aug/2025:13:10:42 -0300] "GET /wp-includes/install.php HTTP/1.1" 200 - "https://libertysa.com.br/wp-includes/install.php" "Mozilla/5.0 (Windows NT 10.0; Win64; x64) AppleWebKit/537.36 (KHTML, like Gecko) Chrome/58.0.3029.110 Safari/537.3"
204.12.208.18 - - [14/Aug/2025:13:18:59 -0300] "GET /wp-includes/install.php HTTP/1.1" 200 - "https://libertysa.com.br/wp-includes/install.php" "Mozilla/5.0 (Macintosh; Intel Mac OS X 10_6_8) AppleWebKit/534.24 (KHTML, like Gecko) Chrome/11.0.696.71 Safari/534.24"
47.82.11.177 - - [14/Aug/2025:13:22:59 -0300] "GET /30wsql43611.html HTTP/1.1" 200 - "https://libertysa.com.br/30wsql43611.html" "Mozilla/5.0 (Windows NT 10.0; Win64; x64) AppleWebKit/537.36 (KHTML, like Gecko) Chrome/135.0.0.0 Safari/537.36"
47.82.11.46 - - [14/Aug/2025:13:24:17 -0300] "GET /064004566.htm HTTP/1.1" 200 - "https://libertysa.com.br/064004566.htm" "Mozilla/5.0 (X11; Linux x86_64) AppleWebKit/537.36 (KHTML, like Gecko) Chrome/114.0.0.0 Safari/537.36"
47.82.11.173 - - [14/Aug/2025:13:24:41 -0300] "GET /039035627.htm HTTP/1.1" 200 - "https://libertysa.com.br/039035627.htm" "Mozilla/5.0 (Windows NT 10.0; Win64; x64) AppleWebKit/537.36 (KHTML, like Gecko) Chrome/135.0.0.0 Safari/537.36"
192.178.6.73 - - [14/Aug/2025:13:24:52 -0300] "GET /84zehi623.html HTTP/2.0" 200 564430 "-" "Mozilla/5.0 (Linux; Android 6.0.1; Nexus 5X Build/MMB29P) AppleWebKit/537.36 (KHTML, like Gecko) Chrome/138.0.7204.183 Mobile Safari/537.36 (compatible; Googlebot/2.1; +http://www.google.com/bot.html)"
47.82.11.179 - - [14/Aug/2025:13:33:12 -0300] "GET /036046022.htm HTTP/1.1" 200 - "https://libertysa.com.br/036046022.htm" "Mozilla/5.0 (Macintosh; Intel Mac OS X 10_15_7) AppleWebKit/537.36 (KHTML, like Gecko) Chrome/135.0.0.0 Safari/537.36"
204.12.252.98 - - [14/Aug/2025:13:35:19 -0300] "GET /wp-includes/install.php HTTP/1.1" 200 - "https://libertysa.com.br/wp-includes/install.php" "Mozilla/5.0 (Windows NT 10.0; Win64; x64) AppleWebKit/537.36 (KHTML, like Gecko) Chrome/58.0.3029.110 Safari/537.3"
192.178.6.64 - - [14/Aug/2025:13:44:29 -0300] "GET /pages.php?68yqcq214.html HTTP/2.0" 200 565102 "-" "Mozilla/5.0 (Linux; Android 6.0.1; Nexus 5X Build/MMB29P) AppleWebKit/537.36 (KHTML, like Gecko) Chrome/138.0.7204.183 Mobile Safari/537.36 (compatible; Googlebot/2.1; +http://www.google.com/bot.html)"
47.82.11.3 - - [14/Aug/2025:13:46:31 -0300] "GET /94xjv5721.html HTTP/1.1" 200 - "https://libertysa.com.br/94xjv5721.html" "Mozilla/5.0 (X11; CrOS x86_64 14541.0.0) AppleWebKit/537.36 (KHTML, like Gecko) Chrome/134.0.0.0 Safari/537.36"
192.178.6.73 - - [14/Aug/2025:13:51:53 -0300] "GET /pages.php?30slyl614.html HTTP/2.0" 200 558158 "-" "Mozilla/5.0 (Linux; Android 6.0.1; Nexus 5X Build/MMB29P) AppleWebKit/537.36 (KHTML, like Gecko) Chrome/138.0.7204.183 Mobile Safari/537.36 (compatible; Googlebot/2.1; +http://www.google.com/bot.html)"
47.82.11.112 - - [14/Aug/2025:13:52:05 -0300] "GET /013025611.htm HTTP/1.1" 200 - "https://libertysa.com.br/013025611.htm" "Mozilla/5.0 (Macintosh; Intel Mac OS X 10_15_7) AppleWebKit/537.36 (KHTML, like Gecko) Chrome/134.0.0.0 Safari/537.36"
4.227.36.109 - - [14/Aug/2025:13:57:54 -0300] "GET /robots.txt HTTP/2.0" 200 384 "-" "Mozilla/5.0 AppleWebKit/537.36 (KHTML, like Gecko; compatible; GPTBot/1.2; +https://openai.com/gptbot)"
20.171.207.171 - - [14/Aug/2025:13:58:01 -0300] "GET /portal/ HTTP/2.0" 200 - "-" "Mozilla/5.0 AppleWebKit/537.36 (KHTML, like Gecko; compatible; GPTBot/1.2; +https://openai.com/gptbot)"
4.227.36.12 - - [14/Aug/2025:13:58:02 -0300] "GET /robots.txt HTTP/2.0" 200 26 "-" "Mozilla/5.0 AppleWebKit/537.36 (KHTML, like Gecko; compatible; GPTBot/1.2; +https://openai.com/gptbot)"
20.171.207.171 - - [14/Aug/2025:13:58:03 -0300] "GET /admin/index.php HTTP/2.0" 200 - "-" "Mozilla/5.0 AppleWebKit/537.36 (KHTML, like Gecko; compatible; GPTBot/1.2; +https://openai.com/gptbot)"
4.227.36.91 - - [14/Aug/2025:13:59:19 -0300] "GET /robots.txt HTTP/2.0" 200 384 "-" "Mozilla/5.0 AppleWebKit/537.36 (KHTML, like Gecko; compatible; GPTBot/1.2; +https://openai.com/gptbot)"
20.171.207.73 - - [14/Aug/2025:13:59:20 -0300] "GET /wp-login.php HTTP/2.0" 200 - "-" "Mozilla/5.0 AppleWebKit/537.36 (KHTML, like Gecko; compatible; GPTBot/1.2; +https://openai.com/gptbot)"
4.227.36.117 - - [14/Aug/2025:13:59:26 -0300] "GET /robots.txt HTTP/2.0" 200 26 "-" "Mozilla/5.0 AppleWebKit/537.36 (KHTML, like Gecko; compatible; GPTBot/1.2; +https://openai.com/gptbot)"
4.227.36.92 - - [14/Aug/2025:13:59:26 -0300] "GET /robots.txt HTTP/2.0" 200 384 "-" "Mozilla/5.0 AppleWebKit/537.36 (KHTML, like Gecko; compatible; GPTBot/1.2; +https://openai.com/gptbot)"
20.171.207.123 - - [14/Aug/2025:13:59:27 -0300] "GET / HTTP/2.0" 200 - "-" "Mozilla/5.0 AppleWebKit/537.36 (KHTML, like Gecko; compatible; GPTBot/1.2; +https://openai.com/gptbot)"
20.171.207.171 - - [14/Aug/2025:13:59:28 -0300] "GET /pages.php?sitemap159.xml HTTP/2.0" 200 499619 "-" "Mozilla/5.0 AppleWebKit/537.36 (KHTML, like Gecko; compatible; GPTBot/1.2; +https://openai.com/gptbot)"
20.171.207.171 - - [14/Aug/2025:13:59:31 -0300] "GET /admin/ HTTP/2.0" 200 2884 "-" "Mozilla/5.0 AppleWebKit/537.36 (KHTML, like Gecko; compatible; GPTBot/1.2; +https://openai.com/gptbot)"
20.171.207.171 - - [14/Aug/2025:13:59:33 -0300] "GET /83idjbm24134.html HTTP/2.0" 200 - "-" "Mozilla/5.0 AppleWebKit/537.36 (KHTML, like Gecko; compatible; GPTBot/1.2; +https://openai.com/gptbot)"
20.171.207.171 - - [14/Aug/2025:13:59:34 -0300] "GET /34ukdrs24345.html HTTP/2.0" 200 - "-" "Mozilla/5.0 AppleWebKit/537.36 (KHTML, like Gecko; compatible; GPTBot/1.2; +https://openai.com/gptbot)"
4.227.36.44 - - [14/Aug/2025:13:59:34 -0300] "GET /robots.txt HTTP/2.0" 200 384 "-" "Mozilla/5.0 AppleWebKit/537.36 (KHTML, like Gecko; compatible; GPTBot/1.2; +https://openai.com/gptbot)"
20.171.207.31 - - [14/Aug/2025:13:59:35 -0300] "GET /admin/includes/header.inc.php HTTP/2.0" 403 10440 "-" "Mozilla/5.0 AppleWebKit/537.36 (KHTML, like Gecko; compatible; GPTBot/1.2; +https://openai.com/gptbot)"
20.171.207.171 - - [14/Aug/2025:13:59:36 -0300] "GET /63inabu31520.html HTTP/2.0" 200 - "-" "Mozilla/5.0 AppleWebKit/537.36 (KHTML, like Gecko; compatible; GPTBot/1.2; +https://openai.com/gptbot)"
20.171.207.171 - - [14/Aug/2025:13:59:38 -0300] "GET /17sfgc15176.html HTTP/2.0" 200 - "-" "Mozilla/5.0 AppleWebKit/537.36 (KHTML, like Gecko; compatible; GPTBot/1.2; +https://openai.com/gptbot)"
20.171.207.171 - - [14/Aug/2025:13:59:39 -0300] "GET /68bfa34287.html HTTP/2.0" 200 - "-" "Mozilla/5.0 AppleWebKit/537.36 (KHTML, like Gecko; compatible; GPTBot/1.2; +https://openai.com/gptbot)"
20.171.207.171 - - [14/Aug/2025:13:59:41 -0300] "GET /20oxype13043.html HTTP/2.0" 200 - "-" "Mozilla/5.0 AppleWebKit/537.36 (KHTML, like Gecko; compatible; GPTBot/1.2; +https://openai.com/gptbot)"
20.171.207.171 - - [14/Aug/2025:13:59:42 -0300] "GET /53ojd45782.html HTTP/2.0" 200 - "-" "Mozilla/5.0 AppleWebKit/537.36 (KHTML, like Gecko; compatible; GPTBot/1.2; +https://openai.com/gptbot)"
20.171.207.171 - - [14/Aug/2025:13:59:43 -0300] "GET /88hoapb16489.html HTTP/2.0" 200 - "-" "Mozilla/5.0 AppleWebKit/537.36 (KHTML, like Gecko; compatible; GPTBot/1.2; +https://openai.com/gptbot)"
20.171.207.171 - - [14/Aug/2025:13:59:44 -0300] "GET /12iscfh34231.html HTTP/2.0" 200 - "-" "Mozilla/5.0 AppleWebKit/537.36 (KHTML, like Gecko; compatible; GPTBot/1.2; +https://openai.com/gptbot)"
20.171.207.171 - - [14/Aug/2025:13:59:45 -0300] "GET /033007039.htm HTTP/2.0" 200 - "-" "Mozilla/5.0 AppleWebKit/537.36 (KHTML, like Gecko; compatible; GPTBot/1.2; +https://openai.com/gptbot)"
20.171.207.171 - - [14/Aug/2025:13:59:46 -0300] "GET /29ujadm11154.html HTTP/2.0" 200 - "-" "Mozilla/5.0 AppleWebKit/537.36 (KHTML, like Gecko; compatible; GPTBot/1.2; +https://openai.com/gptbot)"
20.171.207.171 - - [14/Aug/2025:13:59:48 -0300] "GET /70duype44555.html HTTP/2.0" 200 - "-" "Mozilla/5.0 AppleWebKit/537.36 (KHTML, like Gecko; compatible; GPTBot/1.2; +https://openai.com/gptbot)"
20.171.207.171 - - [14/Aug/2025:13:59:49 -0300] "GET /29odork40006.html HTTP/2.0" 200 - "-" "Mozilla/5.0 AppleWebKit/537.36 (KHTML, like Gecko; compatible; GPTBot/1.2; +https://openai.com/gptbot)"
20.171.207.171 - - [14/Aug/2025:13:59:50 -0300] "GET /58uwscx44437.html HTTP/2.0" 200 - "-" "Mozilla/5.0 AppleWebKit/537.36 (KHTML, like Gecko; compatible; GPTBot/1.2; +https://openai.com/gptbot)"
20.171.207.171 - - [14/Aug/2025:13:59:51 -0300] "GET /48juwbo29705.html HTTP/2.0" 200 - "-" "Mozilla/5.0 AppleWebKit/537.36 (KHTML, like Gecko; compatible; GPTBot/1.2; +https://openai.com/gptbot)"
20.171.207.171 - - [14/Aug/2025:13:59:52 -0300] "GET /73aiowx29506.html HTTP/2.0" 200 - "-" "Mozilla/5.0 AppleWebKit/537.36 (KHTML, like Gecko; compatible; GPTBot/1.2; +https://openai.com/gptbot)"
20.171.207.171 - - [14/Aug/2025:13:59:53 -0300] "GET /49qvfdj21850.html HTTP/2.0" 200 - "-" "Mozilla/5.0 AppleWebKit/537.36 (KHTML, like Gecko; compatible; GPTBot/1.2; +https://openai.com/gptbot)"
20.171.207.171 - - [14/Aug/2025:13:59:55 -0300] "GET /16kepjs14083.html HTTP/2.0" 200 - "-" "Mozilla/5.0 AppleWebKit/537.36 (KHTML, like Gecko; compatible; GPTBot/1.2; +https://openai.com/gptbot)"
20.171.207.171 - - [14/Aug/2025:13:59:56 -0300] "GET /60cfbyv38729.html HTTP/2.0" 200 - "-" "Mozilla/5.0 AppleWebKit/537.36 (KHTML, like Gecko; compatible; GPTBot/1.2; +https://openai.com/gptbot)"
20.171.207.171 - - [14/Aug/2025:13:59:57 -0300] "GET /87wuvfa25116.html HTTP/2.0" 200 - "-" "Mozilla/5.0 AppleWebKit/537.36 (KHTML, like Gecko; compatible; GPTBot/1.2; +https://openai.com/gptbot)"
20.171.207.171 - - [14/Aug/2025:13:59:58 -0300] "GET /57xgvqw14386.html HTTP/2.0" 200 - "-" "Mozilla/5.0 AppleWebKit/537.36 (KHTML, like Gecko; compatible; GPTBot/1.2; +https://openai.com/gptbot)"
20.171.207.171 - - [14/Aug/2025:13:59:59 -0300] "GET /63ojmyx20982.html HTTP/2.0" 200 - "-" "Mozilla/5.0 AppleWebKit/537.36 (KHTML, like Gecko; compatible; GPTBot/1.2; +https://openai.com/gptbot)"
20.171.207.171 - - [14/Aug/2025:14:00:00 -0300] "GET /41fopxo37638.html HTTP/2.0" 200 - "-" "Mozilla/5.0 AppleWebKit/537.36 (KHTML, like Gecko; compatible; GPTBot/1.2; +https://openai.com/gptbot)"
20.171.207.171 - - [14/Aug/2025:14:00:02 -0300] "GET /86ptqzj12737.html HTTP/2.0" 200 - "-" "Mozilla/5.0 AppleWebKit/537.36 (KHTML, like Gecko; compatible; GPTBot/1.2; +https://openai.com/gptbot)"
20.171.207.171 - - [14/Aug/2025:14:00:03 -0300] "GET /18ivdqf40275.html HTTP/2.0" 200 - "-" "Mozilla/5.0 AppleWebKit/537.36 (KHTML, like Gecko; compatible; GPTBot/1.2; +https://openai.com/gptbot)"
20.171.207.171 - - [14/Aug/2025:14:00:04 -0300] "GET /46vbosq30829.html HTTP/2.0" 200 - "-" "Mozilla/5.0 AppleWebKit/537.36 (KHTML, like Gecko; compatible; GPTBot/1.2; +https://openai.com/gptbot)"
20.171.207.171 - - [14/Aug/2025:14:00:05 -0300] "GET /86aigbv20403.html HTTP/2.0" 200 - "-" "Mozilla/5.0 AppleWebKit/537.36 (KHTML, like Gecko; compatible; GPTBot/1.2; +https://openai.com/gptbot)"
20.171.207.171 - - [14/Aug/2025:14:00:06 -0300] "GET /17xswmp30772.html HTTP/2.0" 200 - "-" "Mozilla/5.0 AppleWebKit/537.36 (KHTML, like Gecko; compatible; GPTBot/1.2; +https://openai.com/gptbot)"
20.171.207.171 - - [14/Aug/2025:14:00:07 -0300] "GET /38awjlp49033.html HTTP/2.0" 200 - "-" "Mozilla/5.0 AppleWebKit/537.36 (KHTML, like Gecko; compatible; GPTBot/1.2; +https://openai.com/gptbot)"
20.171.207.171 - - [14/Aug/2025:14:00:09 -0300] "GET /28amzbo37081.html HTTP/2.0" 200 - "-" "Mozilla/5.0 AppleWebKit/537.36 (KHTML, like Gecko; compatible; GPTBot/1.2; +https://openai.com/gptbot)"
20.171.207.171 - - [14/Aug/2025:14:00:10 -0300] "GET /52zqlun43007.html HTTP/2.0" 200 - "-" "Mozilla/5.0 AppleWebKit/537.36 (KHTML, like Gecko; compatible; GPTBot/1.2; +https://openai.com/gptbot)"
20.171.207.171 - - [14/Aug/2025:14:00:11 -0300] "GET /39qfdhi20648.html HTTP/2.0" 200 - "-" "Mozilla/5.0 AppleWebKit/537.36 (KHTML, like Gecko; compatible; GPTBot/1.2; +https://openai.com/gptbot)"
20.171.207.171 - - [14/Aug/2025:14:00:12 -0300] "GET /99nuney11304.html HTTP/2.0" 200 - "-" "Mozilla/5.0 AppleWebKit/537.36 (KHTML, like Gecko; compatible; GPTBot/1.2; +https://openai.com/gptbot)"
20.171.207.171 - - [14/Aug/2025:14:00:13 -0300] "GET /65iwwrx19488.html HTTP/2.0" 200 - "-" "Mozilla/5.0 AppleWebKit/537.36 (KHTML, like Gecko; compatible; GPTBot/1.2; +https://openai.com/gptbot)"
20.171.207.171 - - [14/Aug/2025:14:00:14 -0300] "GET /17jzjaj32156.html HTTP/2.0" 200 - "-" "Mozilla/5.0 AppleWebKit/537.36 (KHTML, like Gecko; compatible; GPTBot/1.2; +https://openai.com/gptbot)"
20.171.207.171 - - [14/Aug/2025:14:00:15 -0300] "GET /85qujqs20586.html HTTP/2.0" 200 - "-" "Mozilla/5.0 AppleWebKit/537.36 (KHTML, like Gecko; compatible; GPTBot/1.2; +https://openai.com/gptbot)"
20.171.207.171 - - [14/Aug/2025:14:00:17 -0300] "GET /41sqyda17340.html HTTP/2.0" 200 - "-" "Mozilla/5.0 AppleWebKit/537.36 (KHTML, like Gecko; compatible; GPTBot/1.2; +https://openai.com/gptbot)"
20.171.207.171 - - [14/Aug/2025:14:00:18 -0300] "GET /65wyuhx28832.html HTTP/2.0" 200 - "-" "Mozilla/5.0 AppleWebKit/537.36 (KHTML, like Gecko; compatible; GPTBot/1.2; +https://openai.com/gptbot)"
20.171.207.171 - - [14/Aug/2025:14:00:19 -0300] "GET /24mfzak48993.html HTTP/2.0" 200 - "-" "Mozilla/5.0 AppleWebKit/537.36 (KHTML, like Gecko; compatible; GPTBot/1.2; +https://openai.com/gptbot)"
20.171.207.171 - - [14/Aug/2025:14:00:20 -0300] "GET /94scdwl24405.html HTTP/2.0" 200 - "-" "Mozilla/5.0 AppleWebKit/537.36 (KHTML, like Gecko; compatible; GPTBot/1.2; +https://openai.com/gptbot)"
20.171.207.171 - - [14/Aug/2025:14:00:21 -0300] "GET /85armqn29710.html HTTP/2.0" 200 - "-" "Mozilla/5.0 AppleWebKit/537.36 (KHTML, like Gecko; compatible; GPTBot/1.2; +https://openai.com/gptbot)"
20.171.207.171 - - [14/Aug/2025:14:00:22 -0300] "GET /45oexts36378.html HTTP/2.0" 200 - "-" "Mozilla/5.0 AppleWebKit/537.36 (KHTML, like Gecko; compatible; GPTBot/1.2; +https://openai.com/gptbot)"
20.171.207.171 - - [14/Aug/2025:14:00:24 -0300] "GET /27cmsce36988.html HTTP/2.0" 200 - "-" "Mozilla/5.0 AppleWebKit/537.36 (KHTML, like Gecko; compatible; GPTBot/1.2; +https://openai.com/gptbot)"
20.171.207.171 - - [14/Aug/2025:14:00:25 -0300] "GET /22zyipp20681.html HTTP/2.0" 200 - "-" "Mozilla/5.0 AppleWebKit/537.36 (KHTML, like Gecko; compatible; GPTBot/1.2; +https://openai.com/gptbot)"
20.171.207.171 - - [14/Aug/2025:14:00:26 -0300] "GET /17utqiy14098.html HTTP/2.0" 200 - "-" "Mozilla/5.0 AppleWebKit/537.36 (KHTML, like Gecko; compatible; GPTBot/1.2; +https://openai.com/gptbot)"
20.171.207.171 - - [14/Aug/2025:14:00:27 -0300] "GET /47adgyn28468.html HTTP/2.0" 200 - "-" "Mozilla/5.0 AppleWebKit/537.36 (KHTML, like Gecko; compatible; GPTBot/1.2; +https://openai.com/gptbot)"
20.171.207.171 - - [14/Aug/2025:14:00:28 -0300] "GET /56mueds30145.html HTTP/2.0" 200 - "-" "Mozilla/5.0 AppleWebKit/537.36 (KHTML, like Gecko; compatible; GPTBot/1.2; +https://openai.com/gptbot)"
20.171.207.171 - - [14/Aug/2025:14:00:29 -0300] "GET /45sripw47612.html HTTP/2.0" 200 - "-" "Mozilla/5.0 AppleWebKit/537.36 (KHTML, like Gecko; compatible; GPTBot/1.2; +https://openai.com/gptbot)"
20.171.207.171 - - [14/Aug/2025:14:00:31 -0300] "GET /81njeay45770.html HTTP/2.0" 200 - "-" "Mozilla/5.0 AppleWebKit/537.36 (KHTML, like Gecko; compatible; GPTBot/1.2; +https://openai.com/gptbot)"
20.171.207.171 - - [14/Aug/2025:14:00:32 -0300] "GET /83tzcre16622.html HTTP/2.0" 200 - "-" "Mozilla/5.0 AppleWebKit/537.36 (KHTML, like Gecko; compatible; GPTBot/1.2; +https://openai.com/gptbot)"
20.171.207.171 - - [14/Aug/2025:14:00:33 -0300] "GET /29nmybs10536.html HTTP/2.0" 200 - "-" "Mozilla/5.0 AppleWebKit/537.36 (KHTML, like Gecko; compatible; GPTBot/1.2; +https://openai.com/gptbot)"
20.171.207.171 - - [14/Aug/2025:14:00:34 -0300] "GET /43uvhua16922.html HTTP/2.0" 200 - "-" "Mozilla/5.0 AppleWebKit/537.36 (KHTML, like Gecko; compatible; GPTBot/1.2; +https://openai.com/gptbot)"
20.171.207.171 - - [14/Aug/2025:14:00:35 -0300] "GET /77ldxnv45410.html HTTP/2.0" 200 - "-" "Mozilla/5.0 AppleWebKit/537.36 (KHTML, like Gecko; compatible; GPTBot/1.2; +https://openai.com/gptbot)"
20.171.207.171 - - [14/Aug/2025:14:00:36 -0300] "GET /56psmxa30163.html HTTP/2.0" 200 - "-" "Mozilla/5.0 AppleWebKit/537.36 (KHTML, like Gecko; compatible; GPTBot/1.2; +https://openai.com/gptbot)"
20.171.207.171 - - [14/Aug/2025:14:00:38 -0300] "GET /38piauq29943.html HTTP/2.0" 200 - "-" "Mozilla/5.0 AppleWebKit/537.36 (KHTML, like Gecko; compatible; GPTBot/1.2; +https://openai.com/gptbot)"
20.171.207.171 - - [14/Aug/2025:14:00:39 -0300] "GET /47exvbi42818.html HTTP/2.0" 200 - "-" "Mozilla/5.0 AppleWebKit/537.36 (KHTML, like Gecko; compatible; GPTBot/1.2; +https://openai.com/gptbot)"
20.171.207.171 - - [14/Aug/2025:14:00:40 -0300] "GET /50wmkpx44385.html HTTP/2.0" 200 - "-" "Mozilla/5.0 AppleWebKit/537.36 (KHTML, like Gecko; compatible; GPTBot/1.2; +https://openai.com/gptbot)"
20.171.207.171 - - [14/Aug/2025:14:00:41 -0300] "GET /48suryk26083.html HTTP/2.0" 200 - "-" "Mozilla/5.0 AppleWebKit/537.36 (KHTML, like Gecko; compatible; GPTBot/1.2; +https://openai.com/gptbot)"
20.171.207.171 - - [14/Aug/2025:14:00:42 -0300] "GET /26oehbc13629.html HTTP/2.0" 200 - "-" "Mozilla/5.0 AppleWebKit/537.36 (KHTML, like Gecko; compatible; GPTBot/1.2; +https://openai.com/gptbot)"
20.171.207.171 - - [14/Aug/2025:14:00:44 -0300] "GET /61zcwzk19854.html HTTP/2.0" 200 - "-" "Mozilla/5.0 AppleWebKit/537.36 (KHTML, like Gecko; compatible; GPTBot/1.2; +https://openai.com/gptbot)"
20.171.207.171 - - [14/Aug/2025:14:00:45 -0300] "GET /99nnckj24314.html HTTP/2.0" 200 - "-" "Mozilla/5.0 AppleWebKit/537.36 (KHTML, like Gecko; compatible; GPTBot/1.2; +https://openai.com/gptbot)"
20.171.207.171 - - [14/Aug/2025:14:00:46 -0300] "GET /70yehoi42421.html HTTP/2.0" 200 - "-" "Mozilla/5.0 AppleWebKit/537.36 (KHTML, like Gecko; compatible; GPTBot/1.2; +https://openai.com/gptbot)"
20.171.207.171 - - [14/Aug/2025:14:00:47 -0300] "GET /89bdbwa33474.html HTTP/2.0" 200 - "-" "Mozilla/5.0 AppleWebKit/537.36 (KHTML, like Gecko; compatible; GPTBot/1.2; +https://openai.com/gptbot)"
20.171.207.171 - - [14/Aug/2025:14:00:48 -0300] "GET /88cvzjv20475.html HTTP/2.0" 200 - "-" "Mozilla/5.0 AppleWebKit/537.36 (KHTML, like Gecko; compatible; GPTBot/1.2; +https://openai.com/gptbot)"
20.171.207.171 - - [14/Aug/2025:14:00:49 -0300] "GET /54eyisn47259.html HTTP/2.0" 200 - "-" "Mozilla/5.0 AppleWebKit/537.36 (KHTML, like Gecko; compatible; GPTBot/1.2; +https://openai.com/gptbot)"
20.171.207.171 - - [14/Aug/2025:14:00:50 -0300] "GET /15kuubv35268.html HTTP/2.0" 200 - "-" "Mozilla/5.0 AppleWebKit/537.36 (KHTML, like Gecko; compatible; GPTBot/1.2; +https://openai.com/gptbot)"
20.171.207.171 - - [14/Aug/2025:14:00:51 -0300] "GET /67pozxi11576.html HTTP/2.0" 200 - "-" "Mozilla/5.0 AppleWebKit/537.36 (KHTML, like Gecko; compatible; GPTBot/1.2; +https://openai.com/gptbot)"
20.171.207.171 - - [14/Aug/2025:14:00:53 -0300] "GET /23qyhbw47368.html HTTP/2.0" 200 - "-" "Mozilla/5.0 AppleWebKit/537.36 (KHTML, like Gecko; compatible; GPTBot/1.2; +https://openai.com/gptbot)"
20.171.207.171 - - [14/Aug/2025:14:00:54 -0300] "GET /27crdat19062.html HTTP/2.0" 200 - "-" "Mozilla/5.0 AppleWebKit/537.36 (KHTML, like Gecko; compatible; GPTBot/1.2; +https://openai.com/gptbot)"
20.171.207.171 - - [14/Aug/2025:14:00:55 -0300] "GET /23xcnbe46794.html HTTP/2.0" 200 - "-" "Mozilla/5.0 AppleWebKit/537.36 (KHTML, like Gecko; compatible; GPTBot/1.2; +https://openai.com/gptbot)"
20.171.207.171 - - [14/Aug/2025:14:00:56 -0300] "GET /64affty24709.html HTTP/2.0" 200 - "-" "Mozilla/5.0 AppleWebKit/537.36 (KHTML, like Gecko; compatible; GPTBot/1.2; +https://openai.com/gptbot)"
20.171.207.171 - - [14/Aug/2025:14:00:57 -0300] "GET /78jckcg32927.html HTTP/2.0" 200 - "-" "Mozilla/5.0 AppleWebKit/537.36 (KHTML, like Gecko; compatible; GPTBot/1.2; +https://openai.com/gptbot)"
20.171.207.171 - - [14/Aug/2025:14:00:58 -0300] "GET /81tgdry27410.html HTTP/2.0" 200 - "-" "Mozilla/5.0 AppleWebKit/537.36 (KHTML, like Gecko; compatible; GPTBot/1.2; +https://openai.com/gptbot)"
20.171.207.171 - - [14/Aug/2025:14:01:00 -0300] "GET /74pugyt19051.html HTTP/2.0" 200 - "-" "Mozilla/5.0 AppleWebKit/537.36 (KHTML, like Gecko; compatible; GPTBot/1.2; +https://openai.com/gptbot)"
20.171.207.171 - - [14/Aug/2025:14:01:01 -0300] "GET /85tjyuw49686.html HTTP/2.0" 200 - "-" "Mozilla/5.0 AppleWebKit/537.36 (KHTML, like Gecko; compatible; GPTBot/1.2; +https://openai.com/gptbot)"
20.171.207.171 - - [14/Aug/2025:14:01:02 -0300] "GET /37hwgvr16940.html HTTP/2.0" 200 - "-" "Mozilla/5.0 AppleWebKit/537.36 (KHTML, like Gecko; compatible; GPTBot/1.2; +https://openai.com/gptbot)"
20.171.207.171 - - [14/Aug/2025:14:01:03 -0300] "GET /84deknh38467.html HTTP/2.0" 200 - "-" "Mozilla/5.0 AppleWebKit/537.36 (KHTML, like Gecko; compatible; GPTBot/1.2; +https://openai.com/gptbot)"
20.171.207.171 - - [14/Aug/2025:14:01:04 -0300] "GET /95eytba23732.html HTTP/2.0" 200 - "-" "Mozilla/5.0 AppleWebKit/537.36 (KHTML, like Gecko; compatible; GPTBot/1.2; +https://openai.com/gptbot)"
20.171.207.171 - - [14/Aug/2025:14:01:05 -0300] "GET /63gvxjc46896.html HTTP/2.0" 200 - "-" "Mozilla/5.0 AppleWebKit/537.36 (KHTML, like Gecko; compatible; GPTBot/1.2; +https://openai.com/gptbot)"
20.171.207.171 - - [14/Aug/2025:14:01:07 -0300] "GET /70guckj29919.html HTTP/2.0" 200 - "-" "Mozilla/5.0 AppleWebKit/537.36 (KHTML, like Gecko; compatible; GPTBot/1.2; +https://openai.com/gptbot)"
20.171.207.171 - - [14/Aug/2025:14:01:08 -0300] "GET /46vobik17579.html HTTP/2.0" 200 - "-" "Mozilla/5.0 AppleWebKit/537.36 (KHTML, like Gecko; compatible; GPTBot/1.2; +https://openai.com/gptbot)"
